[INFO] cloning repository https://github.com/Embers-of-the-Fire/conrig
[INFO] running `Command { std: "git" "-c" "credential.helper=" "-c" "credential.helper=/workspace/cargo-home/bin/git-credential-null" "clone" "--bare" "https://github.com/Embers-of-the-Fire/conrig" "/workspace/cache/git-repos/https%3A%2F%2Fgithub.com%2FEmbers-of-the-Fire%2Fconrig", kill_on_drop: false }`
[INFO] [stderr] Cloning into bare repository '/workspace/cache/git-repos/https%3A%2F%2Fgithub.com%2FEmbers-of-the-Fire%2Fconrig'...
[INFO] running `Command { std: "git" "rev-parse" "HEAD", kill_on_drop: false }`
[INFO] [stdout] db32a52bb8a5431f6c2815eeb8c29325c21ff9ed
[INFO] testing Embers-of-the-Fire/conrig against 1.83.0 for beta-1.84.0-4-retry
[INFO] running `Command { std: "git" "clone" "/workspace/cache/git-repos/https%3A%2F%2Fgithub.com%2FEmbers-of-the-Fire%2Fconrig" "/workspace/builds/worker-2-tc1/source", kill_on_drop: false }`
[INFO] [stderr] Cloning into '/workspace/builds/worker-2-tc1/source'...
[INFO] [stderr] done.
[INFO] validating manifest of git repo https://github.com/Embers-of-the-Fire/conrig on toolchain 1.83.0
[INFO] running `Command { std: CARGO_HOME="/workspace/cargo-home" RUSTUP_HOME="/workspace/rustup-home" "/workspace/cargo-home/bin/cargo" "+1.83.0" "metadata" "--manifest-path" "Cargo.toml" "--no-deps", kill_on_drop: false }`
[INFO] started tweaking git repo https://github.com/Embers-of-the-Fire/conrig
[INFO] finished tweaking git repo https://github.com/Embers-of-the-Fire/conrig
[INFO] tweaked toml for git repo https://github.com/Embers-of-the-Fire/conrig written to /workspace/builds/worker-2-tc1/source/Cargo.toml
[INFO] crate git repo https://github.com/Embers-of-the-Fire/conrig already has a lockfile, it will not be regenerated
[INFO] running `Command { std: CARGO_HOME="/workspace/cargo-home" RUSTUP_HOME="/workspace/rustup-home" "/workspace/cargo-home/bin/cargo" "+1.83.0" "fetch" "--manifest-path" "Cargo.toml", kill_on_drop: false }`
[INFO] [stderr]  Downloading crates ...
[INFO] [stderr]   Downloaded proc-macro2 v1.0.84
[INFO] [stderr]   Downloaded toml v0.8.13
[INFO] [stderr]   Downloaded toml_edit v0.22.13
[INFO] [stderr]   Downloaded winnow v0.6.9
[INFO] running `Command { std: "docker" "create" "-v" "/var/lib/crater-agent-workspace/builds/worker-2-tc1/target:/opt/rustwide/target:rw,Z" "-v" "/var/lib/crater-agent-workspace/builds/worker-2-tc1/source:/opt/rustwide/workdir:ro,Z" "-v" "/var/lib/crater-agent-workspace/cargo-home:/opt/rustwide/cargo-home:ro,Z" "-v" "/var/lib/crater-agent-workspace/rustup-home:/opt/rustwide/rustup-home:ro,Z" "-e" "SOURCE_DIR=/opt/rustwide/workdir" "-e" "CARGO_TARGET_DIR=/opt/rustwide/target" "-e" "CARGO_HOME=/opt/rustwide/cargo-home" "-e" "RUSTUP_HOME=/opt/rustwide/rustup-home" "-w" "/opt/rustwide/workdir" "-m" "1610612736" "--user" "0:0" "--network" "none" "ghcr.io/rust-lang/crates-build-env/linux@sha256:f3a9d4ad9d972b27faf3965f35b62e55ba32bbce8f20bc8fe909558a86702fde" "/opt/rustwide/cargo-home/bin/cargo" "+1.83.0" "metadata" "--no-deps" "--format-version=1", kill_on_drop: false }`
[INFO] [stdout] 571ccea0aa4c32544be65ab912288beb8f5c27c5e3518d86bdc701e6f3367289
[INFO] running `Command { std: "docker" "start" "-a" "571ccea0aa4c32544be65ab912288beb8f5c27c5e3518d86bdc701e6f3367289", kill_on_drop: false }`
[INFO] running `Command { std: "docker" "inspect" "571ccea0aa4c32544be65ab912288beb8f5c27c5e3518d86bdc701e6f3367289", kill_on_drop: false }`
[INFO] running `Command { std: "docker" "rm" "-f" "571ccea0aa4c32544be65ab912288beb8f5c27c5e3518d86bdc701e6f3367289", kill_on_drop: false }`
[INFO] [stdout] 571ccea0aa4c32544be65ab912288beb8f5c27c5e3518d86bdc701e6f3367289
[INFO] running `Command { std: "docker" "create" "-v" "/var/lib/crater-agent-workspace/builds/worker-2-tc1/target:/opt/rustwide/target:rw,Z" "-v" "/var/lib/crater-agent-workspace/builds/worker-2-tc1/source:/opt/rustwide/workdir:ro,Z" "-v" "/var/lib/crater-agent-workspace/cargo-home:/opt/rustwide/cargo-home:ro,Z" "-v" "/var/lib/crater-agent-workspace/rustup-home:/opt/rustwide/rustup-home:ro,Z" "-e" "SOURCE_DIR=/opt/rustwide/workdir" "-e" "CARGO_TARGET_DIR=/opt/rustwide/target" "-e" "CARGO_INCREMENTAL=0" "-e" "RUST_BACKTRACE=full" "-e" "RUSTFLAGS=--cap-lints=warn" "-e" "RUSTDOCFLAGS=--cap-lints=warn" "-e" "CARGO_HOME=/opt/rustwide/cargo-home" "-e" "RUSTUP_HOME=/opt/rustwide/rustup-home" "-w" "/opt/rustwide/workdir" "-m" "1610612736" "--user" "0:0" "--network" "none" "ghcr.io/rust-lang/crates-build-env/linux@sha256:f3a9d4ad9d972b27faf3965f35b62e55ba32bbce8f20bc8fe909558a86702fde" "/opt/rustwide/cargo-home/bin/cargo" "+1.83.0" "build" "--frozen" "--message-format=json", kill_on_drop: false }`
[INFO] [stdout] a114591ea1fbb8d100954f275a0710632e5e3fe4782ebf824837b50d7510d72c
[INFO] running `Command { std: "docker" "start" "-a" "a114591ea1fbb8d100954f275a0710632e5e3fe4782ebf824837b50d7510d72c", kill_on_drop: false }`
[INFO] [stderr]    Compiling serde v1.0.203
[INFO] [stderr]    Compiling proc-macro2 v1.0.84
[INFO] [stderr]    Compiling option-ext v0.2.0
[INFO] [stderr]    Compiling winnow v0.6.9
[INFO] [stderr]    Compiling serde_json v1.0.117
[INFO] [stderr]    Compiling thiserror v1.0.61
[INFO] [stderr]    Compiling unsafe-libyaml v0.2.11
[INFO] [stderr]    Compiling indexmap v2.2.6
[INFO] [stderr]    Compiling dirs-sys v0.4.1
[INFO] [stderr]    Compiling directories v5.0.1
[INFO] [stderr]    Compiling quote v1.0.36
[INFO] [stderr]    Compiling syn v2.0.66
[INFO] [stderr]    Compiling thiserror-impl v1.0.61
[INFO] [stderr]    Compiling serde_derive v1.0.203
[INFO] [stderr]    Compiling toml_datetime v0.6.6
[INFO] [stderr]    Compiling serde_spanned v0.6.6
[INFO] [stderr]    Compiling bitflags v2.5.0
[INFO] [stderr]    Compiling serde_yaml v0.9.34+deprecated
[INFO] [stderr]    Compiling toml_edit v0.22.13
[INFO] [stderr]    Compiling toml v0.8.13
[INFO] [stderr]    Compiling ron v0.8.1
[INFO] [stderr]    Compiling conrig v0.3.0 (/opt/rustwide/workdir)
[INFO] [stdout] warning: unexpected `cfg` condition value: `collapse-io-error`
[INFO] [stdout]    --> src/lib.rs:147:11
[INFO] [stdout]     |
[INFO] [stdout] 147 | #[cfg(not(feature = "collapse-io-error"))]
[INFO] [stdout]     |           ^^^^^^^^^^^^^^^^^^^^^^^^^^^^^
[INFO] [stdout]     |
[INFO] [stdout]     = note: expected values for `feature` are: `all-format`, `default`, `full-desc`, `json`, `ron`, `serde_json`, `serde_yaml`, `toml`, and `yaml`
[INFO] [stdout]     = help: consider adding `collapse-io-error` as a feature in `Cargo.toml`
[INFO] [stdout]     = note: see <https://doc.rust-lang.org/nightly/rustc/check-cfg/cargo-specifics.html> for more information about checking conditional configuration
[INFO] [stdout]     = note: `#[warn(unexpected_cfgs)]` on by default
[INFO] [stdout] 
[INFO] [stdout] 
[INFO] [stderr]     Finished `dev` profile [unoptimized + debuginfo] target(s) in 4.56s
[INFO] running `Command { std: "docker" "inspect" "a114591ea1fbb8d100954f275a0710632e5e3fe4782ebf824837b50d7510d72c", kill_on_drop: false }`
[INFO] running `Command { std: "docker" "rm" "-f" "a114591ea1fbb8d100954f275a0710632e5e3fe4782ebf824837b50d7510d72c", kill_on_drop: false }`
[INFO] [stdout] a114591ea1fbb8d100954f275a0710632e5e3fe4782ebf824837b50d7510d72c
[INFO] running `Command { std: "docker" "create" "-v" "/var/lib/crater-agent-workspace/builds/worker-2-tc1/target:/opt/rustwide/target:rw,Z" "-v" "/var/lib/crater-agent-workspace/builds/worker-2-tc1/source:/opt/rustwide/workdir:ro,Z" "-v" "/var/lib/crater-agent-workspace/cargo-home:/opt/rustwide/cargo-home:ro,Z" "-v" "/var/lib/crater-agent-workspace/rustup-home:/opt/rustwide/rustup-home:ro,Z" "-e" "SOURCE_DIR=/opt/rustwide/workdir" "-e" "CARGO_TARGET_DIR=/opt/rustwide/target" "-e" "CARGO_INCREMENTAL=0" "-e" "RUST_BACKTRACE=full" "-e" "RUSTFLAGS=--cap-lints=warn" "-e" "RUSTDOCFLAGS=--cap-lints=warn" "-e" "CARGO_HOME=/opt/rustwide/cargo-home" "-e" "RUSTUP_HOME=/opt/rustwide/rustup-home" "-w" "/opt/rustwide/workdir" "-m" "1610612736" "--user" "0:0" "--network" "none" "ghcr.io/rust-lang/crates-build-env/linux@sha256:f3a9d4ad9d972b27faf3965f35b62e55ba32bbce8f20bc8fe909558a86702fde" "/opt/rustwide/cargo-home/bin/cargo" "+1.83.0" "test" "--frozen" "--no-run" "--message-format=json", kill_on_drop: false }`
[INFO] [stdout] cfc144e075dc38eb48f9109191f1f084a4711c05f20bbd811dde3bab3456b931
[INFO] running `Command { std: "docker" "start" "-a" "cfc144e075dc38eb48f9109191f1f084a4711c05f20bbd811dde3bab3456b931", kill_on_drop: false }`
[INFO] [stderr]    Compiling conrig v0.3.0 (/opt/rustwide/workdir)
[INFO] [stdout] warning: unexpected `cfg` condition value: `collapse-io-error`
[INFO] [stdout]    --> src/lib.rs:147:11
[INFO] [stdout]     |
[INFO] [stdout] 147 | #[cfg(not(feature = "collapse-io-error"))]
[INFO] [stdout]     |           ^^^^^^^^^^^^^^^^^^^^^^^^^^^^^
[INFO] [stdout]     |
[INFO] [stdout]     = note: expected values for `feature` are: `all-format`, `default`, `full-desc`, `json`, `ron`, `serde_json`, `serde_yaml`, `toml`, and `yaml`
[INFO] [stdout]     = help: consider adding `collapse-io-error` as a feature in `Cargo.toml`
[INFO] [stdout]     = note: see <https://doc.rust-lang.org/nightly/rustc/check-cfg/cargo-specifics.html> for more information about checking conditional configuration
[INFO] [stdout]     = note: `#[warn(unexpected_cfgs)]` on by default
[INFO] [stdout] 
[INFO] [stdout] 
[INFO] [stdout] warning: unexpected `cfg` condition value: `collapse-io-error`
[INFO] [stdout]    --> src/lib.rs:147:11
[INFO] [stdout]     |
[INFO] [stdout] 147 | #[cfg(not(feature = "collapse-io-error"))]
[INFO] [stdout]     |           ^^^^^^^^^^^^^^^^^^^^^^^^^^^^^
[INFO] [stdout]     |
[INFO] [stdout]     = note: expected values for `feature` are: `all-format`, `default`, `full-desc`, `json`, `ron`, `serde_json`, `serde_yaml`, `toml`, and `yaml`
[INFO] [stdout]     = help: consider adding `collapse-io-error` as a feature in `Cargo.toml`
[INFO] [stdout]     = note: see <https://doc.rust-lang.org/nightly/rustc/check-cfg/cargo-specifics.html> for more information about checking conditional configuration
[INFO] [stdout]     = note: `#[warn(unexpected_cfgs)]` on by default
[INFO] [stdout] 
[INFO] [stdout] 
[INFO] [stderr]     Finished `test` profile [unoptimized + debuginfo] target(s) in 0.85s
[INFO] running `Command { std: "docker" "inspect" "cfc144e075dc38eb48f9109191f1f084a4711c05f20bbd811dde3bab3456b931", kill_on_drop: false }`
[INFO] running `Command { std: "docker" "rm" "-f" "cfc144e075dc38eb48f9109191f1f084a4711c05f20bbd811dde3bab3456b931", kill_on_drop: false }`
[INFO] [stdout] cfc144e075dc38eb48f9109191f1f084a4711c05f20bbd811dde3bab3456b931
[INFO] running `Command { std: "docker" "create" "-v" "/var/lib/crater-agent-workspace/builds/worker-2-tc1/target:/opt/rustwide/target:rw,Z" "-v" "/var/lib/crater-agent-workspace/builds/worker-2-tc1/source:/opt/rustwide/workdir:ro,Z" "-v" "/var/lib/crater-agent-workspace/cargo-home:/opt/rustwide/cargo-home:ro,Z" "-v" "/var/lib/crater-agent-workspace/rustup-home:/opt/rustwide/rustup-home:ro,Z" "-e" "SOURCE_DIR=/opt/rustwide/workdir" "-e" "CARGO_TARGET_DIR=/opt/rustwide/target" "-e" "CARGO_INCREMENTAL=0" "-e" "RUST_BACKTRACE=full" "-e" "RUSTFLAGS=--cap-lints=warn" "-e" "RUSTDOCFLAGS=--cap-lints=warn" "-e" "CARGO_HOME=/opt/rustwide/cargo-home" "-e" "RUSTUP_HOME=/opt/rustwide/rustup-home" "-w" "/opt/rustwide/workdir" "-m" "1610612736" "--user" "0:0" "--network" "none" "ghcr.io/rust-lang/crates-build-env/linux@sha256:f3a9d4ad9d972b27faf3965f35b62e55ba32bbce8f20bc8fe909558a86702fde" "/opt/rustwide/cargo-home/bin/cargo" "+1.83.0" "test" "--frozen", kill_on_drop: false }`
[INFO] [stdout] 764d02b4a015c0e76f74cd24cb9d5f1829c83fbea27b081f528747ce31ddd603
[INFO] running `Command { std: "docker" "start" "-a" "764d02b4a015c0e76f74cd24cb9d5f1829c83fbea27b081f528747ce31ddd603", kill_on_drop: false }`
[INFO] [stderr] warning: unexpected `cfg` condition value: `collapse-io-error`
[INFO] [stderr]    --> src/lib.rs:147:11
[INFO] [stderr]     |
[INFO] [stderr] 147 | #[cfg(not(feature = "collapse-io-error"))]
[INFO] [stderr]     |           ^^^^^^^^^^^^^^^^^^^^^^^^^^^^^
[INFO] [stderr]     |
[INFO] [stderr]     = note: expected values for `feature` are: `all-format`, `default`, `full-desc`, `json`, `ron`, `serde_json`, `serde_yaml`, `toml`, and `yaml`
[INFO] [stderr]     = help: consider adding `collapse-io-error` as a feature in `Cargo.toml`
[INFO] [stderr]     = note: see <https://doc.rust-lang.org/nightly/rustc/check-cfg/cargo-specifics.html> for more information about checking conditional configuration
[INFO] [stderr]     = note: `#[warn(unexpected_cfgs)]` on by default
[INFO] [stderr] 
[INFO] [stderr] warning: `conrig` (lib) generated 1 warning
[INFO] [stderr] warning: `conrig` (lib test) generated 1 warning (1 duplicate)
[INFO] [stderr]     Finished `test` profile [unoptimized + debuginfo] target(s) in 0.03s
[INFO] [stderr]      Running unittests src/lib.rs (/opt/rustwide/target/debug/deps/conrig-10ff067b70a347ca)
[INFO] [stdout] 
[INFO] [stdout] running 0 tests
[INFO] [stdout] 
[INFO] [stdout] test result: ok. 0 passed; 0 failed; 0 ignored; 0 measured; 0 filtered out; finished in 0.00s
[INFO] [stdout] 
[INFO] [stderr]      Running tests/test_config.rs (/opt/rustwide/target/debug/deps/test_config-4ab641e1d5ecd223)
[INFO] [stdout] 
[INFO] [stdout] running 2 tests
[INFO] [stdout] test test_extra_cfg ... FAILED
[INFO] [stdout] test test_config ... FAILED
[INFO] [stdout] 
[INFO] [stdout] failures:
[INFO] [stdout] 
[INFO] [stdout] ---- test_extra_cfg stdout ----
[INFO] [stdout] Error: Os { code: 30, kind: ReadOnlyFilesystem, message: "Read-only file system" }
[INFO] [stdout] 
[INFO] [stdout] ---- test_config stdout ----
[INFO] [stdout] Ok("/root/.config/conrig/conrig.toml")
[INFO] [stdout] Ok("/opt/rustwide/workdir/tests/conrig.toml")
[INFO] [stdout] Error: FileSystemError(OpenConfig(Os { code: 30, kind: ReadOnlyFilesystem, message: "Read-only file system" }))
[INFO] [stdout] 
[INFO] [stdout] 
[INFO] [stdout] failures:
[INFO] [stdout]     test_config
[INFO] [stdout]     test_extra_cfg
[INFO] [stdout] 
[INFO] [stdout] test result: FAILED. 0 passed; 2 failed; 0 ignored; 0 measured; 0 filtered out; finished in 0.00s
[INFO] [stdout] 
[INFO] [stderr] error: test failed, to rerun pass `--test test_config`
[INFO] running `Command { std: "docker" "inspect" "764d02b4a015c0e76f74cd24cb9d5f1829c83fbea27b081f528747ce31ddd603", kill_on_drop: false }`
[INFO] running `Command { std: "docker" "rm" "-f" "764d02b4a015c0e76f74cd24cb9d5f1829c83fbea27b081f528747ce31ddd603", kill_on_drop: false }`
[INFO] [stdout] 764d02b4a015c0e76f74cd24cb9d5f1829c83fbea27b081f528747ce31ddd603
