[INFO] cloning repository https://github.com/EluvK/top-assistant
[INFO] running `Command { std: "git" "-c" "credential.helper=" "-c" "credential.helper=/workspace/cargo-home/bin/git-credential-null" "clone" "--bare" "https://github.com/EluvK/top-assistant" "/workspace/cache/git-repos/https%3A%2F%2Fgithub.com%2FEluvK%2Ftop-assistant", kill_on_drop: false }`
[INFO] [stderr] Cloning into bare repository '/workspace/cache/git-repos/https%3A%2F%2Fgithub.com%2FEluvK%2Ftop-assistant'...
[INFO] running `Command { std: "git" "rev-parse" "HEAD", kill_on_drop: false }`
[INFO] [stdout] cd2c50b19253812d33b9f6c497d570a050990cdf
[INFO] testing EluvK/top-assistant against 1.83.0 for beta-1.84.0-4-retry
[INFO] running `Command { std: "git" "clone" "/workspace/cache/git-repos/https%3A%2F%2Fgithub.com%2FEluvK%2Ftop-assistant" "/workspace/builds/worker-4-tc1/source", kill_on_drop: false }`
[INFO] [stderr] Cloning into '/workspace/builds/worker-4-tc1/source'...
[INFO] [stderr] done.
[INFO] validating manifest of git repo https://github.com/EluvK/top-assistant on toolchain 1.83.0
[INFO] running `Command { std: CARGO_HOME="/workspace/cargo-home" RUSTUP_HOME="/workspace/rustup-home" "/workspace/cargo-home/bin/cargo" "+1.83.0" "metadata" "--manifest-path" "Cargo.toml" "--no-deps", kill_on_drop: false }`
[INFO] started tweaking git repo https://github.com/EluvK/top-assistant
[INFO] finished tweaking git repo https://github.com/EluvK/top-assistant
[INFO] tweaked toml for git repo https://github.com/EluvK/top-assistant written to /workspace/builds/worker-4-tc1/source/Cargo.toml
[INFO] crate git repo https://github.com/EluvK/top-assistant already has a lockfile, it will not be regenerated
[INFO] running `Command { std: CARGO_HOME="/workspace/cargo-home" RUSTUP_HOME="/workspace/rustup-home" "/workspace/cargo-home/bin/cargo" "+1.83.0" "fetch" "--manifest-path" "Cargo.toml", kill_on_drop: false }`
[INFO] [stderr]  Downloading crates ...
[INFO] [stderr]   Downloaded rsa v0.8.2
[INFO] running `Command { std: "docker" "create" "-v" "/var/lib/crater-agent-workspace/builds/worker-4-tc1/target:/opt/rustwide/target:rw,Z" "-v" "/var/lib/crater-agent-workspace/builds/worker-4-tc1/source:/opt/rustwide/workdir:ro,Z" "-v" "/var/lib/crater-agent-workspace/cargo-home:/opt/rustwide/cargo-home:ro,Z" "-v" "/var/lib/crater-agent-workspace/rustup-home:/opt/rustwide/rustup-home:ro,Z" "-e" "SOURCE_DIR=/opt/rustwide/workdir" "-e" "CARGO_TARGET_DIR=/opt/rustwide/target" "-e" "CARGO_HOME=/opt/rustwide/cargo-home" "-e" "RUSTUP_HOME=/opt/rustwide/rustup-home" "-w" "/opt/rustwide/workdir" "-m" "1610612736" "--user" "0:0" "--network" "none" "ghcr.io/rust-lang/crates-build-env/linux@sha256:f3a9d4ad9d972b27faf3965f35b62e55ba32bbce8f20bc8fe909558a86702fde" "/opt/rustwide/cargo-home/bin/cargo" "+1.83.0" "metadata" "--no-deps" "--format-version=1", kill_on_drop: false }`
[INFO] [stdout] 2919eda85b361a58dd63a16ddee74d3a64aace05bb6258afa1c94ffd43857de2
[INFO] running `Command { std: "docker" "start" "-a" "2919eda85b361a58dd63a16ddee74d3a64aace05bb6258afa1c94ffd43857de2", kill_on_drop: false }`
[INFO] running `Command { std: "docker" "inspect" "2919eda85b361a58dd63a16ddee74d3a64aace05bb6258afa1c94ffd43857de2", kill_on_drop: false }`
[INFO] running `Command { std: "docker" "rm" "-f" "2919eda85b361a58dd63a16ddee74d3a64aace05bb6258afa1c94ffd43857de2", kill_on_drop: false }`
[INFO] [stdout] 2919eda85b361a58dd63a16ddee74d3a64aace05bb6258afa1c94ffd43857de2
[INFO] running `Command { std: "docker" "create" "-v" "/var/lib/crater-agent-workspace/builds/worker-4-tc1/target:/opt/rustwide/target:rw,Z" "-v" "/var/lib/crater-agent-workspace/builds/worker-4-tc1/source:/opt/rustwide/workdir:ro,Z" "-v" "/var/lib/crater-agent-workspace/cargo-home:/opt/rustwide/cargo-home:ro,Z" "-v" "/var/lib/crater-agent-workspace/rustup-home:/opt/rustwide/rustup-home:ro,Z" "-e" "SOURCE_DIR=/opt/rustwide/workdir" "-e" "CARGO_TARGET_DIR=/opt/rustwide/target" "-e" "CARGO_INCREMENTAL=0" "-e" "RUST_BACKTRACE=full" "-e" "RUSTFLAGS=--cap-lints=warn" "-e" "RUSTDOCFLAGS=--cap-lints=warn" "-e" "CARGO_HOME=/opt/rustwide/cargo-home" "-e" "RUSTUP_HOME=/opt/rustwide/rustup-home" "-w" "/opt/rustwide/workdir" "-m" "1610612736" "--user" "0:0" "--network" "none" "ghcr.io/rust-lang/crates-build-env/linux@sha256:f3a9d4ad9d972b27faf3965f35b62e55ba32bbce8f20bc8fe909558a86702fde" "/opt/rustwide/cargo-home/bin/cargo" "+1.83.0" "build" "--frozen" "--message-format=json", kill_on_drop: false }`
[INFO] [stdout] ef04860dea8495a8169472996573dcec43e45f13eaaac69a4dd4ac1a1a2910a7
[INFO] running `Command { std: "docker" "start" "-a" "ef04860dea8495a8169472996573dcec43e45f13eaaac69a4dd4ac1a1a2910a7", kill_on_drop: false }`
[INFO] [stderr]    Compiling autocfg v1.1.0
[INFO] [stderr]    Compiling libc v0.2.139
[INFO] [stderr]    Compiling proc-macro2 v1.0.49
[INFO] [stderr]    Compiling unicode-ident v1.0.6
[INFO] [stderr]    Compiling quote v1.0.23
[INFO] [stderr]    Compiling syn v1.0.107
[INFO] [stderr]    Compiling version_check v0.9.4
[INFO] [stderr]    Compiling log v0.4.17
[INFO] [stderr]    Compiling once_cell v1.17.0
[INFO] [stderr]    Compiling smallvec v1.10.0
[INFO] [stderr]    Compiling cc v1.0.78
[INFO] [stderr]    Compiling parking_lot_core v0.9.5
[INFO] [stderr]    Compiling pin-project-lite v0.2.9
[INFO] [stderr]    Compiling pkg-config v0.3.26
[INFO] [stderr]    Compiling libm v0.2.6
[INFO] [stderr]    Compiling memchr v2.5.0
[INFO] [stderr]    Compiling scopeguard v1.1.0
[INFO] [stderr]    Compiling futures-core v0.3.25
[INFO] [stderr]    Compiling bytes v1.3.0
[INFO] [stderr]    Compiling typenum v1.16.0
[INFO] [stderr]    Compiling const-oid v0.9.1
[INFO] [stderr]    Compiling base64ct v1.5.3
[INFO] [stderr]    Compiling lock_api v0.4.9
[INFO] [stderr]    Compiling tokio v1.23.0
[INFO] [stderr]    Compiling num-traits v0.2.15
[INFO] [stderr]    Compiling generic-array v0.14.6
[INFO] [stderr]    Compiling num-integer v0.1.45
[INFO] [stderr]    Compiling zeroize v1.5.7
[INFO] [stderr]    Compiling itoa v1.0.5
[INFO] [stderr]    Compiling futures-task v0.3.25
[INFO] [stderr]    Compiling pem-rfc7468 v0.6.0
[INFO] [stderr]    Compiling proc-macro-error-attr v1.0.4
[INFO] [stderr]    Compiling indexmap v1.9.2
[INFO] [stderr]    Compiling slab v0.4.7
[INFO] [stderr]    Compiling tracing-core v0.1.30
[INFO] [stderr]    Compiling futures-util v0.3.25
[INFO] [stderr]    Compiling openssl v0.10.45
[INFO] [stderr]    Compiling io-lifetimes v1.0.3
[INFO] [stderr]    Compiling foreign-types-shared v0.1.1
[INFO] [stderr]    Compiling http v0.2.8
[INFO] [stderr]    Compiling foreign-types v0.3.2
[INFO] [stderr]    Compiling der v0.6.1
[INFO] [stderr]    Compiling proc-macro-error v1.0.4
[INFO] [stderr]    Compiling num-iter v0.1.43
[INFO] [stderr]    Compiling hashbrown v0.12.3
[INFO] [stderr]    Compiling pin-utils v0.1.0
[INFO] [stderr]    Compiling tracing v0.1.37
[INFO] [stderr]    Compiling futures-sink v0.3.25
[INFO] [stderr]    Compiling rustix v0.36.6
[INFO] [stderr]    Compiling serde_derive v1.0.152
[INFO] [stderr]    Compiling ppv-lite86 v0.2.17
[INFO] [stderr]    Compiling futures-channel v0.3.25
[INFO] [stderr]    Compiling openssl-sys v0.9.80
[INFO] [stderr]    Compiling native-tls v0.2.11
[INFO] [stderr]    Compiling httparse v1.8.0
[INFO] [stderr]    Compiling try-lock v0.2.3
[INFO] [stderr]    Compiling spin v0.5.2
[INFO] [stderr]    Compiling openssl-probe v0.1.5
[INFO] [stderr]    Compiling serde v1.0.152
[INFO] [stderr]    Compiling signal-hook-registry v1.4.0
[INFO] [stderr]    Compiling socket2 v0.4.7
[INFO] [stderr]    Compiling mio v0.8.5
[INFO] [stderr]    Compiling num_cpus v1.15.0
[INFO] [stderr]    Compiling getrandom v0.2.8
[INFO] [stderr]    Compiling parking_lot v0.12.1
[INFO] [stderr]    Compiling rand_core v0.6.4
[INFO] [stderr]    Compiling linux-raw-sys v0.1.4
[INFO] [stderr]    Compiling spki v0.6.0
[INFO] [stderr]    Compiling rand_chacha v0.3.1
[INFO] [stderr]    Compiling num-bigint-dig v0.8.2
[INFO] [stderr]    Compiling pkcs8 v0.9.0
[INFO] [stderr]    Compiling http-body v0.4.5
[INFO] [stderr]    Compiling crypto-common v0.1.6
[INFO] [stderr]    Compiling lazy_static v1.4.0
[INFO] [stderr]    Compiling want v0.3.0
[INFO] [stderr]    Compiling rand v0.8.5
[INFO] [stderr]    Compiling digest v0.10.6
[INFO] [stderr]    Compiling httpdate v1.0.2
[INFO] [stderr]    Compiling byteorder v1.4.3
[INFO] [stderr]    Compiling os_str_bytes v6.4.1
[INFO] [stderr]    Compiling serde_json v1.0.91
[INFO] [stderr]    Compiling tower-service v0.3.2
[INFO] [stderr]    Compiling heck v0.4.0
[INFO] [stderr]    Compiling thiserror v1.0.38
[INFO] [stderr]    Compiling signature v2.0.0
[INFO] [stderr]    Compiling pkcs1 v0.4.1
[INFO] [stderr]    Compiling time v0.1.45
[INFO] [stderr]    Compiling termcolor v1.1.3
[INFO] [stderr]    Compiling clap_lex v0.3.0
[INFO] [stderr]    Compiling iana-time-zone v0.1.53
[INFO] [stderr]    Compiling subtle v2.4.1
[INFO] [stderr]    Compiling ryu v1.0.12
[INFO] [stderr]    Compiling strsim v0.10.0
[INFO] [stderr]    Compiling daemonize v0.5.0
[INFO] [stderr]    Compiling json v0.12.4
[INFO] [stderr]    Compiling chrono v0.4.23
[INFO] [stderr]    Compiling hex v0.4.3
[INFO] [stderr]    Compiling is-terminal v0.4.2
[INFO] [stderr]    Compiling rsa v0.8.2
[INFO] [stderr]    Compiling tokio-macros v1.8.2
[INFO] [stderr]    Compiling openssl-macros v0.1.0
[INFO] [stderr]    Compiling thiserror-impl v1.0.38
[INFO] [stderr]    Compiling clap_derive v4.0.21
[INFO] [stderr]    Compiling clap v4.0.32
[INFO] [stderr]    Compiling tokio-util v0.7.4
[INFO] [stderr]    Compiling tokio-native-tls v0.3.0
[INFO] [stderr]    Compiling h2 v0.3.15
[INFO] [stderr]    Compiling hyper v0.14.23
[INFO] [stderr]    Compiling hyper-tls v0.5.0
[INFO] [stderr]    Compiling top-auto-upgrader v0.1.0-alpha (/opt/rustwide/workdir)
[INFO] [stdout] warning: unused import: `handler::VersionHandler`
[INFO] [stdout]  --> src/version/mod.rs:5:9
[INFO] [stdout]   |
[INFO] [stdout] 5 | pub use handler::VersionHandler;
[INFO] [stdout]   |         ^^^^^^^^^^^^^^^^^^^^^^^
[INFO] [stdout]   |
[INFO] [stdout]   = note: `#[warn(unused_imports)]` on by default
[INFO] [stdout] 
[INFO] [stdout] 
[INFO] [stdout] warning: methods `api` and `source_type` are never used
[INFO] [stdout]   --> src/config/au_config.rs:17:12
[INFO] [stdout]    |
[INFO] [stdout] 16 | impl AuConfigJson {
[INFO] [stdout]    | ----------------- methods in this implementation
[INFO] [stdout] 17 |     pub fn api(&self) -> &str {
[INFO] [stdout]    |            ^^^
[INFO] [stdout] ...
[INFO] [stdout] 20 |     pub fn source_type(&self) -> &ReleaseInfoSourceType {
[INFO] [stdout]    |            ^^^^^^^^^^^
[INFO] [stdout]    |
[INFO] [stdout]    = note: `#[warn(dead_code)]` on by default
[INFO] [stdout] 
[INFO] [stdout] 
[INFO] [stdout] warning: struct `VersionHandler` is never constructed
[INFO] [stdout]  --> src/version/handler.rs:8:12
[INFO] [stdout]   |
[INFO] [stdout] 8 | pub struct VersionHandler<'a> {
[INFO] [stdout]   |            ^^^^^^^^^^^^^^
[INFO] [stdout] 
[INFO] [stdout] 
[INFO] [stdout] warning: associated items `new`, `get_release_info`, and `get_release_info_json` are never used
[INFO] [stdout]   --> src/version/handler.rs:22:12
[INFO] [stdout]    |
[INFO] [stdout] 12 | impl<'a> VersionHandler<'a> {
[INFO] [stdout]    | --------------------------- associated items in this implementation
[INFO] [stdout] ...
[INFO] [stdout] 22 |     pub fn new(uri: &'a str, release_info_type: &ReleaseInfoSourceType) -> Self {
[INFO] [stdout]    |            ^^^
[INFO] [stdout] ...
[INFO] [stdout] 27 |     pub async fn get_release_info(&self, tag_name: Option<String>) -> Result<ReleaseInfo, AuError> {
[INFO] [stdout]    |                  ^^^^^^^^^^^^^^^^
[INFO] [stdout] ...
[INFO] [stdout] 42 |     async fn get_release_info_json(&self, uri: &str) -> Result<json::JsonValue, AuError> {
[INFO] [stdout]    |              ^^^^^^^^^^^^^^^^^^^^^
[INFO] [stdout] 
[INFO] [stdout] 
[INFO] [stdout] warning: struct `ReleaseInfo` is never constructed
[INFO] [stdout]  --> src/version/release_info.rs:7:12
[INFO] [stdout]   |
[INFO] [stdout] 7 | pub struct ReleaseInfo {
[INFO] [stdout]   |            ^^^^^^^^^^^
[INFO] [stdout] 
[INFO] [stdout] 
[INFO] [stdout] warning: struct `ReleaseAsset` is never constructed
[INFO] [stdout]   --> src/version/release_info.rs:14:8
[INFO] [stdout]    |
[INFO] [stdout] 14 | struct ReleaseAsset {
[INFO] [stdout]    |        ^^^^^^^^^^^^
[INFO] [stdout] 
[INFO] [stdout] 
[INFO] [stdout] warning: associated items `new_from_json_object`, `version`, and `release_asset` are never used
[INFO] [stdout]   --> src/version/release_info.rs:20:12
[INFO] [stdout]    |
[INFO] [stdout] 19 | impl ReleaseInfo {
[INFO] [stdout]    | ---------------- associated items in this implementation
[INFO] [stdout] 20 |     pub fn new_from_json_object(json: &JsonValue) -> Option<Self> {
[INFO] [stdout]    |            ^^^^^^^^^^^^^^^^^^^^
[INFO] [stdout] ...
[INFO] [stdout] 37 |     pub fn version(&self) -> Option<SemVersion> {
[INFO] [stdout]    |            ^^^^^^^
[INFO] [stdout] ...
[INFO] [stdout] 41 |     pub fn release_asset(&self) -> Option<(&str, &str)> {
[INFO] [stdout]    |            ^^^^^^^^^^^^^
[INFO] [stdout] 
[INFO] [stdout] 
[INFO] [stdout] warning: associated functions `new_from_json_array` and `new_from_json_object` are never used
[INFO] [stdout]   --> src/version/release_info.rs:51:8
[INFO] [stdout]    |
[INFO] [stdout] 50 | impl ReleaseAsset {
[INFO] [stdout]    | ----------------- associated functions in this implementation
[INFO] [stdout] 51 |     fn new_from_json_array(json: &JsonValue) -> Option<Vec<Self>> {
[INFO] [stdout]    |        ^^^^^^^^^^^^^^^^^^^
[INFO] [stdout] ...
[INFO] [stdout] 66 |     fn new_from_json_object(json: &JsonValue) -> Option<Self> {
[INFO] [stdout]    |        ^^^^^^^^^^^^^^^^^^^^
[INFO] [stdout] 
[INFO] [stdout] 
[INFO] [stdout] warning: method `to_tag_name` is never used
[INFO] [stdout]   --> src/version/sem_version.rs:14:12
[INFO] [stdout]    |
[INFO] [stdout] 12 | impl SemVersion {
[INFO] [stdout]    | --------------- method in this implementation
[INFO] [stdout] 13 |     /// Add `v` prefix like `v1.8.0`
[INFO] [stdout] 14 |     pub fn to_tag_name(&self) -> String {
[INFO] [stdout]    |            ^^^^^^^^^^^
[INFO] [stdout] 
[INFO] [stdout] 
[INFO] [stderr]     Finished `dev` profile [unoptimized + debuginfo] target(s) in 14.77s
[INFO] running `Command { std: "docker" "inspect" "ef04860dea8495a8169472996573dcec43e45f13eaaac69a4dd4ac1a1a2910a7", kill_on_drop: false }`
[INFO] running `Command { std: "docker" "rm" "-f" "ef04860dea8495a8169472996573dcec43e45f13eaaac69a4dd4ac1a1a2910a7", kill_on_drop: false }`
[INFO] [stdout] ef04860dea8495a8169472996573dcec43e45f13eaaac69a4dd4ac1a1a2910a7
[INFO] running `Command { std: "docker" "create" "-v" "/var/lib/crater-agent-workspace/builds/worker-4-tc1/target:/opt/rustwide/target:rw,Z" "-v" "/var/lib/crater-agent-workspace/builds/worker-4-tc1/source:/opt/rustwide/workdir:ro,Z" "-v" "/var/lib/crater-agent-workspace/cargo-home:/opt/rustwide/cargo-home:ro,Z" "-v" "/var/lib/crater-agent-workspace/rustup-home:/opt/rustwide/rustup-home:ro,Z" "-e" "SOURCE_DIR=/opt/rustwide/workdir" "-e" "CARGO_TARGET_DIR=/opt/rustwide/target" "-e" "CARGO_INCREMENTAL=0" "-e" "RUST_BACKTRACE=full" "-e" "RUSTFLAGS=--cap-lints=warn" "-e" "RUSTDOCFLAGS=--cap-lints=warn" "-e" "CARGO_HOME=/opt/rustwide/cargo-home" "-e" "RUSTUP_HOME=/opt/rustwide/rustup-home" "-w" "/opt/rustwide/workdir" "-m" "1610612736" "--user" "0:0" "--network" "none" "ghcr.io/rust-lang/crates-build-env/linux@sha256:f3a9d4ad9d972b27faf3965f35b62e55ba32bbce8f20bc8fe909558a86702fde" "/opt/rustwide/cargo-home/bin/cargo" "+1.83.0" "test" "--frozen" "--no-run" "--message-format=json", kill_on_drop: false }`
[INFO] [stdout] 8e235db5acdc195bab8030dde08cb4963daa2e3db29e1567f83485e5aa2ec462
[INFO] running `Command { std: "docker" "start" "-a" "8e235db5acdc195bab8030dde08cb4963daa2e3db29e1567f83485e5aa2ec462", kill_on_drop: false }`
[INFO] [stderr]    Compiling syn v1.0.107
[INFO] [stderr]    Compiling tokio v1.23.0
[INFO] [stderr]    Compiling proc-macro-error v1.0.4
[INFO] [stderr]    Compiling tokio-macros v1.8.2
[INFO] [stderr]    Compiling openssl-macros v0.1.0
[INFO] [stderr]    Compiling serde_derive v1.0.152
[INFO] [stderr]    Compiling async-stream-impl v0.3.3
[INFO] [stderr]    Compiling clap_derive v4.0.21
[INFO] [stderr]    Compiling thiserror-impl v1.0.38
[INFO] [stderr]    Compiling openssl v0.10.45
[INFO] [stderr]    Compiling async-stream v0.3.3
[INFO] [stderr]    Compiling thiserror v1.0.38
[INFO] [stderr]    Compiling clap v4.0.32
[INFO] [stderr]    Compiling serde v1.0.152
[INFO] [stderr]    Compiling native-tls v0.2.11
[INFO] [stderr]    Compiling tokio-util v0.7.4
[INFO] [stderr]    Compiling tokio-stream v0.1.11
[INFO] [stderr]    Compiling tokio-native-tls v0.3.0
[INFO] [stderr]    Compiling tokio-test v0.4.2
[INFO] [stderr]    Compiling h2 v0.3.15
[INFO] [stderr]    Compiling serde_json v1.0.91
[INFO] [stderr]    Compiling hyper v0.14.23
[INFO] [stderr]    Compiling hyper-tls v0.5.0
[INFO] [stderr]    Compiling top-auto-upgrader v0.1.0-alpha (/opt/rustwide/workdir)
[INFO] [stdout] warning: unused import: `handler::VersionHandler`
[INFO] [stdout]  --> src/version/mod.rs:5:9
[INFO] [stdout]   |
[INFO] [stdout] 5 | pub use handler::VersionHandler;
[INFO] [stdout]   |         ^^^^^^^^^^^^^^^^^^^^^^^
[INFO] [stdout]   |
[INFO] [stdout]   = note: `#[warn(unused_imports)]` on by default
[INFO] [stdout] 
[INFO] [stdout] 
[INFO] [stdout] warning: methods `api` and `source_type` are never used
[INFO] [stdout]   --> src/config/au_config.rs:17:12
[INFO] [stdout]    |
[INFO] [stdout] 16 | impl AuConfigJson {
[INFO] [stdout]    | ----------------- methods in this implementation
[INFO] [stdout] 17 |     pub fn api(&self) -> &str {
[INFO] [stdout]    |            ^^^
[INFO] [stdout] ...
[INFO] [stdout] 20 |     pub fn source_type(&self) -> &ReleaseInfoSourceType {
[INFO] [stdout]    |            ^^^^^^^^^^^
[INFO] [stdout]    |
[INFO] [stdout]    = note: `#[warn(dead_code)]` on by default
[INFO] [stdout] 
[INFO] [stdout] 
[INFO] [stdout] warning: method `release_asset` is never used
[INFO] [stdout]   --> src/version/release_info.rs:41:12
[INFO] [stdout]    |
[INFO] [stdout] 19 | impl ReleaseInfo {
[INFO] [stdout]    | ---------------- method in this implementation
[INFO] [stdout] ...
[INFO] [stdout] 41 |     pub fn release_asset(&self) -> Option<(&str, &str)> {
[INFO] [stdout]    |            ^^^^^^^^^^^^^
[INFO] [stdout] 
[INFO] [stdout] 
[INFO] [stdout] warning: method `to_tag_name` is never used
[INFO] [stdout]   --> src/version/sem_version.rs:14:12
[INFO] [stdout]    |
[INFO] [stdout] 12 | impl SemVersion {
[INFO] [stdout]    | --------------- method in this implementation
[INFO] [stdout] 13 |     /// Add `v` prefix like `v1.8.0`
[INFO] [stdout] 14 |     pub fn to_tag_name(&self) -> String {
[INFO] [stdout]    |            ^^^^^^^^^^^
[INFO] [stdout] 
[INFO] [stdout] 
[INFO] [stderr]     Finished `test` profile [unoptimized + debuginfo] target(s) in 14.88s
[INFO] running `Command { std: "docker" "inspect" "8e235db5acdc195bab8030dde08cb4963daa2e3db29e1567f83485e5aa2ec462", kill_on_drop: false }`
[INFO] running `Command { std: "docker" "rm" "-f" "8e235db5acdc195bab8030dde08cb4963daa2e3db29e1567f83485e5aa2ec462", kill_on_drop: false }`
[INFO] [stdout] 8e235db5acdc195bab8030dde08cb4963daa2e3db29e1567f83485e5aa2ec462
[INFO] running `Command { std: "docker" "create" "-v" "/var/lib/crater-agent-workspace/builds/worker-4-tc1/target:/opt/rustwide/target:rw,Z" "-v" "/var/lib/crater-agent-workspace/builds/worker-4-tc1/source:/opt/rustwide/workdir:ro,Z" "-v" "/var/lib/crater-agent-workspace/cargo-home:/opt/rustwide/cargo-home:ro,Z" "-v" "/var/lib/crater-agent-workspace/rustup-home:/opt/rustwide/rustup-home:ro,Z" "-e" "SOURCE_DIR=/opt/rustwide/workdir" "-e" "CARGO_TARGET_DIR=/opt/rustwide/target" "-e" "CARGO_INCREMENTAL=0" "-e" "RUST_BACKTRACE=full" "-e" "RUSTFLAGS=--cap-lints=warn" "-e" "RUSTDOCFLAGS=--cap-lints=warn" "-e" "CARGO_HOME=/opt/rustwide/cargo-home" "-e" "RUSTUP_HOME=/opt/rustwide/rustup-home" "-w" "/opt/rustwide/workdir" "-m" "1610612736" "--user" "0:0" "--network" "none" "ghcr.io/rust-lang/crates-build-env/linux@sha256:f3a9d4ad9d972b27faf3965f35b62e55ba32bbce8f20bc8fe909558a86702fde" "/opt/rustwide/cargo-home/bin/cargo" "+1.83.0" "test" "--frozen", kill_on_drop: false }`
[INFO] [stdout] 38a79520ed6eb698ea751a3b522efd1e81646826ce66f818dadc2a4ce1e8083d
[INFO] running `Command { std: "docker" "start" "-a" "38a79520ed6eb698ea751a3b522efd1e81646826ce66f818dadc2a4ce1e8083d", kill_on_drop: false }`
[INFO] [stderr] warning: unused import: `handler::VersionHandler`
[INFO] [stderr]  --> src/version/mod.rs:5:9
[INFO] [stderr]   |
[INFO] [stderr] 5 | pub use handler::VersionHandler;
[INFO] [stderr]   |         ^^^^^^^^^^^^^^^^^^^^^^^
[INFO] [stderr]   |
[INFO] [stderr]   = note: `#[warn(unused_imports)]` on by default
[INFO] [stderr] 
[INFO] [stderr] warning: methods `api` and `source_type` are never used
[INFO] [stderr]   --> src/config/au_config.rs:17:12
[INFO] [stderr]    |
[INFO] [stderr] 16 | impl AuConfigJson {
[INFO] [stderr]    | ----------------- methods in this implementation
[INFO] [stderr] 17 |     pub fn api(&self) -> &str {
[INFO] [stderr]    |            ^^^
[INFO] [stderr] ...
[INFO] [stderr] 20 |     pub fn source_type(&self) -> &ReleaseInfoSourceType {
[INFO] [stderr]    |            ^^^^^^^^^^^
[INFO] [stderr]    |
[INFO] [stderr]    = note: `#[warn(dead_code)]` on by default
[INFO] [stderr] 
[INFO] [stderr] warning: method `release_asset` is never used
[INFO] [stderr]   --> src/version/release_info.rs:41:12
[INFO] [stderr]    |
[INFO] [stderr] 19 | impl ReleaseInfo {
[INFO] [stderr]    | ---------------- method in this implementation
[INFO] [stderr] ...
[INFO] [stderr] 41 |     pub fn release_asset(&self) -> Option<(&str, &str)> {
[INFO] [stderr]    |            ^^^^^^^^^^^^^
[INFO] [stderr] 
[INFO] [stderr] warning: method `to_tag_name` is never used
[INFO] [stderr]   --> src/version/sem_version.rs:14:12
[INFO] [stderr]    |
[INFO] [stderr] 12 | impl SemVersion {
[INFO] [stderr]    | --------------- method in this implementation
[INFO] [stderr] 13 |     /// Add `v` prefix like `v1.8.0`
[INFO] [stderr] 14 |     pub fn to_tag_name(&self) -> String {
[INFO] [stderr]    |            ^^^^^^^^^^^
[INFO] [stderr] 
[INFO] [stderr] warning: `top-auto-upgrader` (bin "top-auto-upgrader" test) generated 4 warnings (run `cargo fix --bin "top-auto-upgrader" --tests` to apply 1 suggestion)
[INFO] [stderr]     Finished `test` profile [unoptimized + debuginfo] target(s) in 0.15s
[INFO] [stderr]      Running unittests src/main.rs (/opt/rustwide/target/debug/deps/top_auto_upgrader-9cd3d628e2a5659a)
[INFO] [stdout] 
[INFO] [stdout] running 6 tests
[INFO] [stdout] test commands::topio::test::test_topio_cmd ... ignored
[INFO] [stdout] test commands::topio::test::test_f64_parse ... ok
[INFO] [stdout] test config::user_config::test::test_user_config_serde ... ok
[INFO] [stdout] test config::au_config::test::test_au_config ... ok
[INFO] [stdout] test version::handler::test::test_get_release_info ... FAILED
[INFO] [stdout] test config::env_config::test::test_config_rsa_crypto ... ok
[INFO] [stdout] 
[INFO] [stdout] failures:
[INFO] [stdout] 
[INFO] [stdout] ---- version::handler::test::test_get_release_info stdout ----
[INFO] [stdout] thread 'version::handler::test::test_get_release_info' panicked at src/version/handler.rs:77:61:
[INFO] [stdout] called `Result::unwrap()` on an `Err` value: HttpError("error trying to connect: dns error: failed to lookup address information: Temporary failure in name resolution")
[INFO] [stdout] stack backtrace:
[INFO] [stdout]    0:     0x6050c7988c9a - std::backtrace_rs::backtrace::libunwind::trace::h5a5b8284f2d0c266
[INFO] [stdout]                                at /rustc/90b35a6239c3d8bdabc530a6a0816f7ff89a0aaf/library/std/src/../../backtrace/src/backtrace/libunwind.rs:116:5
[INFO] [stdout]    1:     0x6050c7988c9a - std::backtrace_rs::backtrace::trace_unsynchronized::h76d4f1c9b0b875e3
[INFO] [stdout]                                at /rustc/90b35a6239c3d8bdabc530a6a0816f7ff89a0aaf/library/std/src/../../backtrace/src/backtrace/mod.rs:66:5
[INFO] [stdout]    2:     0x6050c7988c9a - std::sys::backtrace::_print_fmt::hc4546b8364a537c6
[INFO] [stdout]                                at /rustc/90b35a6239c3d8bdabc530a6a0816f7ff89a0aaf/library/std/src/sys/backtrace.rs:66:9
[INFO] [stdout]    3:     0x6050c7988c9a - <std::sys::backtrace::BacktraceLock::print::DisplayBacktrace as core::fmt::Display>::fmt::h5b6bd5631a6d1f6b
[INFO] [stdout]                                at /rustc/90b35a6239c3d8bdabc530a6a0816f7ff89a0aaf/library/std/src/sys/backtrace.rs:39:26
[INFO] [stdout]    4:     0x6050c79b0e53 - core::fmt::rt::Argument::fmt::h270f6602a2b96f62
[INFO] [stdout]                                at /rustc/90b35a6239c3d8bdabc530a6a0816f7ff89a0aaf/library/core/src/fmt/rt.rs:177:76
[INFO] [stdout]    5:     0x6050c79b0e53 - core::fmt::write::h7550c97b06c86515
[INFO] [stdout]                                at /rustc/90b35a6239c3d8bdabc530a6a0816f7ff89a0aaf/library/core/src/fmt/mod.rs:1186:21
[INFO] [stdout]    6:     0x6050c7984ee3 - std::io::Write::write_fmt::h509ff860e5956e5e
[INFO] [stdout]                                at /rustc/90b35a6239c3d8bdabc530a6a0816f7ff89a0aaf/library/std/src/io/mod.rs:1839:15
[INFO] [stdout]    7:     0x6050c7988ae2 - std::sys::backtrace::BacktraceLock::print::h2395ccd2c84ba3aa
[INFO] [stdout]                                at /rustc/90b35a6239c3d8bdabc530a6a0816f7ff89a0aaf/library/std/src/sys/backtrace.rs:42:9
[INFO] [stdout]    8:     0x6050c798a0fa - std::panicking::default_hook::{{closure}}::he19d4c7230e07961
[INFO] [stdout]                                at /rustc/90b35a6239c3d8bdabc530a6a0816f7ff89a0aaf/library/std/src/panicking.rs:268:22
[INFO] [stdout]    9:     0x6050c7989f04 - std::panicking::default_hook::hf614597d3c67bbdb
[INFO] [stdout]                                at /rustc/90b35a6239c3d8bdabc530a6a0816f7ff89a0aaf/library/std/src/panicking.rs:292:9
[INFO] [stdout]   10:     0x6050c76e1979 - <alloc::boxed::Box<F,A> as core::ops::function::Fn<Args>>::call::h39b51ce4599c23d1
[INFO] [stdout]                                at /rustc/90b35a6239c3d8bdabc530a6a0816f7ff89a0aaf/library/alloc/src/boxed.rs:2468:9
[INFO] [stdout]   11:     0x6050c76e1979 - test::test_main::{{closure}}::he977ae839a582784
[INFO] [stdout]                                at /rustc/90b35a6239c3d8bdabc530a6a0816f7ff89a0aaf/library/test/src/lib.rs:133:21
[INFO] [stdout]   12:     0x6050c798a798 - <alloc::boxed::Box<F,A> as core::ops::function::Fn<Args>>::call::h9455091b6b06f9fb
[INFO] [stdout]                                at /rustc/90b35a6239c3d8bdabc530a6a0816f7ff89a0aaf/library/alloc/src/boxed.rs:2468:9
[INFO] [stdout]   13:     0x6050c798a798 - std::panicking::rust_panic_with_hook::h8942133a8b252070
[INFO] [stdout]                                at /rustc/90b35a6239c3d8bdabc530a6a0816f7ff89a0aaf/library/std/src/panicking.rs:809:13
[INFO] [stdout]   14:     0x6050c798a55a - std::panicking::begin_panic_handler::{{closure}}::hb5f5963570096b29
[INFO] [stdout]                                at /rustc/90b35a6239c3d8bdabc530a6a0816f7ff89a0aaf/library/std/src/panicking.rs:674:13
[INFO] [stdout]   15:     0x6050c7989179 - std::sys::backtrace::__rust_end_short_backtrace::h6208cedc1922feda
[INFO] [stdout]                                at /rustc/90b35a6239c3d8bdabc530a6a0816f7ff89a0aaf/library/std/src/sys/backtrace.rs:170:18
[INFO] [stdout]   16:     0x6050c798a1ec - rust_begin_unwind
[INFO] [stdout]                                at /rustc/90b35a6239c3d8bdabc530a6a0816f7ff89a0aaf/library/std/src/panicking.rs:665:5
[INFO] [stdout]   17:     0x6050c756c250 - core::panicking::panic_fmt::h0c3082644d1bf418
[INFO] [stdout]                                at /rustc/90b35a6239c3d8bdabc530a6a0816f7ff89a0aaf/library/core/src/panicking.rs:74:14
[INFO] [stdout]   18:     0x6050c756c736 - core::result::unwrap_failed::hd20b4aa073bda1e2
[INFO] [stdout]                                at /rustc/90b35a6239c3d8bdabc530a6a0816f7ff89a0aaf/library/core/src/result.rs:1700:5
[INFO] [stdout]   19:     0x6050c765a042 - core::result::Result<T,E>::unwrap::h792ec24ead51d67b
[INFO] [stdout]                                at /rustc/90b35a6239c3d8bdabc530a6a0816f7ff89a0aaf/library/core/src/result.rs:1104:23
[INFO] [stdout]   20:     0x6050c765a042 - top_auto_upgrader::version::handler::test::test_get_release_info::h69dcb8eaa01f5a8f
[INFO] [stdout]                                at /opt/rustwide/workdir/src/version/handler.rs:77:17
[INFO] [stdout]   21:     0x6050c7659f97 - top_auto_upgrader::version::handler::test::test_get_release_info::{{closure}}::h0f1fe731f2466c5a
[INFO] [stdout]                                at /opt/rustwide/workdir/src/version/handler.rs:76:31
[INFO] [stdout]   22:     0x6050c75b41d6 - core::ops::function::FnOnce::call_once::hbed8df3b9b505fe1
[INFO] [stdout]                                at /rustc/90b35a6239c3d8bdabc530a6a0816f7ff89a0aaf/library/core/src/ops/function.rs:250:5
[INFO] [stdout]   23:     0x6050c76e633b - core::ops::function::FnOnce::call_once::h109cf8051a59b34e
[INFO] [stdout]                                at /rustc/90b35a6239c3d8bdabc530a6a0816f7ff89a0aaf/library/core/src/ops/function.rs:250:5
[INFO] [stdout]   24:     0x6050c76e633b - test::__rust_begin_short_backtrace::hf4fff89d377446ba
[INFO] [stdout]                                at /rustc/90b35a6239c3d8bdabc530a6a0816f7ff89a0aaf/library/test/src/lib.rs:621:18
[INFO] [stdout]   25:     0x6050c76e5b77 - test::run_test_in_process::{{closure}}::h0e39181dd7ee5a43
[INFO] [stdout]                                at /rustc/90b35a6239c3d8bdabc530a6a0816f7ff89a0aaf/library/test/src/lib.rs:644:60
[INFO] [stdout]   26:     0x6050c76e5b77 - <core::panic::unwind_safe::AssertUnwindSafe<F> as core::ops::function::FnOnce<()>>::call_once::hc5a66a30f0bdfd1f
[INFO] [stdout]                                at /rustc/90b35a6239c3d8bdabc530a6a0816f7ff89a0aaf/library/core/src/panic/unwind_safe.rs:272:9
[INFO] [stdout]   27:     0x6050c76e5b77 - std::panicking::try::do_call::h873b7cf639554a5e
[INFO] [stdout]                                at /rustc/90b35a6239c3d8bdabc530a6a0816f7ff89a0aaf/library/std/src/panicking.rs:557:40
[INFO] [stdout]   28:     0x6050c76e5b77 - std::panicking::try::hdb19862fad9c8bd1
[INFO] [stdout]                                at /rustc/90b35a6239c3d8bdabc530a6a0816f7ff89a0aaf/library/std/src/panicking.rs:520:19
[INFO] [stdout]   29:     0x6050c76e5b77 - std::panic::catch_unwind::h281fe732d236d260
[INFO] [stdout]                                at /rustc/90b35a6239c3d8bdabc530a6a0816f7ff89a0aaf/library/std/src/panic.rs:358:14
[INFO] [stdout]   30:     0x6050c76e5b77 - test::run_test_in_process::h949b6df8457ed338
[INFO] [stdout]                                at /rustc/90b35a6239c3d8bdabc530a6a0816f7ff89a0aaf/library/test/src/lib.rs:644:27
[INFO] [stdout]   31:     0x6050c76e5b77 - test::run_test::{{closure}}::h52c556a6d4740e10
[INFO] [stdout]                                at /rustc/90b35a6239c3d8bdabc530a6a0816f7ff89a0aaf/library/test/src/lib.rs:565:43
[INFO] [stdout]   32:     0x6050c76aae54 - test::run_test::{{closure}}::h4237f6381c45ccb9
[INFO] [stdout]                                at /rustc/90b35a6239c3d8bdabc530a6a0816f7ff89a0aaf/library/test/src/lib.rs:595:41
[INFO] [stdout]   33:     0x6050c76aae54 - std::sys::backtrace::__rust_begin_short_backtrace::h505c97a579eca628
[INFO] [stdout]                                at /rustc/90b35a6239c3d8bdabc530a6a0816f7ff89a0aaf/library/std/src/sys/backtrace.rs:154:18
[INFO] [stdout]   34:     0x6050c76ae51e - std::thread::Builder::spawn_unchecked_::{{closure}}::{{closure}}::h9e86b2e2bc107ea3
[INFO] [stdout]                                at /rustc/90b35a6239c3d8bdabc530a6a0816f7ff89a0aaf/library/std/src/thread/mod.rs:538:17
[INFO] [stdout]   35:     0x6050c76ae51e - <core::panic::unwind_safe::AssertUnwindSafe<F> as core::ops::function::FnOnce<()>>::call_once::h8b06ddb275ff4a25
[INFO] [stdout]                                at /rustc/90b35a6239c3d8bdabc530a6a0816f7ff89a0aaf/library/core/src/panic/unwind_safe.rs:272:9
[INFO] [stdout]   36:     0x6050c76ae51e - std::panicking::try::do_call::hb26ecd7cd9a9355d
[INFO] [stdout]                                at /rustc/90b35a6239c3d8bdabc530a6a0816f7ff89a0aaf/library/std/src/panicking.rs:557:40
[INFO] [stdout]   37:     0x6050c76ae51e - std::panicking::try::h8ddeca9d705f9069
[INFO] [stdout]                                at /rustc/90b35a6239c3d8bdabc530a6a0816f7ff89a0aaf/library/std/src/panicking.rs:520:19
[INFO] [stdout]   38:     0x6050c76ae51e - std::panic::catch_unwind::h49e1c33078844c46
[INFO] [stdout]                                at /rustc/90b35a6239c3d8bdabc530a6a0816f7ff89a0aaf/library/std/src/panic.rs:358:14
[INFO] [stdout]   39:     0x6050c76ae51e - std::thread::Builder::spawn_unchecked_::{{closure}}::h6073db6ff56ad35d
[INFO] [stdout]                                at /rustc/90b35a6239c3d8bdabc530a6a0816f7ff89a0aaf/library/std/src/thread/mod.rs:537:30
[INFO] [stdout]   40:     0x6050c76ae51e - core::ops::function::FnOnce::call_once{{vtable.shim}}::h2c5a5f3779c774f1
[INFO] [stdout]                                at /rustc/90b35a6239c3d8bdabc530a6a0816f7ff89a0aaf/library/core/src/ops/function.rs:250:5
[INFO] [stdout]   41:     0x6050c798eb7b - <alloc::boxed::Box<F,A> as core::ops::function::FnOnce<Args>>::call_once::hf75717d9f28faebf
[INFO] [stdout]                                at /rustc/90b35a6239c3d8bdabc530a6a0816f7ff89a0aaf/library/alloc/src/boxed.rs:2454:9
[INFO] [stdout]   42:     0x6050c798eb7b - <alloc::boxed::Box<F,A> as core::ops::function::FnOnce<Args>>::call_once::h7bd883a5f3c5f3c1
[INFO] [stdout]                                at /rustc/90b35a6239c3d8bdabc530a6a0816f7ff89a0aaf/library/alloc/src/boxed.rs:2454:9
[INFO] [stdout]   43:     0x6050c798eb7b - std::sys::pal::unix::thread::Thread::new::thread_start::hcc78f3943333fa94
[INFO] [stdout]                                at /rustc/90b35a6239c3d8bdabc530a6a0816f7ff89a0aaf/library/std/src/sys/pal/unix/thread.rs:105:17
[INFO] [stdout]   44:     0x7819da6a1ac3 - <unknown>
[INFO] [stdout]   45:     0x7819da732a04 - clone
[INFO] [stdout]   46:                0x0 - <unknown>
[INFO] [stdout] 
[INFO] [stdout] 
[INFO] [stdout] failures:
[INFO] [stdout]     version::handler::test::test_get_release_info
[INFO] [stdout] 
[INFO] [stdout] test result: FAILED. 4 passed; 1 failed; 1 ignored; 0 measured; 0 filtered out; finished in 26.34s
[INFO] [stdout] 
[INFO] [stderr] error: test failed, to rerun pass `--bin top-auto-upgrader`
[INFO] running `Command { std: "docker" "inspect" "38a79520ed6eb698ea751a3b522efd1e81646826ce66f818dadc2a4ce1e8083d", kill_on_drop: false }`
[INFO] running `Command { std: "docker" "rm" "-f" "38a79520ed6eb698ea751a3b522efd1e81646826ce66f818dadc2a4ce1e8083d", kill_on_drop: false }`
[INFO] [stdout] 38a79520ed6eb698ea751a3b522efd1e81646826ce66f818dadc2a4ce1e8083d
