[INFO] cloning repository https://github.com/Elttob/ambientcg-rs
[INFO] running `Command { std: "git" "-c" "credential.helper=" "-c" "credential.helper=/workspace/cargo-home/bin/git-credential-null" "clone" "--bare" "https://github.com/Elttob/ambientcg-rs" "/workspace/cache/git-repos/https%3A%2F%2Fgithub.com%2FElttob%2Fambientcg-rs", kill_on_drop: false }`
[INFO] [stderr] Cloning into bare repository '/workspace/cache/git-repos/https%3A%2F%2Fgithub.com%2FElttob%2Fambientcg-rs'...
[INFO] running `Command { std: "git" "rev-parse" "HEAD", kill_on_drop: false }`
[INFO] [stdout] 0f936a455c127bad6b813ffc0c84a6c0e63a3457
[INFO] testing Elttob/ambientcg-rs against 1.83.0 for beta-1.84.0-4-retry
[INFO] running `Command { std: "git" "clone" "/workspace/cache/git-repos/https%3A%2F%2Fgithub.com%2FElttob%2Fambientcg-rs" "/workspace/builds/worker-2-tc1/source", kill_on_drop: false }`
[INFO] [stderr] Cloning into '/workspace/builds/worker-2-tc1/source'...
[INFO] [stderr] done.
[INFO] validating manifest of git repo https://github.com/Elttob/ambientcg-rs on toolchain 1.83.0
[INFO] running `Command { std: CARGO_HOME="/workspace/cargo-home" RUSTUP_HOME="/workspace/rustup-home" "/workspace/cargo-home/bin/cargo" "+1.83.0" "metadata" "--manifest-path" "Cargo.toml" "--no-deps", kill_on_drop: false }`
[INFO] started tweaking git repo https://github.com/Elttob/ambientcg-rs
[INFO] finished tweaking git repo https://github.com/Elttob/ambientcg-rs
[INFO] tweaked toml for git repo https://github.com/Elttob/ambientcg-rs written to /workspace/builds/worker-2-tc1/source/Cargo.toml
[INFO] crate git repo https://github.com/Elttob/ambientcg-rs already has a lockfile, it will not be regenerated
[INFO] running `Command { std: CARGO_HOME="/workspace/cargo-home" RUSTUP_HOME="/workspace/rustup-home" "/workspace/cargo-home/bin/cargo" "+1.83.0" "fetch" "--manifest-path" "Cargo.toml", kill_on_drop: false }`
[INFO] [stderr]     Updating crates.io index
[INFO] [stderr]  Downloading crates ...
[INFO] [stderr]   Downloaded anyhow v1.0.62
[INFO] [stderr]   Downloaded hex_color v1.0.0
[INFO] [stderr]   Downloaded iana-time-zone v0.1.44
[INFO] [stderr]   Downloaded serde_derive v1.0.143
[INFO] [stderr]   Downloaded serde v1.0.143
[INFO] [stderr]   Downloaded libc v0.2.131
[INFO] [stderr]   Downloaded spdx v0.8.1
[INFO] running `Command { std: "docker" "create" "-v" "/var/lib/crater-agent-workspace/builds/worker-2-tc1/target:/opt/rustwide/target:rw,Z" "-v" "/var/lib/crater-agent-workspace/builds/worker-2-tc1/source:/opt/rustwide/workdir:ro,Z" "-v" "/var/lib/crater-agent-workspace/cargo-home:/opt/rustwide/cargo-home:ro,Z" "-v" "/var/lib/crater-agent-workspace/rustup-home:/opt/rustwide/rustup-home:ro,Z" "-e" "SOURCE_DIR=/opt/rustwide/workdir" "-e" "CARGO_TARGET_DIR=/opt/rustwide/target" "-e" "CARGO_HOME=/opt/rustwide/cargo-home" "-e" "RUSTUP_HOME=/opt/rustwide/rustup-home" "-w" "/opt/rustwide/workdir" "-m" "1610612736" "--user" "0:0" "--network" "none" "ghcr.io/rust-lang/crates-build-env/linux@sha256:f3a9d4ad9d972b27faf3965f35b62e55ba32bbce8f20bc8fe909558a86702fde" "/opt/rustwide/cargo-home/bin/cargo" "+1.83.0" "metadata" "--no-deps" "--format-version=1", kill_on_drop: false }`
[INFO] [stdout] 4300ba8f68ef44a5e6ea04416113221c132e5c8e2e6757f60cab91d196213404
[INFO] running `Command { std: "docker" "start" "-a" "4300ba8f68ef44a5e6ea04416113221c132e5c8e2e6757f60cab91d196213404", kill_on_drop: false }`
[INFO] running `Command { std: "docker" "inspect" "4300ba8f68ef44a5e6ea04416113221c132e5c8e2e6757f60cab91d196213404", kill_on_drop: false }`
[INFO] running `Command { std: "docker" "rm" "-f" "4300ba8f68ef44a5e6ea04416113221c132e5c8e2e6757f60cab91d196213404", kill_on_drop: false }`
[INFO] [stdout] 4300ba8f68ef44a5e6ea04416113221c132e5c8e2e6757f60cab91d196213404
[INFO] running `Command { std: "docker" "create" "-v" "/var/lib/crater-agent-workspace/builds/worker-2-tc1/target:/opt/rustwide/target:rw,Z" "-v" "/var/lib/crater-agent-workspace/builds/worker-2-tc1/source:/opt/rustwide/workdir:ro,Z" "-v" "/var/lib/crater-agent-workspace/cargo-home:/opt/rustwide/cargo-home:ro,Z" "-v" "/var/lib/crater-agent-workspace/rustup-home:/opt/rustwide/rustup-home:ro,Z" "-e" "SOURCE_DIR=/opt/rustwide/workdir" "-e" "CARGO_TARGET_DIR=/opt/rustwide/target" "-e" "CARGO_INCREMENTAL=0" "-e" "RUST_BACKTRACE=full" "-e" "RUSTFLAGS=--cap-lints=warn" "-e" "RUSTDOCFLAGS=--cap-lints=warn" "-e" "CARGO_HOME=/opt/rustwide/cargo-home" "-e" "RUSTUP_HOME=/opt/rustwide/rustup-home" "-w" "/opt/rustwide/workdir" "-m" "1610612736" "--user" "0:0" "--network" "none" "ghcr.io/rust-lang/crates-build-env/linux@sha256:f3a9d4ad9d972b27faf3965f35b62e55ba32bbce8f20bc8fe909558a86702fde" "/opt/rustwide/cargo-home/bin/cargo" "+1.83.0" "build" "--frozen" "--message-format=json", kill_on_drop: false }`
[INFO] [stdout] 1d6c8034a3a3bac3a6ccbc0a2fcdc8ba536ad17af6722dca9ea1a01c8d121fd9
[INFO] running `Command { std: "docker" "start" "-a" "1d6c8034a3a3bac3a6ccbc0a2fcdc8ba536ad17af6722dca9ea1a01c8d121fd9", kill_on_drop: false }`
[INFO] [stderr]    Compiling libc v0.2.131
[INFO] [stderr]    Compiling proc-macro2 v1.0.43
[INFO] [stderr]    Compiling quote v1.0.21
[INFO] [stderr]    Compiling unicode-ident v1.0.3
[INFO] [stderr]    Compiling syn v1.0.99
[INFO] [stderr]    Compiling once_cell v1.13.0
[INFO] [stderr]    Compiling pin-project-lite v0.2.9
[INFO] [stderr]    Compiling bytes v1.2.1
[INFO] [stderr]    Compiling log v0.4.17
[INFO] [stderr]    Compiling openssl-sys v0.9.75
[INFO] [stderr]    Compiling futures-core v0.3.23
[INFO] [stderr]    Compiling tokio v1.20.1
[INFO] [stderr]    Compiling itoa v1.0.3
[INFO] [stderr]    Compiling futures-task v0.3.23
[INFO] [stderr]    Compiling slab v0.4.7
[INFO] [stderr]    Compiling indexmap v1.9.1
[INFO] [stderr]    Compiling serde_derive v1.0.143
[INFO] [stderr]    Compiling futures-util v0.3.23
[INFO] [stderr]    Compiling tracing-core v0.1.29
[INFO] [stderr]    Compiling openssl v0.10.41
[INFO] [stderr]    Compiling native-tls v0.2.10
[INFO] [stderr]    Compiling futures-channel v0.3.23
[INFO] [stderr]    Compiling futures-sink v0.3.23
[INFO] [stderr]    Compiling httparse v1.7.1
[INFO] [stderr]    Compiling serde v1.0.143
[INFO] [stderr]    Compiling http v0.2.8
[INFO] [stderr]    Compiling tinyvec v1.6.0
[INFO] [stderr]    Compiling num-traits v0.2.15
[INFO] [stderr]    Compiling want v0.3.0
[INFO] [stderr]    Compiling num-integer v0.1.45
[INFO] [stderr]    Compiling ryu v1.0.11
[INFO] [stderr]    Compiling serde_json v1.0.83
[INFO] [stderr]    Compiling unicode-bidi v0.3.8
[INFO] [stderr]    Compiling regex-syntax v0.6.27
[INFO] [stderr]    Compiling anyhow v1.0.62
[INFO] [stderr]    Compiling base64 v0.13.0
[INFO] [stderr]    Compiling ipnet v2.5.0
[INFO] [stderr]    Compiling tracing v0.1.36
[INFO] [stderr]    Compiling iana-time-zone v0.1.44
[INFO] [stderr]    Compiling smallvec v1.9.0
[INFO] [stderr]    Compiling mio v0.8.4
[INFO] [stderr]    Compiling socket2 v0.4.4
[INFO] [stderr]    Compiling time v0.1.44
[INFO] [stderr]    Compiling spdx v0.8.1
[INFO] [stderr]    Compiling http-body v0.4.5
[INFO] [stderr]    Compiling unicode-normalization v0.1.21
[INFO] [stderr]    Compiling chrono v0.4.22
[INFO] [stderr]    Compiling idna v0.2.3
[INFO] [stderr]    Compiling regex v1.6.0
[INFO] [stderr]    Compiling url v2.2.2
[INFO] [stderr]    Compiling hex_color v1.0.0
[INFO] [stderr]    Compiling openssl-macros v0.1.0
[INFO] [stderr]    Compiling tokio-util v0.7.3
[INFO] [stderr]    Compiling h2 v0.3.13
[INFO] [stderr]    Compiling hyper v0.14.20
[INFO] [stderr]    Compiling tokio-native-tls v0.3.0
[INFO] [stderr]    Compiling hyper-tls v0.5.0
[INFO] [stderr]    Compiling serde_urlencoded v0.7.1
[INFO] [stderr]    Compiling reqwest v0.11.11
[INFO] [stderr]    Compiling ambientcg v0.2.2 (/opt/rustwide/workdir)
[INFO] [stderr]     Finished `dev` profile [unoptimized + debuginfo] target(s) in 24.97s
[INFO] running `Command { std: "docker" "inspect" "1d6c8034a3a3bac3a6ccbc0a2fcdc8ba536ad17af6722dca9ea1a01c8d121fd9", kill_on_drop: false }`
[INFO] running `Command { std: "docker" "rm" "-f" "1d6c8034a3a3bac3a6ccbc0a2fcdc8ba536ad17af6722dca9ea1a01c8d121fd9", kill_on_drop: false }`
[INFO] [stdout] 1d6c8034a3a3bac3a6ccbc0a2fcdc8ba536ad17af6722dca9ea1a01c8d121fd9
[INFO] running `Command { std: "docker" "create" "-v" "/var/lib/crater-agent-workspace/builds/worker-2-tc1/target:/opt/rustwide/target:rw,Z" "-v" "/var/lib/crater-agent-workspace/builds/worker-2-tc1/source:/opt/rustwide/workdir:ro,Z" "-v" "/var/lib/crater-agent-workspace/cargo-home:/opt/rustwide/cargo-home:ro,Z" "-v" "/var/lib/crater-agent-workspace/rustup-home:/opt/rustwide/rustup-home:ro,Z" "-e" "SOURCE_DIR=/opt/rustwide/workdir" "-e" "CARGO_TARGET_DIR=/opt/rustwide/target" "-e" "CARGO_INCREMENTAL=0" "-e" "RUST_BACKTRACE=full" "-e" "RUSTFLAGS=--cap-lints=warn" "-e" "RUSTDOCFLAGS=--cap-lints=warn" "-e" "CARGO_HOME=/opt/rustwide/cargo-home" "-e" "RUSTUP_HOME=/opt/rustwide/rustup-home" "-w" "/opt/rustwide/workdir" "-m" "1610612736" "--user" "0:0" "--network" "none" "ghcr.io/rust-lang/crates-build-env/linux@sha256:f3a9d4ad9d972b27faf3965f35b62e55ba32bbce8f20bc8fe909558a86702fde" "/opt/rustwide/cargo-home/bin/cargo" "+1.83.0" "test" "--frozen" "--no-run" "--message-format=json", kill_on_drop: false }`
[INFO] [stdout] e7f0dc263974a8cab9ae0c4aa0c90f8b8b1e5941b906b152445c53ba9738d81e
[INFO] running `Command { std: "docker" "start" "-a" "e7f0dc263974a8cab9ae0c4aa0c90f8b8b1e5941b906b152445c53ba9738d81e", kill_on_drop: false }`
[INFO] [stderr]    Compiling ambientcg v0.2.2 (/opt/rustwide/workdir)
[INFO] [stderr]     Finished `test` profile [unoptimized + debuginfo] target(s) in 1.15s
[INFO] running `Command { std: "docker" "inspect" "e7f0dc263974a8cab9ae0c4aa0c90f8b8b1e5941b906b152445c53ba9738d81e", kill_on_drop: false }`
[INFO] running `Command { std: "docker" "rm" "-f" "e7f0dc263974a8cab9ae0c4aa0c90f8b8b1e5941b906b152445c53ba9738d81e", kill_on_drop: false }`
[INFO] [stdout] e7f0dc263974a8cab9ae0c4aa0c90f8b8b1e5941b906b152445c53ba9738d81e
[INFO] running `Command { std: "docker" "create" "-v" "/var/lib/crater-agent-workspace/builds/worker-2-tc1/target:/opt/rustwide/target:rw,Z" "-v" "/var/lib/crater-agent-workspace/builds/worker-2-tc1/source:/opt/rustwide/workdir:ro,Z" "-v" "/var/lib/crater-agent-workspace/cargo-home:/opt/rustwide/cargo-home:ro,Z" "-v" "/var/lib/crater-agent-workspace/rustup-home:/opt/rustwide/rustup-home:ro,Z" "-e" "SOURCE_DIR=/opt/rustwide/workdir" "-e" "CARGO_TARGET_DIR=/opt/rustwide/target" "-e" "CARGO_INCREMENTAL=0" "-e" "RUST_BACKTRACE=full" "-e" "RUSTFLAGS=--cap-lints=warn" "-e" "RUSTDOCFLAGS=--cap-lints=warn" "-e" "CARGO_HOME=/opt/rustwide/cargo-home" "-e" "RUSTUP_HOME=/opt/rustwide/rustup-home" "-w" "/opt/rustwide/workdir" "-m" "1610612736" "--user" "0:0" "--network" "none" "ghcr.io/rust-lang/crates-build-env/linux@sha256:f3a9d4ad9d972b27faf3965f35b62e55ba32bbce8f20bc8fe909558a86702fde" "/opt/rustwide/cargo-home/bin/cargo" "+1.83.0" "test" "--frozen", kill_on_drop: false }`
[INFO] [stdout] 835d9e9ec6922b520d6a60e99e22473bb280b180c6ec32611e832c132ec0c4fc
[INFO] running `Command { std: "docker" "start" "-a" "835d9e9ec6922b520d6a60e99e22473bb280b180c6ec32611e832c132ec0c4fc", kill_on_drop: false }`
[INFO] [stderr]     Finished `test` profile [unoptimized + debuginfo] target(s) in 0.12s
[INFO] [stderr]      Running unittests src/lib.rs (/opt/rustwide/target/debug/deps/ambientcg-e74957c595c1d43b)
[INFO] [stdout] 
[INFO] [stdout] running 0 tests
[INFO] [stdout] 
[INFO] [stdout] test result: ok. 0 passed; 0 failed; 0 ignored; 0 measured; 0 filtered out; finished in 0.00s
[INFO] [stdout] 
[INFO] [stderr]    Doc-tests ambientcg
[INFO] [stdout] 
[INFO] [stdout] running 1 test
[INFO] [stdout] test src/lib.rs - (line 18) ... FAILED
[INFO] [stdout] 
[INFO] [stdout] failures:
[INFO] [stdout] 
[INFO] [stdout] ---- src/lib.rs - (line 18) stdout ----
[INFO] [stdout] error: expected `;`, found keyword `let`
[INFO] [stdout]   --> src/lib.rs:26:2
[INFO] [stdout]    |
[INFO] [stdout] 11 | }
[INFO] [stdout]    |  ^ help: add `;` here
[INFO] [stdout] 12 |  
[INFO] [stdout] 13 | let response = request.submit().await?;
[INFO] [stdout]    | --- unexpected token
[INFO] [stdout] 
[INFO] [stdout] error[E0728]: `await` is only allowed inside `async` functions and blocks
[INFO] [stdout]   --> src/lib.rs:28:33
[INFO] [stdout]    |
[INFO] [stdout] 4  | fn main() { #[allow(non_snake_case)] fn _doctest_main_src_lib_rs_18_0() {
[INFO] [stdout]    |                                      ---------------------------------- this is not `async`
[INFO] [stdout] ...
[INFO] [stdout] 13 | let response = request.submit().await?;
[INFO] [stdout]    |                                 ^^^^^ only allowed inside `async` functions and blocks
[INFO] [stdout] 
[INFO] [stdout] error[E0308]: mismatched types
[INFO] [stdout]  --> src/lib.rs:23:8
[INFO] [stdout]   |
[INFO] [stdout] 8 |     q: ["fabric".to_string()],
[INFO] [stdout]   |        ^^^^^^^^^^^^^^^^^^^^^^- help: try using a conversion method: `.to_vec()`
[INFO] [stdout]   |        |
[INFO] [stdout]   |        expected `Vec<String>`, found `[String; 1]`
[INFO] [stdout]   |
[INFO] [stdout]   = note: expected struct `Vec<String>`
[INFO] [stdout]               found array `[String; 1]`
[INFO] [stdout] 
[INFO] [stdout] error: aborting due to 3 previous errors
[INFO] [stdout] 
[INFO] [stdout] Some errors have detailed explanations: E0308, E0728.
[INFO] [stdout] For more information about an error, try `rustc --explain E0308`.
[INFO] [stdout] Couldn't compile the test.
[INFO] [stdout] 
[INFO] [stdout] failures:
[INFO] [stdout]     src/lib.rs - (line 18)
[INFO] [stdout] 
[INFO] [stdout] test result: FAILED. 0 passed; 1 failed; 0 ignored; 0 measured; 0 filtered out; finished in 0.12s
[INFO] [stdout] 
[INFO] [stderr] error: doctest failed, to rerun pass `--doc`
[INFO] running `Command { std: "docker" "inspect" "835d9e9ec6922b520d6a60e99e22473bb280b180c6ec32611e832c132ec0c4fc", kill_on_drop: false }`
[INFO] running `Command { std: "docker" "rm" "-f" "835d9e9ec6922b520d6a60e99e22473bb280b180c6ec32611e832c132ec0c4fc", kill_on_drop: false }`
[INFO] [stdout] 835d9e9ec6922b520d6a60e99e22473bb280b180c6ec32611e832c132ec0c4fc
