[INFO] cloning repository https://github.com/EliasLeguizamon123/polychrome
[INFO] running `Command { std: "git" "-c" "credential.helper=" "-c" "credential.helper=/workspace/cargo-home/bin/git-credential-null" "clone" "--bare" "https://github.com/EliasLeguizamon123/polychrome" "/workspace/cache/git-repos/https%3A%2F%2Fgithub.com%2FEliasLeguizamon123%2Fpolychrome", kill_on_drop: false }`
[INFO] [stderr] Cloning into bare repository '/workspace/cache/git-repos/https%3A%2F%2Fgithub.com%2FEliasLeguizamon123%2Fpolychrome'...
[INFO] running `Command { std: "git" "rev-parse" "HEAD", kill_on_drop: false }`
[INFO] [stdout] c2b154a3820212d143dd1f8409b23490144406e1
[INFO] testing EliasLeguizamon123/polychrome against beta-2024-12-08 for beta-1.84.0-4-retry
[INFO] running `Command { std: "git" "clone" "/workspace/cache/git-repos/https%3A%2F%2Fgithub.com%2FEliasLeguizamon123%2Fpolychrome" "/workspace/builds/worker-0-tc2/source", kill_on_drop: false }`
[INFO] [stderr] Cloning into '/workspace/builds/worker-0-tc2/source'...
[INFO] [stderr] done.
[INFO] validating manifest of git repo https://github.com/EliasLeguizamon123/polychrome on toolchain beta-2024-12-08
[INFO] running `Command { std: CARGO_HOME="/workspace/cargo-home" RUSTUP_HOME="/workspace/rustup-home" "/workspace/cargo-home/bin/cargo" "+beta-2024-12-08" "metadata" "--manifest-path" "Cargo.toml" "--no-deps", kill_on_drop: false }`
[INFO] started tweaking git repo https://github.com/EliasLeguizamon123/polychrome
[INFO] finished tweaking git repo https://github.com/EliasLeguizamon123/polychrome
[INFO] tweaked toml for git repo https://github.com/EliasLeguizamon123/polychrome written to /workspace/builds/worker-0-tc2/source/Cargo.toml
[INFO] crate git repo https://github.com/EliasLeguizamon123/polychrome already has a lockfile, it will not be regenerated
[INFO] running `Command { std: CARGO_HOME="/workspace/cargo-home" RUSTUP_HOME="/workspace/rustup-home" "/workspace/cargo-home/bin/cargo" "+beta-2024-12-08" "fetch" "--manifest-path" "Cargo.toml", kill_on_drop: false }`
[INFO] running `Command { std: "docker" "create" "-v" "/var/lib/crater-agent-workspace/builds/worker-0-tc2/target:/opt/rustwide/target:rw,Z" "-v" "/var/lib/crater-agent-workspace/builds/worker-0-tc2/source:/opt/rustwide/workdir:ro,Z" "-v" "/var/lib/crater-agent-workspace/cargo-home:/opt/rustwide/cargo-home:ro,Z" "-v" "/var/lib/crater-agent-workspace/rustup-home:/opt/rustwide/rustup-home:ro,Z" "-e" "SOURCE_DIR=/opt/rustwide/workdir" "-e" "CARGO_TARGET_DIR=/opt/rustwide/target" "-e" "CARGO_HOME=/opt/rustwide/cargo-home" "-e" "RUSTUP_HOME=/opt/rustwide/rustup-home" "-w" "/opt/rustwide/workdir" "-m" "1610612736" "--user" "0:0" "--network" "none" "ghcr.io/rust-lang/crates-build-env/linux@sha256:f3a9d4ad9d972b27faf3965f35b62e55ba32bbce8f20bc8fe909558a86702fde" "/opt/rustwide/cargo-home/bin/cargo" "+beta-2024-12-08" "metadata" "--no-deps" "--format-version=1", kill_on_drop: false }`
[INFO] [stdout] 8470ffa5cf43677179786cbdf46a0b1de9b837184378fb81db38f5850bbffdb0
[INFO] running `Command { std: "docker" "start" "-a" "8470ffa5cf43677179786cbdf46a0b1de9b837184378fb81db38f5850bbffdb0", kill_on_drop: false }`
[INFO] running `Command { std: "docker" "inspect" "8470ffa5cf43677179786cbdf46a0b1de9b837184378fb81db38f5850bbffdb0", kill_on_drop: false }`
[INFO] running `Command { std: "docker" "rm" "-f" "8470ffa5cf43677179786cbdf46a0b1de9b837184378fb81db38f5850bbffdb0", kill_on_drop: false }`
[INFO] [stdout] 8470ffa5cf43677179786cbdf46a0b1de9b837184378fb81db38f5850bbffdb0
[INFO] running `Command { std: "docker" "create" "-v" "/var/lib/crater-agent-workspace/builds/worker-0-tc2/target:/opt/rustwide/target:rw,Z" "-v" "/var/lib/crater-agent-workspace/builds/worker-0-tc2/source:/opt/rustwide/workdir:ro,Z" "-v" "/var/lib/crater-agent-workspace/cargo-home:/opt/rustwide/cargo-home:ro,Z" "-v" "/var/lib/crater-agent-workspace/rustup-home:/opt/rustwide/rustup-home:ro,Z" "-e" "SOURCE_DIR=/opt/rustwide/workdir" "-e" "CARGO_TARGET_DIR=/opt/rustwide/target" "-e" "CARGO_INCREMENTAL=0" "-e" "RUST_BACKTRACE=full" "-e" "RUSTFLAGS=--cap-lints=warn" "-e" "RUSTDOCFLAGS=--cap-lints=warn" "-e" "CARGO_HOME=/opt/rustwide/cargo-home" "-e" "RUSTUP_HOME=/opt/rustwide/rustup-home" "-w" "/opt/rustwide/workdir" "-m" "1610612736" "--user" "0:0" "--network" "none" "ghcr.io/rust-lang/crates-build-env/linux@sha256:f3a9d4ad9d972b27faf3965f35b62e55ba32bbce8f20bc8fe909558a86702fde" "/opt/rustwide/cargo-home/bin/cargo" "+beta-2024-12-08" "build" "--frozen" "--message-format=json", kill_on_drop: false }`
[INFO] [stdout] 1e668fb9738880832d6d2b9d9c6d197c748de0b82300c35ff8dd30b9ff3ed69a
[INFO] running `Command { std: "docker" "start" "-a" "1e668fb9738880832d6d2b9d9c6d197c748de0b82300c35ff8dd30b9ff3ed69a", kill_on_drop: false }`
[INFO] [stderr]    Compiling libc v0.2.153
[INFO] [stderr]    Compiling ppv-lite86 v0.2.17
[INFO] [stderr]    Compiling getrandom v0.2.12
[INFO] [stderr]    Compiling rand_core v0.6.4
[INFO] [stderr]    Compiling rand_chacha v0.3.1
[INFO] [stderr]    Compiling rand v0.8.5
[INFO] [stderr]    Compiling polychrome v2.0.3 (/opt/rustwide/workdir)
[INFO] [stderr]     Finished `dev` profile [unoptimized + debuginfo] target(s) in 2.87s
[INFO] running `Command { std: "docker" "inspect" "1e668fb9738880832d6d2b9d9c6d197c748de0b82300c35ff8dd30b9ff3ed69a", kill_on_drop: false }`
[INFO] running `Command { std: "docker" "rm" "-f" "1e668fb9738880832d6d2b9d9c6d197c748de0b82300c35ff8dd30b9ff3ed69a", kill_on_drop: false }`
[INFO] [stdout] 1e668fb9738880832d6d2b9d9c6d197c748de0b82300c35ff8dd30b9ff3ed69a
[INFO] running `Command { std: "docker" "create" "-v" "/var/lib/crater-agent-workspace/builds/worker-0-tc2/target:/opt/rustwide/target:rw,Z" "-v" "/var/lib/crater-agent-workspace/builds/worker-0-tc2/source:/opt/rustwide/workdir:ro,Z" "-v" "/var/lib/crater-agent-workspace/cargo-home:/opt/rustwide/cargo-home:ro,Z" "-v" "/var/lib/crater-agent-workspace/rustup-home:/opt/rustwide/rustup-home:ro,Z" "-e" "SOURCE_DIR=/opt/rustwide/workdir" "-e" "CARGO_TARGET_DIR=/opt/rustwide/target" "-e" "CARGO_INCREMENTAL=0" "-e" "RUST_BACKTRACE=full" "-e" "RUSTFLAGS=--cap-lints=warn" "-e" "RUSTDOCFLAGS=--cap-lints=warn" "-e" "CARGO_HOME=/opt/rustwide/cargo-home" "-e" "RUSTUP_HOME=/opt/rustwide/rustup-home" "-w" "/opt/rustwide/workdir" "-m" "1610612736" "--user" "0:0" "--network" "none" "ghcr.io/rust-lang/crates-build-env/linux@sha256:f3a9d4ad9d972b27faf3965f35b62e55ba32bbce8f20bc8fe909558a86702fde" "/opt/rustwide/cargo-home/bin/cargo" "+beta-2024-12-08" "test" "--frozen" "--no-run" "--message-format=json", kill_on_drop: false }`
[INFO] [stdout] 7557dc466f2af77bb848a032620358a39a2a33b321f05b2d844eaef7384a01b9
[INFO] running `Command { std: "docker" "start" "-a" "7557dc466f2af77bb848a032620358a39a2a33b321f05b2d844eaef7384a01b9", kill_on_drop: false }`
[INFO] [stderr]    Compiling polychrome v2.0.3 (/opt/rustwide/workdir)
[INFO] [stderr]     Finished `test` profile [unoptimized + debuginfo] target(s) in 0.47s
[INFO] running `Command { std: "docker" "inspect" "7557dc466f2af77bb848a032620358a39a2a33b321f05b2d844eaef7384a01b9", kill_on_drop: false }`
[INFO] running `Command { std: "docker" "rm" "-f" "7557dc466f2af77bb848a032620358a39a2a33b321f05b2d844eaef7384a01b9", kill_on_drop: false }`
[INFO] [stdout] 7557dc466f2af77bb848a032620358a39a2a33b321f05b2d844eaef7384a01b9
[INFO] running `Command { std: "docker" "create" "-v" "/var/lib/crater-agent-workspace/builds/worker-0-tc2/target:/opt/rustwide/target:rw,Z" "-v" "/var/lib/crater-agent-workspace/builds/worker-0-tc2/source:/opt/rustwide/workdir:ro,Z" "-v" "/var/lib/crater-agent-workspace/cargo-home:/opt/rustwide/cargo-home:ro,Z" "-v" "/var/lib/crater-agent-workspace/rustup-home:/opt/rustwide/rustup-home:ro,Z" "-e" "SOURCE_DIR=/opt/rustwide/workdir" "-e" "CARGO_TARGET_DIR=/opt/rustwide/target" "-e" "CARGO_INCREMENTAL=0" "-e" "RUST_BACKTRACE=full" "-e" "RUSTFLAGS=--cap-lints=warn" "-e" "RUSTDOCFLAGS=--cap-lints=warn" "-e" "CARGO_HOME=/opt/rustwide/cargo-home" "-e" "RUSTUP_HOME=/opt/rustwide/rustup-home" "-w" "/opt/rustwide/workdir" "-m" "1610612736" "--user" "0:0" "--network" "none" "ghcr.io/rust-lang/crates-build-env/linux@sha256:f3a9d4ad9d972b27faf3965f35b62e55ba32bbce8f20bc8fe909558a86702fde" "/opt/rustwide/cargo-home/bin/cargo" "+beta-2024-12-08" "test" "--frozen", kill_on_drop: false }`
[INFO] [stdout] 1d9d34af76cf5e3b93f346d977fb637d57ca06d23fa6276404cedb8df6c3d216
[INFO] running `Command { std: "docker" "start" "-a" "1d9d34af76cf5e3b93f346d977fb637d57ca06d23fa6276404cedb8df6c3d216", kill_on_drop: false }`
[INFO] [stderr]     Finished `test` profile [unoptimized + debuginfo] target(s) in 0.01s
[INFO] [stderr]      Running unittests src/lib.rs (/opt/rustwide/target/debug/deps/polychrome-9457ffa2834026d9)
[INFO] [stdout] 
[INFO] [stdout] running 1 test
[INFO] [stdout] test color::tests::test_color_underline ... ok
[INFO] [stdout] 
[INFO] [stdout] test result: ok. 1 passed; 0 failed; 0 ignored; 0 measured; 0 filtered out; finished in 0.00s
[INFO] [stdout] 
[INFO] [stderr]    Doc-tests polychrome
[INFO] [stdout] 
[INFO] [stdout] running 3 tests
[INFO] [stdout] test src/color.rs - color::ColorPrintExt::color (line 59) ... FAILED
[INFO] [stdout] test src/color.rs - color::ColorPrintExt::underline (line 73) ... FAILED
[INFO] [stdout] test src/color.rs - color::ColorPrint<'a>::fmt (line 22) ... FAILED
[INFO] [stdout] 
[INFO] [stdout] failures:
[INFO] [stdout] 
[INFO] [stdout] ---- src/color.rs - color::ColorPrintExt::color (line 59) stdout ----
[INFO] [stdout] error[E0432]: unresolved import `color_print`
[INFO] [stdout]  --> src/color.rs:60:5
[INFO] [stdout]   |
[INFO] [stdout] 3 | use color_print::ColorPrintExt;
[INFO] [stdout]   |     ^^^^^^^^^^^ use of undeclared crate or module `color_print`
[INFO] [stdout] 
[INFO] [stdout] error[E0599]: no method named `color` found for reference `&'static str` in the current scope
[INFO] [stdout]   --> src/color.rs:62:32
[INFO] [stdout]    |
[INFO] [stdout] 5  | println!("{}", "Hello, world!".color(255, 0, 0)); // Red color
[INFO] [stdout]    |                                ^^^^^ method not found in `&str`
[INFO] [stdout]    |
[INFO] [stdout]   ::: /opt/rustwide/workdir/src/color.rs:65:8
[INFO] [stdout]    |
[INFO] [stdout] 65 |     fn color<'a>(&'a self, r: u8, g: u8, b: u8) -> ColorPrint<'a>;
[INFO] [stdout]    |        ----- the method is available for `&'static str` here
[INFO] [stdout]    |
[INFO] [stdout]    = help: items from traits can only be used if the trait is in scope
[INFO] [stdout] help: trait `ColorPrintExt` which provides `color` is implemented but not in scope; perhaps you want to import it
[INFO] [stdout]    |
[INFO] [stdout] 2  + use polychrome::ColorPrintExt;
[INFO] [stdout]    |
[INFO] [stdout] 
[INFO] [stdout] error: aborting due to 2 previous errors
[INFO] [stdout] 
[INFO] [stdout] Some errors have detailed explanations: E0432, E0599.
[INFO] [stdout] For more information about an error, try `rustc --explain E0432`.
[INFO] [stdout] Couldn't compile the test.
[INFO] [stdout] ---- src/color.rs - color::ColorPrintExt::underline (line 73) stdout ----
[INFO] [stdout] error[E0432]: unresolved import `color_print`
[INFO] [stdout]  --> src/color.rs:74:5
[INFO] [stdout]   |
[INFO] [stdout] 3 | use color_print::ColorPrintExt;
[INFO] [stdout]   |     ^^^^^^^^^^^ use of undeclared crate or module `color_print`
[INFO] [stdout] 
[INFO] [stdout] error[E0599]: no method named `underline` found for reference `&'static str` in the current scope
[INFO] [stdout]   --> src/color.rs:76:32
[INFO] [stdout]    |
[INFO] [stdout] 5  | println!("{}", "Hello, world!".underline(None)); // Normal underline
[INFO] [stdout]    |                                ^^^^^^^^^ method not found in `&str`
[INFO] [stdout]    |
[INFO] [stdout]   ::: /opt/rustwide/workdir/src/color.rs:79:8
[INFO] [stdout]    |
[INFO] [stdout] 79 |     fn underline<'a>(&'a self, style: Option<&str>) -> ColorPrint<'a>;
[INFO] [stdout]    |        --------- the method is available for `&'static str` here
[INFO] [stdout]    |
[INFO] [stdout]    = help: items from traits can only be used if the trait is in scope
[INFO] [stdout] help: trait `ColorPrintExt` which provides `underline` is implemented but not in scope; perhaps you want to import it
[INFO] [stdout]    |
[INFO] [stdout] 2  + use polychrome::ColorPrintExt;
[INFO] [stdout]    |
[INFO] [stdout] 
[INFO] [stdout] error[E0599]: no method named `underline` found for reference `&'static str` in the current scope
[INFO] [stdout]   --> src/color.rs:77:32
[INFO] [stdout]    |
[INFO] [stdout] 6  | println!("{}", "Hello, world!".underline(Some("stripe"))); // Striped underline
[INFO] [stdout]    |                                ^^^^^^^^^ method not found in `&str`
[INFO] [stdout]    |
[INFO] [stdout]   ::: /opt/rustwide/workdir/src/color.rs:79:8
[INFO] [stdout]    |
[INFO] [stdout] 79 |     fn underline<'a>(&'a self, style: Option<&str>) -> ColorPrint<'a>;
[INFO] [stdout]    |        --------- the method is available for `&'static str` here
[INFO] [stdout]    |
[INFO] [stdout]    = help: items from traits can only be used if the trait is in scope
[INFO] [stdout] help: trait `ColorPrintExt` which provides `underline` is implemented but not in scope; perhaps you want to import it
[INFO] [stdout]    |
[INFO] [stdout] 2  + use polychrome::ColorPrintExt;
[INFO] [stdout]    |
[INFO] [stdout] 
[INFO] [stdout] error: aborting due to 3 previous errors
[INFO] [stdout] 
[INFO] [stdout] Some errors have detailed explanations: E0432, E0599.
[INFO] [stdout] For more information about an error, try `rustc --explain E0432`.
[INFO] [stdout] Couldn't compile the test.
[INFO] [stdout] ---- src/color.rs - color::ColorPrint<'a>::fmt (line 22) stdout ----
[INFO] [stdout] error[E0432]: unresolved import `color_print`
[INFO] [stdout]  --> src/color.rs:23:5
[INFO] [stdout]   |
[INFO] [stdout] 3 | use color_print::ColorPrintExt;
[INFO] [stdout]   |     ^^^^^^^^^^^ use of undeclared crate or module `color_print`
[INFO] [stdout] 
[INFO] [stdout] error[E0599]: no method named `color` found for reference `&'static str` in the current scope
[INFO] [stdout]   --> src/color.rs:25:32
[INFO] [stdout]    |
[INFO] [stdout] 5  | println!("{}", "Hello, world!".color(255, 0, 0).underline(None)); // Color and underline
[INFO] [stdout]    |                                ^^^^^ method not found in `&str`
[INFO] [stdout]    |
[INFO] [stdout]   ::: /opt/rustwide/workdir/src/color.rs:65:8
[INFO] [stdout]    |
[INFO] [stdout] 65 |     fn color<'a>(&'a self, r: u8, g: u8, b: u8) -> ColorPrint<'a>;
[INFO] [stdout]    |        ----- the method is available for `&'static str` here
[INFO] [stdout]    |
[INFO] [stdout]    = help: items from traits can only be used if the trait is in scope
[INFO] [stdout] help: trait `ColorPrintExt` which provides `color` is implemented but not in scope; perhaps you want to import it
[INFO] [stdout]    |
[INFO] [stdout] 2  + use polychrome::ColorPrintExt;
[INFO] [stdout]    |
[INFO] [stdout] 
[INFO] [stdout] error[E0599]: no method named `color` found for reference `&'static str` in the current scope
[INFO] [stdout]   --> src/color.rs:26:32
[INFO] [stdout]    |
[INFO] [stdout] 6  | println!("{}", "Hello, world!".color(0, 0, 255).underline(Some("stripe"))); // Color and striped
[INFO] [stdout]    |                                ^^^^^ method not found in `&str`
[INFO] [stdout]    |
[INFO] [stdout]   ::: /opt/rustwide/workdir/src/color.rs:65:8
[INFO] [stdout]    |
[INFO] [stdout] 65 |     fn color<'a>(&'a self, r: u8, g: u8, b: u8) -> ColorPrint<'a>;
[INFO] [stdout]    |        ----- the method is available for `&'static str` here
[INFO] [stdout]    |
[INFO] [stdout]    = help: items from traits can only be used if the trait is in scope
[INFO] [stdout] help: trait `ColorPrintExt` which provides `color` is implemented but not in scope; perhaps you want to import it
[INFO] [stdout]    |
[INFO] [stdout] 2  + use polychrome::ColorPrintExt;
[INFO] [stdout]    |
[INFO] [stdout] 
[INFO] [stdout] error: aborting due to 3 previous errors
[INFO] [stdout] 
[INFO] [stdout] Some errors have detailed explanations: E0432, E0599.
[INFO] [stdout] For more information about an error, try `rustc --explain E0432`.
[INFO] [stdout] Couldn't compile the test.
[INFO] [stdout] 
[INFO] [stdout] failures:
[INFO] [stdout]     src/color.rs - color::ColorPrint<'a>::fmt (line 22)
[INFO] [stdout]     src/color.rs - color::ColorPrintExt::color (line 59)
[INFO] [stdout]     src/color.rs - color::ColorPrintExt::underline (line 73)
[INFO] [stdout] 
[INFO] [stdout] test result: FAILED. 0 passed; 3 failed; 0 ignored; 0 measured; 0 filtered out; finished in 0.18s
[INFO] [stdout] 
[INFO] [stderr] error: doctest failed, to rerun pass `--doc`
[INFO] running `Command { std: "docker" "inspect" "1d9d34af76cf5e3b93f346d977fb637d57ca06d23fa6276404cedb8df6c3d216", kill_on_drop: false }`
[INFO] running `Command { std: "docker" "rm" "-f" "1d9d34af76cf5e3b93f346d977fb637d57ca06d23fa6276404cedb8df6c3d216", kill_on_drop: false }`
[INFO] [stdout] 1d9d34af76cf5e3b93f346d977fb637d57ca06d23fa6276404cedb8df6c3d216
