[INFO] cloning repository https://github.com/EdgeKing810/ixode-api
[INFO] running `Command { std: "git" "-c" "credential.helper=" "-c" "credential.helper=/workspace/cargo-home/bin/git-credential-null" "clone" "--bare" "https://github.com/EdgeKing810/ixode-api" "/workspace/cache/git-repos/https%3A%2F%2Fgithub.com%2FEdgeKing810%2Fixode-api", kill_on_drop: false }`
[INFO] [stderr] Cloning into bare repository '/workspace/cache/git-repos/https%3A%2F%2Fgithub.com%2FEdgeKing810%2Fixode-api'...
[INFO] running `Command { std: "git" "rev-parse" "HEAD", kill_on_drop: false }`
[INFO] [stdout] 2b9652b0cc6e30b6338d9c99cf91793a8cc51ffa
[INFO] testing EdgeKing810/ixode-api against 1.83.0 for beta-1.84.0-4-retry
[INFO] running `Command { std: "git" "clone" "/workspace/cache/git-repos/https%3A%2F%2Fgithub.com%2FEdgeKing810%2Fixode-api" "/workspace/builds/worker-1-tc1/source", kill_on_drop: false }`
[INFO] [stderr] Cloning into '/workspace/builds/worker-1-tc1/source'...
[INFO] [stderr] done.
[INFO] validating manifest of git repo https://github.com/EdgeKing810/ixode-api on toolchain 1.83.0
[INFO] running `Command { std: CARGO_HOME="/workspace/cargo-home" RUSTUP_HOME="/workspace/rustup-home" "/workspace/cargo-home/bin/cargo" "+1.83.0" "metadata" "--manifest-path" "Cargo.toml" "--no-deps", kill_on_drop: false }`
[INFO] started tweaking git repo https://github.com/EdgeKing810/ixode-api
[INFO] finished tweaking git repo https://github.com/EdgeKing810/ixode-api
[INFO] tweaked toml for git repo https://github.com/EdgeKing810/ixode-api written to /workspace/builds/worker-1-tc1/source/Cargo.toml
[INFO] crate git repo https://github.com/EdgeKing810/ixode-api already has a lockfile, it will not be regenerated
[INFO] running `Command { std: CARGO_HOME="/workspace/cargo-home" RUSTUP_HOME="/workspace/rustup-home" "/workspace/cargo-home/bin/cargo" "+1.83.0" "fetch" "--manifest-path" "Cargo.toml", kill_on_drop: false }`
[INFO] [stderr]     Updating crates.io index
[INFO] [stderr]     Updating git repository `https://github.com/lawliet89/rocket_cors`
[INFO] [stderr]  Downloading crates ...
[INFO] [stderr]   Downloaded rocket_dyn_templates v0.1.0-rc.1
[INFO] [stderr]   Downloaded rocket-multipart-form-data v0.10.0
[INFO] [stderr]   Downloaded magic-crypt v3.1.9
[INFO] [stderr]   Downloaded tera v1.15.0
[INFO] [stderr]   Downloaded quoted_printable v0.4.5
[INFO] [stderr]   Downloaded debug-helper v0.3.12
[INFO] [stderr]   Downloaded multer v2.0.2
[INFO] [stderr]   Downloaded normpath v0.3.2
[INFO] [stderr]   Downloaded crc-any v2.4.1
[INFO] [stderr]   Downloaded tracing-subscriber v0.3.5
[INFO] [stderr]   Downloaded loom v0.5.4
[INFO] [stderr]   Downloaded lettre v0.10.0-rc.4
[INFO] [stderr]   Downloaded security-framework-sys v2.5.0
[INFO] [stderr]   Downloaded combine v4.6.3
[INFO] [stderr]   Downloaded security-framework v2.5.0
[INFO] [stderr]   Downloaded redis v0.21.5
[INFO] running `Command { std: "docker" "create" "-v" "/var/lib/crater-agent-workspace/builds/worker-1-tc1/target:/opt/rustwide/target:rw,Z" "-v" "/var/lib/crater-agent-workspace/builds/worker-1-tc1/source:/opt/rustwide/workdir:ro,Z" "-v" "/var/lib/crater-agent-workspace/cargo-home:/opt/rustwide/cargo-home:ro,Z" "-v" "/var/lib/crater-agent-workspace/rustup-home:/opt/rustwide/rustup-home:ro,Z" "-e" "SOURCE_DIR=/opt/rustwide/workdir" "-e" "CARGO_TARGET_DIR=/opt/rustwide/target" "-e" "CARGO_HOME=/opt/rustwide/cargo-home" "-e" "RUSTUP_HOME=/opt/rustwide/rustup-home" "-w" "/opt/rustwide/workdir" "-m" "1610612736" "--user" "0:0" "--network" "none" "ghcr.io/rust-lang/crates-build-env/linux@sha256:f3a9d4ad9d972b27faf3965f35b62e55ba32bbce8f20bc8fe909558a86702fde" "/opt/rustwide/cargo-home/bin/cargo" "+1.83.0" "metadata" "--no-deps" "--format-version=1", kill_on_drop: false }`
[INFO] [stdout] b29e0e8232ab4aa73a4183a28e367de5eef024db896ccc2185416651c4bbbdf7
[INFO] running `Command { std: "docker" "start" "-a" "b29e0e8232ab4aa73a4183a28e367de5eef024db896ccc2185416651c4bbbdf7", kill_on_drop: false }`
[INFO] running `Command { std: "docker" "inspect" "b29e0e8232ab4aa73a4183a28e367de5eef024db896ccc2185416651c4bbbdf7", kill_on_drop: false }`
[INFO] running `Command { std: "docker" "rm" "-f" "b29e0e8232ab4aa73a4183a28e367de5eef024db896ccc2185416651c4bbbdf7", kill_on_drop: false }`
[INFO] [stdout] b29e0e8232ab4aa73a4183a28e367de5eef024db896ccc2185416651c4bbbdf7
[INFO] running `Command { std: "docker" "create" "-v" "/var/lib/crater-agent-workspace/builds/worker-1-tc1/target:/opt/rustwide/target:rw,Z" "-v" "/var/lib/crater-agent-workspace/builds/worker-1-tc1/source:/opt/rustwide/workdir:ro,Z" "-v" "/var/lib/crater-agent-workspace/cargo-home:/opt/rustwide/cargo-home:ro,Z" "-v" "/var/lib/crater-agent-workspace/rustup-home:/opt/rustwide/rustup-home:ro,Z" "-e" "SOURCE_DIR=/opt/rustwide/workdir" "-e" "CARGO_TARGET_DIR=/opt/rustwide/target" "-e" "CARGO_INCREMENTAL=0" "-e" "RUST_BACKTRACE=full" "-e" "RUSTFLAGS=--cap-lints=warn" "-e" "RUSTDOCFLAGS=--cap-lints=warn" "-e" "CARGO_HOME=/opt/rustwide/cargo-home" "-e" "RUSTUP_HOME=/opt/rustwide/rustup-home" "-w" "/opt/rustwide/workdir" "-m" "1610612736" "--user" "0:0" "--network" "none" "ghcr.io/rust-lang/crates-build-env/linux@sha256:f3a9d4ad9d972b27faf3965f35b62e55ba32bbce8f20bc8fe909558a86702fde" "/opt/rustwide/cargo-home/bin/cargo" "+1.83.0" "build" "--frozen" "--message-format=json", kill_on_drop: false }`
[INFO] [stdout] c7cdde550eb98ef3f02447bdd7e7da77a67d022aaaa6cbf015043dfea34df713
[INFO] running `Command { std: "docker" "start" "-a" "c7cdde550eb98ef3f02447bdd7e7da77a67d022aaaa6cbf015043dfea34df713", kill_on_drop: false }`
[INFO] [stderr]    Compiling version_check v0.9.3
[INFO] [stderr]    Compiling syn v1.0.85
[INFO] [stderr]    Compiling libc v0.2.126
[INFO] [stderr]    Compiling memchr v2.4.1
[INFO] [stderr]    Compiling serde v1.0.133
[INFO] [stderr]    Compiling log v0.4.14
[INFO] [stderr]    Compiling once_cell v1.9.0
[INFO] [stderr]    Compiling futures-core v0.3.19
[INFO] [stderr]    Compiling pin-project-lite v0.2.8
[INFO] [stderr]    Compiling bytes v1.1.0
[INFO] [stderr]    Compiling slab v0.4.5
[INFO] [stderr]    Compiling yansi v0.5.0
[INFO] [stderr]    Compiling futures-task v0.3.19
[INFO] [stderr]    Compiling futures-sink v0.3.19
[INFO] [stderr]    Compiling regex-syntax v0.6.25
[INFO] [stderr]    Compiling futures-channel v0.3.19
[INFO] [stderr]    Compiling futures-util v0.3.19
[INFO] [stderr]    Compiling itoa v1.0.1
[INFO] [stderr]    Compiling typenum v1.14.0
[INFO] [stderr]    Compiling futures-io v0.3.19
[INFO] [stderr]    Compiling cc v1.0.72
[INFO] [stderr]    Compiling proc-macro-hack v0.5.19
[INFO] [stderr]    Compiling percent-encoding v2.1.0
[INFO] [stderr]    Compiling uncased v0.9.6
[INFO] [stderr]    Compiling proc-macro2-diagnostics v0.9.1
[INFO] [stderr]    Compiling generic-array v0.14.4
[INFO] [stderr]    Compiling standback v0.2.17
[INFO] [stderr]    Compiling http v0.2.6
[INFO] [stderr]    Compiling num-traits v0.2.14
[INFO] [stderr]    Compiling indexmap v1.8.0
[INFO] [stderr]    Compiling siphasher v0.3.9
[INFO] [stderr]    Compiling const_fn v0.4.9
[INFO] [stderr]    Compiling httparse v1.5.1
[INFO] [stderr]    Compiling time v0.2.27
[INFO] [stderr]    Compiling tracing-core v0.1.21
[INFO] [stderr]    Compiling num-integer v0.1.44
[INFO] [stderr]    Compiling aho-corasick v0.7.18
[INFO] [stderr]    Compiling lock_api v0.4.7
[INFO] [stderr]    Compiling parking_lot_core v0.8.5
[INFO] [stderr]    Compiling getrandom v0.2.3
[INFO] [stderr]    Compiling socket2 v0.4.4
[INFO] [stderr]    Compiling num_cpus v1.13.1
[INFO] [stderr]    Compiling signal-hook-registry v1.4.0
[INFO] [stderr]    Compiling mio v0.8.4
[INFO] [stderr]    Compiling rand_core v0.6.3
[INFO] [stderr]    Compiling rand_chacha v0.3.1
[INFO] [stderr]    Compiling cookie v0.15.1
[INFO] [stderr]    Compiling instant v0.1.12
[INFO] [stderr]    Compiling itoa v0.4.8
[INFO] [stderr]    Compiling pkg-config v0.3.24
[INFO] [stderr]    Compiling smallvec v1.7.0
[INFO] [stderr]    Compiling serde_json v1.0.74
[INFO] [stderr]    Compiling try-lock v0.2.3
[INFO] [stderr]    Compiling rand v0.8.4
[INFO] [stderr]    Compiling inlinable_string v0.1.15
[INFO] [stderr]    Compiling mime v0.3.16
[INFO] [stderr]    Compiling ref-cast v1.0.6
[INFO] [stderr]    Compiling want v0.3.0
[INFO] [stderr]    Compiling tinyvec_macros v0.1.0
[INFO] [stderr]    Compiling tower-service v0.3.1
[INFO] [stderr]    Compiling ryu v1.0.9
[INFO] [stderr]    Compiling crossbeam-utils v0.8.5
[INFO] [stderr]    Compiling encoding_rs v0.8.30
[INFO] [stderr]    Compiling async-trait v0.1.52
[INFO] [stderr]    Compiling openssl-sys v0.9.72
[INFO] [stderr]    Compiling tinyvec v1.5.1
[INFO] [stderr]    Compiling time v0.1.43
[INFO] [stderr]    Compiling stable-pattern v0.1.0
[INFO] [stderr]    Compiling parking_lot v0.11.2
[INFO] [stderr]    Compiling multer v2.0.2
[INFO] [stderr]    Compiling figment v0.10.6
[INFO] [stderr]    Compiling atomic v0.5.1
[INFO] [stderr]    Compiling ucd-trie v0.1.3
[INFO] [stderr]    Compiling regex v1.5.4
[INFO] [stderr]    Compiling matches v0.1.9
[INFO] [stderr]    Compiling state v0.5.2
[INFO] [stderr]    Compiling block-padding v0.2.1
[INFO] [stderr]    Compiling http-body v0.4.4
[INFO] [stderr]    Compiling either v1.6.1
[INFO] [stderr]    Compiling fastrand v1.6.0
[INFO] [stderr]    Compiling same-file v1.0.6
[INFO] [stderr]    Compiling chrono v0.4.19
[INFO] [stderr]    Compiling pest v2.1.3
[INFO] [stderr]    Compiling walkdir v2.3.2
[INFO] [stderr]    Compiling bstr v0.2.17
[INFO] [stderr]    Compiling rocket v0.5.0-rc.1
[INFO] [stderr]    Compiling cfg-if v0.1.10
[INFO] [stderr]    Compiling remove_dir_all v0.5.3
[INFO] [stderr]    Compiling spin v0.9.2
[INFO] [stderr]    Compiling maplit v1.0.2
[INFO] [stderr]    Compiling opaque-debug v0.3.0
[INFO] [stderr]    Compiling unic-char-range v0.9.0
[INFO] [stderr]    Compiling base64 v0.13.0
[INFO] [stderr]    Compiling unicode-bidi v0.3.7
[INFO] [stderr]    Compiling unic-common v0.9.0
[INFO] [stderr]    Compiling unic-ucd-version v0.9.0
[INFO] [stderr]    Compiling unic-char-property v0.9.0
[INFO] [stderr]    Compiling unicode-normalization v0.1.19
[INFO] [stderr]    Compiling tempfile v3.3.0
[INFO] [stderr]    Compiling net2 v0.2.37
[INFO] [stderr]    Compiling block-buffer v0.9.0
[INFO] [stderr]    Compiling cipher v0.3.0
[INFO] [stderr]    Compiling digest v0.9.0
[INFO] [stderr]    Compiling iovec v0.1.4
[INFO] [stderr]    Compiling atty v0.2.14
[INFO] [stderr]    Compiling unicase v2.6.0
[INFO] [stderr]    Compiling thread_local v1.1.3
[INFO] [stderr]    Compiling num-bigint v0.2.6
[INFO] [stderr]    Compiling openssl v0.10.38
[INFO] [stderr]    Compiling parse-zoneinfo v0.3.0
[INFO] [stderr]    Compiling pest_meta v2.1.3
[INFO] [stderr]    Compiling globset v0.4.8
[INFO] [stderr]    Compiling foreign-types-shared v0.1.1
[INFO] [stderr]    Compiling binascii v0.1.4
[INFO] [stderr]    Compiling foreign-types v0.3.2
[INFO] [stderr]    Compiling mio v0.6.23
[INFO] [stderr]    Compiling unic-ucd-segment v0.9.0
[INFO] [stderr]    Compiling form_urlencoded v1.0.1
[INFO] [stderr]    Compiling ring v0.16.20
[INFO] [stderr]    Compiling inotify-sys v0.1.5
[INFO] [stderr]    Compiling nom v7.1.0
[INFO] [stderr]    Compiling native-tls v0.2.8
[INFO] [stderr]    Compiling ignore v0.4.18
[INFO] [stderr]    Compiling idna v0.2.3
[INFO] [stderr]    Compiling lazycell v1.3.0
[INFO] [stderr]    Compiling byteorder v1.4.3
[INFO] [stderr]    Compiling deunicode v0.4.3
[INFO] [stderr]    Compiling cpufeatures v0.2.1
[INFO] [stderr]    Compiling unic-segment v0.9.0
[INFO] [stderr]    Compiling inotify v0.7.1
[INFO] [stderr]    Compiling slug v0.1.4
[INFO] [stderr]    Compiling mio-extras v2.0.6
[INFO] [stderr]    Compiling filetime v0.2.15
[INFO] [stderr]    Compiling constant_time_eq v0.1.5
[INFO] [stderr]    Compiling debug-helper v0.3.12
[INFO] [stderr]    Compiling humansize v1.1.1
[INFO] [stderr]    Compiling globwalk v0.8.1
[INFO] [stderr]    Compiling url v2.2.2
[INFO] [stderr]    Compiling openssl-probe v0.1.5
[INFO] [stderr]    Compiling match_cfg v0.1.0
[INFO] [stderr]    Compiling arrayref v0.3.6
[INFO] [stderr]    Compiling arrayvec v0.5.2
[INFO] [stderr]    Compiling hostname v0.3.1
[INFO] [stderr]    Compiling notify v4.0.17
[INFO] [stderr]    Compiling crc-any v2.4.1
[INFO] [stderr]    Compiling des v0.7.0
[INFO] [stderr]    Compiling pest_generator v2.1.3
[INFO] [stderr]    Compiling blake2b_simd v0.5.11
[INFO] [stderr]    Compiling tiger v0.1.0
[INFO] [stderr]    Compiling devise_core v0.3.1
[INFO] [stderr]    Compiling aes v0.7.5
[INFO] [stderr]    Compiling sha2 v0.9.8
[INFO] [stderr]    Compiling pem v0.8.3
[INFO] [stderr]    Compiling simple_asn1 v0.4.1
[INFO] [stderr]    Compiling block-modes v0.8.1
[INFO] [stderr]    Compiling md-5 v0.9.1
[INFO] [stderr]    Compiling combine v4.6.3
[INFO] [stderr]    Compiling normpath v0.3.2
[INFO] [stderr]    Compiling dtoa v0.4.8
[INFO] [stderr]    Compiling quoted_printable v0.4.5
[INFO] [stderr]    Compiling base64 v0.12.3
[INFO] [stderr]    Compiling sha1 v0.6.0
[INFO] [stderr]    Compiling magic-crypt v3.1.9
[INFO] [stderr]    Compiling rust-argon2 v0.8.3
[INFO] [stderr]    Compiling uuid v0.8.2
[INFO] [stderr]    Compiling dotenv v0.15.0
[INFO] [stderr]    Compiling serde_derive v1.0.133
[INFO] [stderr]    Compiling futures-macro v0.3.19
[INFO] [stderr]    Compiling tokio-macros v1.7.0
[INFO] [stderr]    Compiling time-macros-impl v0.1.2
[INFO] [stderr]    Compiling tracing-attributes v0.1.18
[INFO] [stderr]    Compiling pear_codegen v0.2.3
[INFO] [stderr]    Compiling ref-cast-impl v1.0.6
[INFO] [stderr]    Compiling devise_codegen v0.3.1
[INFO] [stderr]    Compiling async-stream-impl v0.3.2
[INFO] [stderr]    Compiling pest_derive v2.1.0
[INFO] [stderr]    Compiling tokio v1.19.2
[INFO] [stderr]    Compiling time-macros v0.1.1
[INFO] [stderr]    Compiling async-stream v0.3.2
[INFO] [stderr]    Compiling devise v0.3.1
[INFO] [stderr]    Compiling pear v0.2.3
[INFO] [stderr]    Compiling tracing v0.1.29
[INFO] [stderr]    Compiling futures-executor v0.3.19
[INFO] [stderr]    Compiling lettre v0.10.0-rc.4
[INFO] [stderr]    Compiling futures v0.3.19
[INFO] [stderr]    Compiling redis v0.21.5
[INFO] [stderr]    Compiling tokio-util v0.6.9
[INFO] [stderr]    Compiling tokio-stream v0.1.8
[INFO] [stderr]    Compiling toml v0.5.8
[INFO] [stderr]    Compiling ubyte v0.10.1
[INFO] [stderr]    Compiling unicase_serde v0.1.0
[INFO] [stderr]    Compiling phf_shared v0.10.0
[INFO] [stderr]    Compiling phf_generator v0.10.0
[INFO] [stderr]    Compiling phf v0.10.1
[INFO] [stderr]    Compiling phf_codegen v0.10.0
[INFO] [stderr]    Compiling chrono-tz-build v0.0.2
[INFO] [stderr]    Compiling h2 v0.3.10
[INFO] [stderr]    Compiling chrono-tz v0.6.1
[INFO] [stderr]    Compiling jsonwebtoken v7.2.0
[INFO] [stderr]    Compiling hyper v0.14.16
[INFO] [stderr]    Compiling tera v1.15.0
[INFO] [stderr]    Compiling rocket_http v0.5.0-rc.1
[INFO] [stderr]    Compiling rocket_codegen v0.5.0-rc.1
[INFO] [stderr]    Compiling rocket-multipart-form-data v0.10.0
[INFO] [stderr]    Compiling rocket_dyn_templates v0.1.0-rc.1
[INFO] [stderr]    Compiling rocket_cors v0.6.0-alpha1 (https://github.com/lawliet89/rocket_cors?branch=master#d98bb2ba)
[INFO] [stderr]    Compiling kinesis-db v0.1.0 (/opt/rustwide/workdir)
[INFO] [stdout] warning: unused import: `main`
[INFO] [stdout]  --> src/routes/route_test/test_hello_world.rs:4:8
[INFO] [stdout]   |
[INFO] [stdout] 4 | pub fn main() -> &'static str {
[INFO] [stdout]   |        ^^^^
[INFO] [stdout]   |
[INFO] [stdout]   = note: `#[warn(unused_imports)]` on by default
[INFO] [stdout] 
[INFO] [stdout] 
[INFO] [stdout] warning: unused import: `main`
[INFO] [stdout]  --> src/routes/route_test/test_wave.rs:7:8
[INFO] [stdout]   |
[INFO] [stdout] 7 | pub fn main(name: &str, age: u8) -> Template {
[INFO] [stdout]   |        ^^^^
[INFO] [stdout] 
[INFO] [stdout] 
[INFO] [stdout] warning: unused import: `main`
[INFO] [stdout]   --> src/routes/route_user/user_fetch_all.rs:11:14
[INFO] [stdout]    |
[INFO] [stdout] 11 | pub async fn main(
[INFO] [stdout]    |              ^^^^
[INFO] [stdout] 
[INFO] [stdout] 
[INFO] [stdout] warning: unused import: `main`
[INFO] [stdout]   --> src/routes/route_user/user_fetch_one.rs:10:14
[INFO] [stdout]    |
[INFO] [stdout] 10 | pub async fn main(token: Token, uid: Option<&str>, target_uid: Option<&str>) -> Value {
[INFO] [stdout]    |              ^^^^
[INFO] [stdout] 
[INFO] [stdout] 
[INFO] [stdout] warning: unused import: `main`
[INFO] [stdout]   --> src/routes/route_user/user_login.rs:19:8
[INFO] [stdout]    |
[INFO] [stdout] 19 | pub fn main(data: Json<LoginInput>) -> Value {
[INFO] [stdout]    |        ^^^^
[INFO] [stdout] 
[INFO] [stdout] 
[INFO] [stdout] warning: unused import: `main`
[INFO] [stdout]  --> src/routes/route_user/user_verify.rs:7:14
[INFO] [stdout]   |
[INFO] [stdout] 7 | pub async fn main(token: Token, uid: Option<&str>) -> Value {
[INFO] [stdout]   |              ^^^^
[INFO] [stdout] 
[INFO] [stdout] 
[INFO] [stdout] warning: unused import: `main`
[INFO] [stdout]   --> src/routes/route_user/user_login_jwt.rs:17:14
[INFO] [stdout]    |
[INFO] [stdout] 17 | pub async fn main(data: Json<UIDInput>, token: Token) -> Value {
[INFO] [stdout]    |              ^^^^
[INFO] [stdout] 
[INFO] [stdout] 
[INFO] [stdout] warning: unused import: `main`
[INFO] [stdout]   --> src/routes/route_user/user_register.rs:36:14
[INFO] [stdout]    |
[INFO] [stdout] 36 | pub async fn main(data: Json<RegisterInput>, token: Token) -> Value {
[INFO] [stdout]    |              ^^^^
[INFO] [stdout] 
[INFO] [stdout] 
[INFO] [stdout] warning: unused import: `main`
[INFO] [stdout]   --> src/routes/route_user/user_update.rs:28:14
[INFO] [stdout]    |
[INFO] [stdout] 28 | pub async fn main(data: Json<ChangeInput>, token: Token) -> Value {
[INFO] [stdout]    |              ^^^^
[INFO] [stdout] 
[INFO] [stdout] 
[INFO] [stdout] warning: unused import: `main`
[INFO] [stdout]   --> src/routes/route_user/user_update_role.rs:20:14
[INFO] [stdout]    |
[INFO] [stdout] 20 | pub async fn main(data: Json<RoleInput>, token: Token) -> Value {
[INFO] [stdout]    |              ^^^^
[INFO] [stdout] 
[INFO] [stdout] 
[INFO] [stdout] warning: unused import: `main`
[INFO] [stdout]   --> src/routes/route_user/user_delete.rs:11:14
[INFO] [stdout]    |
[INFO] [stdout] 11 | pub async fn main(token: Token, uid: Option<&str>, target_uid: Option<&str>) -> Value {
[INFO] [stdout]    |              ^^^^
[INFO] [stdout] 
[INFO] [stdout] 
[INFO] [stdout] warning: unused import: `main`
[INFO] [stdout]   --> src/routes/route_config/config_fetch_all.rs:12:14
[INFO] [stdout]    |
[INFO] [stdout] 12 | pub async fn main(
[INFO] [stdout]    |              ^^^^
[INFO] [stdout] 
[INFO] [stdout] 
[INFO] [stdout] warning: unused import: `main`
[INFO] [stdout]   --> src/routes/route_config/config_fetch_one.rs:12:14
[INFO] [stdout]    |
[INFO] [stdout] 12 | pub async fn main(token: Token, uid: Option<&str>, key: Option<&str>) -> Value {
[INFO] [stdout]    |              ^^^^
[INFO] [stdout] 
[INFO] [stdout] 
[INFO] [stdout] warning: unused import: `main`
[INFO] [stdout]   --> src/routes/route_config/config_add.rs:22:14
[INFO] [stdout]    |
[INFO] [stdout] 22 | pub async fn main(data: Json<AddConfigInput>, token: Token) -> Value {
[INFO] [stdout]    |              ^^^^
[INFO] [stdout] 
[INFO] [stdout] 
[INFO] [stdout] warning: unused import: `main`
[INFO] [stdout]   --> src/routes/route_config/config_update.rs:15:14
[INFO] [stdout]    |
[INFO] [stdout] 15 | pub async fn main(data: Json<AddConfigInput>, token: Token) -> Value {
[INFO] [stdout]    |              ^^^^
[INFO] [stdout] 
[INFO] [stdout] 
[INFO] [stdout] warning: unused import: `main`
[INFO] [stdout]   --> src/routes/route_config/config_delete.rs:13:14
[INFO] [stdout]    |
[INFO] [stdout] 13 | pub async fn main(token: Token, uid: Option<&str>, key: Option<&str>) -> Value {
[INFO] [stdout]    |              ^^^^
[INFO] [stdout] 
[INFO] [stdout] 
[INFO] [stdout] warning: unused import: `main`
[INFO] [stdout]   --> src/routes/route_project/project_fetch_all.rs:13:14
[INFO] [stdout]    |
[INFO] [stdout] 13 | pub async fn main(
[INFO] [stdout]    |              ^^^^
[INFO] [stdout] 
[INFO] [stdout] 
[INFO] [stdout] warning: unused import: `main`
[INFO] [stdout]   --> src/routes/route_project/project_fetch_one.rs:12:14
[INFO] [stdout]    |
[INFO] [stdout] 12 | pub async fn main(token: Token, uid: Option<&str>, project_id: Option<&str>) -> Value {
[INFO] [stdout]    |              ^^^^
[INFO] [stdout] 
[INFO] [stdout] 
[INFO] [stdout] warning: unused import: `main`
[INFO] [stdout]   --> src/routes/route_project/project_create.rs:31:14
[INFO] [stdout]    |
[INFO] [stdout] 31 | pub async fn main(data: Json<CreateProjectInput>, token: Token) -> Value {
[INFO] [stdout]    |              ^^^^
[INFO] [stdout] 
[INFO] [stdout] 
[INFO] [stdout] warning: unused import: `main`
[INFO] [stdout]   --> src/routes/route_project/project_update.rs:38:14
[INFO] [stdout]    |
[INFO] [stdout] 38 | pub async fn main(data: Json<UpdateProjectInput>, token: Token) -> Value {
[INFO] [stdout]    |              ^^^^
[INFO] [stdout] 
[INFO] [stdout] 
[INFO] [stdout] warning: unused import: `main`
[INFO] [stdout]   --> src/routes/route_project/project_delete.rs:15:14
[INFO] [stdout]    |
[INFO] [stdout] 15 | pub async fn main(token: Token, uid: Option<&str>, project_id: Option<&str>) -> Value {
[INFO] [stdout]    |              ^^^^
[INFO] [stdout] 
[INFO] [stdout] 
[INFO] [stdout] warning: unused import: `main`
[INFO] [stdout]   --> src/routes/route_project/project_add_member.rs:22:14
[INFO] [stdout]    |
[INFO] [stdout] 22 | pub async fn main(data: Json<MemberProjectInput>, token: Token) -> Value {
[INFO] [stdout]    |              ^^^^
[INFO] [stdout] 
[INFO] [stdout] 
[INFO] [stdout] warning: unused import: `main`
[INFO] [stdout]   --> src/routes/route_project/project_remove_member.rs:15:14
[INFO] [stdout]    |
[INFO] [stdout] 15 | pub async fn main(data: Json<MemberProjectInput>, token: Token) -> Value {
[INFO] [stdout]    |              ^^^^
[INFO] [stdout] 
[INFO] [stdout] 
[INFO] [stdout] warning: unused import: `main`
[INFO] [stdout]   --> src/routes/route_collection/collection_fetch_all.rs:15:14
[INFO] [stdout]    |
[INFO] [stdout] 15 | pub async fn main(
[INFO] [stdout]    |              ^^^^
[INFO] [stdout] 
[INFO] [stdout] 
[INFO] [stdout] warning: unused import: `main`
[INFO] [stdout]   --> src/routes/route_collection/collection_fetch_one.rs:14:14
[INFO] [stdout]    |
[INFO] [stdout] 14 | pub async fn main(
[INFO] [stdout]    |              ^^^^
[INFO] [stdout] 
[INFO] [stdout] 
[INFO] [stdout] warning: unused import: `main`
[INFO] [stdout]   --> src/routes/route_collection/collection_create.rs:33:14
[INFO] [stdout]    |
[INFO] [stdout] 33 | pub async fn main(data: Json<CreateCollectionInput>, token: Token) -> Value {
[INFO] [stdout]    |              ^^^^
[INFO] [stdout] 
[INFO] [stdout] 
[INFO] [stdout] warning: unused import: `main`
[INFO] [stdout]   --> src/routes/route_collection/collection_update.rs:39:14
[INFO] [stdout]    |
[INFO] [stdout] 39 | pub async fn main(data: Json<UpdateCollectionInput>, token: Token) -> Value {
[INFO] [stdout]    |              ^^^^
[INFO] [stdout] 
[INFO] [stdout] 
[INFO] [stdout] warning: unused import: `main`
[INFO] [stdout]   --> src/routes/route_collection/collection_delete.rs:16:14
[INFO] [stdout]    |
[INFO] [stdout] 16 | pub async fn main(
[INFO] [stdout]    |              ^^^^
[INFO] [stdout] 
[INFO] [stdout] 
[INFO] [stdout] warning: unused import: `main`
[INFO] [stdout]   --> src/routes/route_structure/structure_add.rs:31:14
[INFO] [stdout]    |
[INFO] [stdout] 31 | pub async fn main(data: Json<AddStructureInput>, token: Token) -> Value {
[INFO] [stdout]    |              ^^^^
[INFO] [stdout] 
[INFO] [stdout] 
[INFO] [stdout] warning: unused import: `main`
[INFO] [stdout]   --> src/routes/route_structure/structure_update.rs:30:14
[INFO] [stdout]    |
[INFO] [stdout] 30 | pub async fn main(data: Json<UpdateStructureInput>, token: Token) -> Value {
[INFO] [stdout]    |              ^^^^
[INFO] [stdout] 
[INFO] [stdout] 
[INFO] [stdout] warning: unused import: `main`
[INFO] [stdout]   --> src/routes/route_structure/structure_delete.rs:18:14
[INFO] [stdout]    |
[INFO] [stdout] 18 | pub async fn main(
[INFO] [stdout]    |              ^^^^
[INFO] [stdout] 
[INFO] [stdout] 
[INFO] [stdout] warning: unused import: `main`
[INFO] [stdout]   --> src/routes/route_custom_structure/custom_structure_add.rs:26:14
[INFO] [stdout]    |
[INFO] [stdout] 26 | pub async fn main(data: Json<AddCustomStructureInput>, token: Token) -> Value {
[INFO] [stdout]    |              ^^^^
[INFO] [stdout] 
[INFO] [stdout] 
[INFO] [stdout] warning: unused import: `main`
[INFO] [stdout]   --> src/routes/route_custom_structure/custom_structure_update.rs:28:14
[INFO] [stdout]    |
[INFO] [stdout] 28 | pub async fn main(data: Json<UpdateCustomStructureInput>, token: Token) -> Value {
[INFO] [stdout]    |              ^^^^
[INFO] [stdout] 
[INFO] [stdout] 
[INFO] [stdout] warning: unused import: `main`
[INFO] [stdout]   --> src/routes/route_custom_structure/custom_structure_delete.rs:16:14
[INFO] [stdout]    |
[INFO] [stdout] 16 | pub async fn main(
[INFO] [stdout]    |              ^^^^
[INFO] [stdout] 
[INFO] [stdout] 
[INFO] [stdout] warning: unused import: `main`
[INFO] [stdout]  --> src/routes/route_media/media_fetch_all.rs:9:14
[INFO] [stdout]   |
[INFO] [stdout] 9 | pub async fn main(
[INFO] [stdout]   |              ^^^^
[INFO] [stdout] 
[INFO] [stdout] 
[INFO] [stdout] warning: unused import: `main`
[INFO] [stdout]  --> src/routes/route_media/media_fetch_one.rs:9:14
[INFO] [stdout]   |
[INFO] [stdout] 9 | pub async fn main(token: Token, uid: Option<&str>, media_id: Option<&str>) -> Value {
[INFO] [stdout]   |              ^^^^
[INFO] [stdout] 
[INFO] [stdout] 
[INFO] [stdout] warning: unused import: `main`
[INFO] [stdout]   --> src/routes/route_media/media_create.rs:26:14
[INFO] [stdout]    |
[INFO] [stdout] 26 | pub async fn main(data: Json<CreateMediaInput>, token: Token) -> Value {
[INFO] [stdout]    |              ^^^^
[INFO] [stdout] 
[INFO] [stdout] 
[INFO] [stdout] warning: unused import: `main`
[INFO] [stdout]   --> src/routes/route_media/media_update.rs:30:14
[INFO] [stdout]    |
[INFO] [stdout] 30 | pub async fn main(data: Json<UpdateMediaInput>, token: Token) -> Value {
[INFO] [stdout]    |              ^^^^
[INFO] [stdout] 
[INFO] [stdout] 
[INFO] [stdout] warning: unused import: `main`
[INFO] [stdout]   --> src/routes/route_media/media_delete.rs:13:14
[INFO] [stdout]    |
[INFO] [stdout] 13 | pub async fn main(token: Token, uid: Option<&str>, media_id: Option<&str>) -> Value {
[INFO] [stdout]    |              ^^^^
[INFO] [stdout] 
[INFO] [stdout] 
[INFO] [stdout] warning: unused import: `main`
[INFO] [stdout]   --> src/routes/route_misc/misc_test_mongo.rs:18:14
[INFO] [stdout]    |
[INFO] [stdout] 18 | pub async fn main(data: Json<TestMongoInput>, token: Token) -> Value {
[INFO] [stdout]    |              ^^^^
[INFO] [stdout] 
[INFO] [stdout] 
[INFO] [stdout] warning: unused import: `main`
[INFO] [stdout]   --> src/routes/route_misc/misc_test_smtp.rs:27:14
[INFO] [stdout]    |
[INFO] [stdout] 27 | pub async fn main(data: Json<TestSMTPInput>, token: Token) -> Value {
[INFO] [stdout]    |              ^^^^
[INFO] [stdout] 
[INFO] [stdout] 
[INFO] [stdout] warning: unused import: `main`
[INFO] [stdout]   --> src/routes/route_data/data_fetch_all.rs:19:14
[INFO] [stdout]    |
[INFO] [stdout] 19 | pub async fn main(
[INFO] [stdout]    |              ^^^^
[INFO] [stdout] 
[INFO] [stdout] 
[INFO] [stdout] warning: unused import: `main`
[INFO] [stdout]   --> src/routes/route_data/data_fetch_one.rs:17:14
[INFO] [stdout]    |
[INFO] [stdout] 17 | pub async fn main(
[INFO] [stdout]    |              ^^^^
[INFO] [stdout] 
[INFO] [stdout] 
[INFO] [stdout] warning: unused import: `main`
[INFO] [stdout]   --> src/routes/route_data/data_create.rs:28:14
[INFO] [stdout]    |
[INFO] [stdout] 28 | pub async fn main(data: Json<CreateDataInput>, token: Token) -> Value {
[INFO] [stdout]    |              ^^^^
[INFO] [stdout] 
[INFO] [stdout] 
[INFO] [stdout] warning: unused import: `main`
[INFO] [stdout]   --> src/routes/route_data/data_update.rs:30:14
[INFO] [stdout]    |
[INFO] [stdout] 30 | pub async fn main(data: Json<UpdateDataInput>, token: Token) -> Value {
[INFO] [stdout]    |              ^^^^
[INFO] [stdout] 
[INFO] [stdout] 
[INFO] [stdout] warning: unused import: `main`
[INFO] [stdout]   --> src/routes/route_data/data_delete.rs:16:14
[INFO] [stdout]    |
[INFO] [stdout] 16 | pub async fn main(
[INFO] [stdout]    |              ^^^^
[INFO] [stdout] 
[INFO] [stdout] 
[INFO] [stdout] warning: unused import: `main`
[INFO] [stdout]   --> src/routes/route_data/data_publish.rs:27:14
[INFO] [stdout]    |
[INFO] [stdout] 27 | pub async fn main(data: Json<PublishDataInput>, token: Token) -> Value {
[INFO] [stdout]    |              ^^^^
[INFO] [stdout] 
[INFO] [stdout] 
[INFO] [stdout] warning: unused import: `main`
[INFO] [stdout]   --> src/routes/route_event/event_fetch_all.rs:12:14
[INFO] [stdout]    |
[INFO] [stdout] 12 | pub async fn main(
[INFO] [stdout]    |              ^^^^
[INFO] [stdout] 
[INFO] [stdout] 
[INFO] [stdout] warning: unused import: `main`
[INFO] [stdout]   --> src/routes/route_event/event_fetch_one.rs:12:14
[INFO] [stdout]    |
[INFO] [stdout] 12 | pub async fn main(token: Token, uid: Option<&str>, event_id: Option<&str>) -> Value {
[INFO] [stdout]    |              ^^^^
[INFO] [stdout] 
[INFO] [stdout] 
[INFO] [stdout] warning: unused import: `main`
[INFO] [stdout]   --> src/routes/route_event/event_delete.rs:13:14
[INFO] [stdout]    |
[INFO] [stdout] 13 | pub async fn main(token: Token, uid: Option<&str>, event_id: Option<&str>) -> Value {
[INFO] [stdout]    |              ^^^^
[INFO] [stdout] 
[INFO] [stdout] 
[INFO] [stdout] warning: unused import: `main`
[INFO] [stdout]   --> src/routes/route_routing/routing_fetch_all.rs:14:14
[INFO] [stdout]    |
[INFO] [stdout] 14 | pub async fn main(
[INFO] [stdout]    |              ^^^^
[INFO] [stdout] 
[INFO] [stdout] 
[INFO] [stdout] warning: unused import: `main`
[INFO] [stdout]   --> src/routes/route_routing/routing_fetch_one.rs:14:14
[INFO] [stdout]    |
[INFO] [stdout] 14 | pub async fn main(
[INFO] [stdout]    |              ^^^^
[INFO] [stdout] 
[INFO] [stdout] 
[INFO] [stdout] warning: unused import: `main`
[INFO] [stdout]   --> src/routes/route_routing/routing_fetch_one_kdl.rs:14:14
[INFO] [stdout]    |
[INFO] [stdout] 14 | pub async fn main(
[INFO] [stdout]    |              ^^^^
[INFO] [stdout] 
[INFO] [stdout] 
[INFO] [stdout] warning: unused import: `main`
[INFO] [stdout]   --> src/routes/route_routing/routing_create.rs:24:14
[INFO] [stdout]    |
[INFO] [stdout] 24 | pub async fn main(data: Json<CreateRouteInput>, token: Token) -> Value {
[INFO] [stdout]    |              ^^^^
[INFO] [stdout] 
[INFO] [stdout] 
[INFO] [stdout] warning: unused import: `main`
[INFO] [stdout]   --> src/routes/route_routing/routing_convert_blocks.rs:22:14
[INFO] [stdout]    |
[INFO] [stdout] 22 | pub async fn main(data: Json<ConvertRouteBlocks>, token: Token) -> Value {
[INFO] [stdout]    |              ^^^^
[INFO] [stdout] 
[INFO] [stdout] 
[INFO] [stdout] warning: unused import: `main`
[INFO] [stdout]   --> src/routes/route_routing/routing_convert_kdl.rs:22:14
[INFO] [stdout]    |
[INFO] [stdout] 22 | pub async fn main(data: Json<ConvertRouteKDL>, token: Token) -> Value {
[INFO] [stdout]    |              ^^^^
[INFO] [stdout] 
[INFO] [stdout] 
[INFO] [stdout] warning: unused import: `main`
[INFO] [stdout]   --> src/routes/route_routing/routing_delete.rs:14:14
[INFO] [stdout]    |
[INFO] [stdout] 14 | pub async fn main(
[INFO] [stdout]    |              ^^^^
[INFO] [stdout] 
[INFO] [stdout] 
[INFO] [stdout] warning: unused import: `main`
[INFO] [stdout]   --> src/routes/route_constraint/constraint_fetch_all.rs:10:14
[INFO] [stdout]    |
[INFO] [stdout] 10 | pub async fn main(
[INFO] [stdout]    |              ^^^^
[INFO] [stdout] 
[INFO] [stdout] 
[INFO] [stdout] warning: unused import: `main`
[INFO] [stdout]   --> src/routes/route_constraint/constraint_fetch_one.rs:10:14
[INFO] [stdout]    |
[INFO] [stdout] 10 | pub async fn main(token: Token, uid: Option<&str>, component_name: Option<&str>) -> Value {
[INFO] [stdout]    |              ^^^^
[INFO] [stdout] 
[INFO] [stdout] 
[INFO] [stdout] warning: unused import: `main`
[INFO] [stdout]   --> src/routes/route_constraint/constraint_update.rs:30:14
[INFO] [stdout]    |
[INFO] [stdout] 30 | pub async fn main(data: Json<UpdateConstraintInput>, token: Token) -> Value {
[INFO] [stdout]    |              ^^^^
[INFO] [stdout] 
[INFO] [stdout] 
[INFO] [stdout] warning: unused import: `main`
[INFO] [stdout]    --> src/routes/route_x/x.rs:161:14
[INFO] [stdout]     |
[INFO] [stdout] 161 | pub async fn main<'r>(
[INFO] [stdout]     |              ^^^^
[INFO] [stdout] 
[INFO] [stdout] 
[INFO] [stdout] warning: unused import: `main`
[INFO] [stdout]   --> src/routes/route_upload/upload.rs:18:14
[INFO] [stdout]    |
[INFO] [stdout] 18 | pub async fn main(content_type: &ContentType, data: Data<'_>) -> Value {
[INFO] [stdout]    |              ^^^^
[INFO] [stdout] 
[INFO] [stdout] 
[INFO] [stdout] warning: unused import: `main`
[INFO] [stdout]   --> src/routes/route_repl/repl_process.rs:19:14
[INFO] [stdout]    |
[INFO] [stdout] 19 | pub async fn main(data: Json<ReplInput>, token: Token) -> Value {
[INFO] [stdout]    |              ^^^^
[INFO] [stdout] 
[INFO] [stdout] 
[INFO] [stdout] warning: call to `.clone()` on a reference in this situation does nothing
[INFO] [stdout]    --> src/components/structure.rs:745:31
[INFO] [stdout]     |
[INFO] [stdout] 745 |         return match stype_txt.clone() {
[INFO] [stdout]     |                               ^^^^^^^^ help: remove this redundant call
[INFO] [stdout]     |
[INFO] [stdout]     = note: the type `str` does not implement `Clone`, so calling `clone` on `&str` copies the reference, which does not do anything and can be removed
[INFO] [stdout]     = note: `#[warn(noop_method_call)]` on by default
[INFO] [stdout] 
[INFO] [stdout] 
[INFO] [stdout] warning: call to `.clone()` on a reference in this situation does nothing
[INFO] [stdout]    --> src/routes/route_project/project_update.rs:123:23
[INFO] [stdout]     |
[INFO] [stdout] 123 |     match match change.clone() {
[INFO] [stdout]     |                       ^^^^^^^^
[INFO] [stdout]     |
[INFO] [stdout]     = note: the type `routes::project::update::UpdateType` does not implement `Clone`, so calling `clone` on `&routes::project::update::UpdateType` copies the reference, which does not do anything and can be removed
[INFO] [stdout] help: remove this redundant call
[INFO] [stdout]     |
[INFO] [stdout] 123 -     match match change.clone() {
[INFO] [stdout] 123 +     match match change {
[INFO] [stdout]     |
[INFO] [stdout] help: if you meant to clone `routes::project::update::UpdateType`, implement `Clone` for it
[INFO] [stdout]     |
[INFO] [stdout] 21  + #[derive(Clone)]
[INFO] [stdout] 22  | pub enum UpdateType {
[INFO] [stdout]     |
[INFO] [stdout] 
[INFO] [stdout] 
[INFO] [stdout] warning: using `.clone()` on a double reference, which returns `&&routes::project::update::UpdateType` instead of cloning the inner type
[INFO] [stdout]    --> src/routes/route_project/project_update.rs:133:14
[INFO] [stdout]     |
[INFO] [stdout] 133 |     if change.clone() == &UpdateType::ID {
[INFO] [stdout]     |              ^^^^^^^^
[INFO] [stdout]     |
[INFO] [stdout]     = note: `#[warn(suspicious_double_ref_op)]` on by default
[INFO] [stdout] 
[INFO] [stdout] 
[INFO] [stdout] warning: using `.clone()` on a double reference, which returns `&&routes::project::update::UpdateType` instead of cloning the inner type
[INFO] [stdout]    --> src/routes/route_project/project_update.rs:190:21
[INFO] [stdout]     |
[INFO] [stdout] 190 |     } else if change.clone() == &UpdateType::NAME {
[INFO] [stdout]     |                     ^^^^^^^^
[INFO] [stdout] 
[INFO] [stdout] 
[INFO] [stdout] warning: using `.clone()` on a double reference, which returns `&&routes::project::update::UpdateType` instead of cloning the inner type
[INFO] [stdout]    --> src/routes/route_project/project_update.rs:202:21
[INFO] [stdout]     |
[INFO] [stdout] 202 |     } else if change.clone() == &UpdateType::DESCRIPTION {
[INFO] [stdout]     |                     ^^^^^^^^
[INFO] [stdout] 
[INFO] [stdout] 
[INFO] [stdout] warning: using `.clone()` on a double reference, which returns `&&routes::project::update::UpdateType` instead of cloning the inner type
[INFO] [stdout]    --> src/routes/route_project/project_update.rs:214:21
[INFO] [stdout]     |
[INFO] [stdout] 214 |     } else if change.clone() == &UpdateType::APIPATH {
[INFO] [stdout]     |                     ^^^^^^^^
[INFO] [stdout] 
[INFO] [stdout] 
[INFO] [stdout] warning: call to `.clone()` on a reference in this situation does nothing
[INFO] [stdout]    --> src/routes/route_collection/collection_update.rs:124:23
[INFO] [stdout]     |
[INFO] [stdout] 124 |     match match change.clone() {
[INFO] [stdout]     |                       ^^^^^^^^
[INFO] [stdout]     |
[INFO] [stdout]     = note: the type `routes::collection::update::UpdateType` does not implement `Clone`, so calling `clone` on `&routes::collection::update::UpdateType` copies the reference, which does not do anything and can be removed
[INFO] [stdout] help: remove this redundant call
[INFO] [stdout]     |
[INFO] [stdout] 124 -     match match change.clone() {
[INFO] [stdout] 124 +     match match change {
[INFO] [stdout]     |
[INFO] [stdout] help: if you meant to clone `routes::collection::update::UpdateType`, implement `Clone` for it
[INFO] [stdout]     |
[INFO] [stdout] 22  + #[derive(Clone)]
[INFO] [stdout] 23  | pub enum UpdateType {
[INFO] [stdout]     |
[INFO] [stdout] 
[INFO] [stdout] 
[INFO] [stdout] warning: using `.clone()` on a double reference, which returns `&&routes::collection::update::UpdateType` instead of cloning the inner type
[INFO] [stdout]    --> src/routes/route_collection/collection_update.rs:135:14
[INFO] [stdout]     |
[INFO] [stdout] 135 |     if change.clone() == &UpdateType::ID {
[INFO] [stdout]     |              ^^^^^^^^
[INFO] [stdout] 
[INFO] [stdout] 
[INFO] [stdout] warning: using `.clone()` on a double reference, which returns `&&routes::collection::update::UpdateType` instead of cloning the inner type
[INFO] [stdout]    --> src/routes/route_collection/collection_update.rs:168:21
[INFO] [stdout]     |
[INFO] [stdout] 168 |     } else if change.clone() == &UpdateType::NAME {
[INFO] [stdout]     |                     ^^^^^^^^
[INFO] [stdout] 
[INFO] [stdout] 
[INFO] [stdout] warning: using `.clone()` on a double reference, which returns `&&routes::collection::update::UpdateType` instead of cloning the inner type
[INFO] [stdout]    --> src/routes/route_collection/collection_update.rs:180:21
[INFO] [stdout]     |
[INFO] [stdout] 180 |     } else if change.clone() == &UpdateType::DESCRIPTION {
[INFO] [stdout]     |                     ^^^^^^^^
[INFO] [stdout] 
[INFO] [stdout] 
[INFO] [stdout] warning: call to `.clone()` on a reference in this situation does nothing
[INFO] [stdout]   --> src/routes/route_media/media_update.rs:65:23
[INFO] [stdout]    |
[INFO] [stdout] 65 |     match match change.clone() {
[INFO] [stdout]    |                       ^^^^^^^^
[INFO] [stdout]    |
[INFO] [stdout]    = note: the type `routes::media::update::UpdateType` does not implement `Clone`, so calling `clone` on `&routes::media::update::UpdateType` copies the reference, which does not do anything and can be removed
[INFO] [stdout] help: remove this redundant call
[INFO] [stdout]    |
[INFO] [stdout] 65 -     match match change.clone() {
[INFO] [stdout] 65 +     match match change {
[INFO] [stdout]    |
[INFO] [stdout] help: if you meant to clone `routes::media::update::UpdateType`, implement `Clone` for it
[INFO] [stdout]    |
[INFO] [stdout] 15 + #[derive(Clone)]
[INFO] [stdout] 16 | pub enum UpdateType {
[INFO] [stdout]    |
[INFO] [stdout] 
[INFO] [stdout] 
[INFO] [stdout] warning: call to `.clone()` on a reference in this situation does nothing
[INFO] [stdout]   --> src/routes/route_constraint/constraint_update.rs:64:23
[INFO] [stdout]    |
[INFO] [stdout] 64 |     match match change.clone() {
[INFO] [stdout]    |                       ^^^^^^^^
[INFO] [stdout]    |
[INFO] [stdout]    = note: the type `routes::constraint::update::UpdateType` does not implement `Clone`, so calling `clone` on `&routes::constraint::update::UpdateType` copies the reference, which does not do anything and can be removed
[INFO] [stdout] help: remove this redundant call
[INFO] [stdout]    |
[INFO] [stdout] 64 -     match match change.clone() {
[INFO] [stdout] 64 +     match match change {
[INFO] [stdout]    |
[INFO] [stdout] help: if you meant to clone `routes::constraint::update::UpdateType`, implement `Clone` for it
[INFO] [stdout]    |
[INFO] [stdout] 14 + #[derive(Clone)]
[INFO] [stdout] 15 | pub enum UpdateType {
[INFO] [stdout]    |
[INFO] [stdout] 
[INFO] [stdout] 
[INFO] [stdout] warning: using `.clone()` on a double reference, which returns `&&routes::constraint::update::UpdateType` instead of cloning the inner type
[INFO] [stdout]   --> src/routes/route_constraint/constraint_update.rs:82:14
[INFO] [stdout]    |
[INFO] [stdout] 82 |     if change.clone() == &UpdateType::MIN {
[INFO] [stdout]    |              ^^^^^^^^
[INFO] [stdout] 
[INFO] [stdout] 
[INFO] [stdout] warning: using `.clone()` on a double reference, which returns `&&routes::constraint::update::UpdateType` instead of cloning the inner type
[INFO] [stdout]   --> src/routes/route_constraint/constraint_update.rs:94:21
[INFO] [stdout]    |
[INFO] [stdout] 94 |     } else if change.clone() == &UpdateType::MAX {
[INFO] [stdout]    |                     ^^^^^^^^
[INFO] [stdout] 
[INFO] [stdout] 
[INFO] [stdout] warning: call to `.clone()` on a reference in this situation does nothing
[INFO] [stdout]   --> src/routes/route_upload/upload.rs:58:38
[INFO] [stdout]    |
[INFO] [stdout] 58 |             Some(name) => name.trim().clone().split(".").collect::<Vec<&str>>(),
[INFO] [stdout]    |                                      ^^^^^^^^ help: remove this redundant call
[INFO] [stdout]    |
[INFO] [stdout]    = note: the type `str` does not implement `Clone`, so calling `clone` on `&str` copies the reference, which does not do anything and can be removed
[INFO] [stdout] 
[INFO] [stdout] 
[INFO] [stdout] warning: call to `.clone()` on a reference in this situation does nothing
[INFO] [stdout]   --> src/routes/route_upload/upload.rs:78:20
[INFO] [stdout]    |
[INFO] [stdout] 78 |               .trim()
[INFO] [stdout]    |  ____________________^
[INFO] [stdout] 79 | |             .clone()
[INFO] [stdout]    | |____________________^ help: remove this redundant call
[INFO] [stdout]    |
[INFO] [stdout]    = note: the type `str` does not implement `Clone`, so calling `clone` on `&str` copies the reference, which does not do anything and can be removed
[INFO] [stdout] 
[INFO] [stdout] 
[INFO] [stdout] warning: call to `.clone()` on a reference in this situation does nothing
[INFO] [stdout]   --> src/routes/route_upload/upload.rs:94:20
[INFO] [stdout]    |
[INFO] [stdout] 94 |               .trim()
[INFO] [stdout]    |  ____________________^
[INFO] [stdout] 95 | |             .clone()
[INFO] [stdout]    | |____________________^ help: remove this redundant call
[INFO] [stdout]    |
[INFO] [stdout]    = note: the type `str` does not implement `Clone`, so calling `clone` on `&str` copies the reference, which does not do anything and can be removed
[INFO] [stdout] 
[INFO] [stdout] 
[INFO] [stderr]     Finished `dev` profile [unoptimized + debuginfo] target(s) in 41.39s
[INFO] [stderr] warning: the following packages contain code that will be rejected by a future version of Rust: ubyte v0.10.1
[INFO] [stderr] note: to see what the problems were, use the option `--future-incompat-report`, or run `cargo report future-incompatibilities --id 1`
[INFO] running `Command { std: "docker" "inspect" "c7cdde550eb98ef3f02447bdd7e7da77a67d022aaaa6cbf015043dfea34df713", kill_on_drop: false }`
[INFO] running `Command { std: "docker" "rm" "-f" "c7cdde550eb98ef3f02447bdd7e7da77a67d022aaaa6cbf015043dfea34df713", kill_on_drop: false }`
[INFO] [stdout] c7cdde550eb98ef3f02447bdd7e7da77a67d022aaaa6cbf015043dfea34df713
[INFO] running `Command { std: "docker" "create" "-v" "/var/lib/crater-agent-workspace/builds/worker-1-tc1/target:/opt/rustwide/target:rw,Z" "-v" "/var/lib/crater-agent-workspace/builds/worker-1-tc1/source:/opt/rustwide/workdir:ro,Z" "-v" "/var/lib/crater-agent-workspace/cargo-home:/opt/rustwide/cargo-home:ro,Z" "-v" "/var/lib/crater-agent-workspace/rustup-home:/opt/rustwide/rustup-home:ro,Z" "-e" "SOURCE_DIR=/opt/rustwide/workdir" "-e" "CARGO_TARGET_DIR=/opt/rustwide/target" "-e" "CARGO_INCREMENTAL=0" "-e" "RUST_BACKTRACE=full" "-e" "RUSTFLAGS=--cap-lints=warn" "-e" "RUSTDOCFLAGS=--cap-lints=warn" "-e" "CARGO_HOME=/opt/rustwide/cargo-home" "-e" "RUSTUP_HOME=/opt/rustwide/rustup-home" "-w" "/opt/rustwide/workdir" "-m" "1610612736" "--user" "0:0" "--network" "none" "ghcr.io/rust-lang/crates-build-env/linux@sha256:f3a9d4ad9d972b27faf3965f35b62e55ba32bbce8f20bc8fe909558a86702fde" "/opt/rustwide/cargo-home/bin/cargo" "+1.83.0" "test" "--frozen" "--no-run" "--message-format=json", kill_on_drop: false }`
[INFO] [stdout] e758f15843a4e56b4c851c685c4982a25a3b757c01bed47599e79b0e6ea05f61
[INFO] running `Command { std: "docker" "start" "-a" "e758f15843a4e56b4c851c685c4982a25a3b757c01bed47599e79b0e6ea05f61", kill_on_drop: false }`
[INFO] [stderr]    Compiling kinesis-db v0.1.0 (/opt/rustwide/workdir)
[INFO] [stdout] warning: unused import: `main`
[INFO] [stdout]  --> src/routes/route_test/test_hello_world.rs:4:8
[INFO] [stdout]   |
[INFO] [stdout] 4 | pub fn main() -> &'static str {
[INFO] [stdout]   |        ^^^^
[INFO] [stdout]   |
[INFO] [stdout]   = note: `#[warn(unused_imports)]` on by default
[INFO] [stdout] 
[INFO] [stdout] 
[INFO] [stdout] warning: unused import: `main`
[INFO] [stdout]  --> src/routes/route_test/test_wave.rs:7:8
[INFO] [stdout]   |
[INFO] [stdout] 7 | pub fn main(name: &str, age: u8) -> Template {
[INFO] [stdout]   |        ^^^^
[INFO] [stdout] 
[INFO] [stdout] 
[INFO] [stdout] warning: unused import: `main`
[INFO] [stdout]   --> src/routes/route_user/user_fetch_all.rs:11:14
[INFO] [stdout]    |
[INFO] [stdout] 11 | pub async fn main(
[INFO] [stdout]    |              ^^^^
[INFO] [stdout] 
[INFO] [stdout] 
[INFO] [stdout] warning: unused import: `main`
[INFO] [stdout]   --> src/routes/route_user/user_fetch_one.rs:10:14
[INFO] [stdout]    |
[INFO] [stdout] 10 | pub async fn main(token: Token, uid: Option<&str>, target_uid: Option<&str>) -> Value {
[INFO] [stdout]    |              ^^^^
[INFO] [stdout] 
[INFO] [stdout] 
[INFO] [stdout] warning: unused import: `main`
[INFO] [stdout]   --> src/routes/route_user/user_login.rs:19:8
[INFO] [stdout]    |
[INFO] [stdout] 19 | pub fn main(data: Json<LoginInput>) -> Value {
[INFO] [stdout]    |        ^^^^
[INFO] [stdout] 
[INFO] [stdout] 
[INFO] [stdout] warning: unused import: `main`
[INFO] [stdout]  --> src/routes/route_user/user_verify.rs:7:14
[INFO] [stdout]   |
[INFO] [stdout] 7 | pub async fn main(token: Token, uid: Option<&str>) -> Value {
[INFO] [stdout]   |              ^^^^
[INFO] [stdout] 
[INFO] [stdout] 
[INFO] [stdout] warning: unused import: `main`
[INFO] [stdout]   --> src/routes/route_user/user_login_jwt.rs:17:14
[INFO] [stdout]    |
[INFO] [stdout] 17 | pub async fn main(data: Json<UIDInput>, token: Token) -> Value {
[INFO] [stdout]    |              ^^^^
[INFO] [stdout] 
[INFO] [stdout] 
[INFO] [stdout] warning: unused import: `main`
[INFO] [stdout]   --> src/routes/route_user/user_register.rs:36:14
[INFO] [stdout]    |
[INFO] [stdout] 36 | pub async fn main(data: Json<RegisterInput>, token: Token) -> Value {
[INFO] [stdout]    |              ^^^^
[INFO] [stdout] 
[INFO] [stdout] 
[INFO] [stdout] warning: unused import: `main`
[INFO] [stdout]   --> src/routes/route_user/user_update.rs:28:14
[INFO] [stdout]    |
[INFO] [stdout] 28 | pub async fn main(data: Json<ChangeInput>, token: Token) -> Value {
[INFO] [stdout]    |              ^^^^
[INFO] [stdout] 
[INFO] [stdout] 
[INFO] [stdout] warning: unused import: `main`
[INFO] [stdout]   --> src/routes/route_user/user_update_role.rs:20:14
[INFO] [stdout]    |
[INFO] [stdout] 20 | pub async fn main(data: Json<RoleInput>, token: Token) -> Value {
[INFO] [stdout]    |              ^^^^
[INFO] [stdout] 
[INFO] [stdout] 
[INFO] [stdout] warning: unused import: `main`
[INFO] [stdout]   --> src/routes/route_user/user_delete.rs:11:14
[INFO] [stdout]    |
[INFO] [stdout] 11 | pub async fn main(token: Token, uid: Option<&str>, target_uid: Option<&str>) -> Value {
[INFO] [stdout]    |              ^^^^
[INFO] [stdout] 
[INFO] [stdout] 
[INFO] [stdout] warning: unused import: `main`
[INFO] [stdout]   --> src/routes/route_config/config_fetch_all.rs:12:14
[INFO] [stdout]    |
[INFO] [stdout] 12 | pub async fn main(
[INFO] [stdout]    |              ^^^^
[INFO] [stdout] 
[INFO] [stdout] 
[INFO] [stdout] warning: unused import: `main`
[INFO] [stdout]   --> src/routes/route_config/config_fetch_one.rs:12:14
[INFO] [stdout]    |
[INFO] [stdout] 12 | pub async fn main(token: Token, uid: Option<&str>, key: Option<&str>) -> Value {
[INFO] [stdout]    |              ^^^^
[INFO] [stdout] 
[INFO] [stdout] 
[INFO] [stdout] warning: unused import: `main`
[INFO] [stdout]   --> src/routes/route_config/config_add.rs:22:14
[INFO] [stdout]    |
[INFO] [stdout] 22 | pub async fn main(data: Json<AddConfigInput>, token: Token) -> Value {
[INFO] [stdout]    |              ^^^^
[INFO] [stdout] 
[INFO] [stdout] 
[INFO] [stdout] warning: unused import: `main`
[INFO] [stdout]   --> src/routes/route_config/config_update.rs:15:14
[INFO] [stdout]    |
[INFO] [stdout] 15 | pub async fn main(data: Json<AddConfigInput>, token: Token) -> Value {
[INFO] [stdout]    |              ^^^^
[INFO] [stdout] 
[INFO] [stdout] 
[INFO] [stdout] warning: unused import: `main`
[INFO] [stdout]   --> src/routes/route_config/config_delete.rs:13:14
[INFO] [stdout]    |
[INFO] [stdout] 13 | pub async fn main(token: Token, uid: Option<&str>, key: Option<&str>) -> Value {
[INFO] [stdout]    |              ^^^^
[INFO] [stdout] 
[INFO] [stdout] 
[INFO] [stdout] warning: unused import: `main`
[INFO] [stdout]   --> src/routes/route_project/project_fetch_all.rs:13:14
[INFO] [stdout]    |
[INFO] [stdout] 13 | pub async fn main(
[INFO] [stdout]    |              ^^^^
[INFO] [stdout] 
[INFO] [stdout] 
[INFO] [stdout] warning: unused import: `main`
[INFO] [stdout]   --> src/routes/route_project/project_fetch_one.rs:12:14
[INFO] [stdout]    |
[INFO] [stdout] 12 | pub async fn main(token: Token, uid: Option<&str>, project_id: Option<&str>) -> Value {
[INFO] [stdout]    |              ^^^^
[INFO] [stdout] 
[INFO] [stdout] 
[INFO] [stdout] warning: unused import: `main`
[INFO] [stdout]   --> src/routes/route_project/project_create.rs:31:14
[INFO] [stdout]    |
[INFO] [stdout] 31 | pub async fn main(data: Json<CreateProjectInput>, token: Token) -> Value {
[INFO] [stdout]    |              ^^^^
[INFO] [stdout] 
[INFO] [stdout] 
[INFO] [stdout] warning: unused import: `main`
[INFO] [stdout]   --> src/routes/route_project/project_update.rs:38:14
[INFO] [stdout]    |
[INFO] [stdout] 38 | pub async fn main(data: Json<UpdateProjectInput>, token: Token) -> Value {
[INFO] [stdout]    |              ^^^^
[INFO] [stdout] 
[INFO] [stdout] 
[INFO] [stdout] warning: unused import: `main`
[INFO] [stdout]   --> src/routes/route_project/project_delete.rs:15:14
[INFO] [stdout]    |
[INFO] [stdout] 15 | pub async fn main(token: Token, uid: Option<&str>, project_id: Option<&str>) -> Value {
[INFO] [stdout]    |              ^^^^
[INFO] [stdout] 
[INFO] [stdout] 
[INFO] [stdout] warning: unused import: `main`
[INFO] [stdout]   --> src/routes/route_project/project_add_member.rs:22:14
[INFO] [stdout]    |
[INFO] [stdout] 22 | pub async fn main(data: Json<MemberProjectInput>, token: Token) -> Value {
[INFO] [stdout]    |              ^^^^
[INFO] [stdout] 
[INFO] [stdout] 
[INFO] [stdout] warning: unused import: `main`
[INFO] [stdout]   --> src/routes/route_project/project_remove_member.rs:15:14
[INFO] [stdout]    |
[INFO] [stdout] 15 | pub async fn main(data: Json<MemberProjectInput>, token: Token) -> Value {
[INFO] [stdout]    |              ^^^^
[INFO] [stdout] 
[INFO] [stdout] 
[INFO] [stdout] warning: unused import: `main`
[INFO] [stdout]   --> src/routes/route_collection/collection_fetch_all.rs:15:14
[INFO] [stdout]    |
[INFO] [stdout] 15 | pub async fn main(
[INFO] [stdout]    |              ^^^^
[INFO] [stdout] 
[INFO] [stdout] 
[INFO] [stdout] warning: unused import: `main`
[INFO] [stdout]   --> src/routes/route_collection/collection_fetch_one.rs:14:14
[INFO] [stdout]    |
[INFO] [stdout] 14 | pub async fn main(
[INFO] [stdout]    |              ^^^^
[INFO] [stdout] 
[INFO] [stdout] 
[INFO] [stdout] warning: unused import: `main`
[INFO] [stdout]   --> src/routes/route_collection/collection_create.rs:33:14
[INFO] [stdout]    |
[INFO] [stdout] 33 | pub async fn main(data: Json<CreateCollectionInput>, token: Token) -> Value {
[INFO] [stdout]    |              ^^^^
[INFO] [stdout] 
[INFO] [stdout] 
[INFO] [stdout] warning: unused import: `main`
[INFO] [stdout]   --> src/routes/route_collection/collection_update.rs:39:14
[INFO] [stdout]    |
[INFO] [stdout] 39 | pub async fn main(data: Json<UpdateCollectionInput>, token: Token) -> Value {
[INFO] [stdout]    |              ^^^^
[INFO] [stdout] 
[INFO] [stdout] 
[INFO] [stdout] warning: unused import: `main`
[INFO] [stdout]   --> src/routes/route_collection/collection_delete.rs:16:14
[INFO] [stdout]    |
[INFO] [stdout] 16 | pub async fn main(
[INFO] [stdout]    |              ^^^^
[INFO] [stdout] 
[INFO] [stdout] 
[INFO] [stdout] warning: unused import: `main`
[INFO] [stdout]   --> src/routes/route_structure/structure_add.rs:31:14
[INFO] [stdout]    |
[INFO] [stdout] 31 | pub async fn main(data: Json<AddStructureInput>, token: Token) -> Value {
[INFO] [stdout]    |              ^^^^
[INFO] [stdout] 
[INFO] [stdout] 
[INFO] [stdout] warning: unused import: `main`
[INFO] [stdout]   --> src/routes/route_structure/structure_update.rs:30:14
[INFO] [stdout]    |
[INFO] [stdout] 30 | pub async fn main(data: Json<UpdateStructureInput>, token: Token) -> Value {
[INFO] [stdout]    |              ^^^^
[INFO] [stdout] 
[INFO] [stdout] 
[INFO] [stdout] warning: unused import: `main`
[INFO] [stdout]   --> src/routes/route_structure/structure_delete.rs:18:14
[INFO] [stdout]    |
[INFO] [stdout] 18 | pub async fn main(
[INFO] [stdout]    |              ^^^^
[INFO] [stdout] 
[INFO] [stdout] 
[INFO] [stdout] warning: unused import: `main`
[INFO] [stdout]   --> src/routes/route_custom_structure/custom_structure_add.rs:26:14
[INFO] [stdout]    |
[INFO] [stdout] 26 | pub async fn main(data: Json<AddCustomStructureInput>, token: Token) -> Value {
[INFO] [stdout]    |              ^^^^
[INFO] [stdout] 
[INFO] [stdout] 
[INFO] [stdout] warning: unused import: `main`
[INFO] [stdout]   --> src/routes/route_custom_structure/custom_structure_update.rs:28:14
[INFO] [stdout]    |
[INFO] [stdout] 28 | pub async fn main(data: Json<UpdateCustomStructureInput>, token: Token) -> Value {
[INFO] [stdout]    |              ^^^^
[INFO] [stdout] 
[INFO] [stdout] 
[INFO] [stdout] warning: unused import: `main`
[INFO] [stdout]   --> src/routes/route_custom_structure/custom_structure_delete.rs:16:14
[INFO] [stdout]    |
[INFO] [stdout] 16 | pub async fn main(
[INFO] [stdout]    |              ^^^^
[INFO] [stdout] 
[INFO] [stdout] 
[INFO] [stdout] warning: unused import: `main`
[INFO] [stdout]  --> src/routes/route_media/media_fetch_all.rs:9:14
[INFO] [stdout]   |
[INFO] [stdout] 9 | pub async fn main(
[INFO] [stdout]   |              ^^^^
[INFO] [stdout] 
[INFO] [stdout] 
[INFO] [stdout] warning: unused import: `main`
[INFO] [stdout]  --> src/routes/route_media/media_fetch_one.rs:9:14
[INFO] [stdout]   |
[INFO] [stdout] 9 | pub async fn main(token: Token, uid: Option<&str>, media_id: Option<&str>) -> Value {
[INFO] [stdout]   |              ^^^^
[INFO] [stdout] 
[INFO] [stdout] 
[INFO] [stdout] warning: unused import: `main`
[INFO] [stdout]   --> src/routes/route_media/media_create.rs:26:14
[INFO] [stdout]    |
[INFO] [stdout] 26 | pub async fn main(data: Json<CreateMediaInput>, token: Token) -> Value {
[INFO] [stdout]    |              ^^^^
[INFO] [stdout] 
[INFO] [stdout] 
[INFO] [stdout] warning: unused import: `main`
[INFO] [stdout]   --> src/routes/route_media/media_update.rs:30:14
[INFO] [stdout]    |
[INFO] [stdout] 30 | pub async fn main(data: Json<UpdateMediaInput>, token: Token) -> Value {
[INFO] [stdout]    |              ^^^^
[INFO] [stdout] 
[INFO] [stdout] 
[INFO] [stdout] warning: unused import: `main`
[INFO] [stdout]   --> src/routes/route_media/media_delete.rs:13:14
[INFO] [stdout]    |
[INFO] [stdout] 13 | pub async fn main(token: Token, uid: Option<&str>, media_id: Option<&str>) -> Value {
[INFO] [stdout]    |              ^^^^
[INFO] [stdout] 
[INFO] [stdout] 
[INFO] [stdout] warning: unused import: `main`
[INFO] [stdout]   --> src/routes/route_misc/misc_test_mongo.rs:18:14
[INFO] [stdout]    |
[INFO] [stdout] 18 | pub async fn main(data: Json<TestMongoInput>, token: Token) -> Value {
[INFO] [stdout]    |              ^^^^
[INFO] [stdout] 
[INFO] [stdout] 
[INFO] [stdout] warning: unused import: `main`
[INFO] [stdout]   --> src/routes/route_misc/misc_test_smtp.rs:27:14
[INFO] [stdout]    |
[INFO] [stdout] 27 | pub async fn main(data: Json<TestSMTPInput>, token: Token) -> Value {
[INFO] [stdout]    |              ^^^^
[INFO] [stdout] 
[INFO] [stdout] 
[INFO] [stdout] warning: unused import: `main`
[INFO] [stdout]   --> src/routes/route_data/data_fetch_all.rs:19:14
[INFO] [stdout]    |
[INFO] [stdout] 19 | pub async fn main(
[INFO] [stdout]    |              ^^^^
[INFO] [stdout] 
[INFO] [stdout] 
[INFO] [stdout] warning: unused import: `main`
[INFO] [stdout]   --> src/routes/route_data/data_fetch_one.rs:17:14
[INFO] [stdout]    |
[INFO] [stdout] 17 | pub async fn main(
[INFO] [stdout]    |              ^^^^
[INFO] [stdout] 
[INFO] [stdout] 
[INFO] [stdout] warning: unused import: `main`
[INFO] [stdout]   --> src/routes/route_data/data_create.rs:28:14
[INFO] [stdout]    |
[INFO] [stdout] 28 | pub async fn main(data: Json<CreateDataInput>, token: Token) -> Value {
[INFO] [stdout]    |              ^^^^
[INFO] [stdout] 
[INFO] [stdout] 
[INFO] [stdout] warning: unused import: `main`
[INFO] [stdout]   --> src/routes/route_data/data_update.rs:30:14
[INFO] [stdout]    |
[INFO] [stdout] 30 | pub async fn main(data: Json<UpdateDataInput>, token: Token) -> Value {
[INFO] [stdout]    |              ^^^^
[INFO] [stdout] 
[INFO] [stdout] 
[INFO] [stdout] warning: unused import: `main`
[INFO] [stdout]   --> src/routes/route_data/data_delete.rs:16:14
[INFO] [stdout]    |
[INFO] [stdout] 16 | pub async fn main(
[INFO] [stdout]    |              ^^^^
[INFO] [stdout] 
[INFO] [stdout] 
[INFO] [stdout] warning: unused import: `main`
[INFO] [stdout]   --> src/routes/route_data/data_publish.rs:27:14
[INFO] [stdout]    |
[INFO] [stdout] 27 | pub async fn main(data: Json<PublishDataInput>, token: Token) -> Value {
[INFO] [stdout]    |              ^^^^
[INFO] [stdout] 
[INFO] [stdout] 
[INFO] [stdout] warning: unused import: `main`
[INFO] [stdout]   --> src/routes/route_event/event_fetch_all.rs:12:14
[INFO] [stdout]    |
[INFO] [stdout] 12 | pub async fn main(
[INFO] [stdout]    |              ^^^^
[INFO] [stdout] 
[INFO] [stdout] 
[INFO] [stdout] warning: unused import: `main`
[INFO] [stdout]   --> src/routes/route_event/event_fetch_one.rs:12:14
[INFO] [stdout]    |
[INFO] [stdout] 12 | pub async fn main(token: Token, uid: Option<&str>, event_id: Option<&str>) -> Value {
[INFO] [stdout]    |              ^^^^
[INFO] [stdout] 
[INFO] [stdout] 
[INFO] [stdout] warning: unused import: `main`
[INFO] [stdout]   --> src/routes/route_event/event_delete.rs:13:14
[INFO] [stdout]    |
[INFO] [stdout] 13 | pub async fn main(token: Token, uid: Option<&str>, event_id: Option<&str>) -> Value {
[INFO] [stdout]    |              ^^^^
[INFO] [stdout] 
[INFO] [stdout] 
[INFO] [stdout] warning: unused import: `main`
[INFO] [stdout]   --> src/routes/route_routing/routing_fetch_all.rs:14:14
[INFO] [stdout]    |
[INFO] [stdout] 14 | pub async fn main(
[INFO] [stdout]    |              ^^^^
[INFO] [stdout] 
[INFO] [stdout] 
[INFO] [stdout] warning: unused import: `main`
[INFO] [stdout]   --> src/routes/route_routing/routing_fetch_one.rs:14:14
[INFO] [stdout]    |
[INFO] [stdout] 14 | pub async fn main(
[INFO] [stdout]    |              ^^^^
[INFO] [stdout] 
[INFO] [stdout] 
[INFO] [stdout] warning: unused import: `main`
[INFO] [stdout]   --> src/routes/route_routing/routing_fetch_one_kdl.rs:14:14
[INFO] [stdout]    |
[INFO] [stdout] 14 | pub async fn main(
[INFO] [stdout]    |              ^^^^
[INFO] [stdout] 
[INFO] [stdout] 
[INFO] [stdout] warning: unused import: `main`
[INFO] [stdout]   --> src/routes/route_routing/routing_create.rs:24:14
[INFO] [stdout]    |
[INFO] [stdout] 24 | pub async fn main(data: Json<CreateRouteInput>, token: Token) -> Value {
[INFO] [stdout]    |              ^^^^
[INFO] [stdout] 
[INFO] [stdout] 
[INFO] [stdout] warning: unused import: `main`
[INFO] [stdout]   --> src/routes/route_routing/routing_convert_blocks.rs:22:14
[INFO] [stdout]    |
[INFO] [stdout] 22 | pub async fn main(data: Json<ConvertRouteBlocks>, token: Token) -> Value {
[INFO] [stdout]    |              ^^^^
[INFO] [stdout] 
[INFO] [stdout] 
[INFO] [stdout] warning: unused import: `main`
[INFO] [stdout]   --> src/routes/route_routing/routing_convert_kdl.rs:22:14
[INFO] [stdout]    |
[INFO] [stdout] 22 | pub async fn main(data: Json<ConvertRouteKDL>, token: Token) -> Value {
[INFO] [stdout]    |              ^^^^
[INFO] [stdout] 
[INFO] [stdout] 
[INFO] [stdout] warning: unused import: `main`
[INFO] [stdout]   --> src/routes/route_routing/routing_delete.rs:14:14
[INFO] [stdout]    |
[INFO] [stdout] 14 | pub async fn main(
[INFO] [stdout]    |              ^^^^
[INFO] [stdout] 
[INFO] [stdout] 
[INFO] [stdout] warning: unused import: `main`
[INFO] [stdout]   --> src/routes/route_constraint/constraint_fetch_all.rs:10:14
[INFO] [stdout]    |
[INFO] [stdout] 10 | pub async fn main(
[INFO] [stdout]    |              ^^^^
[INFO] [stdout] 
[INFO] [stdout] 
[INFO] [stdout] warning: unused import: `main`
[INFO] [stdout]   --> src/routes/route_constraint/constraint_fetch_one.rs:10:14
[INFO] [stdout]    |
[INFO] [stdout] 10 | pub async fn main(token: Token, uid: Option<&str>, component_name: Option<&str>) -> Value {
[INFO] [stdout]    |              ^^^^
[INFO] [stdout] 
[INFO] [stdout] 
[INFO] [stdout] warning: unused import: `main`
[INFO] [stdout]   --> src/routes/route_constraint/constraint_update.rs:30:14
[INFO] [stdout]    |
[INFO] [stdout] 30 | pub async fn main(data: Json<UpdateConstraintInput>, token: Token) -> Value {
[INFO] [stdout]    |              ^^^^
[INFO] [stdout] 
[INFO] [stdout] 
[INFO] [stdout] warning: unused import: `main`
[INFO] [stdout]    --> src/routes/route_x/x.rs:161:14
[INFO] [stdout]     |
[INFO] [stdout] 161 | pub async fn main<'r>(
[INFO] [stdout]     |              ^^^^
[INFO] [stdout] 
[INFO] [stdout] 
[INFO] [stdout] warning: unused import: `main`
[INFO] [stdout]   --> src/routes/route_upload/upload.rs:18:14
[INFO] [stdout]    |
[INFO] [stdout] 18 | pub async fn main(content_type: &ContentType, data: Data<'_>) -> Value {
[INFO] [stdout]    |              ^^^^
[INFO] [stdout] 
[INFO] [stdout] 
[INFO] [stdout] warning: unused import: `main`
[INFO] [stdout]   --> src/routes/route_repl/repl_process.rs:19:14
[INFO] [stdout]    |
[INFO] [stdout] 19 | pub async fn main(data: Json<ReplInput>, token: Token) -> Value {
[INFO] [stdout]    |              ^^^^
[INFO] [stdout] 
[INFO] [stdout] 
[INFO] [stdout] warning: call to `.clone()` on a reference in this situation does nothing
[INFO] [stdout]    --> src/components/structure.rs:745:31
[INFO] [stdout]     |
[INFO] [stdout] 745 |         return match stype_txt.clone() {
[INFO] [stdout]     |                               ^^^^^^^^ help: remove this redundant call
[INFO] [stdout]     |
[INFO] [stdout]     = note: the type `str` does not implement `Clone`, so calling `clone` on `&str` copies the reference, which does not do anything and can be removed
[INFO] [stdout]     = note: `#[warn(noop_method_call)]` on by default
[INFO] [stdout] 
[INFO] [stdout] 
[INFO] [stdout] warning: call to `.clone()` on a reference in this situation does nothing
[INFO] [stdout]    --> src/routes/route_project/project_update.rs:123:23
[INFO] [stdout]     |
[INFO] [stdout] 123 |     match match change.clone() {
[INFO] [stdout]     |                       ^^^^^^^^
[INFO] [stdout]     |
[INFO] [stdout]     = note: the type `routes::project::update::UpdateType` does not implement `Clone`, so calling `clone` on `&routes::project::update::UpdateType` copies the reference, which does not do anything and can be removed
[INFO] [stdout] help: remove this redundant call
[INFO] [stdout]     |
[INFO] [stdout] 123 -     match match change.clone() {
[INFO] [stdout] 123 +     match match change {
[INFO] [stdout]     |
[INFO] [stdout] help: if you meant to clone `routes::project::update::UpdateType`, implement `Clone` for it
[INFO] [stdout]     |
[INFO] [stdout] 21  + #[derive(Clone)]
[INFO] [stdout] 22  | pub enum UpdateType {
[INFO] [stdout]     |
[INFO] [stdout] 
[INFO] [stdout] 
[INFO] [stdout] warning: using `.clone()` on a double reference, which returns `&&routes::project::update::UpdateType` instead of cloning the inner type
[INFO] [stdout]    --> src/routes/route_project/project_update.rs:133:14
[INFO] [stdout]     |
[INFO] [stdout] 133 |     if change.clone() == &UpdateType::ID {
[INFO] [stdout]     |              ^^^^^^^^
[INFO] [stdout]     |
[INFO] [stdout]     = note: `#[warn(suspicious_double_ref_op)]` on by default
[INFO] [stdout] 
[INFO] [stdout] 
[INFO] [stdout] warning: using `.clone()` on a double reference, which returns `&&routes::project::update::UpdateType` instead of cloning the inner type
[INFO] [stdout]    --> src/routes/route_project/project_update.rs:190:21
[INFO] [stdout]     |
[INFO] [stdout] 190 |     } else if change.clone() == &UpdateType::NAME {
[INFO] [stdout]     |                     ^^^^^^^^
[INFO] [stdout] 
[INFO] [stdout] 
[INFO] [stdout] warning: using `.clone()` on a double reference, which returns `&&routes::project::update::UpdateType` instead of cloning the inner type
[INFO] [stdout]    --> src/routes/route_project/project_update.rs:202:21
[INFO] [stdout]     |
[INFO] [stdout] 202 |     } else if change.clone() == &UpdateType::DESCRIPTION {
[INFO] [stdout]     |                     ^^^^^^^^
[INFO] [stdout] 
[INFO] [stdout] 
[INFO] [stdout] warning: using `.clone()` on a double reference, which returns `&&routes::project::update::UpdateType` instead of cloning the inner type
[INFO] [stdout]    --> src/routes/route_project/project_update.rs:214:21
[INFO] [stdout]     |
[INFO] [stdout] 214 |     } else if change.clone() == &UpdateType::APIPATH {
[INFO] [stdout]     |                     ^^^^^^^^
[INFO] [stdout] 
[INFO] [stdout] 
[INFO] [stdout] warning: call to `.clone()` on a reference in this situation does nothing
[INFO] [stdout]    --> src/routes/route_collection/collection_update.rs:124:23
[INFO] [stdout]     |
[INFO] [stdout] 124 |     match match change.clone() {
[INFO] [stdout]     |                       ^^^^^^^^
[INFO] [stdout]     |
[INFO] [stdout]     = note: the type `routes::collection::update::UpdateType` does not implement `Clone`, so calling `clone` on `&routes::collection::update::UpdateType` copies the reference, which does not do anything and can be removed
[INFO] [stdout] help: remove this redundant call
[INFO] [stdout]     |
[INFO] [stdout] 124 -     match match change.clone() {
[INFO] [stdout] 124 +     match match change {
[INFO] [stdout]     |
[INFO] [stdout] help: if you meant to clone `routes::collection::update::UpdateType`, implement `Clone` for it
[INFO] [stdout]     |
[INFO] [stdout] 22  + #[derive(Clone)]
[INFO] [stdout] 23  | pub enum UpdateType {
[INFO] [stdout]     |
[INFO] [stdout] 
[INFO] [stdout] 
[INFO] [stdout] warning: using `.clone()` on a double reference, which returns `&&routes::collection::update::UpdateType` instead of cloning the inner type
[INFO] [stdout]    --> src/routes/route_collection/collection_update.rs:135:14
[INFO] [stdout]     |
[INFO] [stdout] 135 |     if change.clone() == &UpdateType::ID {
[INFO] [stdout]     |              ^^^^^^^^
[INFO] [stdout] 
[INFO] [stdout] 
[INFO] [stdout] warning: using `.clone()` on a double reference, which returns `&&routes::collection::update::UpdateType` instead of cloning the inner type
[INFO] [stdout]    --> src/routes/route_collection/collection_update.rs:168:21
[INFO] [stdout]     |
[INFO] [stdout] 168 |     } else if change.clone() == &UpdateType::NAME {
[INFO] [stdout]     |                     ^^^^^^^^
[INFO] [stdout] 
[INFO] [stdout] 
[INFO] [stdout] warning: using `.clone()` on a double reference, which returns `&&routes::collection::update::UpdateType` instead of cloning the inner type
[INFO] [stdout]    --> src/routes/route_collection/collection_update.rs:180:21
[INFO] [stdout]     |
[INFO] [stdout] 180 |     } else if change.clone() == &UpdateType::DESCRIPTION {
[INFO] [stdout]     |                     ^^^^^^^^
[INFO] [stdout] 
[INFO] [stdout] 
[INFO] [stdout] warning: call to `.clone()` on a reference in this situation does nothing
[INFO] [stdout]   --> src/routes/route_media/media_update.rs:65:23
[INFO] [stdout]    |
[INFO] [stdout] 65 |     match match change.clone() {
[INFO] [stdout]    |                       ^^^^^^^^
[INFO] [stdout]    |
[INFO] [stdout]    = note: the type `routes::media::update::UpdateType` does not implement `Clone`, so calling `clone` on `&routes::media::update::UpdateType` copies the reference, which does not do anything and can be removed
[INFO] [stdout] help: remove this redundant call
[INFO] [stdout]    |
[INFO] [stdout] 65 -     match match change.clone() {
[INFO] [stdout] 65 +     match match change {
[INFO] [stdout]    |
[INFO] [stdout] help: if you meant to clone `routes::media::update::UpdateType`, implement `Clone` for it
[INFO] [stdout]    |
[INFO] [stdout] 15 + #[derive(Clone)]
[INFO] [stdout] 16 | pub enum UpdateType {
[INFO] [stdout]    |
[INFO] [stdout] 
[INFO] [stdout] 
[INFO] [stdout] warning: call to `.clone()` on a reference in this situation does nothing
[INFO] [stdout]   --> src/routes/route_constraint/constraint_update.rs:64:23
[INFO] [stdout]    |
[INFO] [stdout] 64 |     match match change.clone() {
[INFO] [stdout]    |                       ^^^^^^^^
[INFO] [stdout]    |
[INFO] [stdout]    = note: the type `routes::constraint::update::UpdateType` does not implement `Clone`, so calling `clone` on `&routes::constraint::update::UpdateType` copies the reference, which does not do anything and can be removed
[INFO] [stdout] help: remove this redundant call
[INFO] [stdout]    |
[INFO] [stdout] 64 -     match match change.clone() {
[INFO] [stdout] 64 +     match match change {
[INFO] [stdout]    |
[INFO] [stdout] help: if you meant to clone `routes::constraint::update::UpdateType`, implement `Clone` for it
[INFO] [stdout]    |
[INFO] [stdout] 14 + #[derive(Clone)]
[INFO] [stdout] 15 | pub enum UpdateType {
[INFO] [stdout]    |
[INFO] [stdout] 
[INFO] [stdout] 
[INFO] [stdout] warning: using `.clone()` on a double reference, which returns `&&routes::constraint::update::UpdateType` instead of cloning the inner type
[INFO] [stdout]   --> src/routes/route_constraint/constraint_update.rs:82:14
[INFO] [stdout]    |
[INFO] [stdout] 82 |     if change.clone() == &UpdateType::MIN {
[INFO] [stdout]    |              ^^^^^^^^
[INFO] [stdout] 
[INFO] [stdout] 
[INFO] [stdout] warning: using `.clone()` on a double reference, which returns `&&routes::constraint::update::UpdateType` instead of cloning the inner type
[INFO] [stdout]   --> src/routes/route_constraint/constraint_update.rs:94:21
[INFO] [stdout]    |
[INFO] [stdout] 94 |     } else if change.clone() == &UpdateType::MAX {
[INFO] [stdout]    |                     ^^^^^^^^
[INFO] [stdout] 
[INFO] [stdout] 
[INFO] [stdout] warning: call to `.clone()` on a reference in this situation does nothing
[INFO] [stdout]   --> src/routes/route_upload/upload.rs:58:38
[INFO] [stdout]    |
[INFO] [stdout] 58 |             Some(name) => name.trim().clone().split(".").collect::<Vec<&str>>(),
[INFO] [stdout]    |                                      ^^^^^^^^ help: remove this redundant call
[INFO] [stdout]    |
[INFO] [stdout]    = note: the type `str` does not implement `Clone`, so calling `clone` on `&str` copies the reference, which does not do anything and can be removed
[INFO] [stdout] 
[INFO] [stdout] 
[INFO] [stdout] warning: call to `.clone()` on a reference in this situation does nothing
[INFO] [stdout]   --> src/routes/route_upload/upload.rs:78:20
[INFO] [stdout]    |
[INFO] [stdout] 78 |               .trim()
[INFO] [stdout]    |  ____________________^
[INFO] [stdout] 79 | |             .clone()
[INFO] [stdout]    | |____________________^ help: remove this redundant call
[INFO] [stdout]    |
[INFO] [stdout]    = note: the type `str` does not implement `Clone`, so calling `clone` on `&str` copies the reference, which does not do anything and can be removed
[INFO] [stdout] 
[INFO] [stdout] 
[INFO] [stdout] warning: call to `.clone()` on a reference in this situation does nothing
[INFO] [stdout]   --> src/routes/route_upload/upload.rs:94:20
[INFO] [stdout]    |
[INFO] [stdout] 94 |               .trim()
[INFO] [stdout]    |  ____________________^
[INFO] [stdout] 95 | |             .clone()
[INFO] [stdout]    | |____________________^ help: remove this redundant call
[INFO] [stdout]    |
[INFO] [stdout]    = note: the type `str` does not implement `Clone`, so calling `clone` on `&str` copies the reference, which does not do anything and can be removed
[INFO] [stdout] 
[INFO] [stdout] 
[INFO] [stderr]     Finished `test` profile [unoptimized + debuginfo] target(s) in 10.54s
[INFO] [stderr] warning: the following packages contain code that will be rejected by a future version of Rust: ubyte v0.10.1
[INFO] [stderr] note: to see what the problems were, use the option `--future-incompat-report`, or run `cargo report future-incompatibilities --id 1`
[INFO] running `Command { std: "docker" "inspect" "e758f15843a4e56b4c851c685c4982a25a3b757c01bed47599e79b0e6ea05f61", kill_on_drop: false }`
[INFO] running `Command { std: "docker" "rm" "-f" "e758f15843a4e56b4c851c685c4982a25a3b757c01bed47599e79b0e6ea05f61", kill_on_drop: false }`
[INFO] [stdout] e758f15843a4e56b4c851c685c4982a25a3b757c01bed47599e79b0e6ea05f61
[INFO] running `Command { std: "docker" "create" "-v" "/var/lib/crater-agent-workspace/builds/worker-1-tc1/target:/opt/rustwide/target:rw,Z" "-v" "/var/lib/crater-agent-workspace/builds/worker-1-tc1/source:/opt/rustwide/workdir:ro,Z" "-v" "/var/lib/crater-agent-workspace/cargo-home:/opt/rustwide/cargo-home:ro,Z" "-v" "/var/lib/crater-agent-workspace/rustup-home:/opt/rustwide/rustup-home:ro,Z" "-e" "SOURCE_DIR=/opt/rustwide/workdir" "-e" "CARGO_TARGET_DIR=/opt/rustwide/target" "-e" "CARGO_INCREMENTAL=0" "-e" "RUST_BACKTRACE=full" "-e" "RUSTFLAGS=--cap-lints=warn" "-e" "RUSTDOCFLAGS=--cap-lints=warn" "-e" "CARGO_HOME=/opt/rustwide/cargo-home" "-e" "RUSTUP_HOME=/opt/rustwide/rustup-home" "-w" "/opt/rustwide/workdir" "-m" "1610612736" "--user" "0:0" "--network" "none" "ghcr.io/rust-lang/crates-build-env/linux@sha256:f3a9d4ad9d972b27faf3965f35b62e55ba32bbce8f20bc8fe909558a86702fde" "/opt/rustwide/cargo-home/bin/cargo" "+1.83.0" "test" "--frozen", kill_on_drop: false }`
[INFO] [stdout] 73797cc661de7c1ea443cdd40b4077140d827db6a53350ba19554eda1badf664
[INFO] running `Command { std: "docker" "start" "-a" "73797cc661de7c1ea443cdd40b4077140d827db6a53350ba19554eda1badf664", kill_on_drop: false }`
[INFO] [stderr] warning: unused import: `main`
[INFO] [stderr]  --> src/routes/route_test/test_hello_world.rs:4:8
[INFO] [stderr]   |
[INFO] [stderr] 4 | pub fn main() -> &'static str {
[INFO] [stderr]   |        ^^^^
[INFO] [stderr]   |
[INFO] [stderr]   = note: `#[warn(unused_imports)]` on by default
[INFO] [stderr] 
[INFO] [stderr] warning: unused import: `main`
[INFO] [stderr]  --> src/routes/route_test/test_wave.rs:7:8
[INFO] [stderr]   |
[INFO] [stderr] 7 | pub fn main(name: &str, age: u8) -> Template {
[INFO] [stderr]   |        ^^^^
[INFO] [stderr] 
[INFO] [stderr] warning: unused import: `main`
[INFO] [stderr]   --> src/routes/route_user/user_fetch_all.rs:11:14
[INFO] [stderr]    |
[INFO] [stderr] 11 | pub async fn main(
[INFO] [stderr]    |              ^^^^
[INFO] [stderr] 
[INFO] [stderr] warning: unused import: `main`
[INFO] [stderr]   --> src/routes/route_user/user_fetch_one.rs:10:14
[INFO] [stderr]    |
[INFO] [stderr] 10 | pub async fn main(token: Token, uid: Option<&str>, target_uid: Option<&str>) -> Value {
[INFO] [stderr]    |              ^^^^
[INFO] [stderr] 
[INFO] [stderr] warning: unused import: `main`
[INFO] [stderr]   --> src/routes/route_user/user_login.rs:19:8
[INFO] [stderr]    |
[INFO] [stderr] 19 | pub fn main(data: Json<LoginInput>) -> Value {
[INFO] [stderr]    |        ^^^^
[INFO] [stderr] 
[INFO] [stderr] warning: unused import: `main`
[INFO] [stderr]  --> src/routes/route_user/user_verify.rs:7:14
[INFO] [stderr]   |
[INFO] [stderr] 7 | pub async fn main(token: Token, uid: Option<&str>) -> Value {
[INFO] [stderr]   |              ^^^^
[INFO] [stderr] 
[INFO] [stderr] warning: unused import: `main`
[INFO] [stderr]   --> src/routes/route_user/user_login_jwt.rs:17:14
[INFO] [stderr]    |
[INFO] [stderr] 17 | pub async fn main(data: Json<UIDInput>, token: Token) -> Value {
[INFO] [stderr]    |              ^^^^
[INFO] [stderr] 
[INFO] [stderr] warning: unused import: `main`
[INFO] [stderr]   --> src/routes/route_user/user_register.rs:36:14
[INFO] [stderr]    |
[INFO] [stderr] 36 | pub async fn main(data: Json<RegisterInput>, token: Token) -> Value {
[INFO] [stderr]    |              ^^^^
[INFO] [stderr] 
[INFO] [stderr] warning: unused import: `main`
[INFO] [stderr]   --> src/routes/route_user/user_update.rs:28:14
[INFO] [stderr]    |
[INFO] [stderr] 28 | pub async fn main(data: Json<ChangeInput>, token: Token) -> Value {
[INFO] [stderr]    |              ^^^^
[INFO] [stderr] 
[INFO] [stderr] warning: unused import: `main`
[INFO] [stderr]   --> src/routes/route_user/user_update_role.rs:20:14
[INFO] [stderr]    |
[INFO] [stderr] 20 | pub async fn main(data: Json<RoleInput>, token: Token) -> Value {
[INFO] [stderr]    |              ^^^^
[INFO] [stderr] 
[INFO] [stderr] warning: unused import: `main`
[INFO] [stderr]   --> src/routes/route_user/user_delete.rs:11:14
[INFO] [stderr]    |
[INFO] [stderr] 11 | pub async fn main(token: Token, uid: Option<&str>, target_uid: Option<&str>) -> Value {
[INFO] [stderr]    |              ^^^^
[INFO] [stderr] 
[INFO] [stderr] warning: unused import: `main`
[INFO] [stderr]   --> src/routes/route_config/config_fetch_all.rs:12:14
[INFO] [stderr]    |
[INFO] [stderr] 12 | pub async fn main(
[INFO] [stderr]    |              ^^^^
[INFO] [stderr] 
[INFO] [stderr] warning: unused import: `main`
[INFO] [stderr]   --> src/routes/route_config/config_fetch_one.rs:12:14
[INFO] [stderr]    |
[INFO] [stderr] 12 | pub async fn main(token: Token, uid: Option<&str>, key: Option<&str>) -> Value {
[INFO] [stderr]    |              ^^^^
[INFO] [stderr] 
[INFO] [stderr] warning: unused import: `main`
[INFO] [stderr]   --> src/routes/route_config/config_add.rs:22:14
[INFO] [stderr]    |
[INFO] [stderr] 22 | pub async fn main(data: Json<AddConfigInput>, token: Token) -> Value {
[INFO] [stderr]    |              ^^^^
[INFO] [stderr] 
[INFO] [stderr] warning: unused import: `main`
[INFO] [stderr]   --> src/routes/route_config/config_update.rs:15:14
[INFO] [stderr]    |
[INFO] [stderr] 15 | pub async fn main(data: Json<AddConfigInput>, token: Token) -> Value {
[INFO] [stderr]    |              ^^^^
[INFO] [stderr] 
[INFO] [stderr] warning: unused import: `main`
[INFO] [stderr]   --> src/routes/route_config/config_delete.rs:13:14
[INFO] [stderr]    |
[INFO] [stderr] 13 | pub async fn main(token: Token, uid: Option<&str>, key: Option<&str>) -> Value {
[INFO] [stderr]    |              ^^^^
[INFO] [stderr] 
[INFO] [stderr] warning: unused import: `main`
[INFO] [stderr]   --> src/routes/route_project/project_fetch_all.rs:13:14
[INFO] [stderr]    |
[INFO] [stderr] 13 | pub async fn main(
[INFO] [stderr]    |              ^^^^
[INFO] [stderr] 
[INFO] [stderr] warning: unused import: `main`
[INFO] [stderr]   --> src/routes/route_project/project_fetch_one.rs:12:14
[INFO] [stderr]    |
[INFO] [stderr] 12 | pub async fn main(token: Token, uid: Option<&str>, project_id: Option<&str>) -> Value {
[INFO] [stderr]    |              ^^^^
[INFO] [stderr] 
[INFO] [stderr] warning: unused import: `main`
[INFO] [stderr]   --> src/routes/route_project/project_create.rs:31:14
[INFO] [stderr]    |
[INFO] [stderr] 31 | pub async fn main(data: Json<CreateProjectInput>, token: Token) -> Value {
[INFO] [stderr]    |              ^^^^
[INFO] [stderr] 
[INFO] [stderr] warning: unused import: `main`
[INFO] [stderr]   --> src/routes/route_project/project_update.rs:38:14
[INFO] [stderr]    |
[INFO] [stderr] 38 | pub async fn main(data: Json<UpdateProjectInput>, token: Token) -> Value {
[INFO] [stderr]    |              ^^^^
[INFO] [stderr] 
[INFO] [stderr] warning: unused import: `main`
[INFO] [stderr]   --> src/routes/route_project/project_delete.rs:15:14
[INFO] [stderr]    |
[INFO] [stderr] 15 | pub async fn main(token: Token, uid: Option<&str>, project_id: Option<&str>) -> Value {
[INFO] [stderr]    |              ^^^^
[INFO] [stderr] 
[INFO] [stderr] warning: unused import: `main`
[INFO] [stderr]   --> src/routes/route_project/project_add_member.rs:22:14
[INFO] [stderr]    |
[INFO] [stderr] 22 | pub async fn main(data: Json<MemberProjectInput>, token: Token) -> Value {
[INFO] [stderr]    |              ^^^^
[INFO] [stderr] 
[INFO] [stderr] warning: unused import: `main`
[INFO] [stderr]   --> src/routes/route_project/project_remove_member.rs:15:14
[INFO] [stderr]    |
[INFO] [stderr] 15 | pub async fn main(data: Json<MemberProjectInput>, token: Token) -> Value {
[INFO] [stderr]    |              ^^^^
[INFO] [stderr] 
[INFO] [stderr] warning: unused import: `main`
[INFO] [stderr]   --> src/routes/route_collection/collection_fetch_all.rs:15:14
[INFO] [stderr]    |
[INFO] [stderr] 15 | pub async fn main(
[INFO] [stderr]    |              ^^^^
[INFO] [stderr] 
[INFO] [stderr] warning: unused import: `main`
[INFO] [stderr]   --> src/routes/route_collection/collection_fetch_one.rs:14:14
[INFO] [stderr]    |
[INFO] [stderr] 14 | pub async fn main(
[INFO] [stderr]    |              ^^^^
[INFO] [stderr] 
[INFO] [stderr] warning: unused import: `main`
[INFO] [stderr]   --> src/routes/route_collection/collection_create.rs:33:14
[INFO] [stderr]    |
[INFO] [stderr] 33 | pub async fn main(data: Json<CreateCollectionInput>, token: Token) -> Value {
[INFO] [stderr]    |              ^^^^
[INFO] [stderr] 
[INFO] [stderr] warning: unused import: `main`
[INFO] [stderr]   --> src/routes/route_collection/collection_update.rs:39:14
[INFO] [stderr]    |
[INFO] [stderr] 39 | pub async fn main(data: Json<UpdateCollectionInput>, token: Token) -> Value {
[INFO] [stderr]    |              ^^^^
[INFO] [stderr] 
[INFO] [stderr] warning: unused import: `main`
[INFO] [stderr]   --> src/routes/route_collection/collection_delete.rs:16:14
[INFO] [stderr]    |
[INFO] [stderr] 16 | pub async fn main(
[INFO] [stderr]    |              ^^^^
[INFO] [stderr] 
[INFO] [stderr] warning: unused import: `main`
[INFO] [stderr]   --> src/routes/route_structure/structure_add.rs:31:14
[INFO] [stderr]    |
[INFO] [stderr] 31 | pub async fn main(data: Json<AddStructureInput>, token: Token) -> Value {
[INFO] [stderr]    |              ^^^^
[INFO] [stderr] 
[INFO] [stderr] warning: unused import: `main`
[INFO] [stderr]   --> src/routes/route_structure/structure_update.rs:30:14
[INFO] [stderr]    |
[INFO] [stderr] 30 | pub async fn main(data: Json<UpdateStructureInput>, token: Token) -> Value {
[INFO] [stderr]    |              ^^^^
[INFO] [stderr] 
[INFO] [stderr] warning: unused import: `main`
[INFO] [stderr]   --> src/routes/route_structure/structure_delete.rs:18:14
[INFO] [stderr]    |
[INFO] [stderr] 18 | pub async fn main(
[INFO] [stderr]    |              ^^^^
[INFO] [stderr] 
[INFO] [stderr] warning: unused import: `main`
[INFO] [stderr]   --> src/routes/route_custom_structure/custom_structure_add.rs:26:14
[INFO] [stderr]    |
[INFO] [stderr] 26 | pub async fn main(data: Json<AddCustomStructureInput>, token: Token) -> Value {
[INFO] [stderr]    |              ^^^^
[INFO] [stderr] 
[INFO] [stderr] warning: unused import: `main`
[INFO] [stderr]   --> src/routes/route_custom_structure/custom_structure_update.rs:28:14
[INFO] [stderr]    |
[INFO] [stderr] 28 | pub async fn main(data: Json<UpdateCustomStructureInput>, token: Token) -> Value {
[INFO] [stderr]    |              ^^^^
[INFO] [stderr] 
[INFO] [stderr] warning: unused import: `main`
[INFO] [stderr]   --> src/routes/route_custom_structure/custom_structure_delete.rs:16:14
[INFO] [stderr]    |
[INFO] [stderr] 16 | pub async fn main(
[INFO] [stderr]    |              ^^^^
[INFO] [stderr] 
[INFO] [stderr] warning: unused import: `main`
[INFO] [stderr]  --> src/routes/route_media/media_fetch_all.rs:9:14
[INFO] [stderr]   |
[INFO] [stderr] 9 | pub async fn main(
[INFO] [stderr]   |              ^^^^
[INFO] [stderr] 
[INFO] [stderr] warning: unused import: `main`
[INFO] [stderr]  --> src/routes/route_media/media_fetch_one.rs:9:14
[INFO] [stderr]   |
[INFO] [stderr] 9 | pub async fn main(token: Token, uid: Option<&str>, media_id: Option<&str>) -> Value {
[INFO] [stderr]   |              ^^^^
[INFO] [stderr] 
[INFO] [stderr] warning: unused import: `main`
[INFO] [stderr]   --> src/routes/route_media/media_create.rs:26:14
[INFO] [stderr]    |
[INFO] [stderr] 26 | pub async fn main(data: Json<CreateMediaInput>, token: Token) -> Value {
[INFO] [stderr]    |              ^^^^
[INFO] [stderr] 
[INFO] [stderr] warning: unused import: `main`
[INFO] [stderr]   --> src/routes/route_media/media_update.rs:30:14
[INFO] [stderr]    |
[INFO] [stderr] 30 | pub async fn main(data: Json<UpdateMediaInput>, token: Token) -> Value {
[INFO] [stderr]    |              ^^^^
[INFO] [stderr] 
[INFO] [stderr] warning: unused import: `main`
[INFO] [stderr]   --> src/routes/route_media/media_delete.rs:13:14
[INFO] [stderr]    |
[INFO] [stderr] 13 | pub async fn main(token: Token, uid: Option<&str>, media_id: Option<&str>) -> Value {
[INFO] [stderr]    |              ^^^^
[INFO] [stderr] 
[INFO] [stderr] warning: unused import: `main`
[INFO] [stderr]   --> src/routes/route_misc/misc_test_mongo.rs:18:14
[INFO] [stderr]    |
[INFO] [stderr] 18 | pub async fn main(data: Json<TestMongoInput>, token: Token) -> Value {
[INFO] [stderr]    |              ^^^^
[INFO] [stderr] 
[INFO] [stderr] warning: unused import: `main`
[INFO] [stderr]   --> src/routes/route_misc/misc_test_smtp.rs:27:14
[INFO] [stderr]    |
[INFO] [stderr] 27 | pub async fn main(data: Json<TestSMTPInput>, token: Token) -> Value {
[INFO] [stderr]    |              ^^^^
[INFO] [stderr] 
[INFO] [stderr] warning: unused import: `main`
[INFO] [stderr]   --> src/routes/route_data/data_fetch_all.rs:19:14
[INFO] [stderr]    |
[INFO] [stderr] 19 | pub async fn main(
[INFO] [stderr]    |              ^^^^
[INFO] [stderr] 
[INFO] [stderr] warning: unused import: `main`
[INFO] [stderr]   --> src/routes/route_data/data_fetch_one.rs:17:14
[INFO] [stderr]    |
[INFO] [stderr] 17 | pub async fn main(
[INFO] [stderr]    |              ^^^^
[INFO] [stderr] 
[INFO] [stderr] warning: unused import: `main`
[INFO] [stderr]   --> src/routes/route_data/data_create.rs:28:14
[INFO] [stderr]    |
[INFO] [stderr] 28 | pub async fn main(data: Json<CreateDataInput>, token: Token) -> Value {
[INFO] [stderr]    |              ^^^^
[INFO] [stderr] 
[INFO] [stderr] warning: unused import: `main`
[INFO] [stderr]   --> src/routes/route_data/data_update.rs:30:14
[INFO] [stderr]    |
[INFO] [stderr] 30 | pub async fn main(data: Json<UpdateDataInput>, token: Token) -> Value {
[INFO] [stderr]    |              ^^^^
[INFO] [stderr] 
[INFO] [stderr] warning: unused import: `main`
[INFO] [stderr]   --> src/routes/route_data/data_delete.rs:16:14
[INFO] [stderr]    |
[INFO] [stderr] 16 | pub async fn main(
[INFO] [stderr]    |              ^^^^
[INFO] [stderr] 
[INFO] [stderr] warning: unused import: `main`
[INFO] [stderr]   --> src/routes/route_data/data_publish.rs:27:14
[INFO] [stderr]    |
[INFO] [stderr] 27 | pub async fn main(data: Json<PublishDataInput>, token: Token) -> Value {
[INFO] [stderr]    |              ^^^^
[INFO] [stderr] 
[INFO] [stderr] warning: unused import: `main`
[INFO] [stderr]   --> src/routes/route_event/event_fetch_all.rs:12:14
[INFO] [stderr]    |
[INFO] [stderr] 12 | pub async fn main(
[INFO] [stderr]    |              ^^^^
[INFO] [stderr] 
[INFO] [stderr] warning: unused import: `main`
[INFO] [stderr]   --> src/routes/route_event/event_fetch_one.rs:12:14
[INFO] [stderr]    |
[INFO] [stderr] 12 | pub async fn main(token: Token, uid: Option<&str>, event_id: Option<&str>) -> Value {
[INFO] [stderr]    |              ^^^^
[INFO] [stderr] 
[INFO] [stderr] warning: unused import: `main`
[INFO] [stderr]   --> src/routes/route_event/event_delete.rs:13:14
[INFO] [stderr]    |
[INFO] [stderr] 13 | pub async fn main(token: Token, uid: Option<&str>, event_id: Option<&str>) -> Value {
[INFO] [stderr]    |              ^^^^
[INFO] [stderr] 
[INFO] [stderr] warning: unused import: `main`
[INFO] [stderr]   --> src/routes/route_routing/routing_fetch_all.rs:14:14
[INFO] [stderr]    |
[INFO] [stderr] 14 | pub async fn main(
[INFO] [stderr]    |              ^^^^
[INFO] [stderr] 
[INFO] [stderr] warning: unused import: `main`
[INFO] [stderr]   --> src/routes/route_routing/routing_fetch_one.rs:14:14
[INFO] [stderr]    |
[INFO] [stderr] 14 | pub async fn main(
[INFO] [stderr]    |              ^^^^
[INFO] [stderr] 
[INFO] [stderr] warning: unused import: `main`
[INFO] [stderr]   --> src/routes/route_routing/routing_fetch_one_kdl.rs:14:14
[INFO] [stderr]    |
[INFO] [stderr] 14 | pub async fn main(
[INFO] [stderr]    |              ^^^^
[INFO] [stderr] 
[INFO] [stderr] warning: unused import: `main`
[INFO] [stderr]   --> src/routes/route_routing/routing_create.rs:24:14
[INFO] [stderr]    |
[INFO] [stderr] 24 | pub async fn main(data: Json<CreateRouteInput>, token: Token) -> Value {
[INFO] [stderr]    |              ^^^^
[INFO] [stderr] 
[INFO] [stderr] warning: unused import: `main`
[INFO] [stderr]   --> src/routes/route_routing/routing_convert_blocks.rs:22:14
[INFO] [stderr]    |
[INFO] [stderr] 22 | pub async fn main(data: Json<ConvertRouteBlocks>, token: Token) -> Value {
[INFO] [stderr]    |              ^^^^
[INFO] [stderr] 
[INFO] [stderr] warning: unused import: `main`
[INFO] [stderr]   --> src/routes/route_routing/routing_convert_kdl.rs:22:14
[INFO] [stderr]    |
[INFO] [stderr] 22 | pub async fn main(data: Json<ConvertRouteKDL>, token: Token) -> Value {
[INFO] [stderr]    |              ^^^^
[INFO] [stderr] 
[INFO] [stderr] warning: unused import: `main`
[INFO] [stderr]   --> src/routes/route_routing/routing_delete.rs:14:14
[INFO] [stderr]    |
[INFO] [stderr] 14 | pub async fn main(
[INFO] [stderr]    |              ^^^^
[INFO] [stderr] 
[INFO] [stderr] warning: unused import: `main`
[INFO] [stderr]   --> src/routes/route_constraint/constraint_fetch_all.rs:10:14
[INFO] [stderr]    |
[INFO] [stderr] 10 | pub async fn main(
[INFO] [stderr]    |              ^^^^
[INFO] [stderr] 
[INFO] [stderr] warning: unused import: `main`
[INFO] [stderr]   --> src/routes/route_constraint/constraint_fetch_one.rs:10:14
[INFO] [stderr]    |
[INFO] [stderr] 10 | pub async fn main(token: Token, uid: Option<&str>, component_name: Option<&str>) -> Value {
[INFO] [stderr]    |              ^^^^
[INFO] [stderr] 
[INFO] [stderr] warning: unused import: `main`
[INFO] [stderr]   --> src/routes/route_constraint/constraint_update.rs:30:14
[INFO] [stderr]    |
[INFO] [stderr] 30 | pub async fn main(data: Json<UpdateConstraintInput>, token: Token) -> Value {
[INFO] [stderr]    |              ^^^^
[INFO] [stderr] 
[INFO] [stderr] warning: unused import: `main`
[INFO] [stderr]    --> src/routes/route_x/x.rs:161:14
[INFO] [stderr]     |
[INFO] [stderr] 161 | pub async fn main<'r>(
[INFO] [stderr]     |              ^^^^
[INFO] [stderr] 
[INFO] [stderr] warning: unused import: `main`
[INFO] [stderr]   --> src/routes/route_upload/upload.rs:18:14
[INFO] [stderr]    |
[INFO] [stderr] 18 | pub async fn main(content_type: &ContentType, data: Data<'_>) -> Value {
[INFO] [stderr]    |              ^^^^
[INFO] [stderr] 
[INFO] [stderr] warning: unused import: `main`
[INFO] [stderr]   --> src/routes/route_repl/repl_process.rs:19:14
[INFO] [stderr]    |
[INFO] [stderr] 19 | pub async fn main(data: Json<ReplInput>, token: Token) -> Value {
[INFO] [stderr]    |              ^^^^
[INFO] [stderr] 
[INFO] [stderr] warning: call to `.clone()` on a reference in this situation does nothing
[INFO] [stderr]    --> src/components/structure.rs:745:31
[INFO] [stderr]     |
[INFO] [stderr] 745 |         return match stype_txt.clone() {
[INFO] [stderr]     |                               ^^^^^^^^ help: remove this redundant call
[INFO] [stderr]     |
[INFO] [stderr]     = note: the type `str` does not implement `Clone`, so calling `clone` on `&str` copies the reference, which does not do anything and can be removed
[INFO] [stderr]     = note: `#[warn(noop_method_call)]` on by default
[INFO] [stderr] 
[INFO] [stderr] warning: call to `.clone()` on a reference in this situation does nothing
[INFO] [stderr]    --> src/routes/route_project/project_update.rs:123:23
[INFO] [stderr]     |
[INFO] [stderr] 123 |     match match change.clone() {
[INFO] [stderr]     |                       ^^^^^^^^
[INFO] [stderr]     |
[INFO] [stderr]     = note: the type `routes::project::update::UpdateType` does not implement `Clone`, so calling `clone` on `&routes::project::update::UpdateType` copies the reference, which does not do anything and can be removed
[INFO] [stderr] help: remove this redundant call
[INFO] [stderr]     |
[INFO] [stderr] 123 -     match match change.clone() {
[INFO] [stderr] 123 +     match match change {
[INFO] [stderr]     |
[INFO] [stderr] help: if you meant to clone `routes::project::update::UpdateType`, implement `Clone` for it
[INFO] [stderr]     |
[INFO] [stderr] 21  + #[derive(Clone)]
[INFO] [stderr] 22  | pub enum UpdateType {
[INFO] [stderr]     |
[INFO] [stderr] 
[INFO] [stderr] warning: using `.clone()` on a double reference, which returns `&&routes::project::update::UpdateType` instead of cloning the inner type
[INFO] [stderr]    --> src/routes/route_project/project_update.rs:133:14
[INFO] [stderr]     |
[INFO] [stderr] 133 |     if change.clone() == &UpdateType::ID {
[INFO] [stderr]     |              ^^^^^^^^
[INFO] [stderr]     |
[INFO] [stderr]     = note: `#[warn(suspicious_double_ref_op)]` on by default
[INFO] [stderr] 
[INFO] [stderr] warning: using `.clone()` on a double reference, which returns `&&routes::project::update::UpdateType` instead of cloning the inner type
[INFO] [stderr]    --> src/routes/route_project/project_update.rs:190:21
[INFO] [stderr]     |
[INFO] [stderr] 190 |     } else if change.clone() == &UpdateType::NAME {
[INFO] [stderr]     |                     ^^^^^^^^
[INFO] [stderr] 
[INFO] [stderr] warning: using `.clone()` on a double reference, which returns `&&routes::project::update::UpdateType` instead of cloning the inner type
[INFO] [stderr]    --> src/routes/route_project/project_update.rs:202:21
[INFO] [stderr]     |
[INFO] [stderr] 202 |     } else if change.clone() == &UpdateType::DESCRIPTION {
[INFO] [stderr]     |                     ^^^^^^^^
[INFO] [stderr] 
[INFO] [stderr] warning: using `.clone()` on a double reference, which returns `&&routes::project::update::UpdateType` instead of cloning the inner type
[INFO] [stderr]    --> src/routes/route_project/project_update.rs:214:21
[INFO] [stderr]     |
[INFO] [stderr] 214 |     } else if change.clone() == &UpdateType::APIPATH {
[INFO] [stderr]     |                     ^^^^^^^^
[INFO] [stderr] 
[INFO] [stderr] warning: call to `.clone()` on a reference in this situation does nothing
[INFO] [stderr]    --> src/routes/route_collection/collection_update.rs:124:23
[INFO] [stderr]     |
[INFO] [stderr] 124 |     match match change.clone() {
[INFO] [stderr]     |                       ^^^^^^^^
[INFO] [stderr]     |
[INFO] [stderr]     = note: the type `routes::collection::update::UpdateType` does not implement `Clone`, so calling `clone` on `&routes::collection::update::UpdateType` copies the reference, which does not do anything and can be removed
[INFO] [stderr] help: remove this redundant call
[INFO] [stderr]     |
[INFO] [stderr] 124 -     match match change.clone() {
[INFO] [stderr] 124 +     match match change {
[INFO] [stderr]     |
[INFO] [stderr] help: if you meant to clone `routes::collection::update::UpdateType`, implement `Clone` for it
[INFO] [stderr]     |
[INFO] [stderr] 22  + #[derive(Clone)]
[INFO] [stderr] 23  | pub enum UpdateType {
[INFO] [stderr]     |
[INFO] [stderr] 
[INFO] [stderr] warning: using `.clone()` on a double reference, which returns `&&routes::collection::update::UpdateType` instead of cloning the inner type
[INFO] [stderr]    --> src/routes/route_collection/collection_update.rs:135:14
[INFO] [stderr]     |
[INFO] [stderr] 135 |     if change.clone() == &UpdateType::ID {
[INFO] [stderr]     |              ^^^^^^^^
[INFO] [stderr] 
[INFO] [stderr] warning: using `.clone()` on a double reference, which returns `&&routes::collection::update::UpdateType` instead of cloning the inner type
[INFO] [stderr]    --> src/routes/route_collection/collection_update.rs:168:21
[INFO] [stderr]     |
[INFO] [stderr] 168 |     } else if change.clone() == &UpdateType::NAME {
[INFO] [stderr]     |                     ^^^^^^^^
[INFO] [stderr] 
[INFO] [stderr] warning: using `.clone()` on a double reference, which returns `&&routes::collection::update::UpdateType` instead of cloning the inner type
[INFO] [stderr]    --> src/routes/route_collection/collection_update.rs:180:21
[INFO] [stderr]     |
[INFO] [stderr] 180 |     } else if change.clone() == &UpdateType::DESCRIPTION {
[INFO] [stderr]     |                     ^^^^^^^^
[INFO] [stderr] 
[INFO] [stderr] warning: call to `.clone()` on a reference in this situation does nothing
[INFO] [stderr]   --> src/routes/route_media/media_update.rs:65:23
[INFO] [stderr]    |
[INFO] [stderr] 65 |     match match change.clone() {
[INFO] [stderr]    |                       ^^^^^^^^
[INFO] [stderr]    |
[INFO] [stderr]    = note: the type `routes::media::update::UpdateType` does not implement `Clone`, so calling `clone` on `&routes::media::update::UpdateType` copies the reference, which does not do anything and can be removed
[INFO] [stderr] help: remove this redundant call
[INFO] [stderr]    |
[INFO] [stderr] 65 -     match match change.clone() {
[INFO] [stderr] 65 +     match match change {
[INFO] [stderr]    |
[INFO] [stderr] help: if you meant to clone `routes::media::update::UpdateType`, implement `Clone` for it
[INFO] [stderr]    |
[INFO] [stderr] 15 + #[derive(Clone)]
[INFO] [stderr] 16 | pub enum UpdateType {
[INFO] [stderr]    |
[INFO] [stderr] 
[INFO] [stderr] warning: call to `.clone()` on a reference in this situation does nothing
[INFO] [stderr]   --> src/routes/route_constraint/constraint_update.rs:64:23
[INFO] [stderr]    |
[INFO] [stderr] 64 |     match match change.clone() {
[INFO] [stderr]    |                       ^^^^^^^^
[INFO] [stderr]    |
[INFO] [stderr]    = note: the type `routes::constraint::update::UpdateType` does not implement `Clone`, so calling `clone` on `&routes::constraint::update::UpdateType` copies the reference, which does not do anything and can be removed
[INFO] [stderr] help: remove this redundant call
[INFO] [stderr]    |
[INFO] [stderr] 64 -     match match change.clone() {
[INFO] [stderr] 64 +     match match change {
[INFO] [stderr]    |
[INFO] [stderr] help: if you meant to clone `routes::constraint::update::UpdateType`, implement `Clone` for it
[INFO] [stderr]    |
[INFO] [stderr] 14 + #[derive(Clone)]
[INFO] [stderr] 15 | pub enum UpdateType {
[INFO] [stderr]    |
[INFO] [stderr] 
[INFO] [stderr] warning: using `.clone()` on a double reference, which returns `&&routes::constraint::update::UpdateType` instead of cloning the inner type
[INFO] [stderr]   --> src/routes/route_constraint/constraint_update.rs:82:14
[INFO] [stderr]    |
[INFO] [stderr] 82 |     if change.clone() == &UpdateType::MIN {
[INFO] [stderr]    |              ^^^^^^^^
[INFO] [stderr] 
[INFO] [stderr] warning: using `.clone()` on a double reference, which returns `&&routes::constraint::update::UpdateType` instead of cloning the inner type
[INFO] [stderr]   --> src/routes/route_constraint/constraint_update.rs:94:21
[INFO] [stderr]    |
[INFO] [stderr] 94 |     } else if change.clone() == &UpdateType::MAX {
[INFO] [stderr]    |                     ^^^^^^^^
[INFO] [stderr] 
[INFO] [stderr] warning: call to `.clone()` on a reference in this situation does nothing
[INFO] [stderr]   --> src/routes/route_upload/upload.rs:58:38
[INFO] [stderr]    |
[INFO] [stderr] 58 |             Some(name) => name.trim().clone().split(".").collect::<Vec<&str>>(),
[INFO] [stderr]    |                                      ^^^^^^^^ help: remove this redundant call
[INFO] [stderr]    |
[INFO] [stderr]    = note: the type `str` does not implement `Clone`, so calling `clone` on `&str` copies the reference, which does not do anything and can be removed
[INFO] [stderr] 
[INFO] [stderr] warning: call to `.clone()` on a reference in this situation does nothing
[INFO] [stderr]   --> src/routes/route_upload/upload.rs:78:20
[INFO] [stderr]    |
[INFO] [stderr] 78 |               .trim()
[INFO] [stderr]    |  ____________________^
[INFO] [stderr] 79 | |             .clone()
[INFO] [stderr]    | |____________________^ help: remove this redundant call
[INFO] [stderr]    |
[INFO] [stderr]    = note: the type `str` does not implement `Clone`, so calling `clone` on `&str` copies the reference, which does not do anything and can be removed
[INFO] [stderr] 
[INFO] [stderr] warning: call to `.clone()` on a reference in this situation does nothing
[INFO] [stderr]   --> src/routes/route_upload/upload.rs:94:20
[INFO] [stderr]    |
[INFO] [stderr] 94 |               .trim()
[INFO] [stderr]    |  ____________________^
[INFO] [stderr] 95 | |             .clone()
[INFO] [stderr]    | |____________________^ help: remove this redundant call
[INFO] [stderr]    |
[INFO] [stderr]    = note: the type `str` does not implement `Clone`, so calling `clone` on `&str` copies the reference, which does not do anything and can be removed
[INFO] [stderr] 
[INFO] [stderr] warning: `kinesis-db` (bin "kinesis-db" test) generated 80 warnings (run `cargo fix --bin "kinesis-db" --tests` to apply 71 suggestions)
[INFO] [stderr]     Finished `test` profile [unoptimized + debuginfo] target(s) in 0.15s
[INFO] [stderr] warning: the following packages contain code that will be rejected by a future version of Rust: ubyte v0.10.1
[INFO] [stderr] note: to see what the problems were, use the option `--future-incompat-report`, or run `cargo report future-incompatibilities --id 1`
[INFO] [stderr]      Running unittests src/main.rs (/opt/rustwide/target/debug/deps/kinesis_db-9ef612eafd5a8828)
[INFO] [stdout] 
[INFO] [stdout] running 48 tests
[INFO] [stdout] test tests::test_encryption::main ... ok
[INFO] [stdout] test tests::test_routing::test_auth_jwt::run_routing_core_auth_jwt_one ... ok
[INFO] [stdout] test tests::test_routing::test_body_data::run_routing_core_body_data_one ... ok
[INFO] [stdout] test tests::test_routing::test_auth_jwt::run_routing_core_auth_jwt_two ... ok
[INFO] [stdout] test tests::test_routing::test_assignment::run_routing_assignment_one ... ok
[INFO] [stdout] test tests::test_routing::test_assignment::run_routing_assignment_two ... ok
[INFO] [stdout] test tests::test_routing::test_condition::run_routing_condition_one ... ok
[INFO] [stdout] test tests::test_routing::test_create::run_routing_create_one ... ok
[INFO] [stdout] test tests::test_routing::test_fetch::run_routing_fetch_one ... ok
[INFO] [stdout] test tests::test_routing::test_create::run_routing_create_two ... ok
[INFO] [stdout] test tests::test_routing::test_condition::run_routing_condition_two ... ok
[INFO] [stdout] test tests::test_routing::test_fetch::run_routing_fetch_two ... ok
[INFO] [stdout] test tests::test_routing::test_body_data::run_routing_core_body_data_two ... ok
[INFO] [stdout] test tests::test_routing::test_function::run_routing_function_one ... ok
[INFO] [stdout] test tests::test_routing::test_filter::run_routing_filter_one ... ok
[INFO] [stdout] test tests::test_routing::test_function::run_routing_function_three ... ok
[INFO] [stdout] test tests::test_routing::test_function::run_routing_function_two ... ok
[INFO] [stdout] test tests::test_routing::test_function::run_routing_function_four ... ok
[INFO] [stdout] test tests::test_event::main ... ok
[INFO] [stdout] test tests::test_routing::test_loop::run_routing_loop_one ... ok
[INFO] [stdout] test tests::test_routing::test_loop::run_routing_loop_two ... ok
[INFO] [stdout] test tests::test_routing::test_filter::run_routing_filter_two ... ok
[INFO] [stdout] test tests::test_routing::test_property::run_routing_property_one ... ok
[INFO] [stdout] test tests::test_routing::test_property::run_routing_property_three ... ok
[INFO] [stdout] test tests::test_routing::test_param_data::run_routing_core_param_data_one ... ok
[INFO] [stdout] test tests::test_routing::test_property::run_routing_property_four ... ok
[INFO] [stdout] test tests::test_routing::test_return::run_routing_return_one ... ok
[INFO] [stdout] test tests::test_routing::test_property::run_routing_property_two ... ok
[INFO] [stdout] test tests::test_routing::test_param_data::run_routing_core_param_data_two ... ok
[INFO] [stdout] test tests::test_collection::main_incorrect ... ok
[INFO] [stdout] test tests::test_routing::test_return::run_routing_return_two ... ok
[INFO] [stdout] test tests::test_routing::test_object::run_routing_object_one ... ok
[INFO] [stdout] test tests::test_routing::test_template::run_routing_template_one ... ok
[INFO] [stdout] test tests::test_routing::test_template::run_routing_template_two ... ok
[INFO] [stdout] test tests::test_routing::test_update::run_routing_update_one ... ok
[INFO] [stdout] test tests::test_datapair::main ... ok
[INFO] [stdout] test tests::test_routing::test_update::run_routing_update_three ... ok
[INFO] [stdout] test tests::test_routing::test_object::run_routing_object_two ... ok
[INFO] [stdout] test tests::test_routing::test_update::run_routing_update_two ... ok
[INFO] [stdout] test tests::test_routing::test_update::run_routing_update_four ... ok
[INFO] [stdout] test tests::test_collection::main_correct ... ok
[INFO] [stdout] test tests::test_constraint::main ... FAILED
[INFO] [stdout] test tests::test_mapping::main ... FAILED
[INFO] [stdout] test tests::test_media::main ... FAILED
[INFO] [stdout] test tests::test_config::main ... FAILED
[INFO] [stdout] test tests::test_project::main ... FAILED
[INFO] [stdout] test tests::test_data::main ... FAILED
[INFO] [stdout] test tests::test_user::main ... FAILED
[INFO] [stdout] 
[INFO] [stdout] failures:
[INFO] [stdout] 
[INFO] [stdout] ---- tests::test_constraint::main stdout ----
[INFO] [stdout] running remove_file: data/constraints_test.txt
[INFO] [stdout] Error while removing file: Read-only file system (os error 30) (data/constraints_test.txt)
[INFO] [stdout] thread 'tests::test_constraint::main' panicked at src/components/constraint_property.rs:615:45:
[INFO] [stdout] index out of bounds: the len is 1 but the index is 1
[INFO] [stdout] stack backtrace:
[INFO] [stdout]    0:     0x65536f7c8c3a - std::backtrace_rs::backtrace::libunwind::trace::h5a5b8284f2d0c266
[INFO] [stdout]                                at /rustc/90b35a6239c3d8bdabc530a6a0816f7ff89a0aaf/library/std/src/../../backtrace/src/backtrace/libunwind.rs:116:5
[INFO] [stdout]    1:     0x65536f7c8c3a - std::backtrace_rs::backtrace::trace_unsynchronized::h76d4f1c9b0b875e3
[INFO] [stdout]                                at /rustc/90b35a6239c3d8bdabc530a6a0816f7ff89a0aaf/library/std/src/../../backtrace/src/backtrace/mod.rs:66:5
[INFO] [stdout]    2:     0x65536f7c8c3a - std::sys::backtrace::_print_fmt::hc4546b8364a537c6
[INFO] [stdout]                                at /rustc/90b35a6239c3d8bdabc530a6a0816f7ff89a0aaf/library/std/src/sys/backtrace.rs:66:9
[INFO] [stdout]    3:     0x65536f7c8c3a - <std::sys::backtrace::BacktraceLock::print::DisplayBacktrace as core::fmt::Display>::fmt::h5b6bd5631a6d1f6b
[INFO] [stdout]                                at /rustc/90b35a6239c3d8bdabc530a6a0816f7ff89a0aaf/library/std/src/sys/backtrace.rs:39:26
[INFO] [stdout]    4:     0x65536f7f2ee3 - core::fmt::rt::Argument::fmt::h270f6602a2b96f62
[INFO] [stdout]                                at /rustc/90b35a6239c3d8bdabc530a6a0816f7ff89a0aaf/library/core/src/fmt/rt.rs:177:76
[INFO] [stdout]    5:     0x65536f7f2ee3 - core::fmt::write::h7550c97b06c86515
[INFO] [stdout]                                at /rustc/90b35a6239c3d8bdabc530a6a0816f7ff89a0aaf/library/core/src/fmt/mod.rs:1186:21
[INFO] [stdout]    6:     0x65536f7c4f33 - std::io::Write::write_fmt::h509ff860e5956e5e
[INFO] [stdout]                                at /rustc/90b35a6239c3d8bdabc530a6a0816f7ff89a0aaf/library/std/src/io/mod.rs:1839:15
[INFO] [stdout]    7:     0x65536f7c8a82 - std::sys::backtrace::BacktraceLock::print::h2395ccd2c84ba3aa
[INFO] [stdout]                                at /rustc/90b35a6239c3d8bdabc530a6a0816f7ff89a0aaf/library/std/src/sys/backtrace.rs:42:9
[INFO] [stdout]    8:     0x65536f7ca09a - std::panicking::default_hook::{{closure}}::he19d4c7230e07961
[INFO] [stdout]                                at /rustc/90b35a6239c3d8bdabc530a6a0816f7ff89a0aaf/library/std/src/panicking.rs:268:22
[INFO] [stdout]    9:     0x65536f7c9ea4 - std::panicking::default_hook::hf614597d3c67bbdb
[INFO] [stdout]                                at /rustc/90b35a6239c3d8bdabc530a6a0816f7ff89a0aaf/library/std/src/panicking.rs:292:9
[INFO] [stdout]   10:     0x65536f507c39 - <alloc::boxed::Box<F,A> as core::ops::function::Fn<Args>>::call::h39b51ce4599c23d1
[INFO] [stdout]                                at /rustc/90b35a6239c3d8bdabc530a6a0816f7ff89a0aaf/library/alloc/src/boxed.rs:2468:9
[INFO] [stdout]   11:     0x65536f507c39 - test::test_main::{{closure}}::he977ae839a582784
[INFO] [stdout]                                at /rustc/90b35a6239c3d8bdabc530a6a0816f7ff89a0aaf/library/test/src/lib.rs:133:21
[INFO] [stdout]   12:     0x65536f7ca738 - <alloc::boxed::Box<F,A> as core::ops::function::Fn<Args>>::call::h9455091b6b06f9fb
[INFO] [stdout]                                at /rustc/90b35a6239c3d8bdabc530a6a0816f7ff89a0aaf/library/alloc/src/boxed.rs:2468:9
[INFO] [stdout]   13:     0x65536f7ca738 - std::panicking::rust_panic_with_hook::h8942133a8b252070
[INFO] [stdout]                                at /rustc/90b35a6239c3d8bdabc530a6a0816f7ff89a0aaf/library/std/src/panicking.rs:809:13
[INFO] [stdout]   14:     0x65536f7ca4fa - std::panicking::begin_panic_handler::{{closure}}::hb5f5963570096b29
[INFO] [stdout]                                at /rustc/90b35a6239c3d8bdabc530a6a0816f7ff89a0aaf/library/std/src/panicking.rs:674:13
[INFO] [stdout]   15:     0x65536f7c9119 - std::sys::backtrace::__rust_end_short_backtrace::h6208cedc1922feda
[INFO] [stdout]                                at /rustc/90b35a6239c3d8bdabc530a6a0816f7ff89a0aaf/library/std/src/sys/backtrace.rs:170:18
[INFO] [stdout]   16:     0x65536f7ca18c - rust_begin_unwind
[INFO] [stdout]                                at /rustc/90b35a6239c3d8bdabc530a6a0816f7ff89a0aaf/library/std/src/panicking.rs:665:5
[INFO] [stdout]   17:     0x65536f3b7330 - core::panicking::panic_fmt::h0c3082644d1bf418
[INFO] [stdout]                                at /rustc/90b35a6239c3d8bdabc530a6a0816f7ff89a0aaf/library/core/src/panicking.rs:74:14
[INFO] [stdout]   18:     0x65536f3b74b1 - core::panicking::panic_bounds_check::h8307ccead484a122
[INFO] [stdout]                                at /rustc/90b35a6239c3d8bdabc530a6a0816f7ff89a0aaf/library/core/src/panicking.rs:276:5
[INFO] [stdout]   19:     0x65536f736147 - <usize as core::slice::index::SliceIndex<[T]>>::index::h81b571c93e3905cc
[INFO] [stdout]                                at /rustc/90b35a6239c3d8bdabc530a6a0816f7ff89a0aaf/library/core/src/slice/index.rs:301:10
[INFO] [stdout]   20:     0x65536f72b7f5 - core::slice::index::<impl core::ops::index::Index<I> for [T]>::index::h49ecda0464175d9f
[INFO] [stdout]                                at /rustc/90b35a6239c3d8bdabc530a6a0816f7ff89a0aaf/library/core/src/slice/index.rs:16:9
[INFO] [stdout]   21:     0x65536f72b7f5 - <alloc::vec::Vec<T,A> as core::ops::index::Index<I>>::index::h44295200ae71b5e6
[INFO] [stdout]                                at /rustc/90b35a6239c3d8bdabc530a6a0816f7ff89a0aaf/library/alloc/src/vec/mod.rs:3323:9
[INFO] [stdout]   22:     0x65536f3f6733 - kinesis_db::components::constraint_property::ConstraintProperty::from_string::h4be5bc56d072a5a6
[INFO] [stdout]                                at /opt/rustwide/workdir/src/components/constraint_property.rs:615:45
[INFO] [stdout]   23:     0x65536f3ee3e7 - kinesis_db::components::constraint::Constraint::from_string::ha3beb57162a0015d
[INFO] [stdout]                                at /opt/rustwide/workdir/src/components/constraint.rs:382:29
[INFO] [stdout]   24:     0x65536f3eed97 - kinesis_db::components::constraint::unwrap_constraints::h47adf1c8f6a74265
[INFO] [stdout]                                at /opt/rustwide/workdir/src/components/constraint.rs:446:25
[INFO] [stdout]   25:     0x65536f3eef10 - kinesis_db::components::constraint::fetch_all_constraints::h9ccd450ee61998b1
[INFO] [stdout]                                at /opt/rustwide/workdir/src/components/constraint.rs:459:5
[INFO] [stdout]   26:     0x65536f4930cc - kinesis_db::tests::test_constraint::main::hc8b0417c4c6e0d6d
[INFO] [stdout]                                at /opt/rustwide/workdir/src/tests/test_constraint.rs:13:31
[INFO] [stdout]   27:     0x65536f492fb7 - kinesis_db::tests::test_constraint::main::{{closure}}::h5e6d6b3cb18d435a
[INFO] [stdout]                                at /opt/rustwide/workdir/src/tests/test_constraint.rs:3:10
[INFO] [stdout]   28:     0x65536f3fb1a6 - core::ops::function::FnOnce::call_once::h9dfda279e1b8401e
[INFO] [stdout]                                at /rustc/90b35a6239c3d8bdabc530a6a0816f7ff89a0aaf/library/core/src/ops/function.rs:250:5
[INFO] [stdout]   29:     0x65536f50c5fb - core::ops::function::FnOnce::call_once::h109cf8051a59b34e
[INFO] [stdout]                                at /rustc/90b35a6239c3d8bdabc530a6a0816f7ff89a0aaf/library/core/src/ops/function.rs:250:5
[INFO] [stdout]   30:     0x65536f50c5fb - test::__rust_begin_short_backtrace::hf4fff89d377446ba
[INFO] [stdout]                                at /rustc/90b35a6239c3d8bdabc530a6a0816f7ff89a0aaf/library/test/src/lib.rs:621:18
[INFO] [stdout]   31:     0x65536f50be37 - test::run_test_in_process::{{closure}}::h0e39181dd7ee5a43
[INFO] [stdout]                                at /rustc/90b35a6239c3d8bdabc530a6a0816f7ff89a0aaf/library/test/src/lib.rs:644:60
[INFO] [stdout]   32:     0x65536f50be37 - <core::panic::unwind_safe::AssertUnwindSafe<F> as core::ops::function::FnOnce<()>>::call_once::hc5a66a30f0bdfd1f
[INFO] [stdout]                                at /rustc/90b35a6239c3d8bdabc530a6a0816f7ff89a0aaf/library/core/src/panic/unwind_safe.rs:272:9
[INFO] [stdout]   33:     0x65536f50be37 - std::panicking::try::do_call::h873b7cf639554a5e
[INFO] [stdout]                                at /rustc/90b35a6239c3d8bdabc530a6a0816f7ff89a0aaf/library/std/src/panicking.rs:557:40
[INFO] [stdout]   34:     0x65536f50be37 - std::panicking::try::hdb19862fad9c8bd1
[INFO] [stdout]                                at /rustc/90b35a6239c3d8bdabc530a6a0816f7ff89a0aaf/library/std/src/panicking.rs:520:19
[INFO] [stdout]   35:     0x65536f50be37 - std::panic::catch_unwind::h281fe732d236d260
[INFO] [stdout]                                at /rustc/90b35a6239c3d8bdabc530a6a0816f7ff89a0aaf/library/std/src/panic.rs:358:14
[INFO] [stdout]   36:     0x65536f50be37 - test::run_test_in_process::h949b6df8457ed338
[INFO] [stdout]                                at /rustc/90b35a6239c3d8bdabc530a6a0816f7ff89a0aaf/library/test/src/lib.rs:644:27
[INFO] [stdout]   37:     0x65536f50be37 - test::run_test::{{closure}}::h52c556a6d4740e10
[INFO] [stdout]                                at /rustc/90b35a6239c3d8bdabc530a6a0816f7ff89a0aaf/library/test/src/lib.rs:565:43
[INFO] [stdout]   38:     0x65536f4d1114 - test::run_test::{{closure}}::h4237f6381c45ccb9
[INFO] [stdout]                                at /rustc/90b35a6239c3d8bdabc530a6a0816f7ff89a0aaf/library/test/src/lib.rs:595:41
[INFO] [stdout]   39:     0x65536f4d1114 - std::sys::backtrace::__rust_begin_short_backtrace::h505c97a579eca628
[INFO] [stdout]                                at /rustc/90b35a6239c3d8bdabc530a6a0816f7ff89a0aaf/library/std/src/sys/backtrace.rs:154:18
[INFO] [stdout]   40:     0x65536f4d47de - std::thread::Builder::spawn_unchecked_::{{closure}}::{{closure}}::h9e86b2e2bc107ea3
[INFO] [stdout]                                at /rustc/90b35a6239c3d8bdabc530a6a0816f7ff89a0aaf/library/std/src/thread/mod.rs:538:17
[INFO] [stdout]   41:     0x65536f4d47de - <core::panic::unwind_safe::AssertUnwindSafe<F> as core::ops::function::FnOnce<()>>::call_once::h8b06ddb275ff4a25
[INFO] [stdout]                                at /rustc/90b35a6239c3d8bdabc530a6a0816f7ff89a0aaf/library/core/src/panic/unwind_safe.rs:272:9
[INFO] [stdout]   42:     0x65536f4d47de - std::panicking::try::do_call::hb26ecd7cd9a9355d
[INFO] [stdout]                                at /rustc/90b35a6239c3d8bdabc530a6a0816f7ff89a0aaf/library/std/src/panicking.rs:557:40
[INFO] [stdout]   43:     0x65536f4d47de - std::panicking::try::h8ddeca9d705f9069
[INFO] [stdout]                                at /rustc/90b35a6239c3d8bdabc530a6a0816f7ff89a0aaf/library/std/src/panicking.rs:520:19
[INFO] [stdout]   44:     0x65536f4d47de - std::panic::catch_unwind::h49e1c33078844c46
[INFO] [stdout]                                at /rustc/90b35a6239c3d8bdabc530a6a0816f7ff89a0aaf/library/std/src/panic.rs:358:14
[INFO] [stdout]   45:     0x65536f4d47de - std::thread::Builder::spawn_unchecked_::{{closure}}::h6073db6ff56ad35d
[INFO] [stdout]                                at /rustc/90b35a6239c3d8bdabc530a6a0816f7ff89a0aaf/library/std/src/thread/mod.rs:537:30
[INFO] [stdout]   46:     0x65536f4d47de - core::ops::function::FnOnce::call_once{{vtable.shim}}::h2c5a5f3779c774f1
[INFO] [stdout]                                at /rustc/90b35a6239c3d8bdabc530a6a0816f7ff89a0aaf/library/core/src/ops/function.rs:250:5
[INFO] [stdout]   47:     0x65536f7cfb7b - <alloc::boxed::Box<F,A> as core::ops::function::FnOnce<Args>>::call_once::hf75717d9f28faebf
[INFO] [stdout]                                at /rustc/90b35a6239c3d8bdabc530a6a0816f7ff89a0aaf/library/alloc/src/boxed.rs:2454:9
[INFO] [stdout]   48:     0x65536f7cfb7b - <alloc::boxed::Box<F,A> as core::ops::function::FnOnce<Args>>::call_once::h7bd883a5f3c5f3c1
[INFO] [stdout]                                at /rustc/90b35a6239c3d8bdabc530a6a0816f7ff89a0aaf/library/alloc/src/boxed.rs:2454:9
[INFO] [stdout]   49:     0x65536f7cfb7b - std::sys::pal::unix::thread::Thread::new::thread_start::hcc78f3943333fa94
[INFO] [stdout]                                at /rustc/90b35a6239c3d8bdabc530a6a0816f7ff89a0aaf/library/std/src/sys/pal/unix/thread.rs:105:17
[INFO] [stdout]   50:     0x7c502e75eac3 - <unknown>
[INFO] [stdout]   51:     0x7c502e7efa04 - clone
[INFO] [stdout]   52:                0x0 - <unknown>
[INFO] [stdout] 
[INFO] [stdout] ---- tests::test_mapping::main stdout ----
[INFO] [stdout] running remove_file: data/mappings_test.txt
[INFO] [stdout] Error while removing file: Read-only file system (os error 30) (data/mappings_test.txt)
[INFO] [stdout] [
[INFO] [stdout]     Mapping {
[INFO] [stdout]         id: "users_test",
[INFO] [stdout]         file_name: "users.txt",
[INFO] [stdout]     },
[INFO] [stdout]     Mapping {
[INFO] [stdout]         id: "weird",
[INFO] [stdout]         file_name: "not_weird.txt",
[INFO] [stdout]     },
[INFO] [stdout] ]
[INFO] [stdout] thread 'tests::test_mapping::main' panicked at src/tests/test_mapping.rs:16:5:
[INFO] [stdout] assertion `left == right` failed
[INFO] [stdout]   left: Err("A similar Mapping already exists (users_test)")
[INFO] [stdout]  right: Ok(())
[INFO] [stdout] stack backtrace:
[INFO] [stdout]    0:     0x65536f7c8c3a - std::backtrace_rs::backtrace::libunwind::trace::h5a5b8284f2d0c266
[INFO] [stdout]                                at /rustc/90b35a6239c3d8bdabc530a6a0816f7ff89a0aaf/library/std/src/../../backtrace/src/backtrace/libunwind.rs:116:5
[INFO] [stdout]    1:     0x65536f7c8c3a - std::backtrace_rs::backtrace::trace_unsynchronized::h76d4f1c9b0b875e3
[INFO] [stdout]                                at /rustc/90b35a6239c3d8bdabc530a6a0816f7ff89a0aaf/library/std/src/../../backtrace/src/backtrace/mod.rs:66:5
[INFO] [stdout]    2:     0x65536f7c8c3a - std::sys::backtrace::_print_fmt::hc4546b8364a537c6
[INFO] [stdout]                                at /rustc/90b35a6239c3d8bdabc530a6a0816f7ff89a0aaf/library/std/src/sys/backtrace.rs:66:9
[INFO] [stdout]    3:     0x65536f7c8c3a - <std::sys::backtrace::BacktraceLock::print::DisplayBacktrace as core::fmt::Display>::fmt::h5b6bd5631a6d1f6b
[INFO] [stdout]                                at /rustc/90b35a6239c3d8bdabc530a6a0816f7ff89a0aaf/library/std/src/sys/backtrace.rs:39:26
[INFO] [stdout]    4:     0x65536f7f2ee3 - core::fmt::rt::Argument::fmt::h270f6602a2b96f62
[INFO] [stdout]                                at /rustc/90b35a6239c3d8bdabc530a6a0816f7ff89a0aaf/library/core/src/fmt/rt.rs:177:76
[INFO] [stdout]    5:     0x65536f7f2ee3 - core::fmt::write::h7550c97b06c86515
[INFO] [stdout]                                at /rustc/90b35a6239c3d8bdabc530a6a0816f7ff89a0aaf/library/core/src/fmt/mod.rs:1186:21
[INFO] [stdout]    6:     0x65536f7c4f33 - std::io::Write::write_fmt::h509ff860e5956e5e
[INFO] [stdout]                                at /rustc/90b35a6239c3d8bdabc530a6a0816f7ff89a0aaf/library/std/src/io/mod.rs:1839:15
[INFO] [stdout]    7:     0x65536f7c8a82 - std::sys::backtrace::BacktraceLock::print::h2395ccd2c84ba3aa
[INFO] [stdout]                                at /rustc/90b35a6239c3d8bdabc530a6a0816f7ff89a0aaf/library/std/src/sys/backtrace.rs:42:9
[INFO] [stdout]    8:     0x65536f7ca09a - std::panicking::default_hook::{{closure}}::he19d4c7230e07961
[INFO] [stdout]                                at /rustc/90b35a6239c3d8bdabc530a6a0816f7ff89a0aaf/library/std/src/panicking.rs:268:22
[INFO] [stdout]    9:     0x65536f7c9ea4 - std::panicking::default_hook::hf614597d3c67bbdb
[INFO] [stdout]                                at /rustc/90b35a6239c3d8bdabc530a6a0816f7ff89a0aaf/library/std/src/panicking.rs:292:9
[INFO] [stdout]   10:     0x65536f507c39 - <alloc::boxed::Box<F,A> as core::ops::function::Fn<Args>>::call::h39b51ce4599c23d1
[INFO] [stdout]                                at /rustc/90b35a6239c3d8bdabc530a6a0816f7ff89a0aaf/library/alloc/src/boxed.rs:2468:9
[INFO] [stdout]   11:     0x65536f507c39 - test::test_main::{{closure}}::he977ae839a582784
[INFO] [stdout]                                at /rustc/90b35a6239c3d8bdabc530a6a0816f7ff89a0aaf/library/test/src/lib.rs:133:21
[INFO] [stdout]   12:     0x65536f7ca738 - <alloc::boxed::Box<F,A> as core::ops::function::Fn<Args>>::call::h9455091b6b06f9fb
[INFO] [stdout]                                at /rustc/90b35a6239c3d8bdabc530a6a0816f7ff89a0aaf/library/alloc/src/boxed.rs:2468:9
[INFO] [stdout]   13:     0x65536f7ca738 - std::panicking::rust_panic_with_hook::h8942133a8b252070
[INFO] [stdout]                                at /rustc/90b35a6239c3d8bdabc530a6a0816f7ff89a0aaf/library/std/src/panicking.rs:809:13
[INFO] [stdout]   14:     0x65536f7ca4fa - std::panicking::begin_panic_handler::{{closure}}::hb5f5963570096b29
[INFO] [stdout]                                at /rustc/90b35a6239c3d8bdabc530a6a0816f7ff89a0aaf/library/std/src/panicking.rs:674:13
[INFO] [stdout]   15:     0x65536f7c9119 - std::sys::backtrace::__rust_end_short_backtrace::h6208cedc1922feda
[INFO] [stdout]                                at /rustc/90b35a6239c3d8bdabc530a6a0816f7ff89a0aaf/library/std/src/sys/backtrace.rs:170:18
[INFO] [stdout]   16:     0x65536f7ca18c - rust_begin_unwind
[INFO] [stdout]                                at /rustc/90b35a6239c3d8bdabc530a6a0816f7ff89a0aaf/library/std/src/panicking.rs:665:5
[INFO] [stdout]   17:     0x65536f3b7330 - core::panicking::panic_fmt::h0c3082644d1bf418
[INFO] [stdout]                                at /rustc/90b35a6239c3d8bdabc530a6a0816f7ff89a0aaf/library/core/src/panicking.rs:74:14
[INFO] [stdout]   18:     0x65536f3b7734 - core::panicking::assert_failed_inner::h2ddf1fcc067fa858
[INFO] [stdout]   19:     0x65536f44dc12 - core::panicking::assert_failed::hfa30b2af18f7b65e
[INFO] [stdout]                                at /rustc/90b35a6239c3d8bdabc530a6a0816f7ff89a0aaf/library/core/src/panicking.rs:367:5
[INFO] [stdout]   20:     0x65536f46c2b3 - kinesis_db::tests::test_mapping::main::h05a8effaa97fc609
[INFO] [stdout]                                at /opt/rustwide/workdir/src/tests/test_mapping.rs:16:5
[INFO] [stdout]   21:     0x65536f46bf37 - kinesis_db::tests::test_mapping::main::{{closure}}::hbb2c79089c1fffb8
[INFO] [stdout]                                at /opt/rustwide/workdir/src/tests/test_mapping.rs:8:10
[INFO] [stdout]   22:     0x65536f3faaf6 - core::ops::function::FnOnce::call_once::h1e42f233e278976f
[INFO] [stdout]                                at /rustc/90b35a6239c3d8bdabc530a6a0816f7ff89a0aaf/library/core/src/ops/function.rs:250:5
[INFO] [stdout]   23:     0x65536f50c5fb - core::ops::function::FnOnce::call_once::h109cf8051a59b34e
[INFO] [stdout]                                at /rustc/90b35a6239c3d8bdabc530a6a0816f7ff89a0aaf/library/core/src/ops/function.rs:250:5
[INFO] [stdout]   24:     0x65536f50c5fb - test::__rust_begin_short_backtrace::hf4fff89d377446ba
[INFO] [stdout]                                at /rustc/90b35a6239c3d8bdabc530a6a0816f7ff89a0aaf/library/test/src/lib.rs:621:18
[INFO] [stdout]   25:     0x65536f50be37 - test::run_test_in_process::{{closure}}::h0e39181dd7ee5a43
[INFO] [stdout]                                at /rustc/90b35a6239c3d8bdabc530a6a0816f7ff89a0aaf/library/test/src/lib.rs:644:60
[INFO] [stdout]   26:     0x65536f50be37 - <core::panic::unwind_safe::AssertUnwindSafe<F> as core::ops::function::FnOnce<()>>::call_once::hc5a66a30f0bdfd1f
[INFO] [stdout]                                at /rustc/90b35a6239c3d8bdabc530a6a0816f7ff89a0aaf/library/core/src/panic/unwind_safe.rs:272:9
[INFO] [stdout]   27:     0x65536f50be37 - std::panicking::try::do_call::h873b7cf639554a5e
[INFO] [stdout]                                at /rustc/90b35a6239c3d8bdabc530a6a0816f7ff89a0aaf/library/std/src/panicking.rs:557:40
[INFO] [stdout]   28:     0x65536f50be37 - std::panicking::try::hdb19862fad9c8bd1
[INFO] [stdout]                                at /rustc/90b35a6239c3d8bdabc530a6a0816f7ff89a0aaf/library/std/src/panicking.rs:520:19
[INFO] [stdout]   29:     0x65536f50be37 - std::panic::catch_unwind::h281fe732d236d260
[INFO] [stdout]                                at /rustc/90b35a6239c3d8bdabc530a6a0816f7ff89a0aaf/library/std/src/panic.rs:358:14
[INFO] [stdout]   30:     0x65536f50be37 - test::run_test_in_process::h949b6df8457ed338
[INFO] [stdout]                                at /rustc/90b35a6239c3d8bdabc530a6a0816f7ff89a0aaf/library/test/src/lib.rs:644:27
[INFO] [stdout]   31:     0x65536f50be37 - test::run_test::{{closure}}::h52c556a6d4740e10
[INFO] [stdout]                                at /rustc/90b35a6239c3d8bdabc530a6a0816f7ff89a0aaf/library/test/src/lib.rs:565:43
[INFO] [stdout]   32:     0x65536f4d1114 - test::run_test::{{closure}}::h4237f6381c45ccb9
[INFO] [stdout]                                at /rustc/90b35a6239c3d8bdabc530a6a0816f7ff89a0aaf/library/test/src/lib.rs:595:41
[INFO] [stdout]   33:     0x65536f4d1114 - std::sys::backtrace::__rust_begin_short_backtrace::h505c97a579eca628
[INFO] [stdout]                                at /rustc/90b35a6239c3d8bdabc530a6a0816f7ff89a0aaf/library/std/src/sys/backtrace.rs:154:18
[INFO] [stdout]   34:     0x65536f4d47de - std::thread::Builder::spawn_unchecked_::{{closure}}::{{closure}}::h9e86b2e2bc107ea3
[INFO] [stdout]                                at /rustc/90b35a6239c3d8bdabc530a6a0816f7ff89a0aaf/library/std/src/thread/mod.rs:538:17
[INFO] [stdout]   35:     0x65536f4d47de - <core::panic::unwind_safe::AssertUnwindSafe<F> as core::ops::function::FnOnce<()>>::call_once::h8b06ddb275ff4a25
[INFO] [stdout]                                at /rustc/90b35a6239c3d8bdabc530a6a0816f7ff89a0aaf/library/core/src/panic/unwind_safe.rs:272:9
[INFO] [stdout]   36:     0x65536f4d47de - std::panicking::try::do_call::hb26ecd7cd9a9355d
[INFO] [stdout]                                at /rustc/90b35a6239c3d8bdabc530a6a0816f7ff89a0aaf/library/std/src/panicking.rs:557:40
[INFO] [stdout]   37:     0x65536f4d47de - std::panicking::try::h8ddeca9d705f9069
[INFO] [stdout]                                at /rustc/90b35a6239c3d8bdabc530a6a0816f7ff89a0aaf/library/std/src/panicking.rs:520:19
[INFO] [stdout]   38:     0x65536f4d47de - std::panic::catch_unwind::h49e1c33078844c46
[INFO] [stdout]                                at /rustc/90b35a6239c3d8bdabc530a6a0816f7ff89a0aaf/library/std/src/panic.rs:358:14
[INFO] [stdout]   39:     0x65536f4d47de - std::thread::Builder::spawn_unchecked_::{{closure}}::h6073db6ff56ad35d
[INFO] [stdout]                                at /rustc/90b35a6239c3d8bdabc530a6a0816f7ff89a0aaf/library/std/src/thread/mod.rs:537:30
[INFO] [stdout]   40:     0x65536f4d47de - core::ops::function::FnOnce::call_once{{vtable.shim}}::h2c5a5f3779c774f1
[INFO] [stdout]                                at /rustc/90b35a6239c3d8bdabc530a6a0816f7ff89a0aaf/library/core/src/ops/function.rs:250:5
[INFO] [stdout]   41:     0x65536f7cfb7b - <alloc::boxed::Box<F,A> as core::ops::function::FnOnce<Args>>::call_once::hf75717d9f28faebf
[INFO] [stdout]                                at /rustc/90b35a6239c3d8bdabc530a6a0816f7ff89a0aaf/library/alloc/src/boxed.rs:2454:9
[INFO] [stdout]   42:     0x65536f7cfb7b - <alloc::boxed::Box<F,A> as core::ops::function::FnOnce<Args>>::call_once::h7bd883a5f3c5f3c1
[INFO] [stdout]                                at /rustc/90b35a6239c3d8bdabc530a6a0816f7ff89a0aaf/library/alloc/src/boxed.rs:2454:9
[INFO] [stdout]   43:     0x65536f7cfb7b - std::sys::pal::unix::thread::Thread::new::thread_start::hcc78f3943333fa94
[INFO] [stdout]                                at /rustc/90b35a6239c3d8bdabc530a6a0816f7ff89a0aaf/library/std/src/sys/pal/unix/thread.rs:105:17
[INFO] [stdout]   44:     0x7c502e75eac3 - <unknown>
[INFO] [stdout]   45:     0x7c502e7efa04 - clone
[INFO] [stdout]   46:                0x0 - <unknown>
[INFO] [stdout] 
[INFO] [stdout] ---- tests::test_media::main stdout ----
[INFO] [stdout] running remove_file: data/medias_test.txt
[INFO] [stdout] Error while removing file: Read-only file system (os error 30) (data/medias_test.txt)
[INFO] [stdout] [
[INFO] [stdout]     Media {
[INFO] [stdout]         id: "test",
[INFO] [stdout]         name: "media.png",
[INFO] [stdout]     },
[INFO] [stdout]     Media {
[INFO] [stdout]         id: "test3",
[INFO] [stdout]         name: "media3.png",
[INFO] [stdout]     },
[INFO] [stdout] ]
[INFO] [stdout] Error: id is already in use
[INFO] [stdout] thread 'tests::test_media::main' panicked at src/tests/test_media.rs:16:5:
[INFO] [stdout] assertion `left == right` failed
[INFO] [stdout]   left: Err((403, "Error: id is already in use"))
[INFO] [stdout]  right: Ok(())
[INFO] [stdout] stack backtrace:
[INFO] [stdout]    0:     0x65536f7c8c3a - std::backtrace_rs::backtrace::libunwind::trace::h5a5b8284f2d0c266
[INFO] [stdout]                                at /rustc/90b35a6239c3d8bdabc530a6a0816f7ff89a0aaf/library/std/src/../../backtrace/src/backtrace/libunwind.rs:116:5
[INFO] [stdout]    1:     0x65536f7c8c3a - std::backtrace_rs::backtrace::trace_unsynchronized::h76d4f1c9b0b875e3
[INFO] [stdout]                                at /rustc/90b35a6239c3d8bdabc530a6a0816f7ff89a0aaf/library/std/src/../../backtrace/src/backtrace/mod.rs:66:5
[INFO] [stdout]    2:     0x65536f7c8c3a - std::sys::backtrace::_print_fmt::hc4546b8364a537c6
[INFO] [stdout]                                at /rustc/90b35a6239c3d8bdabc530a6a0816f7ff89a0aaf/library/std/src/sys/backtrace.rs:66:9
[INFO] [stdout]    3:     0x65536f7c8c3a - <std::sys::backtrace::BacktraceLock::print::DisplayBacktrace as core::fmt::Display>::fmt::h5b6bd5631a6d1f6b
[INFO] [stdout]                                at /rustc/90b35a6239c3d8bdabc530a6a0816f7ff89a0aaf/library/std/src/sys/backtrace.rs:39:26
[INFO] [stdout]    4:     0x65536f7f2ee3 - core::fmt::rt::Argument::fmt::h270f6602a2b96f62
[INFO] [stdout]                                at /rustc/90b35a6239c3d8bdabc530a6a0816f7ff89a0aaf/library/core/src/fmt/rt.rs:177:76
[INFO] [stdout]    5:     0x65536f7f2ee3 - core::fmt::write::h7550c97b06c86515
[INFO] [stdout]                                at /rustc/90b35a6239c3d8bdabc530a6a0816f7ff89a0aaf/library/core/src/fmt/mod.rs:1186:21
[INFO] [stdout]    6:     0x65536f7c4f33 - std::io::Write::write_fmt::h509ff860e5956e5e
[INFO] [stdout]                                at /rustc/90b35a6239c3d8bdabc530a6a0816f7ff89a0aaf/library/std/src/io/mod.rs:1839:15
[INFO] [stdout]    7:     0x65536f7c8a82 - std::sys::backtrace::BacktraceLock::print::h2395ccd2c84ba3aa
[INFO] [stdout]                                at /rustc/90b35a6239c3d8bdabc530a6a0816f7ff89a0aaf/library/std/src/sys/backtrace.rs:42:9
[INFO] [stdout]    8:     0x65536f7ca09a - std::panicking::default_hook::{{closure}}::he19d4c7230e07961
[INFO] [stdout]                                at /rustc/90b35a6239c3d8bdabc530a6a0816f7ff89a0aaf/library/std/src/panicking.rs:268:22
[INFO] [stdout]    9:     0x65536f7c9ea4 - std::panicking::default_hook::hf614597d3c67bbdb
[INFO] [stdout]                                at /rustc/90b35a6239c3d8bdabc530a6a0816f7ff89a0aaf/library/std/src/panicking.rs:292:9
[INFO] [stdout]   10:     0x65536f507c39 - <alloc::boxed::Box<F,A> as core::ops::function::Fn<Args>>::call::h39b51ce4599c23d1
[INFO] [stdout]                                at /rustc/90b35a6239c3d8bdabc530a6a0816f7ff89a0aaf/library/alloc/src/boxed.rs:2468:9
[INFO] [stdout]   11:     0x65536f507c39 - test::test_main::{{closure}}::he977ae839a582784
[INFO] [stdout]                                at /rustc/90b35a6239c3d8bdabc530a6a0816f7ff89a0aaf/library/test/src/lib.rs:133:21
[INFO] [stdout]   12:     0x65536f7ca738 - <alloc::boxed::Box<F,A> as core::ops::function::Fn<Args>>::call::h9455091b6b06f9fb
[INFO] [stdout]                                at /rustc/90b35a6239c3d8bdabc530a6a0816f7ff89a0aaf/library/alloc/src/boxed.rs:2468:9
[INFO] [stdout]   13:     0x65536f7ca738 - std::panicking::rust_panic_with_hook::h8942133a8b252070
[INFO] [stdout]                                at /rustc/90b35a6239c3d8bdabc530a6a0816f7ff89a0aaf/library/std/src/panicking.rs:809:13
[INFO] [stdout]   14:     0x65536f7ca4fa - std::panicking::begin_panic_handler::{{closure}}::hb5f5963570096b29
[INFO] [stdout]                                at /rustc/90b35a6239c3d8bdabc530a6a0816f7ff89a0aaf/library/std/src/panicking.rs:674:13
[INFO] [stdout]   15:     0x65536f7c9119 - std::sys::backtrace::__rust_end_short_backtrace::h6208cedc1922feda
[INFO] [stdout]                                at /rustc/90b35a6239c3d8bdabc530a6a0816f7ff89a0aaf/library/std/src/sys/backtrace.rs:170:18
[INFO] [stdout]   16:     0x65536f7ca18c - rust_begin_unwind
[INFO] [stdout]                                at /rustc/90b35a6239c3d8bdabc530a6a0816f7ff89a0aaf/library/std/src/panicking.rs:665:5
[INFO] [stdout]   17:     0x65536f3b7330 - core::panicking::panic_fmt::h0c3082644d1bf418
[INFO] [stdout]                                at /rustc/90b35a6239c3d8bdabc530a6a0816f7ff89a0aaf/library/core/src/panicking.rs:74:14
[INFO] [stdout]   18:     0x65536f3b7734 - core::panicking::assert_failed_inner::h2ddf1fcc067fa858
[INFO] [stdout]   19:     0x65536f44d9e4 - core::panicking::assert_failed::h7fefa02058636168
[INFO] [stdout]                                at /rustc/90b35a6239c3d8bdabc530a6a0816f7ff89a0aaf/library/core/src/panicking.rs:367:5
[INFO] [stdout]   20:     0x65536f4b8338 - kinesis_db::tests::test_media::main::h308cee6cafd2b3d7
[INFO] [stdout]                                at /opt/rustwide/workdir/src/tests/test_media.rs:16:5
[INFO] [stdout]   21:     0x65536f4b7f87 - kinesis_db::tests::test_media::main::{{closure}}::h54000a65b21a9f23
[INFO] [stdout]                                at /opt/rustwide/workdir/src/tests/test_media.rs:8:10
[INFO] [stdout]   22:     0x65536f3fb026 - core::ops::function::FnOnce::call_once::h8cb604d7877d7779
[INFO] [stdout]                                at /rustc/90b35a6239c3d8bdabc530a6a0816f7ff89a0aaf/library/core/src/ops/function.rs:250:5
[INFO] [stdout]   23:     0x65536f50c5fb - core::ops::function::FnOnce::call_once::h109cf8051a59b34e
[INFO] [stdout]                                at /rustc/90b35a6239c3d8bdabc530a6a0816f7ff89a0aaf/library/core/src/ops/function.rs:250:5
[INFO] [stdout]   24:     0x65536f50c5fb - test::__rust_begin_short_backtrace::hf4fff89d377446ba
[INFO] [stdout]                                at /rustc/90b35a6239c3d8bdabc530a6a0816f7ff89a0aaf/library/test/src/lib.rs:621:18
[INFO] [stdout]   25:     0x65536f50be37 - test::run_test_in_process::{{closure}}::h0e39181dd7ee5a43
[INFO] [stdout]                                at /rustc/90b35a6239c3d8bdabc530a6a0816f7ff89a0aaf/library/test/src/lib.rs:644:60
[INFO] [stdout]   26:     0x65536f50be37 - <core::panic::unwind_safe::AssertUnwindSafe<F> as core::ops::function::FnOnce<()>>::call_once::hc5a66a30f0bdfd1f
[INFO] [stdout]                                at /rustc/90b35a6239c3d8bdabc530a6a0816f7ff89a0aaf/library/core/src/panic/unwind_safe.rs:272:9
[INFO] [stdout]   27:     0x65536f50be37 - std::panicking::try::do_call::h873b7cf639554a5e
[INFO] [stdout]                                at /rustc/90b35a6239c3d8bdabc530a6a0816f7ff89a0aaf/library/std/src/panicking.rs:557:40
[INFO] [stdout]   28:     0x65536f50be37 - std::panicking::try::hdb19862fad9c8bd1
[INFO] [stdout]                                at /rustc/90b35a6239c3d8bdabc530a6a0816f7ff89a0aaf/library/std/src/panicking.rs:520:19
[INFO] [stdout]   29:     0x65536f50be37 - std::panic::catch_unwind::h281fe732d236d260
[INFO] [stdout]                                at /rustc/90b35a6239c3d8bdabc530a6a0816f7ff89a0aaf/library/std/src/panic.rs:358:14
[INFO] [stdout]   30:     0x65536f50be37 - test::run_test_in_process::h949b6df8457ed338
[INFO] [stdout]                                at /rustc/90b35a6239c3d8bdabc530a6a0816f7ff89a0aaf/library/test/src/lib.rs:644:27
[INFO] [stdout]   31:     0x65536f50be37 - test::run_test::{{closure}}::h52c556a6d4740e10
[INFO] [stdout]                                at /rustc/90b35a6239c3d8bdabc530a6a0816f7ff89a0aaf/library/test/src/lib.rs:565:43
[INFO] [stdout]   32:     0x65536f4d1114 - test::run_test::{{closure}}::h4237f6381c45ccb9
[INFO] [stdout]                                at /rustc/90b35a6239c3d8bdabc530a6a0816f7ff89a0aaf/library/test/src/lib.rs:595:41
[INFO] [stdout]   33:     0x65536f4d1114 - std::sys::backtrace::__rust_begin_short_backtrace::h505c97a579eca628
[INFO] [stdout]                                at /rustc/90b35a6239c3d8bdabc530a6a0816f7ff89a0aaf/library/std/src/sys/backtrace.rs:154:18
[INFO] [stdout]   34:     0x65536f4d47de - std::thread::Builder::spawn_unchecked_::{{closure}}::{{closure}}::h9e86b2e2bc107ea3
[INFO] [stdout]                                at /rustc/90b35a6239c3d8bdabc530a6a0816f7ff89a0aaf/library/std/src/thread/mod.rs:538:17
[INFO] [stdout]   35:     0x65536f4d47de - <core::panic::unwind_safe::AssertUnwindSafe<F> as core::ops::function::FnOnce<()>>::call_once::h8b06ddb275ff4a25
[INFO] [stdout]                                at /rustc/90b35a6239c3d8bdabc530a6a0816f7ff89a0aaf/library/core/src/panic/unwind_safe.rs:272:9
[INFO] [stdout]   36:     0x65536f4d47de - std::panicking::try::do_call::hb26ecd7cd9a9355d
[INFO] [stdout]                                at /rustc/90b35a6239c3d8bdabc530a6a0816f7ff89a0aaf/library/std/src/panicking.rs:557:40
[INFO] [stdout]   37:     0x65536f4d47de - std::panicking::try::h8ddeca9d705f9069
[INFO] [stdout]                                at /rustc/90b35a6239c3d8bdabc530a6a0816f7ff89a0aaf/library/std/src/panicking.rs:520:19
[INFO] [stdout]   38:     0x65536f4d47de - std::panic::catch_unwind::h49e1c33078844c46
[INFO] [stdout]                                at /rustc/90b35a6239c3d8bdabc530a6a0816f7ff89a0aaf/library/std/src/panic.rs:358:14
[INFO] [stdout]   39:     0x65536f4d47de - std::thread::Builder::spawn_unchecked_::{{closure}}::h6073db6ff56ad35d
[INFO] [stdout]                                at /rustc/90b35a6239c3d8bdabc530a6a0816f7ff89a0aaf/library/std/src/thread/mod.rs:537:30
[INFO] [stdout]   40:     0x65536f4d47de - core::ops::function::FnOnce::call_once{{vtable.shim}}::h2c5a5f3779c774f1
[INFO] [stdout]                                at /rustc/90b35a6239c3d8bdabc530a6a0816f7ff89a0aaf/library/core/src/ops/function.rs:250:5
[INFO] [stdout]   41:     0x65536f7cfb7b - <alloc::boxed::Box<F,A> as core::ops::function::FnOnce<Args>>::call_once::hf75717d9f28faebf
[INFO] [stdout]                                at /rustc/90b35a6239c3d8bdabc530a6a0816f7ff89a0aaf/library/alloc/src/boxed.rs:2454:9
[INFO] [stdout]   42:     0x65536f7cfb7b - <alloc::boxed::Box<F,A> as core::ops::function::FnOnce<Args>>::call_once::h7bd883a5f3c5f3c1
[INFO] [stdout]                                at /rustc/90b35a6239c3d8bdabc530a6a0816f7ff89a0aaf/library/alloc/src/boxed.rs:2454:9
[INFO] [stdout]   43:     0x65536f7cfb7b - std::sys::pal::unix::thread::Thread::new::thread_start::hcc78f3943333fa94
[INFO] [stdout]                                at /rustc/90b35a6239c3d8bdabc530a6a0816f7ff89a0aaf/library/std/src/sys/pal/unix/thread.rs:105:17
[INFO] [stdout]   44:     0x7c502e75eac3 - <unknown>
[INFO] [stdout]   45:     0x7c502e7efa04 - clone
[INFO] [stdout]   46:                0x0 - <unknown>
[INFO] [stdout] 
[INFO] [stdout] ---- tests::test_config::main stdout ----
[INFO] [stdout] running remove_file: data/configs_test.txt
[INFO] [stdout] Error while removing file: Read-only file system (os error 30) (data/configs_test.txt)
[INFO] [stdout] [
[INFO] [stdout]     Config {
[INFO] [stdout]         name: "TEST",
[INFO] [stdout]         value: "test",
[INFO] [stdout]     },
[INFO] [stdout]     Config {
[INFO] [stdout]         name: "test2",
[INFO] [stdout]         value: "TEST2VAL",
[INFO] [stdout]     },
[INFO] [stdout] ]
[INFO] [stdout] Error: No mapping with this id
[INFO] [stdout] Error: No mapping with this id
[INFO] [stdout] thread 'tests::test_config::main' panicked at src/tests/test_config.rs:16:5:
[INFO] [stdout] assertion `left == right` failed
[INFO] [stdout]   left: Err((403, "Error: A config with that name already exists (TEST)"))
[INFO] [stdout]  right: Ok(())
[INFO] [stdout] stack backtrace:
[INFO] [stdout]    0:     0x65536f7c8c3a - std::backtrace_rs::backtrace::libunwind::trace::h5a5b8284f2d0c266
[INFO] [stdout]                                at /rustc/90b35a6239c3d8bdabc530a6a0816f7ff89a0aaf/library/std/src/../../backtrace/src/backtrace/libunwind.rs:116:5
[INFO] [stdout]    1:     0x65536f7c8c3a - std::backtrace_rs::backtrace::trace_unsynchronized::h76d4f1c9b0b875e3
[INFO] [stdout]                                at /rustc/90b35a6239c3d8bdabc530a6a0816f7ff89a0aaf/library/std/src/../../backtrace/src/backtrace/mod.rs:66:5
[INFO] [stdout]    2:     0x65536f7c8c3a - std::sys::backtrace::_print_fmt::hc4546b8364a537c6
[INFO] [stdout]                                at /rustc/90b35a6239c3d8bdabc530a6a0816f7ff89a0aaf/library/std/src/sys/backtrace.rs:66:9
[INFO] [stdout]    3:     0x65536f7c8c3a - <std::sys::backtrace::BacktraceLock::print::DisplayBacktrace as core::fmt::Display>::fmt::h5b6bd5631a6d1f6b
[INFO] [stdout]                                at /rustc/90b35a6239c3d8bdabc530a6a0816f7ff89a0aaf/library/std/src/sys/backtrace.rs:39:26
[INFO] [stdout]    4:     0x65536f7f2ee3 - core::fmt::rt::Argument::fmt::h270f6602a2b96f62
[INFO] [stdout]                                at /rustc/90b35a6239c3d8bdabc530a6a0816f7ff89a0aaf/library/core/src/fmt/rt.rs:177:76
[INFO] [stdout]    5:     0x65536f7f2ee3 - core::fmt::write::h7550c97b06c86515
[INFO] [stdout]                                at /rustc/90b35a6239c3d8bdabc530a6a0816f7ff89a0aaf/library/core/src/fmt/mod.rs:1186:21
[INFO] [stdout]    6:     0x65536f7c4f33 - std::io::Write::write_fmt::h509ff860e5956e5e
[INFO] [stdout]                                at /rustc/90b35a6239c3d8bdabc530a6a0816f7ff89a0aaf/library/std/src/io/mod.rs:1839:15
[INFO] [stdout]    7:     0x65536f7c8a82 - std::sys::backtrace::BacktraceLock::print::h2395ccd2c84ba3aa
[INFO] [stdout]                                at /rustc/90b35a6239c3d8bdabc530a6a0816f7ff89a0aaf/library/std/src/sys/backtrace.rs:42:9
[INFO] [stdout]    8:     0x65536f7ca09a - std::panicking::default_hook::{{closure}}::he19d4c7230e07961
[INFO] [stdout]                                at /rustc/90b35a6239c3d8bdabc530a6a0816f7ff89a0aaf/library/std/src/panicking.rs:268:22
[INFO] [stdout]    9:     0x65536f7c9ea4 - std::panicking::default_hook::hf614597d3c67bbdb
[INFO] [stdout]                                at /rustc/90b35a6239c3d8bdabc530a6a0816f7ff89a0aaf/library/std/src/panicking.rs:292:9
[INFO] [stdout]   10:     0x65536f507c39 - <alloc::boxed::Box<F,A> as core::ops::function::Fn<Args>>::call::h39b51ce4599c23d1
[INFO] [stdout]                                at /rustc/90b35a6239c3d8bdabc530a6a0816f7ff89a0aaf/library/alloc/src/boxed.rs:2468:9
[INFO] [stdout]   11:     0x65536f507c39 - test::test_main::{{closure}}::he977ae839a582784
[INFO] [stdout]                                at /rustc/90b35a6239c3d8bdabc530a6a0816f7ff89a0aaf/library/test/src/lib.rs:133:21
[INFO] [stdout]   12:     0x65536f7ca738 - <alloc::boxed::Box<F,A> as core::ops::function::Fn<Args>>::call::h9455091b6b06f9fb
[INFO] [stdout]                                at /rustc/90b35a6239c3d8bdabc530a6a0816f7ff89a0aaf/library/alloc/src/boxed.rs:2468:9
[INFO] [stdout]   13:     0x65536f7ca738 - std::panicking::rust_panic_with_hook::h8942133a8b252070
[INFO] [stdout]                                at /rustc/90b35a6239c3d8bdabc530a6a0816f7ff89a0aaf/library/std/src/panicking.rs:809:13
[INFO] [stdout]   14:     0x65536f7ca4fa - std::panicking::begin_panic_handler::{{closure}}::hb5f5963570096b29
[INFO] [stdout]                                at /rustc/90b35a6239c3d8bdabc530a6a0816f7ff89a0aaf/library/std/src/panicking.rs:674:13
[INFO] [stdout]   15:     0x65536f7c9119 - std::sys::backtrace::__rust_end_short_backtrace::h6208cedc1922feda
[INFO] [stdout]                                at /rustc/90b35a6239c3d8bdabc530a6a0816f7ff89a0aaf/library/std/src/sys/backtrace.rs:170:18
[INFO] [stdout]   16:     0x65536f7ca18c - rust_begin_unwind
[INFO] [stdout]                                at /rustc/90b35a6239c3d8bdabc530a6a0816f7ff89a0aaf/library/std/src/panicking.rs:665:5
[INFO] [stdout]   17:     0x65536f3b7330 - core::panicking::panic_fmt::h0c3082644d1bf418
[INFO] [stdout]                                at /rustc/90b35a6239c3d8bdabc530a6a0816f7ff89a0aaf/library/core/src/panicking.rs:74:14
[INFO] [stdout]   18:     0x65536f3b7734 - core::panicking::assert_failed_inner::h2ddf1fcc067fa858
[INFO] [stdout]   19:     0x65536f44d9e4 - core::panicking::assert_failed::h7fefa02058636168
[INFO] [stdout]                                at /rustc/90b35a6239c3d8bdabc530a6a0816f7ff89a0aaf/library/core/src/panicking.rs:367:5
[INFO] [stdout]   20:     0x65536f491991 - kinesis_db::tests::test_config::main::h63991ac38dd46e48
[INFO] [stdout]                                at /opt/rustwide/workdir/src/tests/test_config.rs:16:5
[INFO] [stdout]   21:     0x65536f4915c7 - kinesis_db::tests::test_config::main::{{closure}}::h8c9abc204788caee
[INFO] [stdout]                                at /opt/rustwide/workdir/src/tests/test_config.rs:8:10
[INFO] [stdout]   22:     0x65536f3fad26 - core::ops::function::FnOnce::call_once::h521f0c82368bdda9
[INFO] [stdout]                                at /rustc/90b35a6239c3d8bdabc530a6a0816f7ff89a0aaf/library/core/src/ops/function.rs:250:5
[INFO] [stdout]   23:     0x65536f50c5fb - core::ops::function::FnOnce::call_once::h109cf8051a59b34e
[INFO] [stdout]                                at /rustc/90b35a6239c3d8bdabc530a6a0816f7ff89a0aaf/library/core/src/ops/function.rs:250:5
[INFO] [stdout]   24:     0x65536f50c5fb - test::__rust_begin_short_backtrace::hf4fff89d377446ba
[INFO] [stdout]                                at /rustc/90b35a6239c3d8bdabc530a6a0816f7ff89a0aaf/library/test/src/lib.rs:621:18
[INFO] [stdout]   25:     0x65536f50be37 - test::run_test_in_process::{{closure}}::h0e39181dd7ee5a43
[INFO] [stdout]                                at /rustc/90b35a6239c3d8bdabc530a6a0816f7ff89a0aaf/library/test/src/lib.rs:644:60
[INFO] [stdout]   26:     0x65536f50be37 - <core::panic::unwind_safe::AssertUnwindSafe<F> as core::ops::function::FnOnce<()>>::call_once::hc5a66a30f0bdfd1f
[INFO] [stdout]                                at /rustc/90b35a6239c3d8bdabc530a6a0816f7ff89a0aaf/library/core/src/panic/unwind_safe.rs:272:9
[INFO] [stdout]   27:     0x65536f50be37 - std::panicking::try::do_call::h873b7cf639554a5e
[INFO] [stdout]                                at /rustc/90b35a6239c3d8bdabc530a6a0816f7ff89a0aaf/library/std/src/panicking.rs:557:40
[INFO] [stdout]   28:     0x65536f50be37 - std::panicking::try::hdb19862fad9c8bd1
[INFO] [stdout]                                at /rustc/90b35a6239c3d8bdabc530a6a0816f7ff89a0aaf/library/std/src/panicking.rs:520:19
[INFO] [stdout]   29:     0x65536f50be37 - std::panic::catch_unwind::h281fe732d236d260
[INFO] [stdout]                                at /rustc/90b35a6239c3d8bdabc530a6a0816f7ff89a0aaf/library/std/src/panic.rs:358:14
[INFO] [stdout]   30:     0x65536f50be37 - test::run_test_in_process::h949b6df8457ed338
[INFO] [stdout]                                at /rustc/90b35a6239c3d8bdabc530a6a0816f7ff89a0aaf/library/test/src/lib.rs:644:27
[INFO] [stdout]   31:     0x65536f50be37 - test::run_test::{{closure}}::h52c556a6d4740e10
[INFO] [stdout]                                at /rustc/90b35a6239c3d8bdabc530a6a0816f7ff89a0aaf/library/test/src/lib.rs:565:43
[INFO] [stdout]   32:     0x65536f4d1114 - test::run_test::{{closure}}::h4237f6381c45ccb9
[INFO] [stdout]                                at /rustc/90b35a6239c3d8bdabc530a6a0816f7ff89a0aaf/library/test/src/lib.rs:595:41
[INFO] [stdout]   33:     0x65536f4d1114 - std::sys::backtrace::__rust_begin_short_backtrace::h505c97a579eca628
[INFO] [stdout]                                at /rustc/90b35a6239c3d8bdabc530a6a0816f7ff89a0aaf/library/std/src/sys/backtrace.rs:154:18
[INFO] [stdout]   34:     0x65536f4d47de - std::thread::Builder::spawn_unchecked_::{{closure}}::{{closure}}::h9e86b2e2bc107ea3
[INFO] [stdout]                                at /rustc/90b35a6239c3d8bdabc530a6a0816f7ff89a0aaf/library/std/src/thread/mod.rs:538:17
[INFO] [stdout]   35:     0x65536f4d47de - <core::panic::unwind_safe::AssertUnwindSafe<F> as core::ops::function::FnOnce<()>>::call_once::h8b06ddb275ff4a25
[INFO] [stdout]                                at /rustc/90b35a6239c3d8bdabc530a6a0816f7ff89a0aaf/library/core/src/panic/unwind_safe.rs:272:9
[INFO] [stdout]   36:     0x65536f4d47de - std::panicking::try::do_call::hb26ecd7cd9a9355d
[INFO] [stdout]                                at /rustc/90b35a6239c3d8bdabc530a6a0816f7ff89a0aaf/library/std/src/panicking.rs:557:40
[INFO] [stdout]   37:     0x65536f4d47de - std::panicking::try::h8ddeca9d705f9069
[INFO] [stdout]                                at /rustc/90b35a6239c3d8bdabc530a6a0816f7ff89a0aaf/library/std/src/panicking.rs:520:19
[INFO] [stdout]   38:     0x65536f4d47de - std::panic::catch_unwind::h49e1c33078844c46
[INFO] [stdout]                                at /rustc/90b35a6239c3d8bdabc530a6a0816f7ff89a0aaf/library/std/src/panic.rs:358:14
[INFO] [stdout]   39:     0x65536f4d47de - std::thread::Builder::spawn_unchecked_::{{closure}}::h6073db6ff56ad35d
[INFO] [stdout]                                at /rustc/90b35a6239c3d8bdabc530a6a0816f7ff89a0aaf/library/std/src/thread/mod.rs:537:30
[INFO] [stdout]   40:     0x65536f4d47de - core::ops::function::FnOnce::call_once{{vtable.shim}}::h2c5a5f3779c774f1
[INFO] [stdout]                                at /rustc/90b35a6239c3d8bdabc530a6a0816f7ff89a0aaf/library/core/src/ops/function.rs:250:5
[INFO] [stdout]   41:     0x65536f7cfb7b - <alloc::boxed::Box<F,A> as core::ops::function::FnOnce<Args>>::call_once::hf75717d9f28faebf
[INFO] [stdout]                                at /rustc/90b35a6239c3d8bdabc530a6a0816f7ff89a0aaf/library/alloc/src/boxed.rs:2454:9
[INFO] [stdout]   42:     0x65536f7cfb7b - <alloc::boxed::Box<F,A> as core::ops::function::FnOnce<Args>>::call_once::h7bd883a5f3c5f3c1
[INFO] [stdout]                                at /rustc/90b35a6239c3d8bdabc530a6a0816f7ff89a0aaf/library/alloc/src/boxed.rs:2454:9
[INFO] [stdout]   43:     0x65536f7cfb7b - std::sys::pal::unix::thread::Thread::new::thread_start::hcc78f3943333fa94
[INFO] [stdout]                                at /rustc/90b35a6239c3d8bdabc530a6a0816f7ff89a0aaf/library/std/src/sys/pal/unix/thread.rs:105:17
[INFO] [stdout]   44:     0x7c502e75eac3 - <unknown>
[INFO] [stdout]   45:     0x7c502e7efa04 - clone
[INFO] [stdout]   46:                0x0 - <unknown>
[INFO] [stdout] 
[INFO] [stdout] ---- tests::test_project::main stdout ----
[INFO] [stdout] running ensure_directory_exists: /tmp/data
[INFO] [stdout] running ensure_directory_exists: /tmp/data/projects
[INFO] [stdout] running ensure_directory_exists: /tmp/data/projects/konnect
[INFO] [stdout] running remove_file: data/projects_test.txt
[INFO] [stdout] Error while removing file: Read-only file system (os error 30) (data/projects_test.txt)
[INFO] [stdout] [
[INFO] [stdout]     Project {
[INFO] [stdout]         id: "test",
[INFO] [stdout]         name: "Test Project",
[INFO] [stdout]         description: "This is a test project.",
[INFO] [stdout]         api_path: "/api/v1/projects",
[INFO] [stdout]         members: [],
[INFO] [stdout]     },
[INFO] [stdout]     Project {
[INFO] [stdout]         id: "test3",
[INFO] [stdout]         name: "Test Project 3",
[INFO] [stdout]         description: "This is a new test project (3).",
[INFO] [stdout]         api_path: "/api/v1/projects3",
[INFO] [stdout]         members: [
[INFO] [stdout]             "test-1-2-3",
[INFO] [stdout]         ],
[INFO] [stdout]     },
[INFO] [stdout] ]
[INFO] [stdout] running ensure_directory_exists: /tmp/data/projects/test;
[INFO] [stdout] Error: id is already in use
[INFO] [stdout] running remove_directory: /tmp/data/projects/test;
[INFO] [stdout] running ensure_directory_exists: /tmp/data/projects/test;
[INFO] [stdout] thread 'tests::test_project::main' panicked at src/tests/test_project.rs:27:5:
[INFO] [stdout] assertion `left == right` failed
[INFO] [stdout]   left: Err((403, "Error: id is already in use"))
[INFO] [stdout]  right: Ok(())
[INFO] [stdout] stack backtrace:
[INFO] [stdout]    0:     0x65536f7c8c3a - std::backtrace_rs::backtrace::libunwind::trace::h5a5b8284f2d0c266
[INFO] [stdout]                                at /rustc/90b35a6239c3d8bdabc530a6a0816f7ff89a0aaf/library/std/src/../../backtrace/src/backtrace/libunwind.rs:116:5
[INFO] [stdout]    1:     0x65536f7c8c3a - std::backtrace_rs::backtrace::trace_unsynchronized::h76d4f1c9b0b875e3
[INFO] [stdout]                                at /rustc/90b35a6239c3d8bdabc530a6a0816f7ff89a0aaf/library/std/src/../../backtrace/src/backtrace/mod.rs:66:5
[INFO] [stdout]    2:     0x65536f7c8c3a - std::sys::backtrace::_print_fmt::hc4546b8364a537c6
[INFO] [stdout]                                at /rustc/90b35a6239c3d8bdabc530a6a0816f7ff89a0aaf/library/std/src/sys/backtrace.rs:66:9
[INFO] [stdout]    3:     0x65536f7c8c3a - <std::sys::backtrace::BacktraceLock::print::DisplayBacktrace as core::fmt::Display>::fmt::h5b6bd5631a6d1f6b
[INFO] [stdout]                                at /rustc/90b35a6239c3d8bdabc530a6a0816f7ff89a0aaf/library/std/src/sys/backtrace.rs:39:26
[INFO] [stdout]    4:     0x65536f7f2ee3 - core::fmt::rt::Argument::fmt::h270f6602a2b96f62
[INFO] [stdout]                                at /rustc/90b35a6239c3d8bdabc530a6a0816f7ff89a0aaf/library/core/src/fmt/rt.rs:177:76
[INFO] [stdout]    5:     0x65536f7f2ee3 - core::fmt::write::h7550c97b06c86515
[INFO] [stdout]                                at /rustc/90b35a6239c3d8bdabc530a6a0816f7ff89a0aaf/library/core/src/fmt/mod.rs:1186:21
[INFO] [stdout]    6:     0x65536f7c4f33 - std::io::Write::write_fmt::h509ff860e5956e5e
[INFO] [stdout]                                at /rustc/90b35a6239c3d8bdabc530a6a0816f7ff89a0aaf/library/std/src/io/mod.rs:1839:15
[INFO] [stdout]    7:     0x65536f7c8a82 - std::sys::backtrace::BacktraceLock::print::h2395ccd2c84ba3aa
[INFO] [stdout]                                at /rustc/90b35a6239c3d8bdabc530a6a0816f7ff89a0aaf/library/std/src/sys/backtrace.rs:42:9
[INFO] [stdout]    8:     0x65536f7ca09a - std::panicking::default_hook::{{closure}}::he19d4c7230e07961
[INFO] [stdout]                                at /rustc/90b35a6239c3d8bdabc530a6a0816f7ff89a0aaf/library/std/src/panicking.rs:268:22
[INFO] [stdout]    9:     0x65536f7c9ea4 - std::panicking::default_hook::hf614597d3c67bbdb
[INFO] [stdout]                                at /rustc/90b35a6239c3d8bdabc530a6a0816f7ff89a0aaf/library/std/src/panicking.rs:292:9
[INFO] [stdout]   10:     0x65536f507c39 - <alloc::boxed::Box<F,A> as core::ops::function::Fn<Args>>::call::h39b51ce4599c23d1
[INFO] [stdout]                                at /rustc/90b35a6239c3d8bdabc530a6a0816f7ff89a0aaf/library/alloc/src/boxed.rs:2468:9
[INFO] [stdout]   11:     0x65536f507c39 - test::test_main::{{closure}}::he977ae839a582784
[INFO] [stdout]                                at /rustc/90b35a6239c3d8bdabc530a6a0816f7ff89a0aaf/library/test/src/lib.rs:133:21
[INFO] [stdout]   12:     0x65536f7ca738 - <alloc::boxed::Box<F,A> as core::ops::function::Fn<Args>>::call::h9455091b6b06f9fb
[INFO] [stdout]                                at /rustc/90b35a6239c3d8bdabc530a6a0816f7ff89a0aaf/library/alloc/src/boxed.rs:2468:9
[INFO] [stdout]   13:     0x65536f7ca738 - std::panicking::rust_panic_with_hook::h8942133a8b252070
[INFO] [stdout]                                at /rustc/90b35a6239c3d8bdabc530a6a0816f7ff89a0aaf/library/std/src/panicking.rs:809:13
[INFO] [stdout]   14:     0x65536f7ca4fa - std::panicking::begin_panic_handler::{{closure}}::hb5f5963570096b29
[INFO] [stdout]                                at /rustc/90b35a6239c3d8bdabc530a6a0816f7ff89a0aaf/library/std/src/panicking.rs:674:13
[INFO] [stdout]   15:     0x65536f7c9119 - std::sys::backtrace::__rust_end_short_backtrace::h6208cedc1922feda
[INFO] [stdout]                                at /rustc/90b35a6239c3d8bdabc530a6a0816f7ff89a0aaf/library/std/src/sys/backtrace.rs:170:18
[INFO] [stdout]   16:     0x65536f7ca18c - rust_begin_unwind
[INFO] [stdout]                                at /rustc/90b35a6239c3d8bdabc530a6a0816f7ff89a0aaf/library/std/src/panicking.rs:665:5
[INFO] [stdout]   17:     0x65536f3b7330 - core::panicking::panic_fmt::h0c3082644d1bf418
[INFO] [stdout]                                at /rustc/90b35a6239c3d8bdabc530a6a0816f7ff89a0aaf/library/core/src/panicking.rs:74:14
[INFO] [stdout]   18:     0x65536f3b7734 - core::panicking::assert_failed_inner::h2ddf1fcc067fa858
[INFO] [stdout]   19:     0x65536f44d9e4 - core::panicking::assert_failed::h7fefa02058636168
[INFO] [stdout]                                at /rustc/90b35a6239c3d8bdabc530a6a0816f7ff89a0aaf/library/core/src/panicking.rs:367:5
[INFO] [stdout]   20:     0x65536f4b5dfc - kinesis_db::tests::test_project::main::h14848f796ee825f6
[INFO] [stdout]                                at /opt/rustwide/workdir/src/tests/test_project.rs:27:5
[INFO] [stdout]   21:     0x65536f4b5887 - kinesis_db::tests::test_project::main::{{closure}}::hc264bfb52ac24d18
[INFO] [stdout]                                at /opt/rustwide/workdir/src/tests/test_project.rs:8:10
[INFO] [stdout]   22:     0x65536f3fb2b6 - core::ops::function::FnOnce::call_once::hb5124c0270fca7fe
[INFO] [stdout]                                at /rustc/90b35a6239c3d8bdabc530a6a0816f7ff89a0aaf/library/core/src/ops/function.rs:250:5
[INFO] [stdout]   23:     0x65536f50c5fb - core::ops::function::FnOnce::call_once::h109cf8051a59b34e
[INFO] [stdout]                                at /rustc/90b35a6239c3d8bdabc530a6a0816f7ff89a0aaf/library/core/src/ops/function.rs:250:5
[INFO] [stdout]   24:     0x65536f50c5fb - test::__rust_begin_short_backtrace::hf4fff89d377446ba
[INFO] [stdout]                                at /rustc/90b35a6239c3d8bdabc530a6a0816f7ff89a0aaf/library/test/src/lib.rs:621:18
[INFO] [stdout]   25:     0x65536f50be37 - test::run_test_in_process::{{closure}}::h0e39181dd7ee5a43
[INFO] [stdout]                                at /rustc/90b35a6239c3d8bdabc530a6a0816f7ff89a0aaf/library/test/src/lib.rs:644:60
[INFO] [stdout]   26:     0x65536f50be37 - <core::panic::unwind_safe::AssertUnwindSafe<F> as core::ops::function::FnOnce<()>>::call_once::hc5a66a30f0bdfd1f
[INFO] [stdout]                                at /rustc/90b35a6239c3d8bdabc530a6a0816f7ff89a0aaf/library/core/src/panic/unwind_safe.rs:272:9
[INFO] [stdout]   27:     0x65536f50be37 - std::panicking::try::do_call::h873b7cf639554a5e
[INFO] [stdout]                                at /rustc/90b35a6239c3d8bdabc530a6a0816f7ff89a0aaf/library/std/src/panicking.rs:557:40
[INFO] [stdout]   28:     0x65536f50be37 - std::panicking::try::hdb19862fad9c8bd1
[INFO] [stdout]                                at /rustc/90b35a6239c3d8bdabc530a6a0816f7ff89a0aaf/library/std/src/panicking.rs:520:19
[INFO] [stdout]   29:     0x65536f50be37 - std::panic::catch_unwind::h281fe732d236d260
[INFO] [stdout]                                at /rustc/90b35a6239c3d8bdabc530a6a0816f7ff89a0aaf/library/std/src/panic.rs:358:14
[INFO] [stdout]   30:     0x65536f50be37 - test::run_test_in_process::h949b6df8457ed338
[INFO] [stdout]                                at /rustc/90b35a6239c3d8bdabc530a6a0816f7ff89a0aaf/library/test/src/lib.rs:644:27
[INFO] [stdout]   31:     0x65536f50be37 - test::run_test::{{closure}}::h52c556a6d4740e10
[INFO] [stdout]                                at /rustc/90b35a6239c3d8bdabc530a6a0816f7ff89a0aaf/library/test/src/lib.rs:565:43
[INFO] [stdout]   32:     0x65536f4d1114 - test::run_test::{{closure}}::h4237f6381c45ccb9
[INFO] [stdout]                                at /rustc/90b35a6239c3d8bdabc530a6a0816f7ff89a0aaf/library/test/src/lib.rs:595:41
[INFO] [stdout]   33:     0x65536f4d1114 - std::sys::backtrace::__rust_begin_short_backtrace::h505c97a579eca628
[INFO] [stdout]                                at /rustc/90b35a6239c3d8bdabc530a6a0816f7ff89a0aaf/library/std/src/sys/backtrace.rs:154:18
[INFO] [stdout]   34:     0x65536f4d47de - std::thread::Builder::spawn_unchecked_::{{closure}}::{{closure}}::h9e86b2e2bc107ea3
[INFO] [stdout]                                at /rustc/90b35a6239c3d8bdabc530a6a0816f7ff89a0aaf/library/std/src/thread/mod.rs:538:17
[INFO] [stdout]   35:     0x65536f4d47de - <core::panic::unwind_safe::AssertUnwindSafe<F> as core::ops::function::FnOnce<()>>::call_once::h8b06ddb275ff4a25
[INFO] [stdout]                                at /rustc/90b35a6239c3d8bdabc530a6a0816f7ff89a0aaf/library/core/src/panic/unwind_safe.rs:272:9
[INFO] [stdout]   36:     0x65536f4d47de - std::panicking::try::do_call::hb26ecd7cd9a9355d
[INFO] [stdout]                                at /rustc/90b35a6239c3d8bdabc530a6a0816f7ff89a0aaf/library/std/src/panicking.rs:557:40
[INFO] [stdout]   37:     0x65536f4d47de - std::panicking::try::h8ddeca9d705f9069
[INFO] [stdout]                                at /rustc/90b35a6239c3d8bdabc530a6a0816f7ff89a0aaf/library/std/src/panicking.rs:520:19
[INFO] [stdout]   38:     0x65536f4d47de - std::panic::catch_unwind::h49e1c33078844c46
[INFO] [stdout]                                at /rustc/90b35a6239c3d8bdabc530a6a0816f7ff89a0aaf/library/std/src/panic.rs:358:14
[INFO] [stdout]   39:     0x65536f4d47de - std::thread::Builder::spawn_unchecked_::{{closure}}::h6073db6ff56ad35d
[INFO] [stdout]                                at /rustc/90b35a6239c3d8bdabc530a6a0816f7ff89a0aaf/library/std/src/thread/mod.rs:537:30
[INFO] [stdout]   40:     0x65536f4d47de - core::ops::function::FnOnce::call_once{{vtable.shim}}::h2c5a5f3779c774f1
[INFO] [stdout]                                at /rustc/90b35a6239c3d8bdabc530a6a0816f7ff89a0aaf/library/core/src/ops/function.rs:250:5
[INFO] [stdout]   41:     0x65536f7cfb7b - <alloc::boxed::Box<F,A> as core::ops::function::FnOnce<Args>>::call_once::hf75717d9f28faebf
[INFO] [stdout]                                at /rustc/90b35a6239c3d8bdabc530a6a0816f7ff89a0aaf/library/alloc/src/boxed.rs:2454:9
[INFO] [stdout]   42:     0x65536f7cfb7b - <alloc::boxed::Box<F,A> as core::ops::function::FnOnce<Args>>::call_once::h7bd883a5f3c5f3c1
[INFO] [stdout]                                at /rustc/90b35a6239c3d8bdabc530a6a0816f7ff89a0aaf/library/alloc/src/boxed.rs:2454:9
[INFO] [stdout]   43:     0x65536f7cfb7b - std::sys::pal::unix::thread::Thread::new::thread_start::hcc78f3943333fa94
[INFO] [stdout]                                at /rustc/90b35a6239c3d8bdabc530a6a0816f7ff89a0aaf/library/std/src/sys/pal/unix/thread.rs:105:17
[INFO] [stdout]   44:     0x7c502e75eac3 - <unknown>
[INFO] [stdout]   45:     0x7c502e7efa04 - clone
[INFO] [stdout]   46:                0x0 - <unknown>
[INFO] [stdout] 
[INFO] [stdout] ---- tests::test_data::main stdout ----
[INFO] [stdout] running remove_file: data/data_test.txt
[INFO] [stdout] Error while removing file: Read-only file system (os error 30) (data/data_test.txt)
[INFO] [stdout] Error: No mapping with this id
[INFO] [stdout] Error: No mapping with this id
[INFO] [stdout] Error: No mapping with this id
[INFO] [stdout] Error: No mapping with this id
[INFO] [stdout] Error: No mapping with this id
[INFO] [stdout] Error: No mapping with this id
[INFO] [stdout] thread 'tests::test_data::main' panicked at src/components/datapair.rs:467:49:
[INFO] [stdout] index out of bounds: the len is 1 but the index is 1
[INFO] [stdout] stack backtrace:
[INFO] [stdout]    0:     0x65536f7c8c3a - std::backtrace_rs::backtrace::libunwind::trace::h5a5b8284f2d0c266
[INFO] [stdout]                                at /rustc/90b35a6239c3d8bdabc530a6a0816f7ff89a0aaf/library/std/src/../../backtrace/src/backtrace/libunwind.rs:116:5
[INFO] [stdout]    1:     0x65536f7c8c3a - std::backtrace_rs::backtrace::trace_unsynchronized::h76d4f1c9b0b875e3
[INFO] [stdout]                                at /rustc/90b35a6239c3d8bdabc530a6a0816f7ff89a0aaf/library/std/src/../../backtrace/src/backtrace/mod.rs:66:5
[INFO] [stdout]    2:     0x65536f7c8c3a - std::sys::backtrace::_print_fmt::hc4546b8364a537c6
[INFO] [stdout]                                at /rustc/90b35a6239c3d8bdabc530a6a0816f7ff89a0aaf/library/std/src/sys/backtrace.rs:66:9
[INFO] [stdout]    3:     0x65536f7c8c3a - <std::sys::backtrace::BacktraceLock::print::DisplayBacktrace as core::fmt::Display>::fmt::h5b6bd5631a6d1f6b
[INFO] [stdout]                                at /rustc/90b35a6239c3d8bdabc530a6a0816f7ff89a0aaf/library/std/src/sys/backtrace.rs:39:26
[INFO] [stdout]    4:     0x65536f7f2ee3 - core::fmt::rt::Argument::fmt::h270f6602a2b96f62
[INFO] [stdout]                                at /rustc/90b35a6239c3d8bdabc530a6a0816f7ff89a0aaf/library/core/src/fmt/rt.rs:177:76
[INFO] [stdout]    5:     0x65536f7f2ee3 - core::fmt::write::h7550c97b06c86515
[INFO] [stdout]                                at /rustc/90b35a6239c3d8bdabc530a6a0816f7ff89a0aaf/library/core/src/fmt/mod.rs:1186:21
[INFO] [stdout]    6:     0x65536f7c4f33 - std::io::Write::write_fmt::h509ff860e5956e5e
[INFO] [stdout]                                at /rustc/90b35a6239c3d8bdabc530a6a0816f7ff89a0aaf/library/std/src/io/mod.rs:1839:15
[INFO] [stdout]    7:     0x65536f7c8a82 - std::sys::backtrace::BacktraceLock::print::h2395ccd2c84ba3aa
[INFO] [stdout]                                at /rustc/90b35a6239c3d8bdabc530a6a0816f7ff89a0aaf/library/std/src/sys/backtrace.rs:42:9
[INFO] [stdout]    8:     0x65536f7ca09a - std::panicking::default_hook::{{closure}}::he19d4c7230e07961
[INFO] [stdout]                                at /rustc/90b35a6239c3d8bdabc530a6a0816f7ff89a0aaf/library/std/src/panicking.rs:268:22
[INFO] [stdout]    9:     0x65536f7c9ea4 - std::panicking::default_hook::hf614597d3c67bbdb
[INFO] [stdout]                                at /rustc/90b35a6239c3d8bdabc530a6a0816f7ff89a0aaf/library/std/src/panicking.rs:292:9
[INFO] [stdout]   10:     0x65536f507c39 - <alloc::boxed::Box<F,A> as core::ops::function::Fn<Args>>::call::h39b51ce4599c23d1
[INFO] [stdout]                                at /rustc/90b35a6239c3d8bdabc530a6a0816f7ff89a0aaf/library/alloc/src/boxed.rs:2468:9
[INFO] [stdout]   11:     0x65536f507c39 - test::test_main::{{closure}}::he977ae839a582784
[INFO] [stdout]                                at /rustc/90b35a6239c3d8bdabc530a6a0816f7ff89a0aaf/library/test/src/lib.rs:133:21
[INFO] [stdout]   12:     0x65536f7ca738 - <alloc::boxed::Box<F,A> as core::ops::function::Fn<Args>>::call::h9455091b6b06f9fb
[INFO] [stdout]                                at /rustc/90b35a6239c3d8bdabc530a6a0816f7ff89a0aaf/library/alloc/src/boxed.rs:2468:9
[INFO] [stdout]   13:     0x65536f7ca738 - std::panicking::rust_panic_with_hook::h8942133a8b252070
[INFO] [stdout]                                at /rustc/90b35a6239c3d8bdabc530a6a0816f7ff89a0aaf/library/std/src/panicking.rs:809:13
[INFO] [stdout]   14:     0x65536f7ca4fa - std::panicking::begin_panic_handler::{{closure}}::hb5f5963570096b29
[INFO] [stdout]                                at /rustc/90b35a6239c3d8bdabc530a6a0816f7ff89a0aaf/library/std/src/panicking.rs:674:13
[INFO] [stdout]   15:     0x65536f7c9119 - std::sys::backtrace::__rust_end_short_backtrace::h6208cedc1922feda
[INFO] [stdout]                                at /rustc/90b35a6239c3d8bdabc530a6a0816f7ff89a0aaf/library/std/src/sys/backtrace.rs:170:18
[INFO] [stdout]   16:     0x65536f7ca18c - rust_begin_unwind
[INFO] [stdout]                                at /rustc/90b35a6239c3d8bdabc530a6a0816f7ff89a0aaf/library/std/src/panicking.rs:665:5
[INFO] [stdout]   17:     0x65536f3b7330 - core::panicking::panic_fmt::h0c3082644d1bf418
[INFO] [stdout]                                at /rustc/90b35a6239c3d8bdabc530a6a0816f7ff89a0aaf/library/core/src/panicking.rs:74:14
[INFO] [stdout]   18:     0x65536f3b74b1 - core::panicking::panic_bounds_check::h8307ccead484a122
[INFO] [stdout]                                at /rustc/90b35a6239c3d8bdabc530a6a0816f7ff89a0aaf/library/core/src/panicking.rs:276:5
[INFO] [stdout]   19:     0x65536f736147 - <usize as core::slice::index::SliceIndex<[T]>>::index::h81b571c93e3905cc
[INFO] [stdout]                                at /rustc/90b35a6239c3d8bdabc530a6a0816f7ff89a0aaf/library/core/src/slice/index.rs:301:10
[INFO] [stdout]   20:     0x65536f72b7f5 - core::slice::index::<impl core::ops::index::Index<I> for [T]>::index::h49ecda0464175d9f
[INFO] [stdout]                                at /rustc/90b35a6239c3d8bdabc530a6a0816f7ff89a0aaf/library/core/src/slice/index.rs:16:9
[INFO] [stdout]   21:     0x65536f72b7f5 - <alloc::vec::Vec<T,A> as core::ops::index::Index<I>>::index::h44295200ae71b5e6
[INFO] [stdout]                                at /rustc/90b35a6239c3d8bdabc530a6a0816f7ff89a0aaf/library/alloc/src/vec/mod.rs:3323:9
[INFO] [stdout]   22:     0x65536f48a391 - kinesis_db::components::datapair::DataPair::from_string::h5fd693d1062c4a7c
[INFO] [stdout]                                at /opt/rustwide/workdir/src/components/datapair.rs:467:49
[INFO] [stdout]   23:     0x65536f4763b6 - kinesis_db::components::data::Data::from_string::hdd5fdaa93b72b71a
[INFO] [stdout]                                at /opt/rustwide/workdir/src/components/data.rs:621:9
[INFO] [stdout]   24:     0x65536f476cda - kinesis_db::components::data::unwrap_data::h71275712738d3cfc
[INFO] [stdout]                                at /opt/rustwide/workdir/src/components/data.rs:659:9
[INFO] [stdout]   25:     0x65536f476dc0 - kinesis_db::components::data::fetch_all_data::h82b56005d1c7822b
[INFO] [stdout]                                at /opt/rustwide/workdir/src/components/data.rs:667:22
[INFO] [stdout]   26:     0x65536f49218d - kinesis_db::tests::test_data::main::h568cbce571f1b62e
[INFO] [stdout]                                at /opt/rustwide/workdir/src/tests/test_data.rs:12:24
[INFO] [stdout]   27:     0x65536f4920c7 - kinesis_db::tests::test_data::main::{{closure}}::hd2822723a65b67c0
[INFO] [stdout]                                at /opt/rustwide/workdir/src/tests/test_data.rs:8:10
[INFO] [stdout]   28:     0x65536f3fb576 - core::ops::function::FnOnce::call_once::hd6454c52c2c9ed03
[INFO] [stdout]                                at /rustc/90b35a6239c3d8bdabc530a6a0816f7ff89a0aaf/library/core/src/ops/function.rs:250:5
[INFO] [stdout]   29:     0x65536f50c5fb - core::ops::function::FnOnce::call_once::h109cf8051a59b34e
[INFO] [stdout]                                at /rustc/90b35a6239c3d8bdabc530a6a0816f7ff89a0aaf/library/core/src/ops/function.rs:250:5
[INFO] [stdout]   30:     0x65536f50c5fb - test::__rust_begin_short_backtrace::hf4fff89d377446ba
[INFO] [stdout]                                at /rustc/90b35a6239c3d8bdabc530a6a0816f7ff89a0aaf/library/test/src/lib.rs:621:18
[INFO] [stdout]   31:     0x65536f50be37 - test::run_test_in_process::{{closure}}::h0e39181dd7ee5a43
[INFO] [stdout]                                at /rustc/90b35a6239c3d8bdabc530a6a0816f7ff89a0aaf/library/test/src/lib.rs:644:60
[INFO] [stdout]   32:     0x65536f50be37 - <core::panic::unwind_safe::AssertUnwindSafe<F> as core::ops::function::FnOnce<()>>::call_once::hc5a66a30f0bdfd1f
[INFO] [stdout]                                at /rustc/90b35a6239c3d8bdabc530a6a0816f7ff89a0aaf/library/core/src/panic/unwind_safe.rs:272:9
[INFO] [stdout]   33:     0x65536f50be37 - std::panicking::try::do_call::h873b7cf639554a5e
[INFO] [stdout]                                at /rustc/90b35a6239c3d8bdabc530a6a0816f7ff89a0aaf/library/std/src/panicking.rs:557:40
[INFO] [stdout]   34:     0x65536f50be37 - std::panicking::try::hdb19862fad9c8bd1
[INFO] [stdout]                                at /rustc/90b35a6239c3d8bdabc530a6a0816f7ff89a0aaf/library/std/src/panicking.rs:520:19
[INFO] [stdout]   35:     0x65536f50be37 - std::panic::catch_unwind::h281fe732d236d260
[INFO] [stdout]                                at /rustc/90b35a6239c3d8bdabc530a6a0816f7ff89a0aaf/library/std/src/panic.rs:358:14
[INFO] [stdout]   36:     0x65536f50be37 - test::run_test_in_process::h949b6df8457ed338
[INFO] [stdout]                                at /rustc/90b35a6239c3d8bdabc530a6a0816f7ff89a0aaf/library/test/src/lib.rs:644:27
[INFO] [stdout]   37:     0x65536f50be37 - test::run_test::{{closure}}::h52c556a6d4740e10
[INFO] [stdout]                                at /rustc/90b35a6239c3d8bdabc530a6a0816f7ff89a0aaf/library/test/src/lib.rs:565:43
[INFO] [stdout]   38:     0x65536f4d1114 - test::run_test::{{closure}}::h4237f6381c45ccb9
[INFO] [stdout]                                at /rustc/90b35a6239c3d8bdabc530a6a0816f7ff89a0aaf/library/test/src/lib.rs:595:41
[INFO] [stdout]   39:     0x65536f4d1114 - std::sys::backtrace::__rust_begin_short_backtrace::h505c97a579eca628
[INFO] [stdout]                                at /rustc/90b35a6239c3d8bdabc530a6a0816f7ff89a0aaf/library/std/src/sys/backtrace.rs:154:18
[INFO] [stdout]   40:     0x65536f4d47de - std::thread::Builder::spawn_unchecked_::{{closure}}::{{closure}}::h9e86b2e2bc107ea3
[INFO] [stdout]                                at /rustc/90b35a6239c3d8bdabc530a6a0816f7ff89a0aaf/library/std/src/thread/mod.rs:538:17
[INFO] [stdout]   41:     0x65536f4d47de - <core::panic::unwind_safe::AssertUnwindSafe<F> as core::ops::function::FnOnce<()>>::call_once::h8b06ddb275ff4a25
[INFO] [stdout]                                at /rustc/90b35a6239c3d8bdabc530a6a0816f7ff89a0aaf/library/core/src/panic/unwind_safe.rs:272:9
[INFO] [stdout]   42:     0x65536f4d47de - std::panicking::try::do_call::hb26ecd7cd9a9355d
[INFO] [stdout]                                at /rustc/90b35a6239c3d8bdabc530a6a0816f7ff89a0aaf/library/std/src/panicking.rs:557:40
[INFO] [stdout]   43:     0x65536f4d47de - std::panicking::try::h8ddeca9d705f9069
[INFO] [stdout]                                at /rustc/90b35a6239c3d8bdabc530a6a0816f7ff89a0aaf/library/std/src/panicking.rs:520:19
[INFO] [stdout]   44:     0x65536f4d47de - std::panic::catch_unwind::h49e1c33078844c46
[INFO] [stdout]                                at /rustc/90b35a6239c3d8bdabc530a6a0816f7ff89a0aaf/library/std/src/panic.rs:358:14
[INFO] [stdout]   45:     0x65536f4d47de - std::thread::Builder::spawn_unchecked_::{{closure}}::h6073db6ff56ad35d
[INFO] [stdout]                                at /rustc/90b35a6239c3d8bdabc530a6a0816f7ff89a0aaf/library/std/src/thread/mod.rs:537:30
[INFO] [stdout]   46:     0x65536f4d47de - core::ops::function::FnOnce::call_once{{vtable.shim}}::h2c5a5f3779c774f1
[INFO] [stdout]                                at /rustc/90b35a6239c3d8bdabc530a6a0816f7ff89a0aaf/library/core/src/ops/function.rs:250:5
[INFO] [stdout]   47:     0x65536f7cfb7b - <alloc::boxed::Box<F,A> as core::ops::function::FnOnce<Args>>::call_once::hf75717d9f28faebf
[INFO] [stdout]                                at /rustc/90b35a6239c3d8bdabc530a6a0816f7ff89a0aaf/library/alloc/src/boxed.rs:2454:9
[INFO] [stdout]   48:     0x65536f7cfb7b - <alloc::boxed::Box<F,A> as core::ops::function::FnOnce<Args>>::call_once::h7bd883a5f3c5f3c1
[INFO] [stdout]                                at /rustc/90b35a6239c3d8bdabc530a6a0816f7ff89a0aaf/library/alloc/src/boxed.rs:2454:9
[INFO] [stdout]   49:     0x65536f7cfb7b - std::sys::pal::unix::thread::Thread::new::thread_start::hcc78f3943333fa94
[INFO] [stdout]                                at /rustc/90b35a6239c3d8bdabc530a6a0816f7ff89a0aaf/library/std/src/sys/pal/unix/thread.rs:105:17
[INFO] [stdout]   50:     0x7c502e75eac3 - <unknown>
[INFO] [stdout]   51:     0x7c502e7efa04 - clone
[INFO] [stdout]   52:                0x0 - <unknown>
[INFO] [stdout] 
[INFO] [stdout] ---- tests::test_user::main stdout ----
[INFO] [stdout] running remove_file: data/users_test.txt
[INFO] [stdout] Error while removing file: Read-only file system (os error 30) (data/users_test.txt)
[INFO] [stdout] [
[INFO] [stdout]     User {
[INFO] [stdout]         id: "76ee6e1b-ee09-4699-bcd0-d8d79be0c64b",
[INFO] [stdout]         first_name: "Test",
[INFO] [stdout]         last_name: "Tester",
[INFO] [stdout]         username: "test",
[INFO] [stdout]         email: "test@test.com",
[INFO] [stdout]         password: "$argon2i$v=19$m=4096,t=3,p=1$6+PJPYV+R72pAShr/T4Gxw$M2ijmbzhcJrDYewN+tomFfFJj6t4J/Vp0aEyM4sgtiw",
[INFO] [stdout]         role: ROOT,
[INFO] [stdout]     },
[INFO] [stdout]     User {
[INFO] [stdout]         id: "2845634f-58af-4dcc-8be4-b11f04dacf37",
[INFO] [stdout]         first_name: "Test",
[INFO] [stdout]         last_name: "Tester",
[INFO] [stdout]         username: "test2",
[INFO] [stdout]         email: "test2@test.com",
[INFO] [stdout]         password: "$argon2i$v=19$m=4096,t=3,p=1$wgmUUjedRAGF445b3Fx74g$SHg6aH85WrlKHzCP8Dq+wwOqb0qz2XqzH3x11LF+uCA",
[INFO] [stdout]         role: AUTHOR,
[INFO] [stdout]     },
[INFO] [stdout] ]
[INFO] [stdout] Error: No mapping with this id
[INFO] [stdout] Error: No mapping with this id
[INFO] [stdout] Error: No mapping with this id
[INFO] [stdout] Error: No mapping with this id
[INFO] [stdout] Error: username already taken
[INFO] [stdout] thread 'tests::test_user::main' panicked at src/tests/test_user.rs:24:5:
[INFO] [stdout] assertion `left == right` failed
[INFO] [stdout]   left: false
[INFO] [stdout]  right: true
[INFO] [stdout] stack backtrace:
[INFO] [stdout]    0:     0x65536f7c8c3a - std::backtrace_rs::backtrace::libunwind::trace::h5a5b8284f2d0c266
[INFO] [stdout]                                at /rustc/90b35a6239c3d8bdabc530a6a0816f7ff89a0aaf/library/std/src/../../backtrace/src/backtrace/libunwind.rs:116:5
[INFO] [stdout]    1:     0x65536f7c8c3a - std::backtrace_rs::backtrace::trace_unsynchronized::h76d4f1c9b0b875e3
[INFO] [stdout]                                at /rustc/90b35a6239c3d8bdabc530a6a0816f7ff89a0aaf/library/std/src/../../backtrace/src/backtrace/mod.rs:66:5
[INFO] [stdout]    2:     0x65536f7c8c3a - std::sys::backtrace::_print_fmt::hc4546b8364a537c6
[INFO] [stdout]                                at /rustc/90b35a6239c3d8bdabc530a6a0816f7ff89a0aaf/library/std/src/sys/backtrace.rs:66:9
[INFO] [stdout]    3:     0x65536f7c8c3a - <std::sys::backtrace::BacktraceLock::print::DisplayBacktrace as core::fmt::Display>::fmt::h5b6bd5631a6d1f6b
[INFO] [stdout]                                at /rustc/90b35a6239c3d8bdabc530a6a0816f7ff89a0aaf/library/std/src/sys/backtrace.rs:39:26
[INFO] [stdout]    4:     0x65536f7f2ee3 - core::fmt::rt::Argument::fmt::h270f6602a2b96f62
[INFO] [stdout]                                at /rustc/90b35a6239c3d8bdabc530a6a0816f7ff89a0aaf/library/core/src/fmt/rt.rs:177:76
[INFO] [stdout]    5:     0x65536f7f2ee3 - core::fmt::write::h7550c97b06c86515
[INFO] [stdout]                                at /rustc/90b35a6239c3d8bdabc530a6a0816f7ff89a0aaf/library/core/src/fmt/mod.rs:1186:21
[INFO] [stdout]    6:     0x65536f7c4f33 - std::io::Write::write_fmt::h509ff860e5956e5e
[INFO] [stdout]                                at /rustc/90b35a6239c3d8bdabc530a6a0816f7ff89a0aaf/library/std/src/io/mod.rs:1839:15
[INFO] [stdout]    7:     0x65536f7c8a82 - std::sys::backtrace::BacktraceLock::print::h2395ccd2c84ba3aa
[INFO] [stdout]                                at /rustc/90b35a6239c3d8bdabc530a6a0816f7ff89a0aaf/library/std/src/sys/backtrace.rs:42:9
[INFO] [stdout]    8:     0x65536f7ca09a - std::panicking::default_hook::{{closure}}::he19d4c7230e07961
[INFO] [stdout]                                at /rustc/90b35a6239c3d8bdabc530a6a0816f7ff89a0aaf/library/std/src/panicking.rs:268:22
[INFO] [stdout]    9:     0x65536f7c9ea4 - std::panicking::default_hook::hf614597d3c67bbdb
[INFO] [stdout]                                at /rustc/90b35a6239c3d8bdabc530a6a0816f7ff89a0aaf/library/std/src/panicking.rs:292:9
[INFO] [stdout]   10:     0x65536f507c39 - <alloc::boxed::Box<F,A> as core::ops::function::Fn<Args>>::call::h39b51ce4599c23d1
[INFO] [stdout]                                at /rustc/90b35a6239c3d8bdabc530a6a0816f7ff89a0aaf/library/alloc/src/boxed.rs:2468:9
[INFO] [stdout]   11:     0x65536f507c39 - test::test_main::{{closure}}::he977ae839a582784
[INFO] [stdout]                                at /rustc/90b35a6239c3d8bdabc530a6a0816f7ff89a0aaf/library/test/src/lib.rs:133:21
[INFO] [stdout]   12:     0x65536f7ca738 - <alloc::boxed::Box<F,A> as core::ops::function::Fn<Args>>::call::h9455091b6b06f9fb
[INFO] [stdout]                                at /rustc/90b35a6239c3d8bdabc530a6a0816f7ff89a0aaf/library/alloc/src/boxed.rs:2468:9
[INFO] [stdout]   13:     0x65536f7ca738 - std::panicking::rust_panic_with_hook::h8942133a8b252070
[INFO] [stdout]                                at /rustc/90b35a6239c3d8bdabc530a6a0816f7ff89a0aaf/library/std/src/panicking.rs:809:13
[INFO] [stdout]   14:     0x65536f7ca4fa - std::panicking::begin_panic_handler::{{closure}}::hb5f5963570096b29
[INFO] [stdout]                                at /rustc/90b35a6239c3d8bdabc530a6a0816f7ff89a0aaf/library/std/src/panicking.rs:674:13
[INFO] [stdout]   15:     0x65536f7c9119 - std::sys::backtrace::__rust_end_short_backtrace::h6208cedc1922feda
[INFO] [stdout]                                at /rustc/90b35a6239c3d8bdabc530a6a0816f7ff89a0aaf/library/std/src/sys/backtrace.rs:170:18
[INFO] [stdout]   16:     0x65536f7ca18c - rust_begin_unwind
[INFO] [stdout]                                at /rustc/90b35a6239c3d8bdabc530a6a0816f7ff89a0aaf/library/std/src/panicking.rs:665:5
[INFO] [stdout]   17:     0x65536f3b7330 - core::panicking::panic_fmt::h0c3082644d1bf418
[INFO] [stdout]                                at /rustc/90b35a6239c3d8bdabc530a6a0816f7ff89a0aaf/library/core/src/panicking.rs:74:14
[INFO] [stdout]   18:     0x65536f3b7734 - core::panicking::assert_failed_inner::h2ddf1fcc067fa858
[INFO] [stdout]   19:     0x65536f660d15 - core::panicking::assert_failed::h0540ec2305ccca09
[INFO] [stdout]                                at /rustc/90b35a6239c3d8bdabc530a6a0816f7ff89a0aaf/library/core/src/panicking.rs:367:5
[INFO] [stdout]   20:     0x65536f41a4ff - kinesis_db::tests::test_user::main::h38379b0340011816
[INFO] [stdout]                                at /opt/rustwide/workdir/src/tests/test_user.rs:24:5
[INFO] [stdout]   21:     0x65536f41a0a7 - kinesis_db::tests::test_user::main::{{closure}}::h86c05ac5eadedee4
[INFO] [stdout]                                at /opt/rustwide/workdir/src/tests/test_user.rs:8:10
[INFO] [stdout]   22:     0x65536f3fb2f6 - core::ops::function::FnOnce::call_once::hbf31da9e78e68efd
[INFO] [stdout]                                at /rustc/90b35a6239c3d8bdabc530a6a0816f7ff89a0aaf/library/core/src/ops/function.rs:250:5
[INFO] [stdout]   23:     0x65536f50c5fb - core::ops::function::FnOnce::call_once::h109cf8051a59b34e
[INFO] [stdout]                                at /rustc/90b35a6239c3d8bdabc530a6a0816f7ff89a0aaf/library/core/src/ops/function.rs:250:5
[INFO] [stdout]   24:     0x65536f50c5fb - test::__rust_begin_short_backtrace::hf4fff89d377446ba
[INFO] [stdout]                                at /rustc/90b35a6239c3d8bdabc530a6a0816f7ff89a0aaf/library/test/src/lib.rs:621:18
[INFO] [stdout]   25:     0x65536f50be37 - test::run_test_in_process::{{closure}}::h0e39181dd7ee5a43
[INFO] [stdout]                                at /rustc/90b35a6239c3d8bdabc530a6a0816f7ff89a0aaf/library/test/src/lib.rs:644:60
[INFO] [stdout]   26:     0x65536f50be37 - <core::panic::unwind_safe::AssertUnwindSafe<F> as core::ops::function::FnOnce<()>>::call_once::hc5a66a30f0bdfd1f
[INFO] [stdout]                                at /rustc/90b35a6239c3d8bdabc530a6a0816f7ff89a0aaf/library/core/src/panic/unwind_safe.rs:272:9
[INFO] [stdout]   27:     0x65536f50be37 - std::panicking::try::do_call::h873b7cf639554a5e
[INFO] [stdout]                                at /rustc/90b35a6239c3d8bdabc530a6a0816f7ff89a0aaf/library/std/src/panicking.rs:557:40
[INFO] [stdout]   28:     0x65536f50be37 - std::panicking::try::hdb19862fad9c8bd1
[INFO] [stdout]                                at /rustc/90b35a6239c3d8bdabc530a6a0816f7ff89a0aaf/library/std/src/panicking.rs:520:19
[INFO] [stdout]   29:     0x65536f50be37 - std::panic::catch_unwind::h281fe732d236d260
[INFO] [stdout]                                at /rustc/90b35a6239c3d8bdabc530a6a0816f7ff89a0aaf/library/std/src/panic.rs:358:14
[INFO] [stdout]   30:     0x65536f50be37 - test::run_test_in_process::h949b6df8457ed338
[INFO] [stdout]                                at /rustc/90b35a6239c3d8bdabc530a6a0816f7ff89a0aaf/library/test/src/lib.rs:644:27
[INFO] [stdout]   31:     0x65536f50be37 - test::run_test::{{closure}}::h52c556a6d4740e10
[INFO] [stdout]                                at /rustc/90b35a6239c3d8bdabc530a6a0816f7ff89a0aaf/library/test/src/lib.rs:565:43
[INFO] [stdout]   32:     0x65536f4d1114 - test::run_test::{{closure}}::h4237f6381c45ccb9
[INFO] [stdout]                                at /rustc/90b35a6239c3d8bdabc530a6a0816f7ff89a0aaf/library/test/src/lib.rs:595:41
[INFO] [stdout]   33:     0x65536f4d1114 - std::sys::backtrace::__rust_begin_short_backtrace::h505c97a579eca628
[INFO] [stdout]                                at /rustc/90b35a6239c3d8bdabc530a6a0816f7ff89a0aaf/library/std/src/sys/backtrace.rs:154:18
[INFO] [stdout]   34:     0x65536f4d47de - std::thread::Builder::spawn_unchecked_::{{closure}}::{{closure}}::h9e86b2e2bc107ea3
[INFO] [stdout]                                at /rustc/90b35a6239c3d8bdabc530a6a0816f7ff89a0aaf/library/std/src/thread/mod.rs:538:17
[INFO] [stdout]   35:     0x65536f4d47de - <core::panic::unwind_safe::AssertUnwindSafe<F> as core::ops::function::FnOnce<()>>::call_once::h8b06ddb275ff4a25
[INFO] [stdout]                                at /rustc/90b35a6239c3d8bdabc530a6a0816f7ff89a0aaf/library/core/src/panic/unwind_safe.rs:272:9
[INFO] [stdout]   36:     0x65536f4d47de - std::panicking::try::do_call::hb26ecd7cd9a9355d
[INFO] [stdout]                                at /rustc/90b35a6239c3d8bdabc530a6a0816f7ff89a0aaf/library/std/src/panicking.rs:557:40
[INFO] [stdout]   37:     0x65536f4d47de - std::panicking::try::h8ddeca9d705f9069
[INFO] [stdout]                                at /rustc/90b35a6239c3d8bdabc530a6a0816f7ff89a0aaf/library/std/src/panicking.rs:520:19
[INFO] [stdout]   38:     0x65536f4d47de - std::panic::catch_unwind::h49e1c33078844c46
[INFO] [stdout]                                at /rustc/90b35a6239c3d8bdabc530a6a0816f7ff89a0aaf/library/std/src/panic.rs:358:14
[INFO] [stdout]   39:     0x65536f4d47de - std::thread::Builder::spawn_unchecked_::{{closure}}::h6073db6ff56ad35d
[INFO] [stdout]                                at /rustc/90b35a6239c3d8bdabc530a6a0816f7ff89a0aaf/library/std/src/thread/mod.rs:537:30
[INFO] [stdout]   40:     0x65536f4d47de - core::ops::function::FnOnce::call_once{{vtable.shim}}::h2c5a5f3779c774f1
[INFO] [stdout]                                at /rustc/90b35a6239c3d8bdabc530a6a0816f7ff89a0aaf/library/core/src/ops/function.rs:250:5
[INFO] [stdout]   41:     0x65536f7cfb7b - <alloc::boxed::Box<F,A> as core::ops::function::FnOnce<Args>>::call_once::hf75717d9f28faebf
[INFO] [stdout]                                at /rustc/90b35a6239c3d8bdabc530a6a0816f7ff89a0aaf/library/alloc/src/boxed.rs:2454:9
[INFO] [stdout]   42:     0x65536f7cfb7b - <alloc::boxed::Box<F,A> as core::ops::function::FnOnce<Args>>::call_once::h7bd883a5f3c5f3c1
[INFO] [stdout]                                at /rustc/90b35a6239c3d8bdabc530a6a0816f7ff89a0aaf/library/alloc/src/boxed.rs:2454:9
[INFO] [stdout]   43:     0x65536f7cfb7b - std::sys::pal::unix::thread::Thread::new::thread_start::hcc78f3943333fa94
[INFO] [stdout]                                at /rustc/90b35a6239c3d8bdabc530a6a0816f7ff89a0aaf/library/std/src/sys/pal/unix/thread.rs:105:17
[INFO] [stdout]   44:     0x7c502e75eac3 - <unknown>
[INFO] [stdout]   45:     0x7c502e7efa04 - clone
[INFO] [stdout]   46:                0x0 - <unknown>
[INFO] [stdout] 
[INFO] [stdout] 
[INFO] [stdout] failures:
[INFO] [stdout]     tests::test_config::main
[INFO] [stdout]     tests::test_constraint::main
[INFO] [stdout]     tests::test_data::main
[INFO] [stdout]     tests::test_mapping::main
[INFO] [stdout]     tests::test_media::main
[INFO] [stdout]     tests::test_project::main
[INFO] [stdout]     tests::test_user::main
[INFO] [stdout] 
[INFO] [stdout] test result: FAILED. 41 passed; 7 failed; 0 ignored; 0 measured; 0 filtered out; finished in 0.16s
[INFO] [stdout] 
[INFO] [stderr] error: test failed, to rerun pass `--bin kinesis-db`
[INFO] running `Command { std: "docker" "inspect" "73797cc661de7c1ea443cdd40b4077140d827db6a53350ba19554eda1badf664", kill_on_drop: false }`
[INFO] running `Command { std: "docker" "rm" "-f" "73797cc661de7c1ea443cdd40b4077140d827db6a53350ba19554eda1badf664", kill_on_drop: false }`
[INFO] [stdout] 73797cc661de7c1ea443cdd40b4077140d827db6a53350ba19554eda1badf664
