[INFO] cloning repository https://github.com/Dysprosium0626/time-series-benchmark-playground
[INFO] running `Command { std: "git" "-c" "credential.helper=" "-c" "credential.helper=/workspace/cargo-home/bin/git-credential-null" "clone" "--bare" "https://github.com/Dysprosium0626/time-series-benchmark-playground" "/workspace/cache/git-repos/https%3A%2F%2Fgithub.com%2FDysprosium0626%2Ftime-series-benchmark-playground", kill_on_drop: false }`
[INFO] [stderr] Cloning into bare repository '/workspace/cache/git-repos/https%3A%2F%2Fgithub.com%2FDysprosium0626%2Ftime-series-benchmark-playground'...
[INFO] running `Command { std: "git" "rev-parse" "HEAD", kill_on_drop: false }`
[INFO] [stdout] 7f9278f53d3eae41f7120fdb726a2e890afb1520
[INFO] testing Dysprosium0626/time-series-benchmark-playground against 1.83.0 for beta-1.84.0-4-retry
[INFO] running `Command { std: "git" "clone" "/workspace/cache/git-repos/https%3A%2F%2Fgithub.com%2FDysprosium0626%2Ftime-series-benchmark-playground" "/workspace/builds/worker-3-tc1/source", kill_on_drop: false }`
[INFO] [stderr] Cloning into '/workspace/builds/worker-3-tc1/source'...
[INFO] [stderr] done.
[INFO] validating manifest of git repo https://github.com/Dysprosium0626/time-series-benchmark-playground on toolchain 1.83.0
[INFO] running `Command { std: CARGO_HOME="/workspace/cargo-home" RUSTUP_HOME="/workspace/rustup-home" "/workspace/cargo-home/bin/cargo" "+1.83.0" "metadata" "--manifest-path" "Cargo.toml" "--no-deps", kill_on_drop: false }`
[INFO] started tweaking git repo https://github.com/Dysprosium0626/time-series-benchmark-playground
[INFO] finished tweaking git repo https://github.com/Dysprosium0626/time-series-benchmark-playground
[INFO] tweaked toml for git repo https://github.com/Dysprosium0626/time-series-benchmark-playground written to /workspace/builds/worker-3-tc1/source/Cargo.toml
[INFO] crate git repo https://github.com/Dysprosium0626/time-series-benchmark-playground already has a lockfile, it will not be regenerated
[INFO] running `Command { std: CARGO_HOME="/workspace/cargo-home" RUSTUP_HOME="/workspace/rustup-home" "/workspace/cargo-home/bin/cargo" "+1.83.0" "fetch" "--manifest-path" "Cargo.toml", kill_on_drop: false }`
[INFO] [stderr]     Updating crates.io index
[INFO] [stderr]     Updating git repository `https://github.com/GreptimeTeam/greptime-proto.git`
[INFO] [stderr]  Downloading crates ...
[INFO] [stderr]   Downloaded rustls-native-certs v0.7.1
[INFO] [stderr]   Downloaded derive_builder_macro v0.20.0
[INFO] [stderr]   Downloaded derive_builder_core v0.20.0
[INFO] [stderr]   Downloaded arrow-arith v52.1.0
[INFO] [stderr]   Downloaded url-escape v0.1.1
[INFO] [stderr]   Downloaded arrow-cast v52.1.0
[INFO] [stderr]   Downloaded arrow-ipc v52.1.0
[INFO] [stderr]   Downloaded arrow-array v52.1.0
[INFO] [stderr]   Downloaded arrow-buffer v52.1.0
[INFO] [stderr]   Downloaded arrow-data v52.1.0
[INFO] [stderr]   Downloaded arrow-schema v52.1.0
[INFO] [stderr]   Downloaded arrow-select v52.1.0
[INFO] [stderr]   Downloaded zstd-safe v7.2.0
[INFO] [stderr]   Downloaded parquet v52.1.0
[INFO] [stderr]   Downloaded tokio v1.38.1
[INFO] [stderr]   Downloaded arrow-csv v52.1.0
[INFO] [stderr]   Downloaded arrow-json v52.1.0
[INFO] [stderr]   Downloaded arrow-ord v52.1.0
[INFO] [stderr]   Downloaded arrow-row v52.1.0
[INFO] [stderr]   Downloaded arrow-string v52.1.0
[INFO] [stderr]   Downloaded arrow v52.1.0
[INFO] [stderr]   Downloaded derive-new v0.6.0
[INFO] [stderr]   Downloaded snafu-derive v0.8.4
[INFO] [stderr]   Downloaded snafu v0.8.4
[INFO] [stderr]   Downloaded sqlformat v0.2.4
[INFO] [stderr]   Downloaded zstd-sys v2.0.11+zstd.1.5.6
[INFO] [stderr]   Downloaded derive_builder v0.20.0
[INFO] [stderr]   Downloaded flatbuffers v24.3.25
[INFO] [stderr]   Downloaded lz4_flex v0.11.3
[INFO] [stderr]   Downloaded seq-macro v0.3.5
[INFO] running `Command { std: "docker" "create" "-v" "/var/lib/crater-agent-workspace/builds/worker-3-tc1/target:/opt/rustwide/target:rw,Z" "-v" "/var/lib/crater-agent-workspace/builds/worker-3-tc1/source:/opt/rustwide/workdir:ro,Z" "-v" "/var/lib/crater-agent-workspace/cargo-home:/opt/rustwide/cargo-home:ro,Z" "-v" "/var/lib/crater-agent-workspace/rustup-home:/opt/rustwide/rustup-home:ro,Z" "-e" "SOURCE_DIR=/opt/rustwide/workdir" "-e" "CARGO_TARGET_DIR=/opt/rustwide/target" "-e" "CARGO_HOME=/opt/rustwide/cargo-home" "-e" "RUSTUP_HOME=/opt/rustwide/rustup-home" "-w" "/opt/rustwide/workdir" "-m" "1610612736" "--user" "0:0" "--network" "none" "ghcr.io/rust-lang/crates-build-env/linux@sha256:f3a9d4ad9d972b27faf3965f35b62e55ba32bbce8f20bc8fe909558a86702fde" "/opt/rustwide/cargo-home/bin/cargo" "+1.83.0" "metadata" "--no-deps" "--format-version=1", kill_on_drop: false }`
[INFO] [stdout] 77f339da089cad000b667f1dd036d4b5165369a2c581e4dc7f098c6dd5c0185b
[INFO] running `Command { std: "docker" "start" "-a" "77f339da089cad000b667f1dd036d4b5165369a2c581e4dc7f098c6dd5c0185b", kill_on_drop: false }`
[INFO] running `Command { std: "docker" "inspect" "77f339da089cad000b667f1dd036d4b5165369a2c581e4dc7f098c6dd5c0185b", kill_on_drop: false }`
[INFO] running `Command { std: "docker" "rm" "-f" "77f339da089cad000b667f1dd036d4b5165369a2c581e4dc7f098c6dd5c0185b", kill_on_drop: false }`
[INFO] [stdout] 77f339da089cad000b667f1dd036d4b5165369a2c581e4dc7f098c6dd5c0185b
[INFO] running `Command { std: "docker" "create" "-v" "/var/lib/crater-agent-workspace/builds/worker-3-tc1/target:/opt/rustwide/target:rw,Z" "-v" "/var/lib/crater-agent-workspace/builds/worker-3-tc1/source:/opt/rustwide/workdir:ro,Z" "-v" "/var/lib/crater-agent-workspace/cargo-home:/opt/rustwide/cargo-home:ro,Z" "-v" "/var/lib/crater-agent-workspace/rustup-home:/opt/rustwide/rustup-home:ro,Z" "-e" "SOURCE_DIR=/opt/rustwide/workdir" "-e" "CARGO_TARGET_DIR=/opt/rustwide/target" "-e" "CARGO_INCREMENTAL=0" "-e" "RUST_BACKTRACE=full" "-e" "RUSTFLAGS=--cap-lints=warn" "-e" "RUSTDOCFLAGS=--cap-lints=warn" "-e" "CARGO_HOME=/opt/rustwide/cargo-home" "-e" "RUSTUP_HOME=/opt/rustwide/rustup-home" "-w" "/opt/rustwide/workdir" "-m" "1610612736" "--user" "0:0" "--network" "none" "ghcr.io/rust-lang/crates-build-env/linux@sha256:f3a9d4ad9d972b27faf3965f35b62e55ba32bbce8f20bc8fe909558a86702fde" "/opt/rustwide/cargo-home/bin/cargo" "+1.83.0" "build" "--frozen" "--message-format=json", kill_on_drop: false }`
[INFO] [stdout] 1935503e07d0c855c93d93de4da95d5ad94f476726f261fc726aff51de6b0f55
[INFO] running `Command { std: "docker" "start" "-a" "1935503e07d0c855c93d93de4da95d5ad94f476726f261fc726aff51de6b0f55", kill_on_drop: false }`
[INFO] [stderr]    Compiling libc v0.2.155
[INFO] [stderr]    Compiling autocfg v1.3.0
[INFO] [stderr]    Compiling proc-macro2 v1.0.86
[INFO] [stderr]    Compiling unicode-ident v1.0.12
[INFO] [stderr]    Compiling version_check v0.9.4
[INFO] [stderr]    Compiling bytes v1.6.1
[INFO] [stderr]    Compiling libm v0.2.8
[INFO] [stderr]    Compiling once_cell v1.19.0
[INFO] [stderr]    Compiling zerocopy v0.7.35
[INFO] [stderr]    Compiling allocator-api2 v0.2.18
[INFO] [stderr]    Compiling ahash v0.8.11
[INFO] [stderr]    Compiling num-traits v0.2.19
[INFO] [stderr]    Compiling serde v1.0.204
[INFO] [stderr]    Compiling pin-project-lite v0.2.14
[INFO] [stderr]    Compiling memchr v2.7.4
[INFO] [stderr]    Compiling smallvec v1.13.2
[INFO] [stderr]    Compiling itoa v1.0.11
[INFO] [stderr]    Compiling futures-core v0.3.30
[INFO] [stderr]    Compiling quote v1.0.36
[INFO] [stderr]    Compiling lock_api v0.4.12
[INFO] [stderr]    Compiling spin v0.9.8
[INFO] [stderr]    Compiling parking_lot_core v0.9.10
[INFO] [stderr]    Compiling syn v2.0.71
[INFO] [stderr]    Compiling typenum v1.17.0
[INFO] [stderr]    Compiling scopeguard v1.2.0
[INFO] [stderr]    Compiling generic-array v0.14.7
[INFO] [stderr]    Compiling equivalent v1.0.1
[INFO] [stderr]    Compiling getrandom v0.2.15
[INFO] [stderr]    Compiling jobserver v0.1.31
[INFO] [stderr]    Compiling socket2 v0.5.7
[INFO] [stderr]    Compiling cc v1.1.6
[INFO] [stderr]    Compiling num-integer v0.1.46
[INFO] [stderr]    Compiling hashbrown v0.14.5
[INFO] [stderr]    Compiling mio v0.8.11
[INFO] [stderr]    Compiling subtle v2.6.1
[INFO] [stderr]    Compiling log v0.4.22
[INFO] [stderr]    Compiling const-oid v0.9.6
[INFO] [stderr]    Compiling parking_lot v0.12.3
[INFO] [stderr]    Compiling num-iter v0.1.45
[INFO] [stderr]    Compiling slab v0.4.9
[INFO] [stderr]    Compiling rand_core v0.6.4
[INFO] [stderr]    Compiling zeroize v1.8.1
[INFO] [stderr]    Compiling futures-io v0.3.30
[INFO] [stderr]    Compiling indexmap v2.2.6
[INFO] [stderr]    Compiling fnv v1.0.7
[INFO] [stderr]    Compiling ppv-lite86 v0.2.17
[INFO] [stderr]    Compiling futures-task v0.3.30
[INFO] [stderr]    Compiling num-bigint v0.4.6
[INFO] [stderr]    Compiling ryu v1.0.18
[INFO] [stderr]    Compiling untrusted v0.9.0
[INFO] [stderr]    Compiling num-complex v0.4.6
[INFO] [stderr]    Compiling num_cpus v1.16.0
[INFO] [stderr]    Compiling crypto-common v0.1.6
[INFO] [stderr]    Compiling block-buffer v0.10.4
[INFO] [stderr]    Compiling rand_chacha v0.3.1
[INFO] [stderr]    Compiling digest v0.10.7
[INFO] [stderr]    Compiling ring v0.17.8
[INFO] [stderr]    Compiling signal-hook-registry v1.4.2
[INFO] [stderr]    Compiling tracing-core v0.1.32
[INFO] [stderr]    Compiling half v2.4.1
[INFO] [stderr]    Compiling percent-encoding v2.3.1
[INFO] [stderr]    Compiling futures-sink v0.3.30
[INFO] [stderr]    Compiling atoi v2.0.0
[INFO] [stderr]    Compiling arrow-schema v52.1.0
[INFO] [stderr]    Compiling iana-time-zone v0.1.60
[INFO] [stderr]    Compiling serde_json v1.0.120
[INFO] [stderr]    Compiling anyhow v1.0.86
[INFO] [stderr]    Compiling chrono v0.4.38
[INFO] [stderr]    Compiling tinyvec_macros v0.1.1
[INFO] [stderr]    Compiling base64ct v1.6.0
[INFO] [stderr]    Compiling pkg-config v0.3.30
[INFO] [stderr]    Compiling num-rational v0.4.2
[INFO] [stderr]    Compiling pem-rfc7468 v0.7.0
[INFO] [stderr]    Compiling num v0.4.3
[INFO] [stderr]    Compiling zstd-sys v2.0.11+zstd.1.5.6
[INFO] [stderr]    Compiling arrow-buffer v52.1.0
[INFO] [stderr]    Compiling tinyvec v1.8.0
[INFO] [stderr]    Compiling futures-util v0.3.30
[INFO] [stderr]    Compiling lexical-util v0.8.5
[INFO] [stderr]    Compiling lazy_static v1.5.0
[INFO] [stderr]    Compiling rustix v0.38.34
[INFO] [stderr]    Compiling arrow-data v52.1.0
[INFO] [stderr]    Compiling rustversion v1.0.17
[INFO] [stderr]    Compiling unicode-normalization v0.1.23
[INFO] [stderr]    Compiling arrow-array v52.1.0
[INFO] [stderr]    Compiling der v0.7.9
[INFO] [stderr]    Compiling paste v1.0.15
[INFO] [stderr]    Compiling base64 v0.22.1
[INFO] [stderr]    Compiling serde_derive v1.0.204
[INFO] [stderr]    Compiling tokio-macros v2.3.0
[INFO] [stderr]    Compiling tracing-attributes v0.1.27
[INFO] [stderr]    Compiling crossbeam-utils v0.8.20
[INFO] [stderr]    Compiling num-bigint-dig v0.8.4
[INFO] [stderr]    Compiling tokio v1.38.1
[INFO] [stderr]    Compiling base64 v0.21.7
[INFO] [stderr]    Compiling unicode-bidi v0.3.15
[INFO] [stderr]    Compiling cpufeatures v0.2.12
[INFO] [stderr]    Compiling linux-raw-sys v0.4.14
[INFO] [stderr]    Compiling spki v0.7.3
[INFO] [stderr]    Compiling rand v0.8.5
[INFO] [stderr]    Compiling tracing v0.1.40
[INFO] [stderr]    Compiling minimal-lexical v0.2.1
[INFO] [stderr]    Compiling semver v1.0.23
[INFO] [stderr]    Compiling fastrand v2.1.0
[INFO] [stderr]    Compiling rustls v0.21.12
[INFO] [stderr]    Compiling thiserror v1.0.63
[INFO] [stderr]    Compiling nom v7.1.3
[INFO] [stderr]    Compiling pkcs8 v0.10.2
[INFO] [stderr]    Compiling rustls-webpki v0.101.7
[INFO] [stderr]    Compiling sct v0.7.1
[INFO] [stderr]    Compiling idna v0.5.0
[INFO] [stderr]    Compiling arrow-select v52.1.0
[INFO] [stderr]    Compiling thiserror-impl v1.0.63
[INFO] [stderr]    Compiling lexical-parse-integer v0.8.6
[INFO] [stderr]    Compiling lexical-write-integer v0.8.5
[INFO] [stderr]    Compiling futures-channel v0.3.30
[INFO] [stderr]    Compiling form_urlencoded v1.2.1
[INFO] [stderr]    Compiling http v0.2.12
[INFO] [stderr]    Compiling unicode_categories v0.1.1
[INFO] [stderr]    Compiling crc-catalog v2.4.0
[INFO] [stderr]    Compiling crc v3.2.1
[INFO] [stderr]    Compiling sqlformat v0.2.4
[INFO] [stderr]    Compiling url v2.5.2
[INFO] [stderr]    Compiling tokio-util v0.7.11
[INFO] [stderr]    Compiling lexical-write-float v0.8.5
[INFO] [stderr]    Compiling lexical-parse-float v0.8.5
[INFO] [stderr]    Compiling crossbeam-queue v0.3.11
[INFO] [stderr]    Compiling pkcs1 v0.7.5
[INFO] [stderr]    Compiling either v1.13.0
[INFO] [stderr]    Compiling bitflags v2.6.0
[INFO] [stderr]    Compiling itertools v0.12.1
[INFO] [stderr]    Compiling prost-derive v0.12.6
[INFO] [stderr]    Compiling rustls-pemfile v1.0.4
[INFO] [stderr]    Compiling signature v2.2.0
[INFO] [stderr]    Compiling hashlink v0.8.4
[INFO] [stderr]    Compiling futures-intrusive v0.5.0
[INFO] [stderr]    Compiling tempfile v3.10.1
[INFO] [stderr]    Compiling regex-syntax v0.8.4
[INFO] [stderr]    Compiling rustls-pki-types v1.7.0
[INFO] [stderr]    Compiling tower-service v0.3.2
[INFO] [stderr]    Compiling byteorder v1.5.0
[INFO] [stderr]    Compiling webpki-roots v0.25.4
[INFO] [stderr]    Compiling prettyplease v0.2.20
[INFO] [stderr]    Compiling event-listener v2.5.3
[INFO] [stderr]    Compiling httparse v1.9.4
[INFO] [stderr]    Compiling rustc_version v0.4.0
[INFO] [stderr]    Compiling lexical-core v0.8.5
[INFO] [stderr]    Compiling prost v0.12.6
[INFO] [stderr]    Compiling http-body v0.4.6
[INFO] [stderr]    Compiling hmac v0.12.1
[INFO] [stderr]    Compiling indexmap v1.9.3
[INFO] [stderr]    Compiling unicode-segmentation v1.11.0
[INFO] [stderr]    Compiling unicode-properties v0.1.1
[INFO] [stderr]    Compiling strsim v0.11.1
[INFO] [stderr]    Compiling try-lock v0.2.5
[INFO] [stderr]    Compiling regex-automata v0.4.7
[INFO] [stderr]    Compiling fixedbitset v0.4.2
[INFO] [stderr]    Compiling darling_core v0.20.10
[INFO] [stderr]    Compiling petgraph v0.6.5
[INFO] [stderr]    Compiling want v0.3.1
[INFO] [stderr]    Compiling heck v0.4.1
[INFO] [stderr]    Compiling stringprep v0.1.5
[INFO] [stderr]    Compiling prost-types v0.12.6
[INFO] [stderr]    Compiling hkdf v0.12.4
[INFO] [stderr]    Compiling flatbuffers v24.3.25
[INFO] [stderr]    Compiling arrow-cast v52.1.0
[INFO] [stderr]    Compiling regex v1.10.5
[INFO] [stderr]    Compiling h2 v0.3.26
[INFO] [stderr]    Compiling tokio-stream v0.1.15
[INFO] [stderr]    Compiling axum-core v0.3.4
[INFO] [stderr]    Compiling sha1 v0.10.6
[INFO] [stderr]    Compiling sha2 v0.10.8
[INFO] [stderr]    Compiling pin-project-internal v1.1.5
[INFO] [stderr]    Compiling md-5 v0.10.6
[INFO] [stderr]    Compiling aho-corasick v1.1.3
[INFO] [stderr]    Compiling multimap v0.10.0
[INFO] [stderr]    Compiling dotenvy v0.15.7
[INFO] [stderr]    Compiling zstd-safe v6.0.6
[INFO] [stderr]    Compiling rustls v0.22.4
[INFO] [stderr]    Compiling hashbrown v0.12.3
[INFO] [stderr]    Compiling syn v1.0.109
[INFO] [stderr]    Compiling tower-layer v0.3.2
[INFO] [stderr]    Compiling httpdate v1.0.3
[INFO] [stderr]    Compiling whoami v1.5.1
[INFO] [stderr]    Compiling miniz_oxide v0.7.4
[INFO] [stderr]    Compiling pin-project v1.1.5
[INFO] [stderr]    Compiling sqlx-core v0.7.4
[INFO] [stderr]    Compiling prost-build v0.12.6
[INFO] [stderr]    Compiling darling_macro v0.20.10
[INFO] [stderr]    Compiling rsa v0.9.6
[INFO] [stderr]    Compiling rustls-webpki v0.102.5
[INFO] [stderr]    Compiling axum v0.6.20
[INFO] [stderr]    Compiling async-trait v0.1.81
[INFO] [stderr]    Compiling crc32fast v1.4.2
[INFO] [stderr]    Compiling hyper v0.14.30
[INFO] [stderr]    Compiling alloc-no-stdlib v2.0.4
[INFO] [stderr]    Compiling mime v0.3.17
[INFO] [stderr]    Compiling zstd-safe v7.2.0
[INFO] [stderr]    Compiling alloc-stdlib v0.2.2
[INFO] [stderr]    Compiling sqlx-mysql v0.7.4
[INFO] [stderr]    Compiling flate2 v1.0.30
[INFO] [stderr]    Compiling darling v0.20.10
[INFO] [stderr]    Compiling tonic-build v0.11.0
[INFO] [stderr]    Compiling tower v0.4.13
[INFO] [stderr]    Compiling rustls-pemfile v2.1.2
[INFO] [stderr]    Compiling tokio-io-timeout v1.2.0
[INFO] [stderr]    Compiling async-stream-impl v0.3.5
[INFO] [stderr]    Compiling csv-core v0.1.11
[INFO] [stderr]    Compiling sync_wrapper v0.1.2
[INFO] [stderr]    Compiling matchit v0.7.3
[INFO] [stderr]    Compiling openssl-probe v0.1.5
[INFO] [stderr]    Compiling snap v1.1.1
[INFO] [stderr]    Compiling powerfmt v0.2.0
[INFO] [stderr]    Compiling rustls-native-certs v0.7.1
[INFO] [stderr]    Compiling deranged v0.3.11
[INFO] [stderr]    Compiling csv v1.3.0
[INFO] [stderr]    Compiling async-stream v0.3.5
[INFO] [stderr]    Compiling tokio-rustls v0.25.0
[INFO] [stderr]    Compiling hyper-timeout v0.4.1
[INFO] [stderr]    Compiling greptime-proto v0.1.0 (https://github.com/GreptimeTeam/greptime-proto.git#5c801650)
[INFO] [stderr]    Compiling zstd v0.12.4
[INFO] [stderr]    Compiling derive_builder_core v0.20.0
[INFO] [stderr]    Compiling sqlx-macros-core v0.7.4
[INFO] [stderr]    Compiling arrow-ipc v52.1.0
[INFO] [stderr]    Compiling brotli-decompressor v4.0.1
[INFO] [stderr]    Compiling twox-hash v1.6.3
[INFO] [stderr]    Compiling ordered-float v2.10.1
[INFO] [stderr]    Compiling integer-encoding v3.0.4
[INFO] [stderr]    Compiling time-core v0.1.2
[INFO] [stderr]    Compiling num-conv v0.1.0
[INFO] [stderr]    Compiling brotli v6.0.0
[INFO] [stderr]    Compiling thrift v0.17.0
[INFO] [stderr]    Compiling sqlx-macros v0.7.4
[INFO] [stderr]    Compiling time v0.3.36
[INFO] [stderr]    Compiling lz4_flex v0.11.3
[INFO] [stderr]    Compiling tonic v0.11.0
[INFO] [stderr]    Compiling zstd v0.13.2
[INFO] [stderr]    Compiling derive_builder_macro v0.20.0
[INFO] [stderr]    Compiling arrow-csv v52.1.0
[INFO] [stderr]    Compiling arrow-string v52.1.0
[INFO] [stderr]    Compiling arrow-json v52.1.0
[INFO] [stderr]    Compiling strum_macros v0.25.3
[INFO] [stderr]    Compiling snafu-derive v0.8.4
[INFO] [stderr]    Compiling arrow-ord v52.1.0
[INFO] [stderr]    Compiling arrow-row v52.1.0
[INFO] [stderr]    Compiling arrow-arith v52.1.0
[INFO] [stderr]    Compiling url-escape v0.1.1
[INFO] [stderr]    Compiling http v1.1.0
[INFO] [stderr]    Compiling strum v0.25.0
[INFO] [stderr]    Compiling seq-macro v0.3.5
[INFO] [stderr]    Compiling deunicode v1.6.0
[INFO] [stderr]    Compiling snafu v0.8.4
[INFO] [stderr]    Compiling fake v2.9.2
[INFO] [stderr]    Compiling parquet v52.1.0
[INFO] [stderr]    Compiling arrow v52.1.0
[INFO] [stderr]    Compiling sqlx v0.7.4
[INFO] [stderr]    Compiling derive_builder v0.20.0
[INFO] [stderr]    Compiling derive-new v0.6.0
[INFO] [stderr]    Compiling greptime-bench v0.1.0 (/opt/rustwide/workdir)
[INFO] [stdout] warning: unused variable: `usql`
[INFO] [stdout]   --> src/loader/greptime_data_loader.rs:44:33
[INFO] [stdout]    |
[INFO] [stdout] 44 |     fn load_data_by_usql(&self, usql: Option<Usql>) {
[INFO] [stdout]    |                                 ^^^^ help: if this is intentional, prefix it with an underscore: `_usql`
[INFO] [stdout]    |
[INFO] [stdout]    = note: `#[warn(unused_variables)]` on by default
[INFO] [stdout] 
[INFO] [stdout] 
[INFO] [stdout] warning: function `gen_create_table_stmt` is never used
[INFO] [stdout]   --> src/loader/data_loader.rs:35:4
[INFO] [stdout]    |
[INFO] [stdout] 35 | fn gen_create_table_stmt(hypertable: &str, cols: &[&str]) -> String {
[INFO] [stdout]    |    ^^^^^^^^^^^^^^^^^^^^^
[INFO] [stdout]    |
[INFO] [stdout]    = note: `#[warn(dead_code)]` on by default
[INFO] [stdout] 
[INFO] [stdout] 
[INFO] [stdout] warning: function `gen_insert_stmt` is never used
[INFO] [stdout]   --> src/loader/data_loader.rs:58:4
[INFO] [stdout]    |
[INFO] [stdout] 58 | fn gen_insert_stmt(hypertable: &str, cols: &[&str], data: &[Vec<String>]) -> String {
[INFO] [stdout]    |    ^^^^^^^^^^^^^^^
[INFO] [stdout] 
[INFO] [stdout] 
[INFO] [stdout] warning: unused variable: `file_path`
[INFO] [stdout]   --> src/main.rs:26:18
[INFO] [stdout]    |
[INFO] [stdout] 26 | fn generate_data(file_path: &str) {
[INFO] [stdout]    |                  ^^^^^^^^^ help: if this is intentional, prefix it with an underscore: `_file_path`
[INFO] [stdout]    |
[INFO] [stdout]    = note: `#[warn(unused_variables)]` on by default
[INFO] [stdout] 
[INFO] [stdout] 
[INFO] [stderr]     Finished `dev` profile [unoptimized + debuginfo] target(s) in 2m 14s
[INFO] running `Command { std: "docker" "inspect" "1935503e07d0c855c93d93de4da95d5ad94f476726f261fc726aff51de6b0f55", kill_on_drop: false }`
[INFO] running `Command { std: "docker" "rm" "-f" "1935503e07d0c855c93d93de4da95d5ad94f476726f261fc726aff51de6b0f55", kill_on_drop: false }`
[INFO] [stdout] 1935503e07d0c855c93d93de4da95d5ad94f476726f261fc726aff51de6b0f55
[INFO] running `Command { std: "docker" "create" "-v" "/var/lib/crater-agent-workspace/builds/worker-3-tc1/target:/opt/rustwide/target:rw,Z" "-v" "/var/lib/crater-agent-workspace/builds/worker-3-tc1/source:/opt/rustwide/workdir:ro,Z" "-v" "/var/lib/crater-agent-workspace/cargo-home:/opt/rustwide/cargo-home:ro,Z" "-v" "/var/lib/crater-agent-workspace/rustup-home:/opt/rustwide/rustup-home:ro,Z" "-e" "SOURCE_DIR=/opt/rustwide/workdir" "-e" "CARGO_TARGET_DIR=/opt/rustwide/target" "-e" "CARGO_INCREMENTAL=0" "-e" "RUST_BACKTRACE=full" "-e" "RUSTFLAGS=--cap-lints=warn" "-e" "RUSTDOCFLAGS=--cap-lints=warn" "-e" "CARGO_HOME=/opt/rustwide/cargo-home" "-e" "RUSTUP_HOME=/opt/rustwide/rustup-home" "-w" "/opt/rustwide/workdir" "-m" "1610612736" "--user" "0:0" "--network" "none" "ghcr.io/rust-lang/crates-build-env/linux@sha256:f3a9d4ad9d972b27faf3965f35b62e55ba32bbce8f20bc8fe909558a86702fde" "/opt/rustwide/cargo-home/bin/cargo" "+1.83.0" "test" "--frozen" "--no-run" "--message-format=json", kill_on_drop: false }`
[INFO] [stdout] 5199331ba64cd913373a456ae512f393698b9e23835dc62257e4cd3115059532
[INFO] running `Command { std: "docker" "start" "-a" "5199331ba64cd913373a456ae512f393698b9e23835dc62257e4cd3115059532", kill_on_drop: false }`
[INFO] [stdout] warning: unused variable: `usql`
[INFO] [stdout]   --> src/loader/greptime_data_loader.rs:44:33
[INFO] [stdout]    |
[INFO] [stdout] 44 |     fn load_data_by_usql(&self, usql: Option<Usql>) {
[INFO] [stdout]    |                                 ^^^^ help: if this is intentional, prefix it with an underscore: `_usql`
[INFO] [stdout]    |
[INFO] [stdout]    = note: `#[warn(unused_variables)]` on by default
[INFO] [stdout] 
[INFO] [stdout] 
[INFO] [stdout] warning: function `gen_create_table_stmt` is never used
[INFO] [stdout]   --> src/loader/data_loader.rs:35:4
[INFO] [stdout]    |
[INFO] [stdout] 35 | fn gen_create_table_stmt(hypertable: &str, cols: &[&str]) -> String {
[INFO] [stdout]    |    ^^^^^^^^^^^^^^^^^^^^^
[INFO] [stdout]    |
[INFO] [stdout]    = note: `#[warn(dead_code)]` on by default
[INFO] [stdout] 
[INFO] [stdout] 
[INFO] [stdout] warning: function `gen_insert_stmt` is never used
[INFO] [stdout]   --> src/loader/data_loader.rs:58:4
[INFO] [stdout]    |
[INFO] [stdout] 58 | fn gen_insert_stmt(hypertable: &str, cols: &[&str], data: &[Vec<String>]) -> String {
[INFO] [stdout]    |    ^^^^^^^^^^^^^^^
[INFO] [stdout] 
[INFO] [stdout] 
[INFO] [stderr]    Compiling greptime-bench v0.1.0 (/opt/rustwide/workdir)
[INFO] [stdout] warning: unused variable: `file_path`
[INFO] [stdout]   --> src/main.rs:26:18
[INFO] [stdout]    |
[INFO] [stdout] 26 | fn generate_data(file_path: &str) {
[INFO] [stdout]    |                  ^^^^^^^^^ help: if this is intentional, prefix it with an underscore: `_file_path`
[INFO] [stdout]    |
[INFO] [stdout]    = note: `#[warn(unused_variables)]` on by default
[INFO] [stdout] 
[INFO] [stdout] 
[INFO] [stdout] warning: unused variable: `usql`
[INFO] [stdout]   --> src/loader/greptime_data_loader.rs:44:33
[INFO] [stdout]    |
[INFO] [stdout] 44 |     fn load_data_by_usql(&self, usql: Option<Usql>) {
[INFO] [stdout]    |                                 ^^^^ help: if this is intentional, prefix it with an underscore: `_usql`
[INFO] [stdout]    |
[INFO] [stdout]    = note: `#[warn(unused_variables)]` on by default
[INFO] [stdout] 
[INFO] [stdout] 
[INFO] [stdout] warning: function `gen_create_table_stmt` is never used
[INFO] [stdout]   --> src/loader/data_loader.rs:35:4
[INFO] [stdout]    |
[INFO] [stdout] 35 | fn gen_create_table_stmt(hypertable: &str, cols: &[&str]) -> String {
[INFO] [stdout]    |    ^^^^^^^^^^^^^^^^^^^^^
[INFO] [stdout]    |
[INFO] [stdout]    = note: `#[warn(dead_code)]` on by default
[INFO] [stdout] 
[INFO] [stdout] 
[INFO] [stdout] warning: function `gen_insert_stmt` is never used
[INFO] [stdout]   --> src/loader/data_loader.rs:58:4
[INFO] [stdout]    |
[INFO] [stdout] 58 | fn gen_insert_stmt(hypertable: &str, cols: &[&str], data: &[Vec<String>]) -> String {
[INFO] [stdout]    |    ^^^^^^^^^^^^^^^
[INFO] [stdout] 
[INFO] [stdout] 
[INFO] [stderr]     Finished `test` profile [unoptimized + debuginfo] target(s) in 11.85s
[INFO] running `Command { std: "docker" "inspect" "5199331ba64cd913373a456ae512f393698b9e23835dc62257e4cd3115059532", kill_on_drop: false }`
[INFO] running `Command { std: "docker" "rm" "-f" "5199331ba64cd913373a456ae512f393698b9e23835dc62257e4cd3115059532", kill_on_drop: false }`
[INFO] [stdout] 5199331ba64cd913373a456ae512f393698b9e23835dc62257e4cd3115059532
[INFO] running `Command { std: "docker" "create" "-v" "/var/lib/crater-agent-workspace/builds/worker-3-tc1/target:/opt/rustwide/target:rw,Z" "-v" "/var/lib/crater-agent-workspace/builds/worker-3-tc1/source:/opt/rustwide/workdir:ro,Z" "-v" "/var/lib/crater-agent-workspace/cargo-home:/opt/rustwide/cargo-home:ro,Z" "-v" "/var/lib/crater-agent-workspace/rustup-home:/opt/rustwide/rustup-home:ro,Z" "-e" "SOURCE_DIR=/opt/rustwide/workdir" "-e" "CARGO_TARGET_DIR=/opt/rustwide/target" "-e" "CARGO_INCREMENTAL=0" "-e" "RUST_BACKTRACE=full" "-e" "RUSTFLAGS=--cap-lints=warn" "-e" "RUSTDOCFLAGS=--cap-lints=warn" "-e" "CARGO_HOME=/opt/rustwide/cargo-home" "-e" "RUSTUP_HOME=/opt/rustwide/rustup-home" "-w" "/opt/rustwide/workdir" "-m" "1610612736" "--user" "0:0" "--network" "none" "ghcr.io/rust-lang/crates-build-env/linux@sha256:f3a9d4ad9d972b27faf3965f35b62e55ba32bbce8f20bc8fe909558a86702fde" "/opt/rustwide/cargo-home/bin/cargo" "+1.83.0" "test" "--frozen", kill_on_drop: false }`
[INFO] [stdout] 88fb011738cddcd654bc076341e1d35671b6d19a343cf6da2cb799e0c8c1229c
[INFO] running `Command { std: "docker" "start" "-a" "88fb011738cddcd654bc076341e1d35671b6d19a343cf6da2cb799e0c8c1229c", kill_on_drop: false }`
[INFO] [stderr] warning: unused variable: `usql`
[INFO] [stderr]   --> src/loader/greptime_data_loader.rs:44:33
[INFO] [stderr]    |
[INFO] [stderr] 44 |     fn load_data_by_usql(&self, usql: Option<Usql>) {
[INFO] [stderr]    |                                 ^^^^ help: if this is intentional, prefix it with an underscore: `_usql`
[INFO] [stderr]    |
[INFO] [stderr]    = note: `#[warn(unused_variables)]` on by default
[INFO] [stderr] 
[INFO] [stderr] warning: function `gen_create_table_stmt` is never used
[INFO] [stderr]   --> src/loader/data_loader.rs:35:4
[INFO] [stderr]    |
[INFO] [stderr] 35 | fn gen_create_table_stmt(hypertable: &str, cols: &[&str]) -> String {
[INFO] [stderr]    |    ^^^^^^^^^^^^^^^^^^^^^
[INFO] [stderr]    |
[INFO] [stderr]    = note: `#[warn(dead_code)]` on by default
[INFO] [stderr] 
[INFO] [stderr] warning: function `gen_insert_stmt` is never used
[INFO] [stderr]   --> src/loader/data_loader.rs:58:4
[INFO] [stderr]    |
[INFO] [stderr] 58 | fn gen_insert_stmt(hypertable: &str, cols: &[&str], data: &[Vec<String>]) -> String {
[INFO] [stderr]    |    ^^^^^^^^^^^^^^^
[INFO] [stderr] 
[INFO] [stderr] warning: `greptime-bench` (lib) generated 3 warnings
[INFO] [stderr] warning: `greptime-bench` (lib test) generated 3 warnings (3 duplicates)
[INFO] [stderr] warning: unused variable: `file_path`
[INFO] [stderr]   --> src/main.rs:26:18
[INFO] [stderr]    |
[INFO] [stderr] 26 | fn generate_data(file_path: &str) {
[INFO] [stderr]    |                  ^^^^^^^^^ help: if this is intentional, prefix it with an underscore: `_file_path`
[INFO] [stderr]    |
[INFO] [stderr]    = note: `#[warn(unused_variables)]` on by default
[INFO] [stderr] 
[INFO] [stderr] warning: `greptime-bench` (bin "greptime-bench" test) generated 1 warning
[INFO] [stderr]     Finished `test` profile [unoptimized + debuginfo] target(s) in 0.42s
[INFO] [stderr]      Running unittests src/lib.rs (/opt/rustwide/target/debug/deps/greptime_bench-db0534362fe32224)
[INFO] [stdout] 
[INFO] [stdout] running 3 tests
[INFO] [stdout] test client::greptime::tests::test_row_insert ... FAILED
[INFO] [stdout] test generator::log_data_generator::tests::test_generate ... ok
[INFO] [stdout] test generator::log_data_generator::tests::test_write ... FAILED
[INFO] [stdout] 
[INFO] [stdout] failures:
[INFO] [stdout] 
[INFO] [stdout] ---- client::greptime::tests::test_row_insert stdout ----
[INFO] [stdout] Error: CreateChannel { source: tonic::transport::Error(Transport, hyper::Error(Connect, ConnectError("tcp connect error", Os { code: 111, kind: ConnectionRefused, message: "Connection refused" }))), location: Location { file: "src/client/greptime.rs", line: 20, column: 14 } }
[INFO] [stdout] 
[INFO] [stdout] ---- generator::log_data_generator::tests::test_write stdout ----
[INFO] [stdout] thread 'generator::log_data_generator::tests::test_write' panicked at src/generator/log_data_generator.rs:158:49:
[INFO] [stdout] Unable to create file: Os { code: 30, kind: ReadOnlyFilesystem, message: "Read-only file system" }
[INFO] [stdout] stack backtrace:
[INFO] [stdout]    0:     0x5d7538f2444a - std::backtrace_rs::backtrace::libunwind::trace::h5a5b8284f2d0c266
[INFO] [stdout]                                at /rustc/90b35a6239c3d8bdabc530a6a0816f7ff89a0aaf/library/std/src/../../backtrace/src/backtrace/libunwind.rs:116:5
[INFO] [stdout]    1:     0x5d7538f2444a - std::backtrace_rs::backtrace::trace_unsynchronized::h76d4f1c9b0b875e3
[INFO] [stdout]                                at /rustc/90b35a6239c3d8bdabc530a6a0816f7ff89a0aaf/library/std/src/../../backtrace/src/backtrace/mod.rs:66:5
[INFO] [stdout]    2:     0x5d7538f2444a - std::sys::backtrace::_print_fmt::hc4546b8364a537c6
[INFO] [stdout]                                at /rustc/90b35a6239c3d8bdabc530a6a0816f7ff89a0aaf/library/std/src/sys/backtrace.rs:66:9
[INFO] [stdout]    3:     0x5d7538f2444a - <std::sys::backtrace::BacktraceLock::print::DisplayBacktrace as core::fmt::Display>::fmt::h5b6bd5631a6d1f6b
[INFO] [stdout]                                at /rustc/90b35a6239c3d8bdabc530a6a0816f7ff89a0aaf/library/std/src/sys/backtrace.rs:39:26
[INFO] [stdout]    4:     0x5d7538f4e833 - core::fmt::rt::Argument::fmt::h270f6602a2b96f62
[INFO] [stdout]                                at /rustc/90b35a6239c3d8bdabc530a6a0816f7ff89a0aaf/library/core/src/fmt/rt.rs:177:76
[INFO] [stdout]    5:     0x5d7538f4e833 - core::fmt::write::h7550c97b06c86515
[INFO] [stdout]                                at /rustc/90b35a6239c3d8bdabc530a6a0816f7ff89a0aaf/library/core/src/fmt/mod.rs:1186:21
[INFO] [stdout]    6:     0x5d7538f20a93 - std::io::Write::write_fmt::h509ff860e5956e5e
[INFO] [stdout]                                at /rustc/90b35a6239c3d8bdabc530a6a0816f7ff89a0aaf/library/std/src/io/mod.rs:1839:15
[INFO] [stdout]    7:     0x5d7538f24292 - std::sys::backtrace::BacktraceLock::print::h2395ccd2c84ba3aa
[INFO] [stdout]                                at /rustc/90b35a6239c3d8bdabc530a6a0816f7ff89a0aaf/library/std/src/sys/backtrace.rs:42:9
[INFO] [stdout]    8:     0x5d7538f258aa - std::panicking::default_hook::{{closure}}::he19d4c7230e07961
[INFO] [stdout]                                at /rustc/90b35a6239c3d8bdabc530a6a0816f7ff89a0aaf/library/std/src/panicking.rs:268:22
[INFO] [stdout]    9:     0x5d7538f256b4 - std::panicking::default_hook::hf614597d3c67bbdb
[INFO] [stdout]                                at /rustc/90b35a6239c3d8bdabc530a6a0816f7ff89a0aaf/library/std/src/panicking.rs:292:9
[INFO] [stdout]   10:     0x5d7537750059 - <alloc::boxed::Box<F,A> as core::ops::function::Fn<Args>>::call::h39b51ce4599c23d1
[INFO] [stdout]                                at /rustc/90b35a6239c3d8bdabc530a6a0816f7ff89a0aaf/library/alloc/src/boxed.rs:2468:9
[INFO] [stdout]   11:     0x5d7537750059 - test::test_main::{{closure}}::he977ae839a582784
[INFO] [stdout]                                at /rustc/90b35a6239c3d8bdabc530a6a0816f7ff89a0aaf/library/test/src/lib.rs:133:21
[INFO] [stdout]   12:     0x5d7538f25f48 - <alloc::boxed::Box<F,A> as core::ops::function::Fn<Args>>::call::h9455091b6b06f9fb
[INFO] [stdout]                                at /rustc/90b35a6239c3d8bdabc530a6a0816f7ff89a0aaf/library/alloc/src/boxed.rs:2468:9
[INFO] [stdout]   13:     0x5d7538f25f48 - std::panicking::rust_panic_with_hook::h8942133a8b252070
[INFO] [stdout]                                at /rustc/90b35a6239c3d8bdabc530a6a0816f7ff89a0aaf/library/std/src/panicking.rs:809:13
[INFO] [stdout]   14:     0x5d7538f25d0a - std::panicking::begin_panic_handler::{{closure}}::hb5f5963570096b29
[INFO] [stdout]                                at /rustc/90b35a6239c3d8bdabc530a6a0816f7ff89a0aaf/library/std/src/panicking.rs:674:13
[INFO] [stdout]   15:     0x5d7538f24929 - std::sys::backtrace::__rust_end_short_backtrace::h6208cedc1922feda
[INFO] [stdout]                                at /rustc/90b35a6239c3d8bdabc530a6a0816f7ff89a0aaf/library/std/src/sys/backtrace.rs:170:18
[INFO] [stdout]   16:     0x5d7538f2599c - rust_begin_unwind
[INFO] [stdout]                                at /rustc/90b35a6239c3d8bdabc530a6a0816f7ff89a0aaf/library/std/src/panicking.rs:665:5
[INFO] [stdout]   17:     0x5d7537675400 - core::panicking::panic_fmt::h0c3082644d1bf418
[INFO] [stdout]                                at /rustc/90b35a6239c3d8bdabc530a6a0816f7ff89a0aaf/library/core/src/panicking.rs:74:14
[INFO] [stdout]   18:     0x5d75376758e6 - core::result::unwrap_failed::hd20b4aa073bda1e2
[INFO] [stdout]                                at /rustc/90b35a6239c3d8bdabc530a6a0816f7ff89a0aaf/library/core/src/result.rs:1700:5
[INFO] [stdout]   19:     0x5d75376c584d - core::result::Result<T,E>::expect::hf47b70ef9895746b
[INFO] [stdout]                                at /rustc/90b35a6239c3d8bdabc530a6a0816f7ff89a0aaf/library/core/src/result.rs:1061:23
[INFO] [stdout]   20:     0x5d75376b34b8 - <greptime_bench::generator::log_data_generator::LogDataGenerator as greptime_bench::generator::data_generator::DataGenerator>::write::hace727851e484f99
[INFO] [stdout]                                at /opt/rustwide/workdir/src/generator/log_data_generator.rs:158:24
[INFO] [stdout]   21:     0x5d75376fa839 - greptime_bench::generator::log_data_generator::tests::test_write::h14c7e2835da6b7b7
[INFO] [stdout]                                at /opt/rustwide/workdir/src/generator/log_data_generator.rs:754:28
[INFO] [stdout]   22:     0x5d75376fa467 - greptime_bench::generator::log_data_generator::tests::test_write::{{closure}}::h758f685697a84a10
[INFO] [stdout]                                at /opt/rustwide/workdir/src/generator/log_data_generator.rs:738:20
[INFO] [stdout]   23:     0x5d75376a69b6 - core::ops::function::FnOnce::call_once::h88b12011ff7ad440
[INFO] [stdout]                                at /rustc/90b35a6239c3d8bdabc530a6a0816f7ff89a0aaf/library/core/src/ops/function.rs:250:5
[INFO] [stdout]   24:     0x5d7537754a1b - core::ops::function::FnOnce::call_once::h109cf8051a59b34e
[INFO] [stdout]                                at /rustc/90b35a6239c3d8bdabc530a6a0816f7ff89a0aaf/library/core/src/ops/function.rs:250:5
[INFO] [stdout]   25:     0x5d7537754a1b - test::__rust_begin_short_backtrace::hf4fff89d377446ba
[INFO] [stdout]                                at /rustc/90b35a6239c3d8bdabc530a6a0816f7ff89a0aaf/library/test/src/lib.rs:621:18
[INFO] [stdout]   26:     0x5d7537754257 - test::run_test_in_process::{{closure}}::h0e39181dd7ee5a43
[INFO] [stdout]                                at /rustc/90b35a6239c3d8bdabc530a6a0816f7ff89a0aaf/library/test/src/lib.rs:644:60
[INFO] [stdout]   27:     0x5d7537754257 - <core::panic::unwind_safe::AssertUnwindSafe<F> as core::ops::function::FnOnce<()>>::call_once::hc5a66a30f0bdfd1f
[INFO] [stdout]                                at /rustc/90b35a6239c3d8bdabc530a6a0816f7ff89a0aaf/library/core/src/panic/unwind_safe.rs:272:9
[INFO] [stdout]   28:     0x5d7537754257 - std::panicking::try::do_call::h873b7cf639554a5e
[INFO] [stdout]                                at /rustc/90b35a6239c3d8bdabc530a6a0816f7ff89a0aaf/library/std/src/panicking.rs:557:40
[INFO] [stdout]   29:     0x5d7537754257 - std::panicking::try::hdb19862fad9c8bd1
[INFO] [stdout]                                at /rustc/90b35a6239c3d8bdabc530a6a0816f7ff89a0aaf/library/std/src/panicking.rs:520:19
[INFO] [stdout]   30:     0x5d7537754257 - std::panic::catch_unwind::h281fe732d236d260
[INFO] [stdout]                                at /rustc/90b35a6239c3d8bdabc530a6a0816f7ff89a0aaf/library/std/src/panic.rs:358:14
[INFO] [stdout]   31:     0x5d7537754257 - test::run_test_in_process::h949b6df8457ed338
[INFO] [stdout]                                at /rustc/90b35a6239c3d8bdabc530a6a0816f7ff89a0aaf/library/test/src/lib.rs:644:27
[INFO] [stdout]   32:     0x5d7537754257 - test::run_test::{{closure}}::h52c556a6d4740e10
[INFO] [stdout]                                at /rustc/90b35a6239c3d8bdabc530a6a0816f7ff89a0aaf/library/test/src/lib.rs:565:43
[INFO] [stdout]   33:     0x5d7537719534 - test::run_test::{{closure}}::h4237f6381c45ccb9
[INFO] [stdout]                                at /rustc/90b35a6239c3d8bdabc530a6a0816f7ff89a0aaf/library/test/src/lib.rs:595:41
[INFO] [stdout]   34:     0x5d7537719534 - std::sys::backtrace::__rust_begin_short_backtrace::h505c97a579eca628
[INFO] [stdout]                                at /rustc/90b35a6239c3d8bdabc530a6a0816f7ff89a0aaf/library/std/src/sys/backtrace.rs:154:18
[INFO] [stdout]   35:     0x5d753771cbfe - std::thread::Builder::spawn_unchecked_::{{closure}}::{{closure}}::h9e86b2e2bc107ea3
[INFO] [stdout]                                at /rustc/90b35a6239c3d8bdabc530a6a0816f7ff89a0aaf/library/std/src/thread/mod.rs:538:17
[INFO] [stdout]   36:     0x5d753771cbfe - <core::panic::unwind_safe::AssertUnwindSafe<F> as core::ops::function::FnOnce<()>>::call_once::h8b06ddb275ff4a25
[INFO] [stdout]                                at /rustc/90b35a6239c3d8bdabc530a6a0816f7ff89a0aaf/library/core/src/panic/unwind_safe.rs:272:9
[INFO] [stdout]   37:     0x5d753771cbfe - std::panicking::try::do_call::hb26ecd7cd9a9355d
[INFO] [stdout]                                at /rustc/90b35a6239c3d8bdabc530a6a0816f7ff89a0aaf/library/std/src/panicking.rs:557:40
[INFO] [stdout]   38:     0x5d753771cbfe - std::panicking::try::h8ddeca9d705f9069
[INFO] [stdout]                                at /rustc/90b35a6239c3d8bdabc530a6a0816f7ff89a0aaf/library/std/src/panicking.rs:520:19
[INFO] [stdout]   39:     0x5d753771cbfe - std::panic::catch_unwind::h49e1c33078844c46
[INFO] [stdout]                                at /rustc/90b35a6239c3d8bdabc530a6a0816f7ff89a0aaf/library/std/src/panic.rs:358:14
[INFO] [stdout]   40:     0x5d753771cbfe - std::thread::Builder::spawn_unchecked_::{{closure}}::h6073db6ff56ad35d
[INFO] [stdout]                                at /rustc/90b35a6239c3d8bdabc530a6a0816f7ff89a0aaf/library/std/src/thread/mod.rs:537:30
[INFO] [stdout]   41:     0x5d753771cbfe - core::ops::function::FnOnce::call_once{{vtable.shim}}::h2c5a5f3779c774f1
[INFO] [stdout]                                at /rustc/90b35a6239c3d8bdabc530a6a0816f7ff89a0aaf/library/core/src/ops/function.rs:250:5
[INFO] [stdout]   42:     0x5d7538f2a44b - <alloc::boxed::Box<F,A> as core::ops::function::FnOnce<Args>>::call_once::hf75717d9f28faebf
[INFO] [stdout]                                at /rustc/90b35a6239c3d8bdabc530a6a0816f7ff89a0aaf/library/alloc/src/boxed.rs:2454:9
[INFO] [stdout]   43:     0x5d7538f2a44b - <alloc::boxed::Box<F,A> as core::ops::function::FnOnce<Args>>::call_once::h7bd883a5f3c5f3c1
[INFO] [stdout]                                at /rustc/90b35a6239c3d8bdabc530a6a0816f7ff89a0aaf/library/alloc/src/boxed.rs:2454:9
[INFO] [stdout]   44:     0x5d7538f2a44b - std::sys::pal::unix::thread::Thread::new::thread_start::hcc78f3943333fa94
[INFO] [stdout]                                at /rustc/90b35a6239c3d8bdabc530a6a0816f7ff89a0aaf/library/std/src/sys/pal/unix/thread.rs:105:17
[INFO] [stdout]   45:     0x7f5064decac3 - <unknown>
[INFO] [stdout]   46:     0x7f5064e7da04 - clone
[INFO] [stdout]   47:                0x0 - <unknown>
[INFO] [stdout] 
[INFO] [stdout] 
[INFO] [stdout] failures:
[INFO] [stdout]     client::greptime::tests::test_row_insert
[INFO] [stdout]     generator::log_data_generator::tests::test_write
[INFO] [stdout] 
[INFO] [stdout] test result: FAILED. 1 passed; 2 failed; 0 ignored; 0 measured; 0 filtered out; finished in 0.08s
[INFO] [stdout] 
[INFO] [stderr] error: test failed, to rerun pass `--lib`
[INFO] running `Command { std: "docker" "inspect" "88fb011738cddcd654bc076341e1d35671b6d19a343cf6da2cb799e0c8c1229c", kill_on_drop: false }`
[INFO] running `Command { std: "docker" "rm" "-f" "88fb011738cddcd654bc076341e1d35671b6d19a343cf6da2cb799e0c8c1229c", kill_on_drop: false }`
[INFO] [stdout] 88fb011738cddcd654bc076341e1d35671b6d19a343cf6da2cb799e0c8c1229c
