[INFO] cloning repository https://github.com/DouglasGabr/advent-of-code-2022
[INFO] running `Command { std: "git" "-c" "credential.helper=" "-c" "credential.helper=/workspace/cargo-home/bin/git-credential-null" "clone" "--bare" "https://github.com/DouglasGabr/advent-of-code-2022" "/workspace/cache/git-repos/https%3A%2F%2Fgithub.com%2FDouglasGabr%2Fadvent-of-code-2022", kill_on_drop: false }`
[INFO] [stderr] Cloning into bare repository '/workspace/cache/git-repos/https%3A%2F%2Fgithub.com%2FDouglasGabr%2Fadvent-of-code-2022'...
[INFO] running `Command { std: "git" "rev-parse" "HEAD", kill_on_drop: false }`
[INFO] [stdout] dacf602cce40d5a3d997716b22b119b60c49f8b2
[INFO] testing DouglasGabr/advent-of-code-2022 against 1.83.0 for beta-1.84.0-4-retry
[INFO] running `Command { std: "git" "clone" "/workspace/cache/git-repos/https%3A%2F%2Fgithub.com%2FDouglasGabr%2Fadvent-of-code-2022" "/workspace/builds/worker-1-tc1/source", kill_on_drop: false }`
[INFO] [stderr] Cloning into '/workspace/builds/worker-1-tc1/source'...
[INFO] [stderr] done.
[INFO] validating manifest of git repo https://github.com/DouglasGabr/advent-of-code-2022 on toolchain 1.83.0
[INFO] running `Command { std: CARGO_HOME="/workspace/cargo-home" RUSTUP_HOME="/workspace/rustup-home" "/workspace/cargo-home/bin/cargo" "+1.83.0" "metadata" "--manifest-path" "Cargo.toml" "--no-deps", kill_on_drop: false }`
[INFO] started tweaking git repo https://github.com/DouglasGabr/advent-of-code-2022
[INFO] finished tweaking git repo https://github.com/DouglasGabr/advent-of-code-2022
[INFO] tweaked toml for git repo https://github.com/DouglasGabr/advent-of-code-2022 written to /workspace/builds/worker-1-tc1/source/Cargo.toml
[INFO] crate git repo https://github.com/DouglasGabr/advent-of-code-2022 already has a lockfile, it will not be regenerated
[INFO] running `Command { std: CARGO_HOME="/workspace/cargo-home" RUSTUP_HOME="/workspace/rustup-home" "/workspace/cargo-home/bin/cargo" "+1.83.0" "fetch" "--manifest-path" "Cargo.toml", kill_on_drop: false }`
[INFO] [stderr]     Updating crates.io index
[INFO] [stderr]  Downloading crates ...
[INFO] [stderr]   Downloaded ranges v0.3.3
[INFO] running `Command { std: "docker" "create" "-v" "/var/lib/crater-agent-workspace/builds/worker-1-tc1/target:/opt/rustwide/target:rw,Z" "-v" "/var/lib/crater-agent-workspace/builds/worker-1-tc1/source:/opt/rustwide/workdir:ro,Z" "-v" "/var/lib/crater-agent-workspace/cargo-home:/opt/rustwide/cargo-home:ro,Z" "-v" "/var/lib/crater-agent-workspace/rustup-home:/opt/rustwide/rustup-home:ro,Z" "-e" "SOURCE_DIR=/opt/rustwide/workdir" "-e" "CARGO_TARGET_DIR=/opt/rustwide/target" "-e" "CARGO_HOME=/opt/rustwide/cargo-home" "-e" "RUSTUP_HOME=/opt/rustwide/rustup-home" "-w" "/opt/rustwide/workdir" "-m" "1610612736" "--user" "0:0" "--network" "none" "ghcr.io/rust-lang/crates-build-env/linux@sha256:f3a9d4ad9d972b27faf3965f35b62e55ba32bbce8f20bc8fe909558a86702fde" "/opt/rustwide/cargo-home/bin/cargo" "+1.83.0" "metadata" "--no-deps" "--format-version=1", kill_on_drop: false }`
[INFO] [stdout] fafa941abc2ebe09ba97730711fa3b1333c170357be310398afd29b6c800244f
[INFO] running `Command { std: "docker" "start" "-a" "fafa941abc2ebe09ba97730711fa3b1333c170357be310398afd29b6c800244f", kill_on_drop: false }`
[INFO] running `Command { std: "docker" "inspect" "fafa941abc2ebe09ba97730711fa3b1333c170357be310398afd29b6c800244f", kill_on_drop: false }`
[INFO] running `Command { std: "docker" "rm" "-f" "fafa941abc2ebe09ba97730711fa3b1333c170357be310398afd29b6c800244f", kill_on_drop: false }`
[INFO] [stdout] fafa941abc2ebe09ba97730711fa3b1333c170357be310398afd29b6c800244f
[INFO] running `Command { std: "docker" "create" "-v" "/var/lib/crater-agent-workspace/builds/worker-1-tc1/target:/opt/rustwide/target:rw,Z" "-v" "/var/lib/crater-agent-workspace/builds/worker-1-tc1/source:/opt/rustwide/workdir:ro,Z" "-v" "/var/lib/crater-agent-workspace/cargo-home:/opt/rustwide/cargo-home:ro,Z" "-v" "/var/lib/crater-agent-workspace/rustup-home:/opt/rustwide/rustup-home:ro,Z" "-e" "SOURCE_DIR=/opt/rustwide/workdir" "-e" "CARGO_TARGET_DIR=/opt/rustwide/target" "-e" "CARGO_INCREMENTAL=0" "-e" "RUST_BACKTRACE=full" "-e" "RUSTFLAGS=--cap-lints=warn" "-e" "RUSTDOCFLAGS=--cap-lints=warn" "-e" "CARGO_HOME=/opt/rustwide/cargo-home" "-e" "RUSTUP_HOME=/opt/rustwide/rustup-home" "-w" "/opt/rustwide/workdir" "-m" "1610612736" "--user" "0:0" "--network" "none" "ghcr.io/rust-lang/crates-build-env/linux@sha256:f3a9d4ad9d972b27faf3965f35b62e55ba32bbce8f20bc8fe909558a86702fde" "/opt/rustwide/cargo-home/bin/cargo" "+1.83.0" "build" "--frozen" "--message-format=json", kill_on_drop: false }`
[INFO] [stdout] e846a726edf190f9e9fe496b950ffc90a418c1fd9b2af536a1186aa1345ed33e
[INFO] running `Command { std: "docker" "start" "-a" "e846a726edf190f9e9fe496b950ffc90a418c1fd9b2af536a1186aa1345ed33e", kill_on_drop: false }`
[INFO] [stderr]    Compiling indexmap v1.9.2
[INFO] [stderr]    Compiling memchr v2.5.0
[INFO] [stderr]    Compiling hashbrown v0.12.3
[INFO] [stderr]    Compiling fixedbitset v0.4.2
[INFO] [stderr]    Compiling ranges v0.3.3
[INFO] [stderr]    Compiling nom v7.1.3
[INFO] [stderr]    Compiling petgraph v0.6.2
[INFO] [stderr]    Compiling aoc v0.1.0 (/opt/rustwide/workdir)
[INFO] [stdout] warning: unused imports: `Occupied` and `Vacant`
[INFO] [stdout]  --> src/bin/day23.rs:4:27
[INFO] [stdout]   |
[INFO] [stdout] 4 |         hash_map::Entry::{Occupied, Vacant},
[INFO] [stdout]   |                           ^^^^^^^^  ^^^^^^
[INFO] [stdout]   |
[INFO] [stdout]   = note: `#[warn(unused_imports)]` on by default
[INFO] [stdout] 
[INFO] [stdout] 
[INFO] [stdout] warning: unused imports: `Config`, `Dot`, `algo::dijkstra`, `data::FromElements`, and `graph::DiGraph`
[INFO] [stdout]   --> src/bin/day16.rs:7:5
[INFO] [stdout]    |
[INFO] [stdout] 7  |     algo::dijkstra,
[INFO] [stdout]    |     ^^^^^^^^^^^^^^
[INFO] [stdout] 8  |     data::FromElements,
[INFO] [stdout]    |     ^^^^^^^^^^^^^^^^^^
[INFO] [stdout] 9  |     dot::{Config, Dot},
[INFO] [stdout]    |           ^^^^^^  ^^^
[INFO] [stdout] 10 |     graph::DiGraph,
[INFO] [stdout]    |     ^^^^^^^^^^^^^^
[INFO] [stdout]    |
[INFO] [stdout]    = note: `#[warn(unused_imports)]` on by default
[INFO] [stdout] 
[INFO] [stdout] 
[INFO] [stdout] warning: unused import: `Add`
[INFO] [stdout]  --> src/bin/day22.rs:3:11
[INFO] [stdout]   |
[INFO] [stdout] 3 |     ops::{Add, Deref},
[INFO] [stdout]   |           ^^^
[INFO] [stdout]   |
[INFO] [stdout]   = note: `#[warn(unused_imports)]` on by default
[INFO] [stdout] 
[INFO] [stdout] 
[INFO] [stdout] warning: unused import: `IResult`
[INFO] [stdout]   --> src/bin/day22.rs:11:5
[INFO] [stdout]    |
[INFO] [stdout] 11 |     IResult,
[INFO] [stdout]    |     ^^^^^^^
[INFO] [stdout] 
[INFO] [stdout] 
[INFO] [stdout] warning: unused variable: `input`
[INFO] [stdout]   --> src/bin/day22.rs:29:10
[INFO] [stdout]    |
[INFO] [stdout] 29 | fn part2(input: &str) -> usize {
[INFO] [stdout]    |          ^^^^^ help: if this is intentional, prefix it with an underscore: `_input`
[INFO] [stdout]    |
[INFO] [stdout]    = note: `#[warn(unused_variables)]` on by default
[INFO] [stdout] 
[INFO] [stdout] 
[INFO] [stdout] warning: fields `width` and `height` are never read
[INFO] [stdout]   --> src/bin/day22.rs:42:5
[INFO] [stdout]    |
[INFO] [stdout] 40 | struct Map {
[INFO] [stdout]    |        --- fields in this struct
[INFO] [stdout] 41 |     tiles: HashMap<(u32, u32), Tile>,
[INFO] [stdout] 42 |     width: u32,
[INFO] [stdout]    |     ^^^^^
[INFO] [stdout] 43 |     height: u32,
[INFO] [stdout]    |     ^^^^^^
[INFO] [stdout]    |
[INFO] [stdout]    = note: `Map` has a derived impl for the trait `Debug`, but this is intentionally ignored during dead code analysis
[INFO] [stdout]    = note: `#[warn(dead_code)]` on by default
[INFO] [stdout] 
[INFO] [stdout] 
[INFO] [stdout] warning: unused variable: `graph`
[INFO] [stdout]   --> src/bin/day16.rs:17:9
[INFO] [stdout]    |
[INFO] [stdout] 17 |     let graph = parse_input(input);
[INFO] [stdout]    |         ^^^^^ help: if this is intentional, prefix it with an underscore: `_graph`
[INFO] [stdout]    |
[INFO] [stdout]    = note: `#[warn(unused_variables)]` on by default
[INFO] [stdout] 
[INFO] [stdout] 
[INFO] [stdout] warning: unused variable: `input`
[INFO] [stdout]   --> src/bin/day16.rs:21:10
[INFO] [stdout]    |
[INFO] [stdout] 21 | fn part2(input: &str) -> u32 {
[INFO] [stdout]    |          ^^^^^ help: if this is intentional, prefix it with an underscore: `_input`
[INFO] [stdout] 
[INFO] [stdout] 
[INFO] [stdout] warning: unused variable: `input`
[INFO] [stdout]    --> src/bin/day21.rs:116:10
[INFO] [stdout]     |
[INFO] [stdout] 116 | fn part2(input: &str) -> i64 {
[INFO] [stdout]     |          ^^^^^ help: if this is intentional, prefix it with an underscore: `_input`
[INFO] [stdout]     |
[INFO] [stdout]     = note: `#[warn(unused_variables)]` on by default
[INFO] [stdout] 
[INFO] [stdout] 
[INFO] [stdout] warning: function `part2` is never used
[INFO] [stdout]    --> src/bin/day21.rs:116:4
[INFO] [stdout]     |
[INFO] [stdout] 116 | fn part2(input: &str) -> i64 {
[INFO] [stdout]     |    ^^^^^
[INFO] [stdout]     |
[INFO] [stdout]     = note: `#[warn(dead_code)]` on by default
[INFO] [stdout] 
[INFO] [stdout] 
[INFO] [stdout] warning: function `part1` is never used
[INFO] [stdout]   --> src/bin/day16.rs:16:4
[INFO] [stdout]    |
[INFO] [stdout] 16 | fn part1(input: &str) -> u32 {
[INFO] [stdout]    |    ^^^^^
[INFO] [stdout]    |
[INFO] [stdout]    = note: `#[warn(dead_code)]` on by default
[INFO] [stdout] 
[INFO] [stdout] 
[INFO] [stdout] warning: function `part2` is never used
[INFO] [stdout]   --> src/bin/day16.rs:21:4
[INFO] [stdout]    |
[INFO] [stdout] 21 | fn part2(input: &str) -> u32 {
[INFO] [stdout]    |    ^^^^^
[INFO] [stdout] 
[INFO] [stdout] 
[INFO] [stdout] warning: struct `Valve` is never constructed
[INFO] [stdout]   --> src/bin/day16.rs:26:8
[INFO] [stdout]    |
[INFO] [stdout] 26 | struct Valve<'a> {
[INFO] [stdout]    |        ^^^^^
[INFO] [stdout]    |
[INFO] [stdout]    = note: `Valve` has a derived impl for the trait `Default`, but this is intentionally ignored during dead code analysis
[INFO] [stdout] 
[INFO] [stdout] 
[INFO] [stdout] warning: associated function `from_name` is never used
[INFO] [stdout]   --> src/bin/day16.rs:32:8
[INFO] [stdout]    |
[INFO] [stdout] 31 | impl<'a> Valve<'a> {
[INFO] [stdout]    | ------------------ associated function in this implementation
[INFO] [stdout] 32 |     fn from_name(name: &'a str) -> Self {
[INFO] [stdout]    |        ^^^^^^^^^
[INFO] [stdout] 
[INFO] [stdout] 
[INFO] [stdout] warning: function `parse_input` is never used
[INFO] [stdout]   --> src/bin/day16.rs:43:4
[INFO] [stdout]    |
[INFO] [stdout] 43 | fn parse_input(input: &str) -> DiGraphMap<Valve, ()> {
[INFO] [stdout]    |    ^^^^^^^^^^^
[INFO] [stdout] 
[INFO] [stdout] 
[INFO] [stdout] warning: variable does not need to be mutable
[INFO] [stdout]    --> src/bin/day17.rs:153:13
[INFO] [stdout]     |
[INFO] [stdout] 153 |         let mut falling_rock = self.rocks.last_mut().unwrap();
[INFO] [stdout]     |             ----^^^^^^^^^^^^
[INFO] [stdout]     |             |
[INFO] [stdout]     |             help: remove this `mut`
[INFO] [stdout]     |
[INFO] [stdout]     = note: `#[warn(unused_mut)]` on by default
[INFO] [stdout] 
[INFO] [stdout] 
[INFO] [stdout] warning: enum `Resource` is never used
[INFO] [stdout]   --> src/bin/day19.rs:15:6
[INFO] [stdout]    |
[INFO] [stdout] 15 | enum Resource {
[INFO] [stdout]    |      ^^^^^^^^
[INFO] [stdout]    |
[INFO] [stdout]    = note: `#[warn(dead_code)]` on by default
[INFO] [stdout] 
[INFO] [stdout] 
[INFO] [stdout] warning: enum `Robot` is never used
[INFO] [stdout]   --> src/bin/day19.rs:22:6
[INFO] [stdout]    |
[INFO] [stdout] 22 | enum Robot {
[INFO] [stdout]    |      ^^^^^
[INFO] [stdout] 
[INFO] [stdout] 
[INFO] [stdout] warning: associated items `new` and `add` are never used
[INFO] [stdout]    --> src/bin/day19.rs:107:8
[INFO] [stdout]     |
[INFO] [stdout] 106 | impl Stock {
[INFO] [stdout]     | ---------- associated items in this implementation
[INFO] [stdout] 107 |     fn new() -> Self {
[INFO] [stdout]     |        ^^^
[INFO] [stdout] ...
[INFO] [stdout] 115 |     fn add(&mut self, resource: &Resource) {
[INFO] [stdout]     |        ^^^
[INFO] [stdout] 
[INFO] [stdout] 
[INFO] [stdout] warning: struct `Factory` is never constructed
[INFO] [stdout]    --> src/bin/day19.rs:125:8
[INFO] [stdout]     |
[INFO] [stdout] 125 | struct Factory {
[INFO] [stdout]     |        ^^^^^^^
[INFO] [stdout] 
[INFO] [stdout] 
[INFO] [stdout] warning: associated items `new` and `create_robot` are never used
[INFO] [stdout]    --> src/bin/day19.rs:130:8
[INFO] [stdout]     |
[INFO] [stdout] 129 | impl Factory {
[INFO] [stdout]     | ------------ associated items in this implementation
[INFO] [stdout] 130 |     fn new(blueprint: Blueprint) -> Self {
[INFO] [stdout]     |        ^^^
[INFO] [stdout] ...
[INFO] [stdout] 137 |     fn create_robot(&mut self, robots: &Robots) -> Option<Robot> {
[INFO] [stdout]     |        ^^^^^^^^^^^^
[INFO] [stdout] 
[INFO] [stdout] 
[INFO] [stdout] warning: methods `find_next_easiest_robot`, `can_create_geode_robot`, `can_create_obsidian_robot`, `can_create_clay_robot`, and `can_create_ore_robot` are never used
[INFO] [stdout]    --> src/bin/day19.rs:192:8
[INFO] [stdout]     |
[INFO] [stdout] 191 | impl Blueprint {
[INFO] [stdout]     | -------------- methods in this implementation
[INFO] [stdout] 192 |     fn find_next_easiest_robot(&self, stock: &Stock, robots: &Robots) -> Option<Robot> {
[INFO] [stdout]     |        ^^^^^^^^^^^^^^^^^^^^^^^
[INFO] [stdout] ...
[INFO] [stdout] 261 |     fn can_create_geode_robot(&self, stock: &Stock) -> bool {
[INFO] [stdout]     |        ^^^^^^^^^^^^^^^^^^^^^^
[INFO] [stdout] ...
[INFO] [stdout] 264 |     fn can_create_obsidian_robot(&self, stock: &Stock) -> bool {
[INFO] [stdout]     |        ^^^^^^^^^^^^^^^^^^^^^^^^^
[INFO] [stdout] ...
[INFO] [stdout] 267 |     fn can_create_clay_robot(&self, stock: &Stock) -> bool {
[INFO] [stdout]     |        ^^^^^^^^^^^^^^^^^^^^^
[INFO] [stdout] ...
[INFO] [stdout] 270 |     fn can_create_ore_robot(&self, stock: &Stock) -> bool {
[INFO] [stdout]     |        ^^^^^^^^^^^^^^^^^^^^
[INFO] [stdout] 
[INFO] [stdout] 
[INFO] [stdout] warning: associated items `new`, `add_robot`, and `mine` are never used
[INFO] [stdout]    --> src/bin/day19.rs:288:8
[INFO] [stdout]     |
[INFO] [stdout] 287 | impl Robots {
[INFO] [stdout]     | ----------- associated items in this implementation
[INFO] [stdout] 288 |     fn new() -> Self {
[INFO] [stdout]     |        ^^^
[INFO] [stdout] ...
[INFO] [stdout] 296 |     fn add_robot(&mut self, robot: &Robot) {
[INFO] [stdout]     |        ^^^^^^^^^
[INFO] [stdout] ...
[INFO] [stdout] 314 |     fn mine(&self, stock: &mut Stock) {
[INFO] [stdout]     |        ^^^^
[INFO] [stdout] 
[INFO] [stdout] 
[INFO] [stdout] warning: function `part1` is never used
[INFO] [stdout]    --> src/bin/day19.rs:435:4
[INFO] [stdout]     |
[INFO] [stdout] 435 | fn part1(input: &str) -> u32 {
[INFO] [stdout]     |    ^^^^^
[INFO] [stdout] 
[INFO] [stdout] 
[INFO] [stdout] warning: unused variable: `input`
[INFO] [stdout]   --> src/bin/day18.rs:40:10
[INFO] [stdout]    |
[INFO] [stdout] 40 | fn part2(input: &str) -> usize {
[INFO] [stdout]    |          ^^^^^ help: if this is intentional, prefix it with an underscore: `_input`
[INFO] [stdout]    |
[INFO] [stdout]    = note: `#[warn(unused_variables)]` on by default
[INFO] [stdout] 
[INFO] [stdout] 
[INFO] [stdout] warning: type alias `Coordinate` is never used
[INFO] [stdout]   --> src/bin/day18.rs:38:6
[INFO] [stdout]    |
[INFO] [stdout] 38 | type Coordinate = (i64, i64, i64);
[INFO] [stdout]    |      ^^^^^^^^^^
[INFO] [stdout]    |
[INFO] [stdout]    = note: `#[warn(dead_code)]` on by default
[INFO] [stdout] 
[INFO] [stdout] 
[INFO] [stdout] warning: function `part2` is never used
[INFO] [stdout]   --> src/bin/day18.rs:40:4
[INFO] [stdout]    |
[INFO] [stdout] 40 | fn part2(input: &str) -> usize {
[INFO] [stdout]    |    ^^^^^
[INFO] [stdout] 
[INFO] [stdout] 
[INFO] [stderr]     Finished `dev` profile [unoptimized + debuginfo] target(s) in 15.99s
[INFO] running `Command { std: "docker" "inspect" "e846a726edf190f9e9fe496b950ffc90a418c1fd9b2af536a1186aa1345ed33e", kill_on_drop: false }`
[INFO] running `Command { std: "docker" "rm" "-f" "e846a726edf190f9e9fe496b950ffc90a418c1fd9b2af536a1186aa1345ed33e", kill_on_drop: false }`
[INFO] [stdout] e846a726edf190f9e9fe496b950ffc90a418c1fd9b2af536a1186aa1345ed33e
[INFO] running `Command { std: "docker" "create" "-v" "/var/lib/crater-agent-workspace/builds/worker-1-tc1/target:/opt/rustwide/target:rw,Z" "-v" "/var/lib/crater-agent-workspace/builds/worker-1-tc1/source:/opt/rustwide/workdir:ro,Z" "-v" "/var/lib/crater-agent-workspace/cargo-home:/opt/rustwide/cargo-home:ro,Z" "-v" "/var/lib/crater-agent-workspace/rustup-home:/opt/rustwide/rustup-home:ro,Z" "-e" "SOURCE_DIR=/opt/rustwide/workdir" "-e" "CARGO_TARGET_DIR=/opt/rustwide/target" "-e" "CARGO_INCREMENTAL=0" "-e" "RUST_BACKTRACE=full" "-e" "RUSTFLAGS=--cap-lints=warn" "-e" "RUSTDOCFLAGS=--cap-lints=warn" "-e" "CARGO_HOME=/opt/rustwide/cargo-home" "-e" "RUSTUP_HOME=/opt/rustwide/rustup-home" "-w" "/opt/rustwide/workdir" "-m" "1610612736" "--user" "0:0" "--network" "none" "ghcr.io/rust-lang/crates-build-env/linux@sha256:f3a9d4ad9d972b27faf3965f35b62e55ba32bbce8f20bc8fe909558a86702fde" "/opt/rustwide/cargo-home/bin/cargo" "+1.83.0" "test" "--frozen" "--no-run" "--message-format=json", kill_on_drop: false }`
[INFO] [stdout] a8c5ad210cb1ef5dd40189c1c42e371f21add9dc85644e7aec82bb5dab8fc5aa
[INFO] running `Command { std: "docker" "start" "-a" "a8c5ad210cb1ef5dd40189c1c42e371f21add9dc85644e7aec82bb5dab8fc5aa", kill_on_drop: false }`
[INFO] [stderr]    Compiling aoc v0.1.0 (/opt/rustwide/workdir)
[INFO] [stdout] warning: unused imports: `Occupied` and `Vacant`
[INFO] [stdout]  --> src/bin/day23.rs:4:27
[INFO] [stdout]   |
[INFO] [stdout] 4 |         hash_map::Entry::{Occupied, Vacant},
[INFO] [stdout]   |                           ^^^^^^^^  ^^^^^^
[INFO] [stdout]   |
[INFO] [stdout]   = note: `#[warn(unused_imports)]` on by default
[INFO] [stdout] 
[INFO] [stdout] 
[INFO] [stdout] warning: unused imports: `Config`, `Dot`, `algo::dijkstra`, `data::FromElements`, and `graph::DiGraph`
[INFO] [stdout]   --> src/bin/day16.rs:7:5
[INFO] [stdout]    |
[INFO] [stdout] 7  |     algo::dijkstra,
[INFO] [stdout]    |     ^^^^^^^^^^^^^^
[INFO] [stdout] 8  |     data::FromElements,
[INFO] [stdout]    |     ^^^^^^^^^^^^^^^^^^
[INFO] [stdout] 9  |     dot::{Config, Dot},
[INFO] [stdout]    |           ^^^^^^  ^^^
[INFO] [stdout] 10 |     graph::DiGraph,
[INFO] [stdout]    |     ^^^^^^^^^^^^^^
[INFO] [stdout]    |
[INFO] [stdout]    = note: `#[warn(unused_imports)]` on by default
[INFO] [stdout] 
[INFO] [stdout] 
[INFO] [stdout] warning: unused variable: `graph`
[INFO] [stdout]   --> src/bin/day16.rs:17:9
[INFO] [stdout]    |
[INFO] [stdout] 17 |     let graph = parse_input(input);
[INFO] [stdout]    |         ^^^^^ help: if this is intentional, prefix it with an underscore: `_graph`
[INFO] [stdout]    |
[INFO] [stdout]    = note: `#[warn(unused_variables)]` on by default
[INFO] [stdout] 
[INFO] [stdout] 
[INFO] [stdout] warning: unused variable: `input`
[INFO] [stdout]   --> src/bin/day16.rs:21:10
[INFO] [stdout]    |
[INFO] [stdout] 21 | fn part2(input: &str) -> u32 {
[INFO] [stdout]    |          ^^^^^ help: if this is intentional, prefix it with an underscore: `_input`
[INFO] [stdout] 
[INFO] [stdout] 
[INFO] [stdout] warning: associated function `from_name` is never used
[INFO] [stdout]   --> src/bin/day16.rs:32:8
[INFO] [stdout]    |
[INFO] [stdout] 31 | impl<'a> Valve<'a> {
[INFO] [stdout]    | ------------------ associated function in this implementation
[INFO] [stdout] 32 |     fn from_name(name: &'a str) -> Self {
[INFO] [stdout]    |        ^^^^^^^^^
[INFO] [stdout]    |
[INFO] [stdout]    = note: `#[warn(dead_code)]` on by default
[INFO] [stdout] 
[INFO] [stdout] 
[INFO] [stdout] warning: unused variable: `input`
[INFO] [stdout]    --> src/bin/day21.rs:116:10
[INFO] [stdout]     |
[INFO] [stdout] 116 | fn part2(input: &str) -> i64 {
[INFO] [stdout]     |          ^^^^^ help: if this is intentional, prefix it with an underscore: `_input`
[INFO] [stdout]     |
[INFO] [stdout]     = note: `#[warn(unused_variables)]` on by default
[INFO] [stdout] 
[INFO] [stdout] 
[INFO] [stdout] warning: enum `Resource` is never used
[INFO] [stdout]   --> src/bin/day19.rs:15:6
[INFO] [stdout]    |
[INFO] [stdout] 15 | enum Resource {
[INFO] [stdout]    |      ^^^^^^^^
[INFO] [stdout]    |
[INFO] [stdout]    = note: `#[warn(dead_code)]` on by default
[INFO] [stdout] 
[INFO] [stdout] 
[INFO] [stdout] warning: method `add` is never used
[INFO] [stdout]    --> src/bin/day19.rs:115:8
[INFO] [stdout]     |
[INFO] [stdout] 106 | impl Stock {
[INFO] [stdout]     | ---------- method in this implementation
[INFO] [stdout] ...
[INFO] [stdout] 115 |     fn add(&mut self, resource: &Resource) {
[INFO] [stdout]     |        ^^^
[INFO] [stdout] 
[INFO] [stdout] 
[INFO] [stdout] warning: unused import: `Add`
[INFO] [stdout]  --> src/bin/day22.rs:3:11
[INFO] [stdout]   |
[INFO] [stdout] 3 |     ops::{Add, Deref},
[INFO] [stdout]   |           ^^^
[INFO] [stdout]   |
[INFO] [stdout]   = note: `#[warn(unused_imports)]` on by default
[INFO] [stdout] 
[INFO] [stdout] 
[INFO] [stdout] warning: unused import: `IResult`
[INFO] [stdout]   --> src/bin/day22.rs:11:5
[INFO] [stdout]    |
[INFO] [stdout] 11 |     IResult,
[INFO] [stdout]    |     ^^^^^^^
[INFO] [stdout] 
[INFO] [stdout] 
[INFO] [stdout] warning: unused variable: `input`
[INFO] [stdout]   --> src/bin/day22.rs:29:10
[INFO] [stdout]    |
[INFO] [stdout] 29 | fn part2(input: &str) -> usize {
[INFO] [stdout]    |          ^^^^^ help: if this is intentional, prefix it with an underscore: `_input`
[INFO] [stdout]    |
[INFO] [stdout]    = note: `#[warn(unused_variables)]` on by default
[INFO] [stdout] 
[INFO] [stdout] 
[INFO] [stdout] warning: fields `width` and `height` are never read
[INFO] [stdout]   --> src/bin/day22.rs:42:5
[INFO] [stdout]    |
[INFO] [stdout] 40 | struct Map {
[INFO] [stdout]    |        --- fields in this struct
[INFO] [stdout] 41 |     tiles: HashMap<(u32, u32), Tile>,
[INFO] [stdout] 42 |     width: u32,
[INFO] [stdout]    |     ^^^^^
[INFO] [stdout] 43 |     height: u32,
[INFO] [stdout]    |     ^^^^^^
[INFO] [stdout]    |
[INFO] [stdout]    = note: `Map` has a derived impl for the trait `Debug`, but this is intentionally ignored during dead code analysis
[INFO] [stdout]    = note: `#[warn(dead_code)]` on by default
[INFO] [stdout] 
[INFO] [stdout] 
[INFO] [stdout] warning: variable does not need to be mutable
[INFO] [stdout]    --> src/bin/day17.rs:153:13
[INFO] [stdout]     |
[INFO] [stdout] 153 |         let mut falling_rock = self.rocks.last_mut().unwrap();
[INFO] [stdout]     |             ----^^^^^^^^^^^^
[INFO] [stdout]     |             |
[INFO] [stdout]     |             help: remove this `mut`
[INFO] [stdout]     |
[INFO] [stdout]     = note: `#[warn(unused_mut)]` on by default
[INFO] [stdout] 
[INFO] [stdout] 
[INFO] [stdout] warning: unused variable: `input`
[INFO] [stdout]   --> src/bin/day18.rs:40:10
[INFO] [stdout]    |
[INFO] [stdout] 40 | fn part2(input: &str) -> usize {
[INFO] [stdout]    |          ^^^^^ help: if this is intentional, prefix it with an underscore: `_input`
[INFO] [stdout]    |
[INFO] [stdout]    = note: `#[warn(unused_variables)]` on by default
[INFO] [stdout] 
[INFO] [stdout] 
[INFO] [stdout] warning: type alias `Coordinate` is never used
[INFO] [stdout]   --> src/bin/day18.rs:38:6
[INFO] [stdout]    |
[INFO] [stdout] 38 | type Coordinate = (i64, i64, i64);
[INFO] [stdout]    |      ^^^^^^^^^^
[INFO] [stdout]    |
[INFO] [stdout]    = note: `#[warn(dead_code)]` on by default
[INFO] [stdout] 
[INFO] [stdout] 
[INFO] [stderr]     Finished `test` profile [unoptimized + debuginfo] target(s) in 9.22s
[INFO] running `Command { std: "docker" "inspect" "a8c5ad210cb1ef5dd40189c1c42e371f21add9dc85644e7aec82bb5dab8fc5aa", kill_on_drop: false }`
[INFO] running `Command { std: "docker" "rm" "-f" "a8c5ad210cb1ef5dd40189c1c42e371f21add9dc85644e7aec82bb5dab8fc5aa", kill_on_drop: false }`
[INFO] [stdout] a8c5ad210cb1ef5dd40189c1c42e371f21add9dc85644e7aec82bb5dab8fc5aa
[INFO] running `Command { std: "docker" "create" "-v" "/var/lib/crater-agent-workspace/builds/worker-1-tc1/target:/opt/rustwide/target:rw,Z" "-v" "/var/lib/crater-agent-workspace/builds/worker-1-tc1/source:/opt/rustwide/workdir:ro,Z" "-v" "/var/lib/crater-agent-workspace/cargo-home:/opt/rustwide/cargo-home:ro,Z" "-v" "/var/lib/crater-agent-workspace/rustup-home:/opt/rustwide/rustup-home:ro,Z" "-e" "SOURCE_DIR=/opt/rustwide/workdir" "-e" "CARGO_TARGET_DIR=/opt/rustwide/target" "-e" "CARGO_INCREMENTAL=0" "-e" "RUST_BACKTRACE=full" "-e" "RUSTFLAGS=--cap-lints=warn" "-e" "RUSTDOCFLAGS=--cap-lints=warn" "-e" "CARGO_HOME=/opt/rustwide/cargo-home" "-e" "RUSTUP_HOME=/opt/rustwide/rustup-home" "-w" "/opt/rustwide/workdir" "-m" "1610612736" "--user" "0:0" "--network" "none" "ghcr.io/rust-lang/crates-build-env/linux@sha256:f3a9d4ad9d972b27faf3965f35b62e55ba32bbce8f20bc8fe909558a86702fde" "/opt/rustwide/cargo-home/bin/cargo" "+1.83.0" "test" "--frozen", kill_on_drop: false }`
[INFO] [stdout] 589483ccc18be82e819adc61691d16c19b21fdfc9d7fe99f9e36467b26f526b9
[INFO] running `Command { std: "docker" "start" "-a" "589483ccc18be82e819adc61691d16c19b21fdfc9d7fe99f9e36467b26f526b9", kill_on_drop: false }`
[INFO] [stderr] warning: unused imports: `Config`, `Dot`, `algo::dijkstra`, `data::FromElements`, and `graph::DiGraph`
[INFO] [stderr]   --> src/bin/day16.rs:7:5
[INFO] [stderr]    |
[INFO] [stderr] 7  |     algo::dijkstra,
[INFO] [stderr]    |     ^^^^^^^^^^^^^^
[INFO] [stderr] 8  |     data::FromElements,
[INFO] [stderr]    |     ^^^^^^^^^^^^^^^^^^
[INFO] [stderr] 9  |     dot::{Config, Dot},
[INFO] [stderr]    |           ^^^^^^  ^^^
[INFO] [stderr] 10 |     graph::DiGraph,
[INFO] [stderr]    |     ^^^^^^^^^^^^^^
[INFO] [stderr]    |
[INFO] [stderr]    = note: `#[warn(unused_imports)]` on by default
[INFO] [stderr] 
[INFO] [stderr] warning: unused variable: `graph`
[INFO] [stderr]   --> src/bin/day16.rs:17:9
[INFO] [stderr]    |
[INFO] [stderr] 17 |     let graph = parse_input(input);
[INFO] [stderr]    |         ^^^^^ help: if this is intentional, prefix it with an underscore: `_graph`
[INFO] [stderr]    |
[INFO] [stderr]    = note: `#[warn(unused_variables)]` on by default
[INFO] [stderr] 
[INFO] [stderr] warning: unused variable: `input`
[INFO] [stderr]   --> src/bin/day16.rs:21:10
[INFO] [stderr]    |
[INFO] [stderr] 21 | fn part2(input: &str) -> u32 {
[INFO] [stderr]    |          ^^^^^ help: if this is intentional, prefix it with an underscore: `_input`
[INFO] [stderr] 
[INFO] [stderr] warning: associated function `from_name` is never used
[INFO] [stderr]   --> src/bin/day16.rs:32:8
[INFO] [stderr]    |
[INFO] [stderr] 31 | impl<'a> Valve<'a> {
[INFO] [stderr]    | ------------------ associated function in this implementation
[INFO] [stderr] 32 |     fn from_name(name: &'a str) -> Self {
[INFO] [stderr]    |        ^^^^^^^^^
[INFO] [stderr]    |
[INFO] [stderr]    = note: `#[warn(dead_code)]` on by default
[INFO] [stderr] 
[INFO] [stderr] warning: `aoc` (bin "day16" test) generated 4 warnings (run `cargo fix --bin "day16" --tests` to apply 1 suggestion)
[INFO] [stderr] warning: unused variable: `input`
[INFO] [stderr]   --> src/bin/day18.rs:40:10
[INFO] [stderr]    |
[INFO] [stderr] 40 | fn part2(input: &str) -> usize {
[INFO] [stderr]    |          ^^^^^ help: if this is intentional, prefix it with an underscore: `_input`
[INFO] [stderr]    |
[INFO] [stderr]    = note: `#[warn(unused_variables)]` on by default
[INFO] [stderr] 
[INFO] [stderr] warning: type alias `Coordinate` is never used
[INFO] [stderr]   --> src/bin/day18.rs:38:6
[INFO] [stderr]    |
[INFO] [stderr] 38 | type Coordinate = (i64, i64, i64);
[INFO] [stderr]    |      ^^^^^^^^^^
[INFO] [stderr]    |
[INFO] [stderr]    = note: `#[warn(dead_code)]` on by default
[INFO] [stderr] 
[INFO] [stderr] warning: unused variable: `input`
[INFO] [stderr]    --> src/bin/day21.rs:116:10
[INFO] [stderr]     |
[INFO] [stderr] 116 | fn part2(input: &str) -> i64 {
[INFO] [stderr]     |          ^^^^^ help: if this is intentional, prefix it with an underscore: `_input`
[INFO] [stderr]     |
[INFO] [stderr]     = note: `#[warn(unused_variables)]` on by default
[INFO] [stderr] 
[INFO] [stderr] warning: `aoc` (bin "day18" test) generated 2 warnings
[INFO] [stderr] warning: `aoc` (bin "day21" test) generated 1 warning
[INFO] [stderr] warning: unused imports: `Occupied` and `Vacant`
[INFO] [stderr]  --> src/bin/day23.rs:4:27
[INFO] [stderr]   |
[INFO] [stderr] 4 |         hash_map::Entry::{Occupied, Vacant},
[INFO] [stderr]   |                           ^^^^^^^^  ^^^^^^
[INFO] [stderr]   |
[INFO] [stderr]   = note: `#[warn(unused_imports)]` on by default
[INFO] [stderr] 
[INFO] [stderr] warning: `aoc` (bin "day23" test) generated 1 warning (run `cargo fix --bin "day23" --tests` to apply 1 suggestion)
[INFO] [stderr] warning: variable does not need to be mutable
[INFO] [stderr]    --> src/bin/day17.rs:153:13
[INFO] [stderr]     |
[INFO] [stderr] 153 |         let mut falling_rock = self.rocks.last_mut().unwrap();
[INFO] [stderr]     |             ----^^^^^^^^^^^^
[INFO] [stderr]     |             |
[INFO] [stderr]     |             help: remove this `mut`
[INFO] [stderr]     |
[INFO] [stderr]     = note: `#[warn(unused_mut)]` on by default
[INFO] [stderr] 
[INFO] [stderr] warning: unused import: `Add`
[INFO] [stderr]  --> src/bin/day22.rs:3:11
[INFO] [stderr]   |
[INFO] [stderr] 3 |     ops::{Add, Deref},
[INFO] [stderr]   |           ^^^
[INFO] [stderr]   |
[INFO] [stderr]   = note: `#[warn(unused_imports)]` on by default
[INFO] [stderr] 
[INFO] [stderr] warning: unused import: `IResult`
[INFO] [stderr]   --> src/bin/day22.rs:11:5
[INFO] [stderr]    |
[INFO] [stderr] 11 |     IResult,
[INFO] [stderr]    |     ^^^^^^^
[INFO] [stderr] 
[INFO] [stderr] warning: unused variable: `input`
[INFO] [stderr]   --> src/bin/day22.rs:29:10
[INFO] [stderr]    |
[INFO] [stderr] 29 | fn part2(input: &str) -> usize {
[INFO] [stderr]    |          ^^^^^ help: if this is intentional, prefix it with an underscore: `_input`
[INFO] [stderr]    |
[INFO] [stderr]    = note: `#[warn(unused_variables)]` on by default
[INFO] [stderr] 
[INFO] [stderr] warning: fields `width` and `height` are never read
[INFO] [stderr]   --> src/bin/day22.rs:42:5
[INFO] [stderr]    |
[INFO] [stderr] 40 | struct Map {
[INFO] [stderr]    |        --- fields in this struct
[INFO] [stderr] 41 |     tiles: HashMap<(u32, u32), Tile>,
[INFO] [stderr] 42 |     width: u32,
[INFO] [stderr]    |     ^^^^^
[INFO] [stderr] 43 |     height: u32,
[INFO] [stderr]    |     ^^^^^^
[INFO] [stderr]    |
[INFO] [stderr]    = note: `Map` has a derived impl for the trait `Debug`, but this is intentionally ignored during dead code analysis
[INFO] [stderr]    = note: `#[warn(dead_code)]` on by default
[INFO] [stderr] 
[INFO] [stderr] warning: enum `Resource` is never used
[INFO] [stderr]   --> src/bin/day19.rs:15:6
[INFO] [stderr]    |
[INFO] [stderr] 15 | enum Resource {
[INFO] [stderr]    |      ^^^^^^^^
[INFO] [stderr]    |
[INFO] [stderr]    = note: `#[warn(dead_code)]` on by default
[INFO] [stderr] 
[INFO] [stderr] warning: method `add` is never used
[INFO] [stderr]    --> src/bin/day19.rs:115:8
[INFO] [stderr]     |
[INFO] [stderr] 106 | impl Stock {
[INFO] [stderr]     | ---------- method in this implementation
[INFO] [stderr] ...
[INFO] [stderr] 115 |     fn add(&mut self, resource: &Resource) {
[INFO] [stderr]     |        ^^^
[INFO] [stderr] 
[INFO] [stderr] warning: `aoc` (bin "day17" test) generated 1 warning (run `cargo fix --bin "day17" --tests` to apply 1 suggestion)
[INFO] [stderr] warning: `aoc` (bin "day22" test) generated 4 warnings (run `cargo fix --bin "day22" --tests` to apply 2 suggestions)
[INFO] [stderr] warning: `aoc` (bin "day19" test) generated 2 warnings
[INFO] [stderr]     Finished `test` profile [unoptimized + debuginfo] target(s) in 0.05s
[INFO] [stderr]      Running unittests src/bin/day1.rs (/opt/rustwide/target/debug/deps/day1-35cc9867b049d6bc)
[INFO] [stdout] 
[INFO] [stdout] running 0 tests
[INFO] [stdout] 
[INFO] [stdout] test result: ok. 0 passed; 0 failed; 0 ignored; 0 measured; 0 filtered out; finished in 0.00s
[INFO] [stdout] 
[INFO] [stderr]      Running unittests src/bin/day10.rs (/opt/rustwide/target/debug/deps/day10-355c380d186e23e8)
[INFO] [stdout] 
[INFO] [stdout] running 0 tests
[INFO] [stdout] 
[INFO] [stdout] test result: ok. 0 passed; 0 failed; 0 ignored; 0 measured; 0 filtered out; finished in 0.00s
[INFO] [stdout] 
[INFO] [stderr]      Running unittests src/bin/day11.rs (/opt/rustwide/target/debug/deps/day11-48323a2fc556dc89)
[INFO] [stdout] 
[INFO] [stdout] running 0 tests
[INFO] [stderr]      Running unittests src/bin/day12.rs (/opt/rustwide/target/debug/deps/day12-8e35706de8e27443)
[INFO] [stdout] 
[INFO] [stdout] test result: ok. 0 passed; 0 failed; 0 ignored; 0 measured; 0 filtered out; finished in 0.00s
[INFO] [stdout] 
[INFO] [stdout] 
[INFO] [stdout] running 0 tests
[INFO] [stdout] 
[INFO] [stdout] test result: ok. 0 passed; 0 failed; 0 ignored; 0 measured; 0 filtered out; finished in 0.00s
[INFO] [stdout] 
[INFO] [stderr]      Running unittests src/bin/day13.rs (/opt/rustwide/target/debug/deps/day13-8a68025233eba12d)
[INFO] [stdout] 
[INFO] [stdout] running 2 tests
[INFO] [stdout] test tests::test_part_2 ... ok
[INFO] [stdout] test tests::test_part_1 ... ok
[INFO] [stdout] 
[INFO] [stdout] test result: ok. 2 passed; 0 failed; 0 ignored; 0 measured; 0 filtered out; finished in 0.01s
[INFO] [stdout] 
[INFO] [stderr]      Running unittests src/bin/day14.rs (/opt/rustwide/target/debug/deps/day14-24c19b88bee06908)
[INFO] [stdout] 
[INFO] [stdout] running 2 tests
[INFO] [stdout] test tests::test_part1 ... ok
[INFO] [stdout] test tests::test_part2 ... ok
[INFO] [stdout] 
[INFO] [stdout] test result: ok. 2 passed; 0 failed; 0 ignored; 0 measured; 0 filtered out; finished in 0.01s
[INFO] [stdout] 
[INFO] [stderr]      Running unittests src/bin/day15.rs (/opt/rustwide/target/debug/deps/day15-153e0a5d31251ced)
[INFO] [stdout] 
[INFO] [stdout] running 3 tests
[INFO] [stdout] test tests::test_map_from_str ... ok
[INFO] [stdout] test tests::test_part1 ... ok
[INFO] [stdout] test tests::test_part2 ... ok
[INFO] [stdout] 
[INFO] [stdout] test result: ok. 3 passed; 0 failed; 0 ignored; 0 measured; 0 filtered out; finished in 0.01s
[INFO] [stdout] 
[INFO] [stderr]      Running unittests src/bin/day16.rs (/opt/rustwide/target/debug/deps/day16-172f01faf624efef)
[INFO] [stdout] 
[INFO] [stdout] running 2 tests
[INFO] [stdout] test tests::test_part2 ... ignored
[INFO] [stdout] test tests::test_part1 ... FAILED
[INFO] [stdout] 
[INFO] [stdout] failures:
[INFO] [stdout] 
[INFO] [stdout] ---- tests::test_part1 stdout ----
[INFO] [stdout] thread 'tests::test_part1' panicked at src/bin/day16.rs:18:5:
[INFO] [stdout] not yet implemented
[INFO] [stdout] stack backtrace:
[INFO] [stdout]    0:     0x5d474f5b08aa - std::backtrace_rs::backtrace::libunwind::trace::h5a5b8284f2d0c266
[INFO] [stdout]                                at /rustc/90b35a6239c3d8bdabc530a6a0816f7ff89a0aaf/library/std/src/../../backtrace/src/backtrace/libunwind.rs:116:5
[INFO] [stdout]    1:     0x5d474f5b08aa - std::backtrace_rs::backtrace::trace_unsynchronized::h76d4f1c9b0b875e3
[INFO] [stdout]                                at /rustc/90b35a6239c3d8bdabc530a6a0816f7ff89a0aaf/library/std/src/../../backtrace/src/backtrace/mod.rs:66:5
[INFO] [stdout]    2:     0x5d474f5b08aa - std::sys::backtrace::_print_fmt::hc4546b8364a537c6
[INFO] [stdout]                                at /rustc/90b35a6239c3d8bdabc530a6a0816f7ff89a0aaf/library/std/src/sys/backtrace.rs:66:9
[INFO] [stdout]    3:     0x5d474f5b08aa - <std::sys::backtrace::BacktraceLock::print::DisplayBacktrace as core::fmt::Display>::fmt::h5b6bd5631a6d1f6b
[INFO] [stdout]                                at /rustc/90b35a6239c3d8bdabc530a6a0816f7ff89a0aaf/library/std/src/sys/backtrace.rs:39:26
[INFO] [stdout]    4:     0x5d474f5d5cc3 - core::fmt::rt::Argument::fmt::h270f6602a2b96f62
[INFO] [stdout]                                at /rustc/90b35a6239c3d8bdabc530a6a0816f7ff89a0aaf/library/core/src/fmt/rt.rs:177:76
[INFO] [stdout]    5:     0x5d474f5d5cc3 - core::fmt::write::h7550c97b06c86515
[INFO] [stdout]                                at /rustc/90b35a6239c3d8bdabc530a6a0816f7ff89a0aaf/library/core/src/fmt/mod.rs:1186:21
[INFO] [stdout]    6:     0x5d474f5ada73 - std::io::Write::write_fmt::h509ff860e5956e5e
[INFO] [stdout]                                at /rustc/90b35a6239c3d8bdabc530a6a0816f7ff89a0aaf/library/std/src/io/mod.rs:1839:15
[INFO] [stdout]    7:     0x5d474f5b06f2 - std::sys::backtrace::BacktraceLock::print::h2395ccd2c84ba3aa
[INFO] [stdout]                                at /rustc/90b35a6239c3d8bdabc530a6a0816f7ff89a0aaf/library/std/src/sys/backtrace.rs:42:9
[INFO] [stdout]    8:     0x5d474f5b1d0a - std::panicking::default_hook::{{closure}}::he19d4c7230e07961
[INFO] [stdout]                                at /rustc/90b35a6239c3d8bdabc530a6a0816f7ff89a0aaf/library/std/src/panicking.rs:268:22
[INFO] [stdout]    9:     0x5d474f5b1b14 - std::panicking::default_hook::hf614597d3c67bbdb
[INFO] [stdout]                                at /rustc/90b35a6239c3d8bdabc530a6a0816f7ff89a0aaf/library/std/src/panicking.rs:292:9
[INFO] [stdout]   10:     0x5d474f578579 - <alloc::boxed::Box<F,A> as core::ops::function::Fn<Args>>::call::h39b51ce4599c23d1
[INFO] [stdout]                                at /rustc/90b35a6239c3d8bdabc530a6a0816f7ff89a0aaf/library/alloc/src/boxed.rs:2468:9
[INFO] [stdout]   11:     0x5d474f578579 - test::test_main::{{closure}}::he977ae839a582784
[INFO] [stdout]                                at /rustc/90b35a6239c3d8bdabc530a6a0816f7ff89a0aaf/library/test/src/lib.rs:133:21
[INFO] [stdout]   12:     0x5d474f5b23a8 - <alloc::boxed::Box<F,A> as core::ops::function::Fn<Args>>::call::h9455091b6b06f9fb
[INFO] [stdout]                                at /rustc/90b35a6239c3d8bdabc530a6a0816f7ff89a0aaf/library/alloc/src/boxed.rs:2468:9
[INFO] [stdout]   13:     0x5d474f5b23a8 - std::panicking::rust_panic_with_hook::h8942133a8b252070
[INFO] [stdout]                                at /rustc/90b35a6239c3d8bdabc530a6a0816f7ff89a0aaf/library/std/src/panicking.rs:809:13
[INFO] [stdout]   14:     0x5d474f5b2136 - std::panicking::begin_panic_handler::{{closure}}::hb5f5963570096b29
[INFO] [stdout]                                at /rustc/90b35a6239c3d8bdabc530a6a0816f7ff89a0aaf/library/std/src/panicking.rs:667:13
[INFO] [stdout]   15:     0x5d474f5b0d89 - std::sys::backtrace::__rust_end_short_backtrace::h6208cedc1922feda
[INFO] [stdout]                                at /rustc/90b35a6239c3d8bdabc530a6a0816f7ff89a0aaf/library/std/src/sys/backtrace.rs:170:18
[INFO] [stdout]   16:     0x5d474f5b1dfc - rust_begin_unwind
[INFO] [stdout]                                at /rustc/90b35a6239c3d8bdabc530a6a0816f7ff89a0aaf/library/std/src/panicking.rs:665:5
[INFO] [stdout]   17:     0x5d474f526a60 - core::panicking::panic_fmt::h0c3082644d1bf418
[INFO] [stdout]                                at /rustc/90b35a6239c3d8bdabc530a6a0816f7ff89a0aaf/library/core/src/panicking.rs:74:14
[INFO] [stdout]   18:     0x5d474f526aec - core::panicking::panic::h957f98c65a3b3074
[INFO] [stdout]                                at /rustc/90b35a6239c3d8bdabc530a6a0816f7ff89a0aaf/library/core/src/panicking.rs:148:5
[INFO] [stdout]   19:     0x5d474f536213 - day16::part1::h058b97225ad95239
[INFO] [stdout]                                at /opt/rustwide/workdir/src/bin/day16.rs:18:5
[INFO] [stdout]   20:     0x5d474f536c5a - day16::tests::test_part1::h0ddbdccceb4ffbb7
[INFO] [stdout]                                at /opt/rustwide/workdir/src/bin/day16.rs:90:20
[INFO] [stdout]   21:     0x5d474f536c17 - day16::tests::test_part1::{{closure}}::haf9ff91c1ba1903f
[INFO] [stdout]                                at /opt/rustwide/workdir/src/bin/day16.rs:88:20
[INFO] [stdout]   22:     0x5d474f53cd36 - core::ops::function::FnOnce::call_once::h7716d75b753519df
[INFO] [stdout]                                at /rustc/90b35a6239c3d8bdabc530a6a0816f7ff89a0aaf/library/core/src/ops/function.rs:250:5
[INFO] [stdout]   23:     0x5d474f57cf3b - core::ops::function::FnOnce::call_once::h109cf8051a59b34e
[INFO] [stdout]                                at /rustc/90b35a6239c3d8bdabc530a6a0816f7ff89a0aaf/library/core/src/ops/function.rs:250:5
[INFO] [stdout]   24:     0x5d474f57cf3b - test::__rust_begin_short_backtrace::hf4fff89d377446ba
[INFO] [stdout]                                at /rustc/90b35a6239c3d8bdabc530a6a0816f7ff89a0aaf/library/test/src/lib.rs:621:18
[INFO] [stdout]   25:     0x5d474f57c777 - test::run_test_in_process::{{closure}}::h0e39181dd7ee5a43
[INFO] [stdout]                                at /rustc/90b35a6239c3d8bdabc530a6a0816f7ff89a0aaf/library/test/src/lib.rs:644:60
[INFO] [stdout]   26:     0x5d474f57c777 - <core::panic::unwind_safe::AssertUnwindSafe<F> as core::ops::function::FnOnce<()>>::call_once::hc5a66a30f0bdfd1f
[INFO] [stdout]                                at /rustc/90b35a6239c3d8bdabc530a6a0816f7ff89a0aaf/library/core/src/panic/unwind_safe.rs:272:9
[INFO] [stdout]   27:     0x5d474f57c777 - std::panicking::try::do_call::h873b7cf639554a5e
[INFO] [stdout]                                at /rustc/90b35a6239c3d8bdabc530a6a0816f7ff89a0aaf/library/std/src/panicking.rs:557:40
[INFO] [stdout]   28:     0x5d474f57c777 - std::panicking::try::hdb19862fad9c8bd1
[INFO] [stdout]                                at /rustc/90b35a6239c3d8bdabc530a6a0816f7ff89a0aaf/library/std/src/panicking.rs:520:19
[INFO] [stdout]   29:     0x5d474f57c777 - std::panic::catch_unwind::h281fe732d236d260
[INFO] [stdout]                                at /rustc/90b35a6239c3d8bdabc530a6a0816f7ff89a0aaf/library/std/src/panic.rs:358:14
[INFO] [stdout]   30:     0x5d474f57c777 - test::run_test_in_process::h949b6df8457ed338
[INFO] [stdout]                                at /rustc/90b35a6239c3d8bdabc530a6a0816f7ff89a0aaf/library/test/src/lib.rs:644:27
[INFO] [stdout]   31:     0x5d474f57c777 - test::run_test::{{closure}}::h52c556a6d4740e10
[INFO] [stdout]                                at /rustc/90b35a6239c3d8bdabc530a6a0816f7ff89a0aaf/library/test/src/lib.rs:565:43
[INFO] [stdout]   32:     0x5d474f541a54 - test::run_test::{{closure}}::h4237f6381c45ccb9
[INFO] [stdout]                                at /rustc/90b35a6239c3d8bdabc530a6a0816f7ff89a0aaf/library/test/src/lib.rs:595:41
[INFO] [stdout]   33:     0x5d474f541a54 - std::sys::backtrace::__rust_begin_short_backtrace::h505c97a579eca628
[INFO] [stdout]                                at /rustc/90b35a6239c3d8bdabc530a6a0816f7ff89a0aaf/library/std/src/sys/backtrace.rs:154:18
[INFO] [stdout]   34:     0x5d474f54511e - std::thread::Builder::spawn_unchecked_::{{closure}}::{{closure}}::h9e86b2e2bc107ea3
[INFO] [stdout]                                at /rustc/90b35a6239c3d8bdabc530a6a0816f7ff89a0aaf/library/std/src/thread/mod.rs:538:17
[INFO] [stdout]   35:     0x5d474f54511e - <core::panic::unwind_safe::AssertUnwindSafe<F> as core::ops::function::FnOnce<()>>::call_once::h8b06ddb275ff4a25
[INFO] [stdout]                                at /rustc/90b35a6239c3d8bdabc530a6a0816f7ff89a0aaf/library/core/src/panic/unwind_safe.rs:272:9
[INFO] [stdout]   36:     0x5d474f54511e - std::panicking::try::do_call::hb26ecd7cd9a9355d
[INFO] [stdout]                                at /rustc/90b35a6239c3d8bdabc530a6a0816f7ff89a0aaf/library/std/src/panicking.rs:557:40
[INFO] [stdout]   37:     0x5d474f54511e - std::panicking::try::h8ddeca9d705f9069
[INFO] [stdout]                                at /rustc/90b35a6239c3d8bdabc530a6a0816f7ff89a0aaf/library/std/src/panicking.rs:520:19
[INFO] [stdout]   38:     0x5d474f54511e - std::panic::catch_unwind::h49e1c33078844c46
[INFO] [stdout]                                at /rustc/90b35a6239c3d8bdabc530a6a0816f7ff89a0aaf/library/std/src/panic.rs:358:14
[INFO] [stdout]   39:     0x5d474f54511e - std::thread::Builder::spawn_unchecked_::{{closure}}::h6073db6ff56ad35d
[INFO] [stdout]                                at /rustc/90b35a6239c3d8bdabc530a6a0816f7ff89a0aaf/library/std/src/thread/mod.rs:537:30
[INFO] [stdout]   40:     0x5d474f54511e - core::ops::function::FnOnce::call_once{{vtable.shim}}::h2c5a5f3779c774f1
[INFO] [stdout]                                at /rustc/90b35a6239c3d8bdabc530a6a0816f7ff89a0aaf/library/core/src/ops/function.rs:250:5
[INFO] [stdout]   41:     0x5d474f5b60fb - <alloc::boxed::Box<F,A> as core::ops::function::FnOnce<Args>>::call_once::hf75717d9f28faebf
[INFO] [stdout]                                at /rustc/90b35a6239c3d8bdabc530a6a0816f7ff89a0aaf/library/alloc/src/boxed.rs:2454:9
[INFO] [stdout]   42:     0x5d474f5b60fb - <alloc::boxed::Box<F,A> as core::ops::function::FnOnce<Args>>::call_once::h7bd883a5f3c5f3c1
[INFO] [stdout]                                at /rustc/90b35a6239c3d8bdabc530a6a0816f7ff89a0aaf/library/alloc/src/boxed.rs:2454:9
[INFO] [stdout]   43:     0x5d474f5b60fb - std::sys::pal::unix::thread::Thread::new::thread_start::hcc78f3943333fa94
[INFO] [stdout]                                at /rustc/90b35a6239c3d8bdabc530a6a0816f7ff89a0aaf/library/std/src/sys/pal/unix/thread.rs:105:17
[INFO] [stdout]   44:     0x7d5635af8ac3 - <unknown>
[INFO] [stdout]   45:     0x7d5635b89a04 - clone
[INFO] [stdout]   46:                0x0 - <unknown>
[INFO] [stdout] 
[INFO] [stdout] 
[INFO] [stdout] failures:
[INFO] [stdout]     tests::test_part1
[INFO] [stdout] 
[INFO] [stdout] test result: FAILED. 0 passed; 1 failed; 1 ignored; 0 measured; 0 filtered out; finished in 0.06s
[INFO] [stdout] 
[INFO] [stderr] error: test failed, to rerun pass `--bin day16`
[INFO] running `Command { std: "docker" "inspect" "589483ccc18be82e819adc61691d16c19b21fdfc9d7fe99f9e36467b26f526b9", kill_on_drop: false }`
[INFO] running `Command { std: "docker" "rm" "-f" "589483ccc18be82e819adc61691d16c19b21fdfc9d7fe99f9e36467b26f526b9", kill_on_drop: false }`
[INFO] [stdout] 589483ccc18be82e819adc61691d16c19b21fdfc9d7fe99f9e36467b26f526b9
