[INFO] cloning repository https://github.com/Doobss/reflected-grpc-client
[INFO] running `Command { std: "git" "-c" "credential.helper=" "-c" "credential.helper=/workspace/cargo-home/bin/git-credential-null" "clone" "--bare" "https://github.com/Doobss/reflected-grpc-client" "/workspace/cache/git-repos/https%3A%2F%2Fgithub.com%2FDoobss%2Freflected-grpc-client", kill_on_drop: false }`
[INFO] [stderr] Cloning into bare repository '/workspace/cache/git-repos/https%3A%2F%2Fgithub.com%2FDoobss%2Freflected-grpc-client'...
[INFO] running `Command { std: "git" "rev-parse" "HEAD", kill_on_drop: false }`
[INFO] [stdout] f32bdb0cf4b3a1f42ed5137c04296f960c632b81
[INFO] testing Doobss/reflected-grpc-client against 1.83.0 for beta-1.84.0-4-retry
[INFO] running `Command { std: "git" "clone" "/workspace/cache/git-repos/https%3A%2F%2Fgithub.com%2FDoobss%2Freflected-grpc-client" "/workspace/builds/worker-7-tc1/source", kill_on_drop: false }`
[INFO] [stderr] Cloning into '/workspace/builds/worker-7-tc1/source'...
[INFO] [stderr] done.
[INFO] validating manifest of git repo https://github.com/Doobss/reflected-grpc-client on toolchain 1.83.0
[INFO] running `Command { std: CARGO_HOME="/workspace/cargo-home" RUSTUP_HOME="/workspace/rustup-home" "/workspace/cargo-home/bin/cargo" "+1.83.0" "metadata" "--manifest-path" "Cargo.toml" "--no-deps", kill_on_drop: false }`
[INFO] started tweaking git repo https://github.com/Doobss/reflected-grpc-client
[INFO] finished tweaking git repo https://github.com/Doobss/reflected-grpc-client
[INFO] tweaked toml for git repo https://github.com/Doobss/reflected-grpc-client written to /workspace/builds/worker-7-tc1/source/Cargo.toml
[INFO] crate git repo https://github.com/Doobss/reflected-grpc-client already has a lockfile, it will not be regenerated
[INFO] running `Command { std: CARGO_HOME="/workspace/cargo-home" RUSTUP_HOME="/workspace/rustup-home" "/workspace/cargo-home/bin/cargo" "+1.83.0" "fetch" "--manifest-path" "Cargo.toml", kill_on_drop: false }`
[INFO] [stderr]     Updating crates.io index
[INFO] [stderr]  Downloading crates ...
[INFO] [stderr]   Downloaded tonic-reflection v0.11.0
[INFO] running `Command { std: "docker" "create" "-v" "/var/lib/crater-agent-workspace/builds/worker-7-tc1/target:/opt/rustwide/target:rw,Z" "-v" "/var/lib/crater-agent-workspace/builds/worker-7-tc1/source:/opt/rustwide/workdir:ro,Z" "-v" "/var/lib/crater-agent-workspace/cargo-home:/opt/rustwide/cargo-home:ro,Z" "-v" "/var/lib/crater-agent-workspace/rustup-home:/opt/rustwide/rustup-home:ro,Z" "-e" "SOURCE_DIR=/opt/rustwide/workdir" "-e" "CARGO_TARGET_DIR=/opt/rustwide/target" "-e" "CARGO_HOME=/opt/rustwide/cargo-home" "-e" "RUSTUP_HOME=/opt/rustwide/rustup-home" "-w" "/opt/rustwide/workdir" "-m" "1610612736" "--user" "0:0" "--network" "none" "ghcr.io/rust-lang/crates-build-env/linux@sha256:f3a9d4ad9d972b27faf3965f35b62e55ba32bbce8f20bc8fe909558a86702fde" "/opt/rustwide/cargo-home/bin/cargo" "+1.83.0" "metadata" "--no-deps" "--format-version=1", kill_on_drop: false }`
[INFO] [stdout] 7dc1144b95c3659ba0c5e4f84d891640e5d987b65d77af7c134df237945789ea
[INFO] running `Command { std: "docker" "start" "-a" "7dc1144b95c3659ba0c5e4f84d891640e5d987b65d77af7c134df237945789ea", kill_on_drop: false }`
[INFO] running `Command { std: "docker" "inspect" "7dc1144b95c3659ba0c5e4f84d891640e5d987b65d77af7c134df237945789ea", kill_on_drop: false }`
[INFO] running `Command { std: "docker" "rm" "-f" "7dc1144b95c3659ba0c5e4f84d891640e5d987b65d77af7c134df237945789ea", kill_on_drop: false }`
[INFO] [stdout] 7dc1144b95c3659ba0c5e4f84d891640e5d987b65d77af7c134df237945789ea
[INFO] running `Command { std: "docker" "create" "-v" "/var/lib/crater-agent-workspace/builds/worker-7-tc1/target:/opt/rustwide/target:rw,Z" "-v" "/var/lib/crater-agent-workspace/builds/worker-7-tc1/source:/opt/rustwide/workdir:ro,Z" "-v" "/var/lib/crater-agent-workspace/cargo-home:/opt/rustwide/cargo-home:ro,Z" "-v" "/var/lib/crater-agent-workspace/rustup-home:/opt/rustwide/rustup-home:ro,Z" "-e" "SOURCE_DIR=/opt/rustwide/workdir" "-e" "CARGO_TARGET_DIR=/opt/rustwide/target" "-e" "CARGO_INCREMENTAL=0" "-e" "RUST_BACKTRACE=full" "-e" "RUSTFLAGS=--cap-lints=warn" "-e" "RUSTDOCFLAGS=--cap-lints=warn" "-e" "CARGO_HOME=/opt/rustwide/cargo-home" "-e" "RUSTUP_HOME=/opt/rustwide/rustup-home" "-w" "/opt/rustwide/workdir" "-m" "1610612736" "--user" "0:0" "--network" "none" "ghcr.io/rust-lang/crates-build-env/linux@sha256:f3a9d4ad9d972b27faf3965f35b62e55ba32bbce8f20bc8fe909558a86702fde" "/opt/rustwide/cargo-home/bin/cargo" "+1.83.0" "build" "--frozen" "--message-format=json", kill_on_drop: false }`
[INFO] [stdout] 13dd6998bdb42513be1d8c2c2bf68bb059d1b79eded2b9888fc37154214c6281
[INFO] running `Command { std: "docker" "start" "-a" "13dd6998bdb42513be1d8c2c2bf68bb059d1b79eded2b9888fc37154214c6281", kill_on_drop: false }`
[INFO] [stderr]    Compiling syn v2.0.68
[INFO] [stderr]    Compiling libc v0.2.155
[INFO] [stderr]    Compiling pin-project-lite v0.2.14
[INFO] [stderr]    Compiling bytes v1.6.0
[INFO] [stderr]    Compiling futures-core v0.3.30
[INFO] [stderr]    Compiling once_cell v1.19.0
[INFO] [stderr]    Compiling futures-task v0.3.30
[INFO] [stderr]    Compiling itoa v1.0.11
[INFO] [stderr]    Compiling cc v1.0.104
[INFO] [stderr]    Compiling futures-sink v0.3.30
[INFO] [stderr]    Compiling equivalent v1.0.1
[INFO] [stderr]    Compiling hashbrown v0.14.5
[INFO] [stderr]    Compiling anyhow v1.0.86
[INFO] [stderr]    Compiling slab v0.4.9
[INFO] [stderr]    Compiling rustls-pki-types v1.7.0
[INFO] [stderr]    Compiling httparse v1.9.4
[INFO] [stderr]    Compiling indexmap v1.9.3
[INFO] [stderr]    Compiling ppv-lite86 v0.2.17
[INFO] [stderr]    Compiling try-lock v0.2.5
[INFO] [stderr]    Compiling spin v0.9.8
[INFO] [stderr]    Compiling futures-util v0.3.30
[INFO] [stderr]    Compiling either v1.13.0
[INFO] [stderr]    Compiling log v0.4.22
[INFO] [stderr]    Compiling tracing-core v0.1.32
[INFO] [stderr]    Compiling untrusted v0.9.0
[INFO] [stderr]    Compiling want v0.3.1
[INFO] [stderr]    Compiling futures-channel v0.3.30
[INFO] [stderr]    Compiling axum-core v0.3.4
[INFO] [stderr]    Compiling tower-layer v0.3.2
[INFO] [stderr]    Compiling socket2 v0.5.7
[INFO] [stderr]    Compiling num_cpus v1.16.0
[INFO] [stderr]    Compiling mio v0.8.11
[INFO] [stderr]    Compiling getrandom v0.2.15
[INFO] [stderr]    Compiling itertools v0.12.1
[INFO] [stderr]    Compiling serde v1.0.203
[INFO] [stderr]    Compiling httpdate v1.0.3
[INFO] [stderr]    Compiling rustls v0.22.4
[INFO] [stderr]    Compiling http v0.2.12
[INFO] [stderr]    Compiling rand_core v0.6.4
[INFO] [stderr]    Compiling axum v0.6.20
[INFO] [stderr]    Compiling mime v0.3.17
[INFO] [stderr]    Compiling subtle v2.5.0
[INFO] [stderr]    Compiling zeroize v1.8.1
[INFO] [stderr]    Compiling rand_chacha v0.3.1
[INFO] [stderr]    Compiling thiserror v1.0.61
[INFO] [stderr]    Compiling base64 v0.22.1
[INFO] [stderr]    Compiling indexmap v2.2.6
[INFO] [stderr]    Compiling rand v0.8.5
[INFO] [stderr]    Compiling regex-syntax v0.8.4
[INFO] [stderr]    Compiling regex-syntax v0.6.29
[INFO] [stderr]    Compiling matchit v0.7.3
[INFO] [stderr]    Compiling rustls-pemfile v2.1.2
[INFO] [stderr]    Compiling sync_wrapper v0.1.2
[INFO] [stderr]    Compiling memchr v2.7.4
[INFO] [stderr]    Compiling percent-encoding v2.3.1
[INFO] [stderr]    Compiling protobuf v3.5.0
[INFO] [stderr]    Compiling rustls-native-certs v0.7.0
[INFO] [stderr]    Compiling overload v0.1.1
[INFO] [stderr]    Compiling base64 v0.21.7
[INFO] [stderr]    Compiling lazy_static v1.5.0
[INFO] [stderr]    Compiling nu-ansi-term v0.46.0
[INFO] [stderr]    Compiling tracing-log v0.2.0
[INFO] [stderr]    Compiling sharded-slab v0.1.7
[INFO] [stderr]    Compiling thread_local v1.1.8
[INFO] [stderr]    Compiling smallvec v1.13.2
[INFO] [stderr]    Compiling ring v0.17.8
[INFO] [stderr]    Compiling http-body v0.4.6
[INFO] [stderr]    Compiling regex-automata v0.4.7
[INFO] [stderr]    Compiling regex-automata v0.1.10
[INFO] [stderr]    Compiling matchers v0.1.0
[INFO] [stderr]    Compiling tokio-macros v2.3.0
[INFO] [stderr]    Compiling tracing-attributes v0.1.27
[INFO] [stderr]    Compiling pin-project-internal v1.1.5
[INFO] [stderr]    Compiling prost-derive v0.12.6
[INFO] [stderr]    Compiling async-trait v0.1.80
[INFO] [stderr]    Compiling async-stream-impl v0.3.5
[INFO] [stderr]    Compiling thiserror-impl v1.0.61
[INFO] [stderr]    Compiling regex v1.10.5
[INFO] [stderr]    Compiling async-stream v0.3.5
[INFO] [stderr]    Compiling tokio v1.38.0
[INFO] [stderr]    Compiling pin-project v1.1.5
[INFO] [stderr]    Compiling protobuf-support v3.5.0
[INFO] [stderr]    Compiling tracing v0.1.40
[INFO] [stderr]    Compiling prost v0.12.6
[INFO] [stderr]    Compiling tracing-subscriber v0.3.18
[INFO] [stderr]    Compiling rustls-webpki v0.102.4
[INFO] [stderr]    Compiling prost-types v0.12.6
[INFO] [stderr]    Compiling tokio-util v0.7.11
[INFO] [stderr]    Compiling tokio-io-timeout v1.2.0
[INFO] [stderr]    Compiling tokio-stream v0.1.15
[INFO] [stderr]    Compiling tokio-rustls v0.25.0
[INFO] [stderr]    Compiling h2 v0.3.26
[INFO] [stderr]    Compiling tower v0.4.13
[INFO] [stderr]    Compiling hyper v0.14.29
[INFO] [stderr]    Compiling hyper-timeout v0.4.1
[INFO] [stderr]    Compiling tonic v0.11.0
[INFO] [stderr]    Compiling tonic-reflection v0.11.0
[INFO] [stderr]    Compiling reflected-grpc-client v0.1.0 (/opt/rustwide/workdir)
[INFO] [stdout] warning: unexpected `cfg` condition value: `cli`
[INFO] [stdout]   --> src/lib.rs:10:7
[INFO] [stdout]    |
[INFO] [stdout] 10 | #[cfg(feature = "cli")]
[INFO] [stdout]    |       ^^^^^^^^^^^^^^^ help: remove the condition
[INFO] [stdout]    |
[INFO] [stdout]    = note: no expected values for `feature`
[INFO] [stdout]    = help: consider adding `cli` as a feature in `Cargo.toml`
[INFO] [stdout]    = note: see <https://doc.rust-lang.org/nightly/rustc/check-cfg/cargo-specifics.html> for more information about checking conditional configuration
[INFO] [stdout]    = note: `#[warn(unexpected_cfgs)]` on by default
[INFO] [stdout] 
[INFO] [stdout] 
[INFO] [stdout] warning: unused import: `protobuf::descriptor`
[INFO] [stdout]  --> src/reflection/client/client_builder.rs:1:5
[INFO] [stdout]   |
[INFO] [stdout] 1 | use protobuf::descriptor;
[INFO] [stdout]   |     ^^^^^^^^^^^^^^^^^^^^
[INFO] [stdout]   |
[INFO] [stdout]   = note: `#[warn(unused_imports)]` on by default
[INFO] [stdout] 
[INFO] [stdout] 
[INFO] [stdout] warning: unused import: `descriptor`
[INFO] [stdout]  --> src/reflection/client/reflection_client.rs:5:16
[INFO] [stdout]   |
[INFO] [stdout] 5 | use protobuf::{descriptor, Message};
[INFO] [stdout]   |                ^^^^^^^^^^
[INFO] [stdout] 
[INFO] [stdout] 
[INFO] [stderr]     Finished `dev` profile [unoptimized + debuginfo] target(s) in 1m 02s
[INFO] running `Command { std: "docker" "inspect" "13dd6998bdb42513be1d8c2c2bf68bb059d1b79eded2b9888fc37154214c6281", kill_on_drop: false }`
[INFO] running `Command { std: "docker" "rm" "-f" "13dd6998bdb42513be1d8c2c2bf68bb059d1b79eded2b9888fc37154214c6281", kill_on_drop: false }`
[INFO] [stdout] 13dd6998bdb42513be1d8c2c2bf68bb059d1b79eded2b9888fc37154214c6281
[INFO] running `Command { std: "docker" "create" "-v" "/var/lib/crater-agent-workspace/builds/worker-7-tc1/target:/opt/rustwide/target:rw,Z" "-v" "/var/lib/crater-agent-workspace/builds/worker-7-tc1/source:/opt/rustwide/workdir:ro,Z" "-v" "/var/lib/crater-agent-workspace/cargo-home:/opt/rustwide/cargo-home:ro,Z" "-v" "/var/lib/crater-agent-workspace/rustup-home:/opt/rustwide/rustup-home:ro,Z" "-e" "SOURCE_DIR=/opt/rustwide/workdir" "-e" "CARGO_TARGET_DIR=/opt/rustwide/target" "-e" "CARGO_INCREMENTAL=0" "-e" "RUST_BACKTRACE=full" "-e" "RUSTFLAGS=--cap-lints=warn" "-e" "RUSTDOCFLAGS=--cap-lints=warn" "-e" "CARGO_HOME=/opt/rustwide/cargo-home" "-e" "RUSTUP_HOME=/opt/rustwide/rustup-home" "-w" "/opt/rustwide/workdir" "-m" "1610612736" "--user" "0:0" "--network" "none" "ghcr.io/rust-lang/crates-build-env/linux@sha256:f3a9d4ad9d972b27faf3965f35b62e55ba32bbce8f20bc8fe909558a86702fde" "/opt/rustwide/cargo-home/bin/cargo" "+1.83.0" "test" "--frozen" "--no-run" "--message-format=json", kill_on_drop: false }`
[INFO] [stdout] 9fb770bdeb55c82e4e14eb6c34c34b3654d0c6af5e8f000632159fa8a9eec78e
[INFO] running `Command { std: "docker" "start" "-a" "9fb770bdeb55c82e4e14eb6c34c34b3654d0c6af5e8f000632159fa8a9eec78e", kill_on_drop: false }`
[INFO] [stdout] warning: unexpected `cfg` condition value: `cli`
[INFO] [stdout]   --> src/lib.rs:10:7
[INFO] [stdout]    |
[INFO] [stdout] 10 | #[cfg(feature = "cli")]
[INFO] [stdout]    |       ^^^^^^^^^^^^^^^ help: remove the condition
[INFO] [stdout]    |
[INFO] [stdout]    = note: no expected values for `feature`
[INFO] [stdout]    = help: consider adding `cli` as a feature in `Cargo.toml`
[INFO] [stdout]    = note: see <https://doc.rust-lang.org/nightly/rustc/check-cfg/cargo-specifics.html> for more information about checking conditional configuration
[INFO] [stdout]    = note: `#[warn(unexpected_cfgs)]` on by default
[INFO] [stdout] 
[INFO] [stdout] 
[INFO] [stdout] warning: unused import: `protobuf::descriptor`
[INFO] [stdout]  --> src/reflection/client/client_builder.rs:1:5
[INFO] [stdout]   |
[INFO] [stdout] 1 | use protobuf::descriptor;
[INFO] [stdout]   |     ^^^^^^^^^^^^^^^^^^^^
[INFO] [stdout]   |
[INFO] [stdout]   = note: `#[warn(unused_imports)]` on by default
[INFO] [stdout] 
[INFO] [stdout] 
[INFO] [stdout] warning: unused import: `descriptor`
[INFO] [stdout]  --> src/reflection/client/reflection_client.rs:5:16
[INFO] [stdout]   |
[INFO] [stdout] 5 | use protobuf::{descriptor, Message};
[INFO] [stdout]   |                ^^^^^^^^^^
[INFO] [stdout] 
[INFO] [stdout] 
[INFO] [stderr]    Compiling reflected-grpc-client v0.1.0 (/opt/rustwide/workdir)
[INFO] [stdout] warning: unexpected `cfg` condition value: `cli`
[INFO] [stdout]   --> src/lib.rs:10:7
[INFO] [stdout]    |
[INFO] [stdout] 10 | #[cfg(feature = "cli")]
[INFO] [stdout]    |       ^^^^^^^^^^^^^^^ help: remove the condition
[INFO] [stdout]    |
[INFO] [stdout]    = note: no expected values for `feature`
[INFO] [stdout]    = help: consider adding `cli` as a feature in `Cargo.toml`
[INFO] [stdout]    = note: see <https://doc.rust-lang.org/nightly/rustc/check-cfg/cargo-specifics.html> for more information about checking conditional configuration
[INFO] [stdout]    = note: `#[warn(unexpected_cfgs)]` on by default
[INFO] [stdout] 
[INFO] [stdout] 
[INFO] [stdout] warning: unused import: `protobuf::descriptor`
[INFO] [stdout]  --> src/reflection/client/client_builder.rs:1:5
[INFO] [stdout]   |
[INFO] [stdout] 1 | use protobuf::descriptor;
[INFO] [stdout]   |     ^^^^^^^^^^^^^^^^^^^^
[INFO] [stdout]   |
[INFO] [stdout]   = note: `#[warn(unused_imports)]` on by default
[INFO] [stdout] 
[INFO] [stdout] 
[INFO] [stdout] warning: unused import: `descriptor`
[INFO] [stdout]  --> src/reflection/client/reflection_client.rs:5:16
[INFO] [stdout]   |
[INFO] [stdout] 5 | use protobuf::{descriptor, Message};
[INFO] [stdout]   |                ^^^^^^^^^^
[INFO] [stdout] 
[INFO] [stdout] 
[INFO] [stdout] warning: unused import: `super::*`
[INFO] [stdout]   --> src/reflection/message/message.rs:36:9
[INFO] [stdout]    |
[INFO] [stdout] 36 |     use super::*;
[INFO] [stdout]    |         ^^^^^^^^
[INFO] [stdout] 
[INFO] [stdout] 
[INFO] [stdout] warning: unused import: `super::*`
[INFO] [stdout]   --> src/reflection/method/method.rs:38:9
[INFO] [stdout]    |
[INFO] [stdout] 38 |     use super::*;
[INFO] [stdout]    |         ^^^^^^^^
[INFO] [stdout] 
[INFO] [stdout] 
[INFO] [stdout] warning: unused import: `super::*`
[INFO] [stdout]   --> src/reflection/service/service.rs:42:9
[INFO] [stdout]    |
[INFO] [stdout] 42 |     use super::*;
[INFO] [stdout]    |         ^^^^^^^^
[INFO] [stdout] 
[INFO] [stdout] 
[INFO] [stderr]     Finished `test` profile [unoptimized + debuginfo] target(s) in 6.45s
[INFO] running `Command { std: "docker" "inspect" "9fb770bdeb55c82e4e14eb6c34c34b3654d0c6af5e8f000632159fa8a9eec78e", kill_on_drop: false }`
[INFO] running `Command { std: "docker" "rm" "-f" "9fb770bdeb55c82e4e14eb6c34c34b3654d0c6af5e8f000632159fa8a9eec78e", kill_on_drop: false }`
[INFO] [stdout] 9fb770bdeb55c82e4e14eb6c34c34b3654d0c6af5e8f000632159fa8a9eec78e
[INFO] running `Command { std: "docker" "create" "-v" "/var/lib/crater-agent-workspace/builds/worker-7-tc1/target:/opt/rustwide/target:rw,Z" "-v" "/var/lib/crater-agent-workspace/builds/worker-7-tc1/source:/opt/rustwide/workdir:ro,Z" "-v" "/var/lib/crater-agent-workspace/cargo-home:/opt/rustwide/cargo-home:ro,Z" "-v" "/var/lib/crater-agent-workspace/rustup-home:/opt/rustwide/rustup-home:ro,Z" "-e" "SOURCE_DIR=/opt/rustwide/workdir" "-e" "CARGO_TARGET_DIR=/opt/rustwide/target" "-e" "CARGO_INCREMENTAL=0" "-e" "RUST_BACKTRACE=full" "-e" "RUSTFLAGS=--cap-lints=warn" "-e" "RUSTDOCFLAGS=--cap-lints=warn" "-e" "CARGO_HOME=/opt/rustwide/cargo-home" "-e" "RUSTUP_HOME=/opt/rustwide/rustup-home" "-w" "/opt/rustwide/workdir" "-m" "1610612736" "--user" "0:0" "--network" "none" "ghcr.io/rust-lang/crates-build-env/linux@sha256:f3a9d4ad9d972b27faf3965f35b62e55ba32bbce8f20bc8fe909558a86702fde" "/opt/rustwide/cargo-home/bin/cargo" "+1.83.0" "test" "--frozen", kill_on_drop: false }`
[INFO] [stdout] d1f83950d26a2cf9ef7ca2e2be0555f6614528a043cedb2b5cb2ebb169854b01
[INFO] running `Command { std: "docker" "start" "-a" "d1f83950d26a2cf9ef7ca2e2be0555f6614528a043cedb2b5cb2ebb169854b01", kill_on_drop: false }`
[INFO] [stderr] warning: unexpected `cfg` condition value: `cli`
[INFO] [stderr]   --> src/lib.rs:10:7
[INFO] [stderr]    |
[INFO] [stderr] 10 | #[cfg(feature = "cli")]
[INFO] [stderr]    |       ^^^^^^^^^^^^^^^ help: remove the condition
[INFO] [stderr]    |
[INFO] [stderr]    = note: no expected values for `feature`
[INFO] [stderr]    = help: consider adding `cli` as a feature in `Cargo.toml`
[INFO] [stderr]    = note: see <https://doc.rust-lang.org/nightly/rustc/check-cfg/cargo-specifics.html> for more information about checking conditional configuration
[INFO] [stderr]    = note: `#[warn(unexpected_cfgs)]` on by default
[INFO] [stderr] 
[INFO] [stderr] warning: unused import: `protobuf::descriptor`
[INFO] [stderr]  --> src/reflection/client/client_builder.rs:1:5
[INFO] [stderr]   |
[INFO] [stderr] 1 | use protobuf::descriptor;
[INFO] [stderr]   |     ^^^^^^^^^^^^^^^^^^^^
[INFO] [stderr]   |
[INFO] [stderr]   = note: `#[warn(unused_imports)]` on by default
[INFO] [stderr] 
[INFO] [stderr] warning: unused import: `descriptor`
[INFO] [stderr]  --> src/reflection/client/reflection_client.rs:5:16
[INFO] [stderr]   |
[INFO] [stderr] 5 | use protobuf::{descriptor, Message};
[INFO] [stderr]   |                ^^^^^^^^^^
[INFO] [stderr] 
[INFO] [stderr] warning: unused import: `super::*`
[INFO] [stderr]   --> src/reflection/message/message.rs:36:9
[INFO] [stderr]    |
[INFO] [stderr] 36 |     use super::*;
[INFO] [stderr]    |         ^^^^^^^^
[INFO] [stderr] 
[INFO] [stderr] warning: unused import: `super::*`
[INFO] [stderr]   --> src/reflection/method/method.rs:38:9
[INFO] [stderr]    |
[INFO] [stderr] 38 |     use super::*;
[INFO] [stderr]    |         ^^^^^^^^
[INFO] [stderr] 
[INFO] [stderr] warning: unused import: `super::*`
[INFO] [stderr]   --> src/reflection/service/service.rs:42:9
[INFO] [stderr]    |
[INFO] [stderr] 42 |     use super::*;
[INFO] [stderr]    |         ^^^^^^^^
[INFO] [stderr] 
[INFO] [stderr] warning: `reflected-grpc-client` (lib) generated 3 warnings (run `cargo fix --lib -p reflected-grpc-client` to apply 2 suggestions)
[INFO] [stderr] warning: `reflected-grpc-client` (lib test) generated 6 warnings (3 duplicates) (run `cargo fix --lib -p reflected-grpc-client --tests` to apply 3 suggestions)
[INFO] [stderr]     Finished `test` profile [unoptimized + debuginfo] target(s) in 0.14s
[INFO] [stderr]      Running unittests src/lib.rs (/opt/rustwide/target/debug/deps/reflected_grpc_client-d2dbe29b47692ab2)
[INFO] [stdout] 
[INFO] [stdout] running 10 tests
[INFO] [stdout] test reflection::client::client_builder::tests::build_default_client ... FAILED
[INFO] [stdout] test reflection::client::client_builder::tests::set_builder_address_and_build_client ... FAILED
[INFO] [stdout] test reflection::client::reflection_client::tests::build_reflection_client_from_address ... FAILED
[INFO] [stdout] test reflection::client::client_builder::tests::new_builder ... ok
[INFO] [stdout] test reflection::client::client::tests::create_builder ... ok
[INFO] [stdout] test reflection::message::message::tests::create_builder ... ok
[INFO] [stdout] test reflection::client::reflection_client::tests::get_descriptors ... FAILED
[INFO] [stdout] test reflection::service::service::tests::create_builder ... ok
[INFO] [stdout] test reflection::method::method::tests::create_builder ... ok
[INFO] [stdout] test reflection::client::reflection_client::tests::get_services ... FAILED
[INFO] [stdout] 
[INFO] [stdout] failures:
[INFO] [stdout] 
[INFO] [stdout] ---- reflection::client::client_builder::tests::build_default_client stdout ----
[INFO] [stdout] Error: TonicTransportError(tonic::transport::Error(Transport, hyper::Error(Connect, ConnectError("tcp connect error", Os { code: 111, kind: ConnectionRefused, message: "Connection refused" }))))
[INFO] [stdout] 
[INFO] [stdout] ---- reflection::client::client_builder::tests::set_builder_address_and_build_client stdout ----
[INFO] [stdout] Error: TonicTransportError(tonic::transport::Error(Transport, hyper::Error(Connect, ConnectError("tcp connect error", Os { code: 111, kind: ConnectionRefused, message: "Connection refused" }))))
[INFO] [stdout] 
[INFO] [stdout] ---- reflection::client::reflection_client::tests::build_reflection_client_from_address stdout ----
[INFO] [stdout] Error: TonicTransportError(tonic::transport::Error(Transport, hyper::Error(Connect, ConnectError("tcp connect error", Os { code: 111, kind: ConnectionRefused, message: "Connection refused" }))))
[INFO] [stdout] 
[INFO] [stdout] ---- reflection::client::reflection_client::tests::get_descriptors stdout ----
[INFO] [stdout] Error: TonicTransportError(tonic::transport::Error(Transport, hyper::Error(Connect, ConnectError("tcp connect error", Os { code: 111, kind: ConnectionRefused, message: "Connection refused" }))))
[INFO] [stdout] 
[INFO] [stdout] ---- reflection::client::reflection_client::tests::get_services stdout ----
[INFO] [stdout] Error: TonicTransportError(tonic::transport::Error(Transport, hyper::Error(Connect, ConnectError("tcp connect error", Os { code: 111, kind: ConnectionRefused, message: "Connection refused" }))))
[INFO] [stdout] 
[INFO] [stdout] 
[INFO] [stdout] failures:
[INFO] [stdout]     reflection::client::client_builder::tests::build_default_client
[INFO] [stdout]     reflection::client::client_builder::tests::set_builder_address_and_build_client
[INFO] [stdout]     reflection::client::reflection_client::tests::build_reflection_client_from_address
[INFO] [stdout]     reflection::client::reflection_client::tests::get_descriptors
[INFO] [stdout]     reflection::client::reflection_client::tests::get_services
[INFO] [stdout] 
[INFO] [stdout] test result: FAILED. 5 passed; 5 failed; 0 ignored; 0 measured; 0 filtered out; finished in 0.01s
[INFO] [stdout] 
[INFO] [stderr] error: test failed, to rerun pass `--lib`
[INFO] running `Command { std: "docker" "inspect" "d1f83950d26a2cf9ef7ca2e2be0555f6614528a043cedb2b5cb2ebb169854b01", kill_on_drop: false }`
[INFO] running `Command { std: "docker" "rm" "-f" "d1f83950d26a2cf9ef7ca2e2be0555f6614528a043cedb2b5cb2ebb169854b01", kill_on_drop: false }`
[INFO] [stdout] d1f83950d26a2cf9ef7ca2e2be0555f6614528a043cedb2b5cb2ebb169854b01
