[INFO] cloning repository https://github.com/Dobichan/advent_of_code
[INFO] running `Command { std: "git" "-c" "credential.helper=" "-c" "credential.helper=/workspace/cargo-home/bin/git-credential-null" "clone" "--bare" "https://github.com/Dobichan/advent_of_code" "/workspace/cache/git-repos/https%3A%2F%2Fgithub.com%2FDobichan%2Fadvent_of_code", kill_on_drop: false }`
[INFO] [stderr] Cloning into bare repository '/workspace/cache/git-repos/https%3A%2F%2Fgithub.com%2FDobichan%2Fadvent_of_code'...
[INFO] running `Command { std: "git" "rev-parse" "HEAD", kill_on_drop: false }`
[INFO] [stdout] b50fe7afd43e3c9d4069597bdd39d816a6f27ca1
[INFO] testing Dobichan/advent_of_code against beta-2024-12-08 for beta-1.84.0-4-retry
[INFO] running `Command { std: "git" "clone" "/workspace/cache/git-repos/https%3A%2F%2Fgithub.com%2FDobichan%2Fadvent_of_code" "/workspace/builds/worker-3-tc2/source", kill_on_drop: false }`
[INFO] [stderr] Cloning into '/workspace/builds/worker-3-tc2/source'...
[INFO] [stderr] done.
[INFO] validating manifest of git repo https://github.com/Dobichan/advent_of_code on toolchain beta-2024-12-08
[INFO] running `Command { std: CARGO_HOME="/workspace/cargo-home" RUSTUP_HOME="/workspace/rustup-home" "/workspace/cargo-home/bin/cargo" "+beta-2024-12-08" "metadata" "--manifest-path" "Cargo.toml" "--no-deps", kill_on_drop: false }`
[INFO] started tweaking git repo https://github.com/Dobichan/advent_of_code
[INFO] finished tweaking git repo https://github.com/Dobichan/advent_of_code
[INFO] tweaked toml for git repo https://github.com/Dobichan/advent_of_code written to /workspace/builds/worker-3-tc2/source/Cargo.toml
[INFO] crate git repo https://github.com/Dobichan/advent_of_code already has a lockfile, it will not be regenerated
[INFO] running `Command { std: CARGO_HOME="/workspace/cargo-home" RUSTUP_HOME="/workspace/rustup-home" "/workspace/cargo-home/bin/cargo" "+beta-2024-12-08" "fetch" "--manifest-path" "Cargo.toml", kill_on_drop: false }`
[INFO] running `Command { std: "docker" "create" "-v" "/var/lib/crater-agent-workspace/builds/worker-3-tc2/target:/opt/rustwide/target:rw,Z" "-v" "/var/lib/crater-agent-workspace/builds/worker-3-tc2/source:/opt/rustwide/workdir:ro,Z" "-v" "/var/lib/crater-agent-workspace/cargo-home:/opt/rustwide/cargo-home:ro,Z" "-v" "/var/lib/crater-agent-workspace/rustup-home:/opt/rustwide/rustup-home:ro,Z" "-e" "SOURCE_DIR=/opt/rustwide/workdir" "-e" "CARGO_TARGET_DIR=/opt/rustwide/target" "-e" "CARGO_HOME=/opt/rustwide/cargo-home" "-e" "RUSTUP_HOME=/opt/rustwide/rustup-home" "-w" "/opt/rustwide/workdir" "-m" "1610612736" "--user" "0:0" "--network" "none" "ghcr.io/rust-lang/crates-build-env/linux@sha256:f3a9d4ad9d972b27faf3965f35b62e55ba32bbce8f20bc8fe909558a86702fde" "/opt/rustwide/cargo-home/bin/cargo" "+beta-2024-12-08" "metadata" "--no-deps" "--format-version=1", kill_on_drop: false }`
[INFO] [stdout] 39cb0ddce196cd04903bef48fb10fbdee518a2dcc478b26a17ac469738679ca9
[INFO] running `Command { std: "docker" "start" "-a" "39cb0ddce196cd04903bef48fb10fbdee518a2dcc478b26a17ac469738679ca9", kill_on_drop: false }`
[INFO] running `Command { std: "docker" "inspect" "39cb0ddce196cd04903bef48fb10fbdee518a2dcc478b26a17ac469738679ca9", kill_on_drop: false }`
[INFO] running `Command { std: "docker" "rm" "-f" "39cb0ddce196cd04903bef48fb10fbdee518a2dcc478b26a17ac469738679ca9", kill_on_drop: false }`
[INFO] [stdout] 39cb0ddce196cd04903bef48fb10fbdee518a2dcc478b26a17ac469738679ca9
[INFO] running `Command { std: "docker" "create" "-v" "/var/lib/crater-agent-workspace/builds/worker-3-tc2/target:/opt/rustwide/target:rw,Z" "-v" "/var/lib/crater-agent-workspace/builds/worker-3-tc2/source:/opt/rustwide/workdir:ro,Z" "-v" "/var/lib/crater-agent-workspace/cargo-home:/opt/rustwide/cargo-home:ro,Z" "-v" "/var/lib/crater-agent-workspace/rustup-home:/opt/rustwide/rustup-home:ro,Z" "-e" "SOURCE_DIR=/opt/rustwide/workdir" "-e" "CARGO_TARGET_DIR=/opt/rustwide/target" "-e" "CARGO_INCREMENTAL=0" "-e" "RUST_BACKTRACE=full" "-e" "RUSTFLAGS=--cap-lints=warn" "-e" "RUSTDOCFLAGS=--cap-lints=warn" "-e" "CARGO_HOME=/opt/rustwide/cargo-home" "-e" "RUSTUP_HOME=/opt/rustwide/rustup-home" "-w" "/opt/rustwide/workdir" "-m" "1610612736" "--user" "0:0" "--network" "none" "ghcr.io/rust-lang/crates-build-env/linux@sha256:f3a9d4ad9d972b27faf3965f35b62e55ba32bbce8f20bc8fe909558a86702fde" "/opt/rustwide/cargo-home/bin/cargo" "+beta-2024-12-08" "build" "--frozen" "--message-format=json", kill_on_drop: false }`
[INFO] [stdout] 52428a9539373723f77be146c7fe0f7b19658c3e8735566c6b7fc9baa4a3561d
[INFO] running `Command { std: "docker" "start" "-a" "52428a9539373723f77be146c7fe0f7b19658c3e8735566c6b7fc9baa4a3561d", kill_on_drop: false }`
[INFO] [stderr] warning: output filename collision.
[INFO] [stderr] The bin target `part1` in package `day_02 v0.1.0 (/opt/rustwide/workdir/2024/day_02)` has the same output filename as the bin target `part1` in package `day_01 v0.1.0 (/opt/rustwide/workdir/2024/day_01)`.
[INFO] [stderr] Colliding filename is: /opt/rustwide/target/debug/part1
[INFO] [stderr] The targets should have unique names.
[INFO] [stderr] Consider changing their names to be unique or compiling them separately.
[INFO] [stderr] This may become a hard error in the future; see <https://github.com/rust-lang/cargo/issues/6313>.
[INFO] [stderr] warning: output filename collision.
[INFO] [stderr] The bin target `part1` in package `day_02 v0.1.0 (/opt/rustwide/workdir/2024/day_02)` has the same output filename as the bin target `part1` in package `day_01 v0.1.0 (/opt/rustwide/workdir/2024/day_01)`.
[INFO] [stderr] Colliding filename is: /opt/rustwide/target/debug/part1.dwp
[INFO] [stderr] The targets should have unique names.
[INFO] [stderr] Consider changing their names to be unique or compiling them separately.
[INFO] [stderr] This may become a hard error in the future; see <https://github.com/rust-lang/cargo/issues/6313>.
[INFO] [stderr] warning: output filename collision.
[INFO] [stderr] The bin target `part2` in package `day_02 v0.1.0 (/opt/rustwide/workdir/2024/day_02)` has the same output filename as the bin target `part2` in package `day_01 v0.1.0 (/opt/rustwide/workdir/2024/day_01)`.
[INFO] [stderr] Colliding filename is: /opt/rustwide/target/debug/part2
[INFO] [stderr] The targets should have unique names.
[INFO] [stderr] Consider changing their names to be unique or compiling them separately.
[INFO] [stderr] This may become a hard error in the future; see <https://github.com/rust-lang/cargo/issues/6313>.
[INFO] [stderr] warning: output filename collision.
[INFO] [stderr] The bin target `part2` in package `day_02 v0.1.0 (/opt/rustwide/workdir/2024/day_02)` has the same output filename as the bin target `part2` in package `day_01 v0.1.0 (/opt/rustwide/workdir/2024/day_01)`.
[INFO] [stderr] Colliding filename is: /opt/rustwide/target/debug/part2.dwp
[INFO] [stderr] The targets should have unique names.
[INFO] [stderr] Consider changing their names to be unique or compiling them separately.
[INFO] [stderr] This may become a hard error in the future; see <https://github.com/rust-lang/cargo/issues/6313>.
[INFO] [stderr] warning: output filename collision.
[INFO] [stderr] The bin target `part1` in package `day_03 v0.1.0 (/opt/rustwide/workdir/2024/day_03)` has the same output filename as the bin target `part1` in package `day_02 v0.1.0 (/opt/rustwide/workdir/2024/day_02)`.
[INFO] [stderr] Colliding filename is: /opt/rustwide/target/debug/part1
[INFO] [stderr] The targets should have unique names.
[INFO] [stderr] Consider changing their names to be unique or compiling them separately.
[INFO] [stderr] This may become a hard error in the future; see <https://github.com/rust-lang/cargo/issues/6313>.
[INFO] [stderr] warning: output filename collision.
[INFO] [stderr] The bin target `part1` in package `day_03 v0.1.0 (/opt/rustwide/workdir/2024/day_03)` has the same output filename as the bin target `part1` in package `day_02 v0.1.0 (/opt/rustwide/workdir/2024/day_02)`.
[INFO] [stderr] Colliding filename is: /opt/rustwide/target/debug/part1.dwp
[INFO] [stderr] The targets should have unique names.
[INFO] [stderr] Consider changing their names to be unique or compiling them separately.
[INFO] [stderr] This may become a hard error in the future; see <https://github.com/rust-lang/cargo/issues/6313>.
[INFO] [stderr] warning: output filename collision.
[INFO] [stderr] The bin target `part2` in package `day_03 v0.1.0 (/opt/rustwide/workdir/2024/day_03)` has the same output filename as the bin target `part2` in package `day_02 v0.1.0 (/opt/rustwide/workdir/2024/day_02)`.
[INFO] [stderr] Colliding filename is: /opt/rustwide/target/debug/part2
[INFO] [stderr] The targets should have unique names.
[INFO] [stderr] Consider changing their names to be unique or compiling them separately.
[INFO] [stderr] This may become a hard error in the future; see <https://github.com/rust-lang/cargo/issues/6313>.
[INFO] [stderr] warning: output filename collision.
[INFO] [stderr] The bin target `part2` in package `day_03 v0.1.0 (/opt/rustwide/workdir/2024/day_03)` has the same output filename as the bin target `part2` in package `day_02 v0.1.0 (/opt/rustwide/workdir/2024/day_02)`.
[INFO] [stderr] Colliding filename is: /opt/rustwide/target/debug/part2.dwp
[INFO] [stderr] The targets should have unique names.
[INFO] [stderr] Consider changing their names to be unique or compiling them separately.
[INFO] [stderr] This may become a hard error in the future; see <https://github.com/rust-lang/cargo/issues/6313>.
[INFO] [stderr] warning: output filename collision.
[INFO] [stderr] The bin target `part1` in package `day_04 v0.1.0 (/opt/rustwide/workdir/2024/day_04)` has the same output filename as the bin target `part1` in package `day_03 v0.1.0 (/opt/rustwide/workdir/2024/day_03)`.
[INFO] [stderr] Colliding filename is: /opt/rustwide/target/debug/part1
[INFO] [stderr] The targets should have unique names.
[INFO] [stderr] Consider changing their names to be unique or compiling them separately.
[INFO] [stderr] This may become a hard error in the future; see <https://github.com/rust-lang/cargo/issues/6313>.
[INFO] [stderr] warning: output filename collision.
[INFO] [stderr] The bin target `part1` in package `day_04 v0.1.0 (/opt/rustwide/workdir/2024/day_04)` has the same output filename as the bin target `part1` in package `day_03 v0.1.0 (/opt/rustwide/workdir/2024/day_03)`.
[INFO] [stderr] Colliding filename is: /opt/rustwide/target/debug/part1.dwp
[INFO] [stderr] The targets should have unique names.
[INFO] [stderr] Consider changing their names to be unique or compiling them separately.
[INFO] [stderr] This may become a hard error in the future; see <https://github.com/rust-lang/cargo/issues/6313>.
[INFO] [stderr] warning: output filename collision.
[INFO] [stderr] The bin target `part2` in package `day_04 v0.1.0 (/opt/rustwide/workdir/2024/day_04)` has the same output filename as the bin target `part2` in package `day_03 v0.1.0 (/opt/rustwide/workdir/2024/day_03)`.
[INFO] [stderr] Colliding filename is: /opt/rustwide/target/debug/part2
[INFO] [stderr] The targets should have unique names.
[INFO] [stderr] Consider changing their names to be unique or compiling them separately.
[INFO] [stderr] This may become a hard error in the future; see <https://github.com/rust-lang/cargo/issues/6313>.
[INFO] [stderr] warning: output filename collision.
[INFO] [stderr] The bin target `part2` in package `day_04 v0.1.0 (/opt/rustwide/workdir/2024/day_04)` has the same output filename as the bin target `part2` in package `day_03 v0.1.0 (/opt/rustwide/workdir/2024/day_03)`.
[INFO] [stderr] Colliding filename is: /opt/rustwide/target/debug/part2.dwp
[INFO] [stderr] The targets should have unique names.
[INFO] [stderr] Consider changing their names to be unique or compiling them separately.
[INFO] [stderr] This may become a hard error in the future; see <https://github.com/rust-lang/cargo/issues/6313>.
[INFO] [stderr] warning: output filename collision.
[INFO] [stderr] The bin target `part1` in package `day_05 v0.1.0 (/opt/rustwide/workdir/2024/day_05)` has the same output filename as the bin target `part1` in package `day_04 v0.1.0 (/opt/rustwide/workdir/2024/day_04)`.
[INFO] [stderr] Colliding filename is: /opt/rustwide/target/debug/part1
[INFO] [stderr] The targets should have unique names.
[INFO] [stderr] Consider changing their names to be unique or compiling them separately.
[INFO] [stderr] This may become a hard error in the future; see <https://github.com/rust-lang/cargo/issues/6313>.
[INFO] [stderr] warning: output filename collision.
[INFO] [stderr] The bin target `part1` in package `day_05 v0.1.0 (/opt/rustwide/workdir/2024/day_05)` has the same output filename as the bin target `part1` in package `day_04 v0.1.0 (/opt/rustwide/workdir/2024/day_04)`.
[INFO] [stderr] Colliding filename is: /opt/rustwide/target/debug/part1.dwp
[INFO] [stderr] The targets should have unique names.
[INFO] [stderr] Consider changing their names to be unique or compiling them separately.
[INFO] [stderr] This may become a hard error in the future; see <https://github.com/rust-lang/cargo/issues/6313>.
[INFO] [stderr] warning: output filename collision.
[INFO] [stderr] The bin target `part2` in package `day_05 v0.1.0 (/opt/rustwide/workdir/2024/day_05)` has the same output filename as the bin target `part2` in package `day_04 v0.1.0 (/opt/rustwide/workdir/2024/day_04)`.
[INFO] [stderr] Colliding filename is: /opt/rustwide/target/debug/part2
[INFO] [stderr] The targets should have unique names.
[INFO] [stderr] Consider changing their names to be unique or compiling them separately.
[INFO] [stderr] This may become a hard error in the future; see <https://github.com/rust-lang/cargo/issues/6313>.
[INFO] [stderr] warning: output filename collision.
[INFO] [stderr] The bin target `part2` in package `day_05 v0.1.0 (/opt/rustwide/workdir/2024/day_05)` has the same output filename as the bin target `part2` in package `day_04 v0.1.0 (/opt/rustwide/workdir/2024/day_04)`.
[INFO] [stderr] Colliding filename is: /opt/rustwide/target/debug/part2.dwp
[INFO] [stderr] The targets should have unique names.
[INFO] [stderr] Consider changing their names to be unique or compiling them separately.
[INFO] [stderr] This may become a hard error in the future; see <https://github.com/rust-lang/cargo/issues/6313>.
[INFO] [stderr] warning: output filename collision.
[INFO] [stderr] The bin target `part1` in package `day_06 v0.1.0 (/opt/rustwide/workdir/2024/day_06)` has the same output filename as the bin target `part1` in package `day_05 v0.1.0 (/opt/rustwide/workdir/2024/day_05)`.
[INFO] [stderr] Colliding filename is: /opt/rustwide/target/debug/part1
[INFO] [stderr] The targets should have unique names.
[INFO] [stderr] Consider changing their names to be unique or compiling them separately.
[INFO] [stderr] This may become a hard error in the future; see <https://github.com/rust-lang/cargo/issues/6313>.
[INFO] [stderr] warning: output filename collision.
[INFO] [stderr] The bin target `part1` in package `day_06 v0.1.0 (/opt/rustwide/workdir/2024/day_06)` has the same output filename as the bin target `part1` in package `day_05 v0.1.0 (/opt/rustwide/workdir/2024/day_05)`.
[INFO] [stderr] Colliding filename is: /opt/rustwide/target/debug/part1.dwp
[INFO] [stderr] The targets should have unique names.
[INFO] [stderr] Consider changing their names to be unique or compiling them separately.
[INFO] [stderr] This may become a hard error in the future; see <https://github.com/rust-lang/cargo/issues/6313>.
[INFO] [stderr] warning: output filename collision.
[INFO] [stderr] The bin target `part2` in package `day_06 v0.1.0 (/opt/rustwide/workdir/2024/day_06)` has the same output filename as the bin target `part2` in package `day_05 v0.1.0 (/opt/rustwide/workdir/2024/day_05)`.
[INFO] [stderr] Colliding filename is: /opt/rustwide/target/debug/part2
[INFO] [stderr] The targets should have unique names.
[INFO] [stderr] Consider changing their names to be unique or compiling them separately.
[INFO] [stderr] This may become a hard error in the future; see <https://github.com/rust-lang/cargo/issues/6313>.
[INFO] [stderr] warning: output filename collision.
[INFO] [stderr] The bin target `part2` in package `day_06 v0.1.0 (/opt/rustwide/workdir/2024/day_06)` has the same output filename as the bin target `part2` in package `day_05 v0.1.0 (/opt/rustwide/workdir/2024/day_05)`.
[INFO] [stderr] Colliding filename is: /opt/rustwide/target/debug/part2.dwp
[INFO] [stderr] The targets should have unique names.
[INFO] [stderr] Consider changing their names to be unique or compiling them separately.
[INFO] [stderr] This may become a hard error in the future; see <https://github.com/rust-lang/cargo/issues/6313>.
[INFO] [stderr] warning: output filename collision.
[INFO] [stderr] The bin target `part1` in package `day_07 v0.1.0 (/opt/rustwide/workdir/2024/day_07)` has the same output filename as the bin target `part1` in package `day_06 v0.1.0 (/opt/rustwide/workdir/2024/day_06)`.
[INFO] [stderr] Colliding filename is: /opt/rustwide/target/debug/part1
[INFO] [stderr] The targets should have unique names.
[INFO] [stderr] Consider changing their names to be unique or compiling them separately.
[INFO] [stderr] This may become a hard error in the future; see <https://github.com/rust-lang/cargo/issues/6313>.
[INFO] [stderr] warning: output filename collision.
[INFO] [stderr] The bin target `part1` in package `day_07 v0.1.0 (/opt/rustwide/workdir/2024/day_07)` has the same output filename as the bin target `part1` in package `day_06 v0.1.0 (/opt/rustwide/workdir/2024/day_06)`.
[INFO] [stderr] Colliding filename is: /opt/rustwide/target/debug/part1.dwp
[INFO] [stderr] The targets should have unique names.
[INFO] [stderr] Consider changing their names to be unique or compiling them separately.
[INFO] [stderr] This may become a hard error in the future; see <https://github.com/rust-lang/cargo/issues/6313>.
[INFO] [stderr] warning: output filename collision.
[INFO] [stderr] The bin target `part2` in package `day_07 v0.1.0 (/opt/rustwide/workdir/2024/day_07)` has the same output filename as the bin target `part2` in package `day_06 v0.1.0 (/opt/rustwide/workdir/2024/day_06)`.
[INFO] [stderr] Colliding filename is: /opt/rustwide/target/debug/part2
[INFO] [stderr] The targets should have unique names.
[INFO] [stderr] Consider changing their names to be unique or compiling them separately.
[INFO] [stderr] This may become a hard error in the future; see <https://github.com/rust-lang/cargo/issues/6313>.
[INFO] [stderr] warning: output filename collision.
[INFO] [stderr] The bin target `part2` in package `day_07 v0.1.0 (/opt/rustwide/workdir/2024/day_07)` has the same output filename as the bin target `part2` in package `day_06 v0.1.0 (/opt/rustwide/workdir/2024/day_06)`.
[INFO] [stderr] Colliding filename is: /opt/rustwide/target/debug/part2.dwp
[INFO] [stderr] The targets should have unique names.
[INFO] [stderr] Consider changing their names to be unique or compiling them separately.
[INFO] [stderr] This may become a hard error in the future; see <https://github.com/rust-lang/cargo/issues/6313>.
[INFO] [stderr] warning: output filename collision.
[INFO] [stderr] The bin target `part1` in package `day_08 v0.1.0 (/opt/rustwide/workdir/2024/day_08)` has the same output filename as the bin target `part1` in package `day_07 v0.1.0 (/opt/rustwide/workdir/2024/day_07)`.
[INFO] [stderr] Colliding filename is: /opt/rustwide/target/debug/part1
[INFO] [stderr] The targets should have unique names.
[INFO] [stderr] Consider changing their names to be unique or compiling them separately.
[INFO] [stderr] This may become a hard error in the future; see <https://github.com/rust-lang/cargo/issues/6313>.
[INFO] [stderr] warning: output filename collision.
[INFO] [stderr] The bin target `part1` in package `day_08 v0.1.0 (/opt/rustwide/workdir/2024/day_08)` has the same output filename as the bin target `part1` in package `day_07 v0.1.0 (/opt/rustwide/workdir/2024/day_07)`.
[INFO] [stderr] Colliding filename is: /opt/rustwide/target/debug/part1.dwp
[INFO] [stderr] The targets should have unique names.
[INFO] [stderr] Consider changing their names to be unique or compiling them separately.
[INFO] [stderr] This may become a hard error in the future; see <https://github.com/rust-lang/cargo/issues/6313>.
[INFO] [stderr] warning: output filename collision.
[INFO] [stderr] The bin target `part2` in package `day_08 v0.1.0 (/opt/rustwide/workdir/2024/day_08)` has the same output filename as the bin target `part2` in package `day_07 v0.1.0 (/opt/rustwide/workdir/2024/day_07)`.
[INFO] [stderr] Colliding filename is: /opt/rustwide/target/debug/part2
[INFO] [stderr] The targets should have unique names.
[INFO] [stderr] Consider changing their names to be unique or compiling them separately.
[INFO] [stderr] This may become a hard error in the future; see <https://github.com/rust-lang/cargo/issues/6313>.
[INFO] [stderr] warning: output filename collision.
[INFO] [stderr] The bin target `part2` in package `day_08 v0.1.0 (/opt/rustwide/workdir/2024/day_08)` has the same output filename as the bin target `part2` in package `day_07 v0.1.0 (/opt/rustwide/workdir/2024/day_07)`.
[INFO] [stderr] Colliding filename is: /opt/rustwide/target/debug/part2.dwp
[INFO] [stderr] The targets should have unique names.
[INFO] [stderr] Consider changing their names to be unique or compiling them separately.
[INFO] [stderr] This may become a hard error in the future; see <https://github.com/rust-lang/cargo/issues/6313>.
[INFO] [stderr] warning: output filename collision.
[INFO] [stderr] The bin target `part1` in package `day_09 v0.1.0 (/opt/rustwide/workdir/2024/day_09)` has the same output filename as the bin target `part1` in package `day_08 v0.1.0 (/opt/rustwide/workdir/2024/day_08)`.
[INFO] [stderr] Colliding filename is: /opt/rustwide/target/debug/part1
[INFO] [stderr] The targets should have unique names.
[INFO] [stderr] Consider changing their names to be unique or compiling them separately.
[INFO] [stderr] This may become a hard error in the future; see <https://github.com/rust-lang/cargo/issues/6313>.
[INFO] [stderr] warning: output filename collision.
[INFO] [stderr] The bin target `part1` in package `day_09 v0.1.0 (/opt/rustwide/workdir/2024/day_09)` has the same output filename as the bin target `part1` in package `day_08 v0.1.0 (/opt/rustwide/workdir/2024/day_08)`.
[INFO] [stderr] Colliding filename is: /opt/rustwide/target/debug/part1.dwp
[INFO] [stderr] The targets should have unique names.
[INFO] [stderr] Consider changing their names to be unique or compiling them separately.
[INFO] [stderr] This may become a hard error in the future; see <https://github.com/rust-lang/cargo/issues/6313>.
[INFO] [stderr] warning: output filename collision.
[INFO] [stderr] The bin target `part2` in package `day_09 v0.1.0 (/opt/rustwide/workdir/2024/day_09)` has the same output filename as the bin target `part2` in package `day_08 v0.1.0 (/opt/rustwide/workdir/2024/day_08)`.
[INFO] [stderr] Colliding filename is: /opt/rustwide/target/debug/part2
[INFO] [stderr] The targets should have unique names.
[INFO] [stderr] Consider changing their names to be unique or compiling them separately.
[INFO] [stderr] This may become a hard error in the future; see <https://github.com/rust-lang/cargo/issues/6313>.
[INFO] [stderr] warning: output filename collision.
[INFO] [stderr] The bin target `part2` in package `day_09 v0.1.0 (/opt/rustwide/workdir/2024/day_09)` has the same output filename as the bin target `part2` in package `day_08 v0.1.0 (/opt/rustwide/workdir/2024/day_08)`.
[INFO] [stderr] Colliding filename is: /opt/rustwide/target/debug/part2.dwp
[INFO] [stderr] The targets should have unique names.
[INFO] [stderr] Consider changing their names to be unique or compiling them separately.
[INFO] [stderr] This may become a hard error in the future; see <https://github.com/rust-lang/cargo/issues/6313>.
[INFO] [stderr] warning: output filename collision.
[INFO] [stderr] The bin target `part1` in package `day_10 v0.1.0 (/opt/rustwide/workdir/2024/day_10)` has the same output filename as the bin target `part1` in package `day_09 v0.1.0 (/opt/rustwide/workdir/2024/day_09)`.
[INFO] [stderr] Colliding filename is: /opt/rustwide/target/debug/part1
[INFO] [stderr] The targets should have unique names.
[INFO] [stderr] Consider changing their names to be unique or compiling them separately.
[INFO] [stderr] This may become a hard error in the future; see <https://github.com/rust-lang/cargo/issues/6313>.
[INFO] [stderr] warning: output filename collision.
[INFO] [stderr] The bin target `part1` in package `day_10 v0.1.0 (/opt/rustwide/workdir/2024/day_10)` has the same output filename as the bin target `part1` in package `day_09 v0.1.0 (/opt/rustwide/workdir/2024/day_09)`.
[INFO] [stderr] Colliding filename is: /opt/rustwide/target/debug/part1.dwp
[INFO] [stderr] The targets should have unique names.
[INFO] [stderr] Consider changing their names to be unique or compiling them separately.
[INFO] [stderr] This may become a hard error in the future; see <https://github.com/rust-lang/cargo/issues/6313>.
[INFO] [stderr] warning: output filename collision.
[INFO] [stderr] The bin target `part2` in package `day_10 v0.1.0 (/opt/rustwide/workdir/2024/day_10)` has the same output filename as the bin target `part2` in package `day_09 v0.1.0 (/opt/rustwide/workdir/2024/day_09)`.
[INFO] [stderr] Colliding filename is: /opt/rustwide/target/debug/part2
[INFO] [stderr] The targets should have unique names.
[INFO] [stderr] Consider changing their names to be unique or compiling them separately.
[INFO] [stderr] This may become a hard error in the future; see <https://github.com/rust-lang/cargo/issues/6313>.
[INFO] [stderr] warning: output filename collision.
[INFO] [stderr] The bin target `part2` in package `day_10 v0.1.0 (/opt/rustwide/workdir/2024/day_10)` has the same output filename as the bin target `part2` in package `day_09 v0.1.0 (/opt/rustwide/workdir/2024/day_09)`.
[INFO] [stderr] Colliding filename is: /opt/rustwide/target/debug/part2.dwp
[INFO] [stderr] The targets should have unique names.
[INFO] [stderr] Consider changing their names to be unique or compiling them separately.
[INFO] [stderr] This may become a hard error in the future; see <https://github.com/rust-lang/cargo/issues/6313>.
[INFO] [stderr] warning: output filename collision.
[INFO] [stderr] The bin target `part1` in package `day_11 v0.1.0 (/opt/rustwide/workdir/2024/day_11)` has the same output filename as the bin target `part1` in package `day_10 v0.1.0 (/opt/rustwide/workdir/2024/day_10)`.
[INFO] [stderr] Colliding filename is: /opt/rustwide/target/debug/part1
[INFO] [stderr] The targets should have unique names.
[INFO] [stderr] Consider changing their names to be unique or compiling them separately.
[INFO] [stderr] This may become a hard error in the future; see <https://github.com/rust-lang/cargo/issues/6313>.
[INFO] [stderr] warning: output filename collision.
[INFO] [stderr] The bin target `part1` in package `day_11 v0.1.0 (/opt/rustwide/workdir/2024/day_11)` has the same output filename as the bin target `part1` in package `day_10 v0.1.0 (/opt/rustwide/workdir/2024/day_10)`.
[INFO] [stderr] Colliding filename is: /opt/rustwide/target/debug/part1.dwp
[INFO] [stderr] The targets should have unique names.
[INFO] [stderr] Consider changing their names to be unique or compiling them separately.
[INFO] [stderr] This may become a hard error in the future; see <https://github.com/rust-lang/cargo/issues/6313>.
[INFO] [stderr] warning: output filename collision.
[INFO] [stderr] The bin target `part2` in package `day_11 v0.1.0 (/opt/rustwide/workdir/2024/day_11)` has the same output filename as the bin target `part2` in package `day_10 v0.1.0 (/opt/rustwide/workdir/2024/day_10)`.
[INFO] [stderr] Colliding filename is: /opt/rustwide/target/debug/part2
[INFO] [stderr] The targets should have unique names.
[INFO] [stderr] Consider changing their names to be unique or compiling them separately.
[INFO] [stderr] This may become a hard error in the future; see <https://github.com/rust-lang/cargo/issues/6313>.
[INFO] [stderr] warning: output filename collision.
[INFO] [stderr] The bin target `part2` in package `day_11 v0.1.0 (/opt/rustwide/workdir/2024/day_11)` has the same output filename as the bin target `part2` in package `day_10 v0.1.0 (/opt/rustwide/workdir/2024/day_10)`.
[INFO] [stderr] Colliding filename is: /opt/rustwide/target/debug/part2.dwp
[INFO] [stderr] The targets should have unique names.
[INFO] [stderr] Consider changing their names to be unique or compiling them separately.
[INFO] [stderr] This may become a hard error in the future; see <https://github.com/rust-lang/cargo/issues/6313>.
[INFO] [stderr] warning: output filename collision.
[INFO] [stderr] The bin target `part1` in package `day_12 v0.1.0 (/opt/rustwide/workdir/2024/day_12)` has the same output filename as the bin target `part1` in package `day_11 v0.1.0 (/opt/rustwide/workdir/2024/day_11)`.
[INFO] [stderr] Colliding filename is: /opt/rustwide/target/debug/part1
[INFO] [stderr] The targets should have unique names.
[INFO] [stderr] Consider changing their names to be unique or compiling them separately.
[INFO] [stderr] This may become a hard error in the future; see <https://github.com/rust-lang/cargo/issues/6313>.
[INFO] [stderr] warning: output filename collision.
[INFO] [stderr] The bin target `part1` in package `day_12 v0.1.0 (/opt/rustwide/workdir/2024/day_12)` has the same output filename as the bin target `part1` in package `day_11 v0.1.0 (/opt/rustwide/workdir/2024/day_11)`.
[INFO] [stderr] Colliding filename is: /opt/rustwide/target/debug/part1.dwp
[INFO] [stderr] The targets should have unique names.
[INFO] [stderr] Consider changing their names to be unique or compiling them separately.
[INFO] [stderr] This may become a hard error in the future; see <https://github.com/rust-lang/cargo/issues/6313>.
[INFO] [stderr] warning: output filename collision.
[INFO] [stderr] The bin target `part2` in package `day_12 v0.1.0 (/opt/rustwide/workdir/2024/day_12)` has the same output filename as the bin target `part2` in package `day_11 v0.1.0 (/opt/rustwide/workdir/2024/day_11)`.
[INFO] [stderr] Colliding filename is: /opt/rustwide/target/debug/part2
[INFO] [stderr] The targets should have unique names.
[INFO] [stderr] Consider changing their names to be unique or compiling them separately.
[INFO] [stderr] This may become a hard error in the future; see <https://github.com/rust-lang/cargo/issues/6313>.
[INFO] [stderr] warning: output filename collision.
[INFO] [stderr] The bin target `part2` in package `day_12 v0.1.0 (/opt/rustwide/workdir/2024/day_12)` has the same output filename as the bin target `part2` in package `day_11 v0.1.0 (/opt/rustwide/workdir/2024/day_11)`.
[INFO] [stderr] Colliding filename is: /opt/rustwide/target/debug/part2.dwp
[INFO] [stderr] The targets should have unique names.
[INFO] [stderr] Consider changing their names to be unique or compiling them separately.
[INFO] [stderr] This may become a hard error in the future; see <https://github.com/rust-lang/cargo/issues/6313>.
[INFO] [stderr] warning: output filename collision.
[INFO] [stderr] The bin target `part1` in package `day_13 v0.1.0 (/opt/rustwide/workdir/2024/day_13)` has the same output filename as the bin target `part1` in package `day_12 v0.1.0 (/opt/rustwide/workdir/2024/day_12)`.
[INFO] [stderr] Colliding filename is: /opt/rustwide/target/debug/part1
[INFO] [stderr] The targets should have unique names.
[INFO] [stderr] Consider changing their names to be unique or compiling them separately.
[INFO] [stderr] This may become a hard error in the future; see <https://github.com/rust-lang/cargo/issues/6313>.
[INFO] [stderr] warning: output filename collision.
[INFO] [stderr] The bin target `part1` in package `day_13 v0.1.0 (/opt/rustwide/workdir/2024/day_13)` has the same output filename as the bin target `part1` in package `day_12 v0.1.0 (/opt/rustwide/workdir/2024/day_12)`.
[INFO] [stderr] Colliding filename is: /opt/rustwide/target/debug/part1.dwp
[INFO] [stderr] The targets should have unique names.
[INFO] [stderr] Consider changing their names to be unique or compiling them separately.
[INFO] [stderr] This may become a hard error in the future; see <https://github.com/rust-lang/cargo/issues/6313>.
[INFO] [stderr] warning: output filename collision.
[INFO] [stderr] The bin target `part2` in package `day_13 v0.1.0 (/opt/rustwide/workdir/2024/day_13)` has the same output filename as the bin target `part2` in package `day_12 v0.1.0 (/opt/rustwide/workdir/2024/day_12)`.
[INFO] [stderr] Colliding filename is: /opt/rustwide/target/debug/part2
[INFO] [stderr] The targets should have unique names.
[INFO] [stderr] Consider changing their names to be unique or compiling them separately.
[INFO] [stderr] This may become a hard error in the future; see <https://github.com/rust-lang/cargo/issues/6313>.
[INFO] [stderr] warning: output filename collision.
[INFO] [stderr] The bin target `part2` in package `day_13 v0.1.0 (/opt/rustwide/workdir/2024/day_13)` has the same output filename as the bin target `part2` in package `day_12 v0.1.0 (/opt/rustwide/workdir/2024/day_12)`.
[INFO] [stderr] Colliding filename is: /opt/rustwide/target/debug/part2.dwp
[INFO] [stderr] The targets should have unique names.
[INFO] [stderr] Consider changing their names to be unique or compiling them separately.
[INFO] [stderr] This may become a hard error in the future; see <https://github.com/rust-lang/cargo/issues/6313>.
[INFO] [stderr] warning: output filename collision.
[INFO] [stderr] The bin target `part1` in package `day_14 v0.1.0 (/opt/rustwide/workdir/2024/day_14)` has the same output filename as the bin target `part1` in package `day_13 v0.1.0 (/opt/rustwide/workdir/2024/day_13)`.
[INFO] [stderr] Colliding filename is: /opt/rustwide/target/debug/part1
[INFO] [stderr] The targets should have unique names.
[INFO] [stderr] Consider changing their names to be unique or compiling them separately.
[INFO] [stderr] This may become a hard error in the future; see <https://github.com/rust-lang/cargo/issues/6313>.
[INFO] [stderr] warning: output filename collision.
[INFO] [stderr] The bin target `part1` in package `day_14 v0.1.0 (/opt/rustwide/workdir/2024/day_14)` has the same output filename as the bin target `part1` in package `day_13 v0.1.0 (/opt/rustwide/workdir/2024/day_13)`.
[INFO] [stderr] Colliding filename is: /opt/rustwide/target/debug/part1.dwp
[INFO] [stderr] The targets should have unique names.
[INFO] [stderr] Consider changing their names to be unique or compiling them separately.
[INFO] [stderr] This may become a hard error in the future; see <https://github.com/rust-lang/cargo/issues/6313>.
[INFO] [stderr] warning: output filename collision.
[INFO] [stderr] The bin target `part1` in package `day_15 v0.1.0 (/opt/rustwide/workdir/2024/day_15)` has the same output filename as the bin target `part1` in package `day_14 v0.1.0 (/opt/rustwide/workdir/2024/day_14)`.
[INFO] [stderr] Colliding filename is: /opt/rustwide/target/debug/part1
[INFO] [stderr] The targets should have unique names.
[INFO] [stderr] Consider changing their names to be unique or compiling them separately.
[INFO] [stderr] This may become a hard error in the future; see <https://github.com/rust-lang/cargo/issues/6313>.
[INFO] [stderr] warning: output filename collision.
[INFO] [stderr] The bin target `part1` in package `day_15 v0.1.0 (/opt/rustwide/workdir/2024/day_15)` has the same output filename as the bin target `part1` in package `day_14 v0.1.0 (/opt/rustwide/workdir/2024/day_14)`.
[INFO] [stderr] Colliding filename is: /opt/rustwide/target/debug/part1.dwp
[INFO] [stderr] The targets should have unique names.
[INFO] [stderr] Consider changing their names to be unique or compiling them separately.
[INFO] [stderr] This may become a hard error in the future; see <https://github.com/rust-lang/cargo/issues/6313>.
[INFO] [stderr] warning: output filename collision.
[INFO] [stderr] The bin target `part1` in package `day_16 v0.1.0 (/opt/rustwide/workdir/2024/day_16)` has the same output filename as the bin target `part1` in package `day_15 v0.1.0 (/opt/rustwide/workdir/2024/day_15)`.
[INFO] [stderr] Colliding filename is: /opt/rustwide/target/debug/part1
[INFO] [stderr] The targets should have unique names.
[INFO] [stderr] Consider changing their names to be unique or compiling them separately.
[INFO] [stderr] This may become a hard error in the future; see <https://github.com/rust-lang/cargo/issues/6313>.
[INFO] [stderr] warning: output filename collision.
[INFO] [stderr] The bin target `part1` in package `day_16 v0.1.0 (/opt/rustwide/workdir/2024/day_16)` has the same output filename as the bin target `part1` in package `day_15 v0.1.0 (/opt/rustwide/workdir/2024/day_15)`.
[INFO] [stderr] Colliding filename is: /opt/rustwide/target/debug/part1.dwp
[INFO] [stderr] The targets should have unique names.
[INFO] [stderr] Consider changing their names to be unique or compiling them separately.
[INFO] [stderr] This may become a hard error in the future; see <https://github.com/rust-lang/cargo/issues/6313>.
[INFO] [stderr] warning: output filename collision.
[INFO] [stderr] The bin target `part1` in package `day_17 v0.1.0 (/opt/rustwide/workdir/2024/day_17)` has the same output filename as the bin target `part1` in package `day_16 v0.1.0 (/opt/rustwide/workdir/2024/day_16)`.
[INFO] [stderr] Colliding filename is: /opt/rustwide/target/debug/part1
[INFO] [stderr] The targets should have unique names.
[INFO] [stderr] Consider changing their names to be unique or compiling them separately.
[INFO] [stderr] This may become a hard error in the future; see <https://github.com/rust-lang/cargo/issues/6313>.
[INFO] [stderr] warning: output filename collision.
[INFO] [stderr] The bin target `part1` in package `day_17 v0.1.0 (/opt/rustwide/workdir/2024/day_17)` has the same output filename as the bin target `part1` in package `day_16 v0.1.0 (/opt/rustwide/workdir/2024/day_16)`.
[INFO] [stderr] Colliding filename is: /opt/rustwide/target/debug/part1.dwp
[INFO] [stderr] The targets should have unique names.
[INFO] [stderr] Consider changing their names to be unique or compiling them separately.
[INFO] [stderr] This may become a hard error in the future; see <https://github.com/rust-lang/cargo/issues/6313>.
[INFO] [stderr] warning: output filename collision.
[INFO] [stderr] The bin target `part1` in package `day_18 v0.1.0 (/opt/rustwide/workdir/2024/day_18)` has the same output filename as the bin target `part1` in package `day_17 v0.1.0 (/opt/rustwide/workdir/2024/day_17)`.
[INFO] [stderr] Colliding filename is: /opt/rustwide/target/debug/part1
[INFO] [stderr] The targets should have unique names.
[INFO] [stderr] Consider changing their names to be unique or compiling them separately.
[INFO] [stderr] This may become a hard error in the future; see <https://github.com/rust-lang/cargo/issues/6313>.
[INFO] [stderr] warning: output filename collision.
[INFO] [stderr] The bin target `part1` in package `day_18 v0.1.0 (/opt/rustwide/workdir/2024/day_18)` has the same output filename as the bin target `part1` in package `day_17 v0.1.0 (/opt/rustwide/workdir/2024/day_17)`.
[INFO] [stderr] Colliding filename is: /opt/rustwide/target/debug/part1.dwp
[INFO] [stderr] The targets should have unique names.
[INFO] [stderr] Consider changing their names to be unique or compiling them separately.
[INFO] [stderr] This may become a hard error in the future; see <https://github.com/rust-lang/cargo/issues/6313>.
[INFO] [stderr] warning: output filename collision.
[INFO] [stderr] The bin target `part1` in package `day_19 v0.1.0 (/opt/rustwide/workdir/2024/day_19)` has the same output filename as the bin target `part1` in package `day_18 v0.1.0 (/opt/rustwide/workdir/2024/day_18)`.
[INFO] [stderr] Colliding filename is: /opt/rustwide/target/debug/part1
[INFO] [stderr] The targets should have unique names.
[INFO] [stderr] Consider changing their names to be unique or compiling them separately.
[INFO] [stderr] This may become a hard error in the future; see <https://github.com/rust-lang/cargo/issues/6313>.
[INFO] [stderr] warning: output filename collision.
[INFO] [stderr] The bin target `part1` in package `day_19 v0.1.0 (/opt/rustwide/workdir/2024/day_19)` has the same output filename as the bin target `part1` in package `day_18 v0.1.0 (/opt/rustwide/workdir/2024/day_18)`.
[INFO] [stderr] Colliding filename is: /opt/rustwide/target/debug/part1.dwp
[INFO] [stderr] The targets should have unique names.
[INFO] [stderr] Consider changing their names to be unique or compiling them separately.
[INFO] [stderr] This may become a hard error in the future; see <https://github.com/rust-lang/cargo/issues/6313>.
[INFO] [stderr] warning: output filename collision.
[INFO] [stderr] The bin target `part1` in package `day_20 v0.1.0 (/opt/rustwide/workdir/2024/day_20)` has the same output filename as the bin target `part1` in package `day_19 v0.1.0 (/opt/rustwide/workdir/2024/day_19)`.
[INFO] [stderr] Colliding filename is: /opt/rustwide/target/debug/part1
[INFO] [stderr] The targets should have unique names.
[INFO] [stderr] Consider changing their names to be unique or compiling them separately.
[INFO] [stderr] This may become a hard error in the future; see <https://github.com/rust-lang/cargo/issues/6313>.
[INFO] [stderr] warning: output filename collision.
[INFO] [stderr] The bin target `part1` in package `day_20 v0.1.0 (/opt/rustwide/workdir/2024/day_20)` has the same output filename as the bin target `part1` in package `day_19 v0.1.0 (/opt/rustwide/workdir/2024/day_19)`.
[INFO] [stderr] Colliding filename is: /opt/rustwide/target/debug/part1.dwp
[INFO] [stderr] The targets should have unique names.
[INFO] [stderr] Consider changing their names to be unique or compiling them separately.
[INFO] [stderr] This may become a hard error in the future; see <https://github.com/rust-lang/cargo/issues/6313>.
[INFO] [stderr] warning: output filename collision.
[INFO] [stderr] The bin target `part1` in package `day_21 v0.1.0 (/opt/rustwide/workdir/2024/day_21)` has the same output filename as the bin target `part1` in package `day_20 v0.1.0 (/opt/rustwide/workdir/2024/day_20)`.
[INFO] [stderr] Colliding filename is: /opt/rustwide/target/debug/part1
[INFO] [stderr] The targets should have unique names.
[INFO] [stderr] Consider changing their names to be unique or compiling them separately.
[INFO] [stderr] This may become a hard error in the future; see <https://github.com/rust-lang/cargo/issues/6313>.
[INFO] [stderr] warning: output filename collision.
[INFO] [stderr] The bin target `part1` in package `day_21 v0.1.0 (/opt/rustwide/workdir/2024/day_21)` has the same output filename as the bin target `part1` in package `day_20 v0.1.0 (/opt/rustwide/workdir/2024/day_20)`.
[INFO] [stderr] Colliding filename is: /opt/rustwide/target/debug/part1.dwp
[INFO] [stderr] The targets should have unique names.
[INFO] [stderr] Consider changing their names to be unique or compiling them separately.
[INFO] [stderr] This may become a hard error in the future; see <https://github.com/rust-lang/cargo/issues/6313>.
[INFO] [stderr] warning: output filename collision.
[INFO] [stderr] The bin target `part1` in package `day_22 v0.1.0 (/opt/rustwide/workdir/2024/day_22)` has the same output filename as the bin target `part1` in package `day_21 v0.1.0 (/opt/rustwide/workdir/2024/day_21)`.
[INFO] [stderr] Colliding filename is: /opt/rustwide/target/debug/part1
[INFO] [stderr] The targets should have unique names.
[INFO] [stderr] Consider changing their names to be unique or compiling them separately.
[INFO] [stderr] This may become a hard error in the future; see <https://github.com/rust-lang/cargo/issues/6313>.
[INFO] [stderr] warning: output filename collision.
[INFO] [stderr] The bin target `part1` in package `day_22 v0.1.0 (/opt/rustwide/workdir/2024/day_22)` has the same output filename as the bin target `part1` in package `day_21 v0.1.0 (/opt/rustwide/workdir/2024/day_21)`.
[INFO] [stderr] Colliding filename is: /opt/rustwide/target/debug/part1.dwp
[INFO] [stderr] The targets should have unique names.
[INFO] [stderr] Consider changing their names to be unique or compiling them separately.
[INFO] [stderr] This may become a hard error in the future; see <https://github.com/rust-lang/cargo/issues/6313>.
[INFO] [stderr] warning: output filename collision.
[INFO] [stderr] The bin target `part1` in package `day_23 v0.1.0 (/opt/rustwide/workdir/2024/day_23)` has the same output filename as the bin target `part1` in package `day_22 v0.1.0 (/opt/rustwide/workdir/2024/day_22)`.
[INFO] [stderr] Colliding filename is: /opt/rustwide/target/debug/part1
[INFO] [stderr] The targets should have unique names.
[INFO] [stderr] Consider changing their names to be unique or compiling them separately.
[INFO] [stderr] This may become a hard error in the future; see <https://github.com/rust-lang/cargo/issues/6313>.
[INFO] [stderr] warning: output filename collision.
[INFO] [stderr] The bin target `part1` in package `day_23 v0.1.0 (/opt/rustwide/workdir/2024/day_23)` has the same output filename as the bin target `part1` in package `day_22 v0.1.0 (/opt/rustwide/workdir/2024/day_22)`.
[INFO] [stderr] Colliding filename is: /opt/rustwide/target/debug/part1.dwp
[INFO] [stderr] The targets should have unique names.
[INFO] [stderr] Consider changing their names to be unique or compiling them separately.
[INFO] [stderr] This may become a hard error in the future; see <https://github.com/rust-lang/cargo/issues/6313>.
[INFO] [stderr] warning: output filename collision.
[INFO] [stderr] The bin target `part1` in package `day_24 v0.1.0 (/opt/rustwide/workdir/2024/day_24)` has the same output filename as the bin target `part1` in package `day_23 v0.1.0 (/opt/rustwide/workdir/2024/day_23)`.
[INFO] [stderr] Colliding filename is: /opt/rustwide/target/debug/part1
[INFO] [stderr] The targets should have unique names.
[INFO] [stderr] Consider changing their names to be unique or compiling them separately.
[INFO] [stderr] This may become a hard error in the future; see <https://github.com/rust-lang/cargo/issues/6313>.
[INFO] [stderr] warning: output filename collision.
[INFO] [stderr] The bin target `part1` in package `day_24 v0.1.0 (/opt/rustwide/workdir/2024/day_24)` has the same output filename as the bin target `part1` in package `day_23 v0.1.0 (/opt/rustwide/workdir/2024/day_23)`.
[INFO] [stderr] Colliding filename is: /opt/rustwide/target/debug/part1.dwp
[INFO] [stderr] The targets should have unique names.
[INFO] [stderr] Consider changing their names to be unique or compiling them separately.
[INFO] [stderr] This may become a hard error in the future; see <https://github.com/rust-lang/cargo/issues/6313>.
[INFO] [stderr] warning: output filename collision.
[INFO] [stderr] The bin target `part1` in package `day_25 v0.1.0 (/opt/rustwide/workdir/2024/day_25)` has the same output filename as the bin target `part1` in package `day_24 v0.1.0 (/opt/rustwide/workdir/2024/day_24)`.
[INFO] [stderr] Colliding filename is: /opt/rustwide/target/debug/part1
[INFO] [stderr] The targets should have unique names.
[INFO] [stderr] Consider changing their names to be unique or compiling them separately.
[INFO] [stderr] This may become a hard error in the future; see <https://github.com/rust-lang/cargo/issues/6313>.
[INFO] [stderr] warning: output filename collision.
[INFO] [stderr] The bin target `part1` in package `day_25 v0.1.0 (/opt/rustwide/workdir/2024/day_25)` has the same output filename as the bin target `part1` in package `day_24 v0.1.0 (/opt/rustwide/workdir/2024/day_24)`.
[INFO] [stderr] Colliding filename is: /opt/rustwide/target/debug/part1.dwp
[INFO] [stderr] The targets should have unique names.
[INFO] [stderr] Consider changing their names to be unique or compiling them separately.
[INFO] [stderr] This may become a hard error in the future; see <https://github.com/rust-lang/cargo/issues/6313>.
[INFO] [stderr]    Compiling minimal-lexical v0.2.1
[INFO] [stderr]    Compiling memchr v2.7.4
[INFO] [stderr]    Compiling either v1.13.0
[INFO] [stderr]    Compiling serde v1.0.215
[INFO] [stderr]    Compiling sorted-vec v0.8.5
[INFO] [stderr]    Compiling day_25 v0.1.0 (/opt/rustwide/workdir/2024/day_25)
[INFO] [stderr]    Compiling day_12 v0.1.0 (/opt/rustwide/workdir/2024/day_12)
[INFO] [stderr]    Compiling day_09 v0.1.0 (/opt/rustwide/workdir/2024/day_09)
[INFO] [stderr]    Compiling day_04 v0.1.0 (/opt/rustwide/workdir/2024/day_04)
[INFO] [stderr]    Compiling day_24 v0.1.0 (/opt/rustwide/workdir/2024/day_24)
[INFO] [stderr]    Compiling day_11 v0.1.0 (/opt/rustwide/workdir/2024/day_11)
[INFO] [stderr]    Compiling day_02 v0.1.0 (/opt/rustwide/workdir/2024/day_02)
[INFO] [stderr]    Compiling day_08 v0.1.0 (/opt/rustwide/workdir/2024/day_08)
[INFO] [stderr]    Compiling day_14 v0.1.0 (/opt/rustwide/workdir/2024/day_14)
[INFO] [stderr]    Compiling day_06 v0.1.0 (/opt/rustwide/workdir/2024/day_06)
[INFO] [stdout] warning: unused import: `std::result`
[INFO] [stdout]  --> 2024/day_04/src/bin/part2.rs:1:5
[INFO] [stdout]   |
[INFO] [stdout] 1 | use std::result;
[INFO] [stdout]   |     ^^^^^^^^^^^
[INFO] [stdout]   |
[INFO] [stdout]   = note: `#[warn(unused_imports)]` on by default
[INFO] [stdout] 
[INFO] [stdout] 
[INFO] [stdout] warning: unused variable: `input`
[INFO] [stdout]  --> 2024/day_14/src/bin/part1.rs:9:10
[INFO] [stdout]   |
[INFO] [stdout] 9 | fn part1(input: &str) -> i32 {
[INFO] [stdout]   |          ^^^^^ help: if this is intentional, prefix it with an underscore: `_input`
[INFO] [stdout]   |
[INFO] [stdout]   = note: `#[warn(unused_variables)]` on by default
[INFO] [stdout] 
[INFO] [stdout] 
[INFO] [stdout] warning: unused variable: `input`
[INFO] [stdout]  --> 2024/day_25/src/bin/part1.rs:9:10
[INFO] [stdout]   |
[INFO] [stdout] 9 | fn part1(input: &str) -> i32 {
[INFO] [stdout]   |          ^^^^^ help: if this is intentional, prefix it with an underscore: `_input`
[INFO] [stdout]   |
[INFO] [stdout]   = note: `#[warn(unused_variables)]` on by default
[INFO] [stdout] 
[INFO] [stdout] 
[INFO] [stdout] warning: unused variable: `r`
[INFO] [stdout]   --> 2024/day_12/src/bin/part2.rs:13:10
[INFO] [stdout]    |
[INFO] [stdout] 13 |     for (r, l) in input.lines().enumerate() {
[INFO] [stdout]    |          ^ help: if this is intentional, prefix it with an underscore: `_r`
[INFO] [stdout]    |
[INFO] [stdout]    = note: `#[warn(unused_variables)]` on by default
[INFO] [stdout] 
[INFO] [stdout] 
[INFO] [stdout] warning: unused variable: `c`
[INFO] [stdout]   --> 2024/day_12/src/bin/part2.rs:15:14
[INFO] [stdout]    |
[INFO] [stdout] 15 |         for (c, ch) in l.chars().enumerate() {
[INFO] [stdout]    |              ^ help: if this is intentional, prefix it with an underscore: `_c`
[INFO] [stdout] 
[INFO] [stdout] 
[INFO] [stdout] warning: unused variable: `input`
[INFO] [stdout]  --> 2024/day_24/src/bin/part1.rs:9:10
[INFO] [stdout]   |
[INFO] [stdout] 9 | fn part1(input: &str) -> i32 {
[INFO] [stdout]   |          ^^^^^ help: if this is intentional, prefix it with an underscore: `_input`
[INFO] [stdout]   |
[INFO] [stdout]   = note: `#[warn(unused_variables)]` on by default
[INFO] [stdout] 
[INFO] [stdout] 
[INFO] [stdout] warning: fields `start` and `len` are never read
[INFO] [stdout]  --> 2024/day_09/src/bin/part1.rs:4:5
[INFO] [stdout]   |
[INFO] [stdout] 2 | struct FileInfo {
[INFO] [stdout]   |        -------- fields in this struct
[INFO] [stdout] 3 |     id: u32,
[INFO] [stdout] 4 |     start: usize,
[INFO] [stdout]   |     ^^^^^
[INFO] [stdout] 5 |     len: usize,
[INFO] [stdout]   |     ^^^
[INFO] [stdout]   |
[INFO] [stdout]   = note: `FileInfo` has derived impls for the traits `Debug` and `Clone`, but these are intentionally ignored during dead code analysis
[INFO] [stdout]   = note: `#[warn(dead_code)]` on by default
[INFO] [stdout] 
[INFO] [stdout] 
[INFO] [stdout] warning: fields `start` and `len` are never read
[INFO] [stdout]   --> 2024/day_09/src/bin/part1.rs:10:5
[INFO] [stdout]    |
[INFO] [stdout] 9  | struct FreeInfo {
[INFO] [stdout]    |        -------- fields in this struct
[INFO] [stdout] 10 |     start: usize,
[INFO] [stdout]    |     ^^^^^
[INFO] [stdout] 11 |     len: usize,
[INFO] [stdout]    |     ^^^
[INFO] [stdout]    |
[INFO] [stdout]    = note: `FreeInfo` has derived impls for the traits `Debug` and `Clone`, but these are intentionally ignored during dead code analysis
[INFO] [stdout] 
[INFO] [stdout] 
[INFO] [stdout] warning: field `f` is never read
[INFO] [stdout]   --> 2024/day_09/src/bin/part1.rs:16:12
[INFO] [stdout]    |
[INFO] [stdout] 16 |     Free { f: FreeInfo },
[INFO] [stdout]    |     ----   ^
[INFO] [stdout]    |     |
[INFO] [stdout]    |     field in this variant
[INFO] [stdout]    |
[INFO] [stdout]    = note: `Block` has derived impls for the traits `Debug` and `Clone`, but these are intentionally ignored during dead code analysis
[INFO] [stdout] 
[INFO] [stdout] 
[INFO] [stdout] warning: function `print_disk` is never used
[INFO] [stdout]   --> 2024/day_09/src/bin/part1.rs:20:4
[INFO] [stdout]    |
[INFO] [stdout] 20 | fn print_disk(disk: &Vec<Block>) {
[INFO] [stdout]    |    ^^^^^^^^^^
[INFO] [stdout] 
[INFO] [stdout] 
[INFO] [stderr]    Compiling itertools v0.13.0
[INFO] [stderr]    Compiling day_01 v0.1.0 (/opt/rustwide/workdir/2024/day_01)
[INFO] [stdout] warning: unused import: `sorted_vec::SortedVec`
[INFO] [stdout]  --> 2024/day_01/src/bin/part2.rs:1:5
[INFO] [stdout]   |
[INFO] [stdout] 1 | use sorted_vec::SortedVec;
[INFO] [stdout]   |     ^^^^^^^^^^^^^^^^^^^^^
[INFO] [stdout]   |
[INFO] [stdout]   = note: `#[warn(unused_imports)]` on by default
[INFO] [stdout] 
[INFO] [stdout] 
[INFO] [stderr]    Compiling day_17 v0.1.0 (/opt/rustwide/workdir/2024/day_17)
[INFO] [stdout] warning: value assigned to `ret_a` is never read
[INFO] [stdout]   --> 2024/day_11/src/bin/part1.rs:21:13
[INFO] [stdout]    |
[INFO] [stdout] 21 |     let mut ret_a = String::new();
[INFO] [stdout]    |             ^^^^^
[INFO] [stdout]    |
[INFO] [stdout]    = help: maybe it is overwritten before being read?
[INFO] [stdout]    = note: `#[warn(unused_assignments)]` on by default
[INFO] [stdout] 
[INFO] [stdout] 
[INFO] [stdout] warning: unused variable: `input`
[INFO] [stdout]  --> 2024/day_17/src/bin/part1.rs:9:10
[INFO] [stdout]   |
[INFO] [stdout] 9 | fn part1(input: &str) -> i32 {
[INFO] [stdout]   |          ^^^^^ help: if this is intentional, prefix it with an underscore: `_input`
[INFO] [stdout]   |
[INFO] [stdout]   = note: `#[warn(unused_variables)]` on by default
[INFO] [stdout] 
[INFO] [stdout] 
[INFO] [stderr]    Compiling day_19 v0.1.0 (/opt/rustwide/workdir/2024/day_19)
[INFO] [stdout] warning: unused variable: `input`
[INFO] [stdout]  --> 2024/day_19/src/bin/part1.rs:9:10
[INFO] [stdout]   |
[INFO] [stdout] 9 | fn part1(input: &str) -> i32 {
[INFO] [stdout]   |          ^^^^^ help: if this is intentional, prefix it with an underscore: `_input`
[INFO] [stdout]   |
[INFO] [stdout]   = note: `#[warn(unused_variables)]` on by default
[INFO] [stdout] 
[INFO] [stdout] 
[INFO] [stderr]    Compiling day_20 v0.1.0 (/opt/rustwide/workdir/2024/day_20)
[INFO] [stderr]    Compiling day_21 v0.1.0 (/opt/rustwide/workdir/2024/day_21)
[INFO] [stdout] warning: unused variable: `input`
[INFO] [stdout]  --> 2024/day_20/src/bin/part1.rs:9:10
[INFO] [stdout]   |
[INFO] [stdout] 9 | fn part1(input: &str) -> i32 {
[INFO] [stdout]   |          ^^^^^ help: if this is intentional, prefix it with an underscore: `_input`
[INFO] [stdout]   |
[INFO] [stdout]   = note: `#[warn(unused_variables)]` on by default
[INFO] [stdout] 
[INFO] [stdout] 
[INFO] [stdout] warning: unused variable: `input`
[INFO] [stdout]  --> 2024/day_21/src/bin/part1.rs:9:10
[INFO] [stdout]   |
[INFO] [stdout] 9 | fn part1(input: &str) -> i32 {
[INFO] [stdout]   |          ^^^^^ help: if this is intentional, prefix it with an underscore: `_input`
[INFO] [stdout]   |
[INFO] [stdout]   = note: `#[warn(unused_variables)]` on by default
[INFO] [stdout] 
[INFO] [stdout] 
[INFO] [stderr]    Compiling day_16 v0.1.0 (/opt/rustwide/workdir/2024/day_16)
[INFO] [stderr]    Compiling day_22 v0.1.0 (/opt/rustwide/workdir/2024/day_22)
[INFO] [stdout] warning: unused variable: `input`
[INFO] [stdout]  --> 2024/day_16/src/bin/part1.rs:9:10
[INFO] [stdout]   |
[INFO] [stdout] 9 | fn part1(input: &str) -> i32 {
[INFO] [stdout]   |          ^^^^^ help: if this is intentional, prefix it with an underscore: `_input`
[INFO] [stdout]   |
[INFO] [stdout]   = note: `#[warn(unused_variables)]` on by default
[INFO] [stdout] 
[INFO] [stdout] 
[INFO] [stdout] warning: unused variable: `r`
[INFO] [stdout]   --> 2024/day_12/src/bin/part1.rs:13:10
[INFO] [stdout]    |
[INFO] [stdout] 13 |     for (r, l) in input.lines().enumerate() {
[INFO] [stdout]    |          ^ help: if this is intentional, prefix it with an underscore: `_r`
[INFO] [stdout]    |
[INFO] [stdout]    = note: `#[warn(unused_variables)]` on by default
[INFO] [stdout] 
[INFO] [stdout] 
[INFO] [stdout] warning: unused variable: `c`
[INFO] [stdout]   --> 2024/day_12/src/bin/part1.rs:15:14
[INFO] [stdout]    |
[INFO] [stdout] 15 |         for (c, ch) in l.chars().enumerate() {
[INFO] [stdout]    |              ^ help: if this is intentional, prefix it with an underscore: `_c`
[INFO] [stdout] 
[INFO] [stdout] 
[INFO] [stderr]    Compiling day_23 v0.1.0 (/opt/rustwide/workdir/2024/day_23)
[INFO] [stdout] warning: unused variable: `input`
[INFO] [stdout]  --> 2024/day_22/src/bin/part1.rs:9:10
[INFO] [stdout]   |
[INFO] [stdout] 9 | fn part1(input: &str) -> i32 {
[INFO] [stdout]   |          ^^^^^ help: if this is intentional, prefix it with an underscore: `_input`
[INFO] [stdout]   |
[INFO] [stdout]   = note: `#[warn(unused_variables)]` on by default
[INFO] [stdout] 
[INFO] [stdout] 
[INFO] [stderr]    Compiling nom v7.1.3
[INFO] [stdout] warning: unused variable: `input`
[INFO] [stdout]  --> 2024/day_23/src/bin/part1.rs:9:10
[INFO] [stdout]   |
[INFO] [stdout] 9 | fn part1(input: &str) -> i32 {
[INFO] [stdout]   |          ^^^^^ help: if this is intentional, prefix it with an underscore: `_input`
[INFO] [stdout]   |
[INFO] [stdout]   = note: `#[warn(unused_variables)]` on by default
[INFO] [stdout] 
[INFO] [stdout] 
[INFO] [stderr]    Compiling day_18 v0.1.0 (/opt/rustwide/workdir/2024/day_18)
[INFO] [stderr]    Compiling day_15 v0.1.0 (/opt/rustwide/workdir/2024/day_15)
[INFO] [stdout] warning: unused variable: `input`
[INFO] [stdout]  --> 2024/day_18/src/bin/part1.rs:9:10
[INFO] [stdout]   |
[INFO] [stdout] 9 | fn part1(input: &str) -> i32 {
[INFO] [stdout]   |          ^^^^^ help: if this is intentional, prefix it with an underscore: `_input`
[INFO] [stdout]   |
[INFO] [stdout]   = note: `#[warn(unused_variables)]` on by default
[INFO] [stdout] 
[INFO] [stdout] 
[INFO] [stdout] warning: field `sorted` is never read
[INFO] [stdout]  --> 2024/day_09/src/bin/part2.rs:6:5
[INFO] [stdout]   |
[INFO] [stdout] 2 | struct FileInfo {
[INFO] [stdout]   |        -------- field in this struct
[INFO] [stdout] ...
[INFO] [stdout] 6 |     sorted: bool,
[INFO] [stdout]   |     ^^^^^^
[INFO] [stdout]   |
[INFO] [stdout]   = note: `FileInfo` has derived impls for the traits `Debug` and `Clone`, but these are intentionally ignored during dead code analysis
[INFO] [stdout]   = note: `#[warn(dead_code)]` on by default
[INFO] [stdout] 
[INFO] [stdout] 
[INFO] [stdout] warning: unused import: `std::result`
[INFO] [stdout]  --> 2024/day_04/src/bin/part1.rs:1:5
[INFO] [stdout]   |
[INFO] [stdout] 1 | use std::result;
[INFO] [stdout]   |     ^^^^^^^^^^^
[INFO] [stdout]   |
[INFO] [stdout]   = note: `#[warn(unused_imports)]` on by default
[INFO] [stdout] 
[INFO] [stdout] 
[INFO] [stdout] warning: type `hit_direction` should have an upper camel case name
[INFO] [stdout]   --> 2024/day_04/src/bin/part1.rs:12:6
[INFO] [stdout]    |
[INFO] [stdout] 12 | enum hit_direction {
[INFO] [stdout]    |      ^^^^^^^^^^^^^ help: convert the identifier to upper camel case: `HitDirection`
[INFO] [stdout]    |
[INFO] [stdout]    = note: `#[warn(non_camel_case_types)]` on by default
[INFO] [stdout] 
[INFO] [stdout] 
[INFO] [stdout] warning: variant `forward` should have an upper camel case name
[INFO] [stdout]   --> 2024/day_04/src/bin/part1.rs:13:5
[INFO] [stdout]    |
[INFO] [stdout] 13 |     forward(usize, usize),
[INFO] [stdout]    |     ^^^^^^^ help: convert the identifier to upper camel case (notice the capitalization): `Forward`
[INFO] [stdout] 
[INFO] [stdout] 
[INFO] [stdout] warning: variant `reverse` should have an upper camel case name
[INFO] [stdout]   --> 2024/day_04/src/bin/part1.rs:14:5
[INFO] [stdout]    |
[INFO] [stdout] 14 |     reverse(usize, usize),
[INFO] [stdout]    |     ^^^^^^^ help: convert the identifier to upper camel case: `Reverse`
[INFO] [stdout] 
[INFO] [stdout] 
[INFO] [stdout] warning: variant `up_left` should have an upper camel case name
[INFO] [stdout]   --> 2024/day_04/src/bin/part1.rs:15:5
[INFO] [stdout]    |
[INFO] [stdout] 15 |     up_left(usize, usize),
[INFO] [stdout]    |     ^^^^^^^ help: convert the identifier to upper camel case: `UpLeft`
[INFO] [stdout] 
[INFO] [stdout] 
[INFO] [stdout] warning: variant `up` should have an upper camel case name
[INFO] [stdout]   --> 2024/day_04/src/bin/part1.rs:16:5
[INFO] [stdout]    |
[INFO] [stdout] 16 |     up(usize, usize),
[INFO] [stdout]    |     ^^ help: convert the identifier to upper camel case (notice the capitalization): `Up`
[INFO] [stdout] 
[INFO] [stdout] 
[INFO] [stdout] warning: variant `up_right` should have an upper camel case name
[INFO] [stdout]   --> 2024/day_04/src/bin/part1.rs:17:5
[INFO] [stdout]    |
[INFO] [stdout] 17 |     up_right(usize, usize),
[INFO] [stdout]    |     ^^^^^^^^ help: convert the identifier to upper camel case: `UpRight`
[INFO] [stdout] 
[INFO] [stdout] 
[INFO] [stdout] warning: variant `down_left` should have an upper camel case name
[INFO] [stdout]   --> 2024/day_04/src/bin/part1.rs:18:5
[INFO] [stdout]    |
[INFO] [stdout] 18 |     down_left(usize, usize),
[INFO] [stdout]    |     ^^^^^^^^^ help: convert the identifier to upper camel case: `DownLeft`
[INFO] [stdout] 
[INFO] [stdout] 
[INFO] [stdout] warning: variant `down` should have an upper camel case name
[INFO] [stdout]   --> 2024/day_04/src/bin/part1.rs:19:5
[INFO] [stdout]    |
[INFO] [stdout] 19 |     down(usize, usize),
[INFO] [stdout]    |     ^^^^ help: convert the identifier to upper camel case: `Down`
[INFO] [stdout] 
[INFO] [stdout] 
[INFO] [stdout] warning: variant `down_right` should have an upper camel case name
[INFO] [stdout]   --> 2024/day_04/src/bin/part1.rs:20:5
[INFO] [stdout]    |
[INFO] [stdout] 20 |     down_right(usize, usize),
[INFO] [stdout]    |     ^^^^^^^^^^ help: convert the identifier to upper camel case: `DownRight`
[INFO] [stdout] 
[INFO] [stdout] 
[INFO] [stdout] warning: unused variable: `input`
[INFO] [stdout]  --> 2024/day_15/src/bin/part1.rs:9:10
[INFO] [stdout]   |
[INFO] [stdout] 9 | fn part1(input: &str) -> i32 {
[INFO] [stdout]   |          ^^^^^ help: if this is intentional, prefix it with an underscore: `_input`
[INFO] [stdout]   |
[INFO] [stdout]   = note: `#[warn(unused_variables)]` on by default
[INFO] [stdout] 
[INFO] [stdout] 
[INFO] [stdout] warning: fields `0` and `1` are never read
[INFO] [stdout]   --> 2024/day_04/src/bin/part1.rs:13:13
[INFO] [stdout]    |
[INFO] [stdout] 13 |     forward(usize, usize),
[INFO] [stdout]    |     ------- ^^^^^  ^^^^^
[INFO] [stdout]    |     |
[INFO] [stdout]    |     fields in this variant
[INFO] [stdout]    |
[INFO] [stdout]    = note: `hit_direction` has a derived impl for the trait `Debug`, but this is intentionally ignored during dead code analysis
[INFO] [stdout]    = note: `#[warn(dead_code)]` on by default
[INFO] [stdout] help: consider changing the fields to be of unit type to suppress this warning while preserving the field numbering, or remove the fields
[INFO] [stdout]    |
[INFO] [stdout] 13 |     forward((), ()),
[INFO] [stdout]    |             ~~  ~~
[INFO] [stdout] 
[INFO] [stdout] 
[INFO] [stdout] warning: fields `0` and `1` are never read
[INFO] [stdout]   --> 2024/day_04/src/bin/part1.rs:14:13
[INFO] [stdout]    |
[INFO] [stdout] 14 |     reverse(usize, usize),
[INFO] [stdout]    |     ------- ^^^^^  ^^^^^
[INFO] [stdout]    |     |
[INFO] [stdout]    |     fields in this variant
[INFO] [stdout]    |
[INFO] [stdout]    = note: `hit_direction` has a derived impl for the trait `Debug`, but this is intentionally ignored during dead code analysis
[INFO] [stdout] help: consider changing the fields to be of unit type to suppress this warning while preserving the field numbering, or remove the fields
[INFO] [stdout]    |
[INFO] [stdout] 14 |     reverse((), ()),
[INFO] [stdout]    |             ~~  ~~
[INFO] [stdout] 
[INFO] [stdout] 
[INFO] [stdout] warning: fields `0` and `1` are never read
[INFO] [stdout]   --> 2024/day_04/src/bin/part1.rs:15:13
[INFO] [stdout]    |
[INFO] [stdout] 15 |     up_left(usize, usize),
[INFO] [stdout]    |     ------- ^^^^^  ^^^^^
[INFO] [stdout]    |     |
[INFO] [stdout]    |     fields in this variant
[INFO] [stdout]    |
[INFO] [stdout]    = note: `hit_direction` has a derived impl for the trait `Debug`, but this is intentionally ignored during dead code analysis
[INFO] [stdout] help: consider changing the fields to be of unit type to suppress this warning while preserving the field numbering, or remove the fields
[INFO] [stdout]    |
[INFO] [stdout] 15 |     up_left((), ()),
[INFO] [stdout]    |             ~~  ~~
[INFO] [stdout] 
[INFO] [stdout] 
[INFO] [stdout] warning: fields `0` and `1` are never read
[INFO] [stdout]   --> 2024/day_04/src/bin/part1.rs:16:8
[INFO] [stdout]    |
[INFO] [stdout] 16 |     up(usize, usize),
[INFO] [stdout]    |     -- ^^^^^  ^^^^^
[INFO] [stdout]    |     |
[INFO] [stdout]    |     fields in this variant
[INFO] [stdout]    |
[INFO] [stdout]    = note: `hit_direction` has a derived impl for the trait `Debug`, but this is intentionally ignored during dead code analysis
[INFO] [stdout] help: consider changing the fields to be of unit type to suppress this warning while preserving the field numbering, or remove the fields
[INFO] [stdout]    |
[INFO] [stdout] 16 |     up((), ()),
[INFO] [stdout]    |        ~~  ~~
[INFO] [stdout] 
[INFO] [stdout] 
[INFO] [stdout] warning: fields `0` and `1` are never read
[INFO] [stdout]   --> 2024/day_04/src/bin/part1.rs:17:14
[INFO] [stdout]    |
[INFO] [stdout] 17 |     up_right(usize, usize),
[INFO] [stdout]    |     -------- ^^^^^  ^^^^^
[INFO] [stdout]    |     |
[INFO] [stdout]    |     fields in this variant
[INFO] [stdout]    |
[INFO] [stdout]    = note: `hit_direction` has a derived impl for the trait `Debug`, but this is intentionally ignored during dead code analysis
[INFO] [stdout] help: consider changing the fields to be of unit type to suppress this warning while preserving the field numbering, or remove the fields
[INFO] [stdout]    |
[INFO] [stdout] 17 |     up_right((), ()),
[INFO] [stdout]    |              ~~  ~~
[INFO] [stdout] 
[INFO] [stdout] 
[INFO] [stdout] warning: fields `0` and `1` are never read
[INFO] [stdout]   --> 2024/day_04/src/bin/part1.rs:18:15
[INFO] [stdout]    |
[INFO] [stdout] 18 |     down_left(usize, usize),
[INFO] [stdout]    |     --------- ^^^^^  ^^^^^
[INFO] [stdout]    |     |
[INFO] [stdout]    |     fields in this variant
[INFO] [stdout]    |
[INFO] [stdout]    = note: `hit_direction` has a derived impl for the trait `Debug`, but this is intentionally ignored during dead code analysis
[INFO] [stdout] help: consider changing the fields to be of unit type to suppress this warning while preserving the field numbering, or remove the fields
[INFO] [stdout]    |
[INFO] [stdout] 18 |     down_left((), ()),
[INFO] [stdout]    |               ~~  ~~
[INFO] [stdout] 
[INFO] [stdout] 
[INFO] [stdout] warning: fields `0` and `1` are never read
[INFO] [stdout]   --> 2024/day_04/src/bin/part1.rs:19:10
[INFO] [stdout]    |
[INFO] [stdout] 19 |     down(usize, usize),
[INFO] [stdout]    |     ---- ^^^^^  ^^^^^
[INFO] [stdout]    |     |
[INFO] [stdout]    |     fields in this variant
[INFO] [stdout]    |
[INFO] [stdout]    = note: `hit_direction` has a derived impl for the trait `Debug`, but this is intentionally ignored during dead code analysis
[INFO] [stdout] help: consider changing the fields to be of unit type to suppress this warning while preserving the field numbering, or remove the fields
[INFO] [stdout]    |
[INFO] [stdout] 19 |     down((), ()),
[INFO] [stdout]    |          ~~  ~~
[INFO] [stdout] 
[INFO] [stdout] 
[INFO] [stdout] warning: fields `0` and `1` are never read
[INFO] [stdout]   --> 2024/day_04/src/bin/part1.rs:20:16
[INFO] [stdout]    |
[INFO] [stdout] 20 |     down_right(usize, usize),
[INFO] [stdout]    |     ---------- ^^^^^  ^^^^^
[INFO] [stdout]    |     |
[INFO] [stdout]    |     fields in this variant
[INFO] [stdout]    |
[INFO] [stdout]    = note: `hit_direction` has a derived impl for the trait `Debug`, but this is intentionally ignored during dead code analysis
[INFO] [stdout] help: consider changing the fields to be of unit type to suppress this warning while preserving the field numbering, or remove the fields
[INFO] [stdout]    |
[INFO] [stdout] 20 |     down_right((), ()),
[INFO] [stdout]    |                ~~  ~~
[INFO] [stdout] 
[INFO] [stdout] 
[INFO] [stderr]    Compiling day_10 v0.1.0 (/opt/rustwide/workdir/2024/day_10)
[INFO] [stdout] warning: unused import: `itertools::Itertools`
[INFO] [stdout]  --> 2024/day_10/src/bin/part2.rs:1:5
[INFO] [stdout]   |
[INFO] [stdout] 1 | use itertools::Itertools;
[INFO] [stdout]   |     ^^^^^^^^^^^^^^^^^^^^
[INFO] [stdout]   |
[INFO] [stdout]   = note: `#[warn(unused_imports)]` on by default
[INFO] [stdout] 
[INFO] [stdout] 
[INFO] [stdout] warning: unused variable: `rows`
[INFO] [stdout]   --> 2024/day_10/src/bin/part1.rs:74:9
[INFO] [stdout]    |
[INFO] [stdout] 74 |     let rows = grid.len();
[INFO] [stdout]    |         ^^^^ help: if this is intentional, prefix it with an underscore: `_rows`
[INFO] [stdout]    |
[INFO] [stdout]    = note: `#[warn(unused_variables)]` on by default
[INFO] [stdout] 
[INFO] [stdout] 
[INFO] [stdout] warning: unused variable: `cols`
[INFO] [stdout]   --> 2024/day_10/src/bin/part1.rs:75:9
[INFO] [stdout]    |
[INFO] [stdout] 75 |     let cols = grid[0].len();
[INFO] [stdout]    |         ^^^^ help: if this is intentional, prefix it with an underscore: `_cols`
[INFO] [stdout] 
[INFO] [stdout] 
[INFO] [stdout] warning: unused variable: `rows`
[INFO] [stdout]   --> 2024/day_10/src/bin/part2.rs:74:9
[INFO] [stdout]    |
[INFO] [stdout] 74 |     let rows = grid.len();
[INFO] [stdout]    |         ^^^^ help: if this is intentional, prefix it with an underscore: `_rows`
[INFO] [stdout]    |
[INFO] [stdout]    = note: `#[warn(unused_variables)]` on by default
[INFO] [stdout] 
[INFO] [stdout] 
[INFO] [stdout] warning: unused variable: `cols`
[INFO] [stdout]   --> 2024/day_10/src/bin/part2.rs:75:9
[INFO] [stdout]    |
[INFO] [stdout] 75 |     let cols = grid[0].len();
[INFO] [stdout]    |         ^^^^ help: if this is intentional, prefix it with an underscore: `_cols`
[INFO] [stdout] 
[INFO] [stdout] 
[INFO] [stderr]    Compiling day_03 v0.1.0 (/opt/rustwide/workdir/2024/day_03)
[INFO] [stderr]    Compiling day_07 v0.1.0 (/opt/rustwide/workdir/2024/day_07)
[INFO] [stderr]    Compiling day_13 v0.1.0 (/opt/rustwide/workdir/2024/day_13)
[INFO] [stdout] warning: unused imports: `anychar`, `complete`, and `recognize`
[INFO] [stdout]  --> 2024/day_07/src/bin/part1.rs:4:41
[INFO] [stdout]   |
[INFO] [stdout] 4 |     character::complete::{self, alpha0, anychar},
[INFO] [stdout]   |                                         ^^^^^^^
[INFO] [stdout] 5 |     combinator::{complete, recognize},
[INFO] [stdout]   |                  ^^^^^^^^  ^^^^^^^^^
[INFO] [stdout]   |
[INFO] [stdout]   = note: `#[warn(unused_imports)]` on by default
[INFO] [stdout] 
[INFO] [stdout] 
[INFO] [stdout] warning: unused variable: `a`
[INFO] [stdout]   --> 2024/day_07/src/bin/part2.rs:42:18
[INFO] [stdout]    |
[INFO] [stdout] 42 |         for (i, (a, b)) in self.numbers.iter().tuple_windows().enumerate() {
[INFO] [stdout]    |                  ^ help: if this is intentional, prefix it with an underscore: `_a`
[INFO] [stdout]    |
[INFO] [stdout]    = note: `#[warn(unused_variables)]` on by default
[INFO] [stdout] 
[INFO] [stdout] 
[INFO] [stdout] warning: unused variable: `i`
[INFO] [stdout]   --> 2024/day_07/src/bin/part2.rs:55:13
[INFO] [stdout]    |
[INFO] [stdout] 55 |         for i in 0..usize::pow(3, self.operators.len() as u32) {
[INFO] [stdout]    |             ^ help: if this is intentional, prefix it with an underscore: `_i`
[INFO] [stdout] 
[INFO] [stdout] 
[INFO] [stdout] warning: unused variable: `a`
[INFO] [stdout]   --> 2024/day_07/src/bin/part1.rs:38:18
[INFO] [stdout]    |
[INFO] [stdout] 38 |         for (i, (a, b)) in self.numbers.iter().tuple_windows().enumerate() {
[INFO] [stdout]    |                  ^ help: if this is intentional, prefix it with an underscore: `_a`
[INFO] [stdout]    |
[INFO] [stdout]    = note: `#[warn(unused_variables)]` on by default
[INFO] [stdout] 
[INFO] [stdout] 
[INFO] [stdout] warning: unused variable: `i`
[INFO] [stdout]   --> 2024/day_07/src/bin/part1.rs:59:13
[INFO] [stdout]    |
[INFO] [stdout] 59 |         for i in 0..1 << self.operators.len() {
[INFO] [stdout]    |             ^ help: if this is intentional, prefix it with an underscore: `_i`
[INFO] [stdout] 
[INFO] [stdout] 
[INFO] [stdout] warning: method `validate` is never used
[INFO] [stdout]   --> 2024/day_07/src/bin/part1.rs:50:8
[INFO] [stdout]    |
[INFO] [stdout] 33 | impl Equation {
[INFO] [stdout]    | ------------- method in this implementation
[INFO] [stdout] ...
[INFO] [stdout] 50 |     fn validate(&self) -> u64 {
[INFO] [stdout]    |        ^^^^^^^^
[INFO] [stdout]    |
[INFO] [stdout]    = note: `#[warn(dead_code)]` on by default
[INFO] [stdout] 
[INFO] [stdout] 
[INFO] [stderr]    Compiling multimap v0.10.0
[INFO] [stderr]    Compiling day_05 v0.1.0 (/opt/rustwide/workdir/2024/day_05)
[INFO] [stderr]     Finished `dev` profile [unoptimized + debuginfo] target(s) in 10.95s
[INFO] running `Command { std: "docker" "inspect" "52428a9539373723f77be146c7fe0f7b19658c3e8735566c6b7fc9baa4a3561d", kill_on_drop: false }`
[INFO] running `Command { std: "docker" "rm" "-f" "52428a9539373723f77be146c7fe0f7b19658c3e8735566c6b7fc9baa4a3561d", kill_on_drop: false }`
[INFO] [stdout] 52428a9539373723f77be146c7fe0f7b19658c3e8735566c6b7fc9baa4a3561d
[INFO] running `Command { std: "docker" "create" "-v" "/var/lib/crater-agent-workspace/builds/worker-3-tc2/target:/opt/rustwide/target:rw,Z" "-v" "/var/lib/crater-agent-workspace/builds/worker-3-tc2/source:/opt/rustwide/workdir:ro,Z" "-v" "/var/lib/crater-agent-workspace/cargo-home:/opt/rustwide/cargo-home:ro,Z" "-v" "/var/lib/crater-agent-workspace/rustup-home:/opt/rustwide/rustup-home:ro,Z" "-e" "SOURCE_DIR=/opt/rustwide/workdir" "-e" "CARGO_TARGET_DIR=/opt/rustwide/target" "-e" "CARGO_INCREMENTAL=0" "-e" "RUST_BACKTRACE=full" "-e" "RUSTFLAGS=--cap-lints=warn" "-e" "RUSTDOCFLAGS=--cap-lints=warn" "-e" "CARGO_HOME=/opt/rustwide/cargo-home" "-e" "RUSTUP_HOME=/opt/rustwide/rustup-home" "-w" "/opt/rustwide/workdir" "-m" "1610612736" "--user" "0:0" "--network" "none" "ghcr.io/rust-lang/crates-build-env/linux@sha256:f3a9d4ad9d972b27faf3965f35b62e55ba32bbce8f20bc8fe909558a86702fde" "/opt/rustwide/cargo-home/bin/cargo" "+beta-2024-12-08" "test" "--frozen" "--no-run" "--message-format=json", kill_on_drop: false }`
[INFO] [stdout] 261bbb5de7cca6719fa19a508d7bf6d929dedcafb84ba284244fd5c3fcb1cc16
[INFO] running `Command { std: "docker" "start" "-a" "261bbb5de7cca6719fa19a508d7bf6d929dedcafb84ba284244fd5c3fcb1cc16", kill_on_drop: false }`
[INFO] [stderr]    Compiling day_13 v0.1.0 (/opt/rustwide/workdir/2024/day_13)
[INFO] [stderr]    Compiling day_03 v0.1.0 (/opt/rustwide/workdir/2024/day_03)
[INFO] [stderr]    Compiling day_02 v0.1.0 (/opt/rustwide/workdir/2024/day_02)
[INFO] [stderr]    Compiling day_04 v0.1.0 (/opt/rustwide/workdir/2024/day_04)
[INFO] [stderr]    Compiling day_11 v0.1.0 (/opt/rustwide/workdir/2024/day_11)
[INFO] [stderr]    Compiling day_12 v0.1.0 (/opt/rustwide/workdir/2024/day_12)
[INFO] [stderr]    Compiling day_08 v0.1.0 (/opt/rustwide/workdir/2024/day_08)
[INFO] [stderr]    Compiling day_16 v0.1.0 (/opt/rustwide/workdir/2024/day_16)
[INFO] [stderr]    Compiling day_19 v0.1.0 (/opt/rustwide/workdir/2024/day_19)
[INFO] [stderr]    Compiling day_25 v0.1.0 (/opt/rustwide/workdir/2024/day_25)
[INFO] [stderr]    Compiling day_01 v0.1.0 (/opt/rustwide/workdir/2024/day_01)
[INFO] [stderr]    Compiling day_10 v0.1.0 (/opt/rustwide/workdir/2024/day_10)
[INFO] [stderr]    Compiling day_05 v0.1.0 (/opt/rustwide/workdir/2024/day_05)
[INFO] [stdout] warning: unused variable: `input`
[INFO] [stdout]  --> 2024/day_25/src/bin/part1.rs:9:10
[INFO] [stdout]   |
[INFO] [stdout] 9 | fn part1(input: &str) -> i32 {
[INFO] [stdout]   |          ^^^^^ help: if this is intentional, prefix it with an underscore: `_input`
[INFO] [stdout]   |
[INFO] [stdout]   = note: `#[warn(unused_variables)]` on by default
[INFO] [stdout] 
[INFO] [stdout] 
[INFO] [stdout] warning: unused variable: `r`
[INFO] [stdout]   --> 2024/day_12/src/bin/part1.rs:13:10
[INFO] [stdout]    |
[INFO] [stdout] 13 |     for (r, l) in input.lines().enumerate() {
[INFO] [stdout]    |          ^ help: if this is intentional, prefix it with an underscore: `_r`
[INFO] [stdout]    |
[INFO] [stdout]    = note: `#[warn(unused_variables)]` on by default
[INFO] [stdout] 
[INFO] [stdout] 
[INFO] [stdout] warning: unused variable: `c`
[INFO] [stdout]   --> 2024/day_12/src/bin/part1.rs:15:14
[INFO] [stdout]    |
[INFO] [stdout] 15 |         for (c, ch) in l.chars().enumerate() {
[INFO] [stdout]    |              ^ help: if this is intentional, prefix it with an underscore: `_c`
[INFO] [stdout] 
[INFO] [stdout] 
[INFO] [stdout] warning: unused variable: `input`
[INFO] [stdout]  --> 2024/day_19/src/bin/part1.rs:9:10
[INFO] [stdout]   |
[INFO] [stdout] 9 | fn part1(input: &str) -> i32 {
[INFO] [stdout]   |          ^^^^^ help: if this is intentional, prefix it with an underscore: `_input`
[INFO] [stdout]   |
[INFO] [stdout]   = note: `#[warn(unused_variables)]` on by default
[INFO] [stdout] 
[INFO] [stdout] 
[INFO] [stdout] warning: unused import: `std::result`
[INFO] [stdout]  --> 2024/day_04/src/bin/part2.rs:1:5
[INFO] [stdout]   |
[INFO] [stdout] 1 | use std::result;
[INFO] [stdout]   |     ^^^^^^^^^^^
[INFO] [stdout]   |
[INFO] [stdout]   = note: `#[warn(unused_imports)]` on by default
[INFO] [stdout] 
[INFO] [stdout] 
[INFO] [stdout] warning: unused import: `sorted_vec::SortedVec`
[INFO] [stdout]  --> 2024/day_01/src/bin/part2.rs:1:5
[INFO] [stdout]   |
[INFO] [stdout] 1 | use sorted_vec::SortedVec;
[INFO] [stdout]   |     ^^^^^^^^^^^^^^^^^^^^^
[INFO] [stdout]   |
[INFO] [stdout]   = note: `#[warn(unused_imports)]` on by default
[INFO] [stdout] 
[INFO] [stdout] 
[INFO] [stdout] warning: unused variable: `input`
[INFO] [stdout]  --> 2024/day_16/src/bin/part1.rs:9:10
[INFO] [stdout]   |
[INFO] [stdout] 9 | fn part1(input: &str) -> i32 {
[INFO] [stdout]   |          ^^^^^ help: if this is intentional, prefix it with an underscore: `_input`
[INFO] [stdout]   |
[INFO] [stdout]   = note: `#[warn(unused_variables)]` on by default
[INFO] [stdout] 
[INFO] [stdout] 
[INFO] [stdout] warning: value assigned to `ret_a` is never read
[INFO] [stdout]   --> 2024/day_11/src/bin/part1.rs:21:13
[INFO] [stdout]    |
[INFO] [stdout] 21 |     let mut ret_a = String::new();
[INFO] [stdout]    |             ^^^^^
[INFO] [stdout]    |
[INFO] [stdout]    = help: maybe it is overwritten before being read?
[INFO] [stdout]    = note: `#[warn(unused_assignments)]` on by default
[INFO] [stdout] 
[INFO] [stdout] 
[INFO] [stdout] warning: unused variable: `rows`
[INFO] [stdout]   --> 2024/day_10/src/bin/part1.rs:74:9
[INFO] [stdout]    |
[INFO] [stdout] 74 |     let rows = grid.len();
[INFO] [stdout]    |         ^^^^ help: if this is intentional, prefix it with an underscore: `_rows`
[INFO] [stdout]    |
[INFO] [stdout]    = note: `#[warn(unused_variables)]` on by default
[INFO] [stdout] 
[INFO] [stdout] 
[INFO] [stdout] warning: unused variable: `cols`
[INFO] [stdout]   --> 2024/day_10/src/bin/part1.rs:75:9
[INFO] [stdout]    |
[INFO] [stdout] 75 |     let cols = grid[0].len();
[INFO] [stdout]    |         ^^^^ help: if this is intentional, prefix it with an underscore: `_cols`
[INFO] [stdout] 
[INFO] [stdout] 
[INFO] [stderr]    Compiling day_07 v0.1.0 (/opt/rustwide/workdir/2024/day_07)
[INFO] [stdout] warning: unused imports: `anychar`, `complete`, and `recognize`
[INFO] [stdout]  --> 2024/day_07/src/bin/part1.rs:4:41
[INFO] [stdout]   |
[INFO] [stdout] 4 |     character::complete::{self, alpha0, anychar},
[INFO] [stdout]   |                                         ^^^^^^^
[INFO] [stdout] 5 |     combinator::{complete, recognize},
[INFO] [stdout]   |                  ^^^^^^^^  ^^^^^^^^^
[INFO] [stdout]   |
[INFO] [stdout]   = note: `#[warn(unused_imports)]` on by default
[INFO] [stdout] 
[INFO] [stdout] 
[INFO] [stdout] warning: unused variable: `a`
[INFO] [stdout]   --> 2024/day_07/src/bin/part2.rs:42:18
[INFO] [stdout]    |
[INFO] [stdout] 42 |         for (i, (a, b)) in self.numbers.iter().tuple_windows().enumerate() {
[INFO] [stdout]    |                  ^ help: if this is intentional, prefix it with an underscore: `_a`
[INFO] [stdout]    |
[INFO] [stdout]    = note: `#[warn(unused_variables)]` on by default
[INFO] [stdout] 
[INFO] [stdout] 
[INFO] [stdout] warning: unused variable: `i`
[INFO] [stdout]   --> 2024/day_07/src/bin/part2.rs:55:13
[INFO] [stdout]    |
[INFO] [stdout] 55 |         for i in 0..usize::pow(3, self.operators.len() as u32) {
[INFO] [stdout]    |             ^ help: if this is intentional, prefix it with an underscore: `_i`
[INFO] [stdout] 
[INFO] [stdout] 
[INFO] [stdout] warning: unused variable: `a`
[INFO] [stdout]   --> 2024/day_07/src/bin/part1.rs:38:18
[INFO] [stdout]    |
[INFO] [stdout] 38 |         for (i, (a, b)) in self.numbers.iter().tuple_windows().enumerate() {
[INFO] [stdout]    |                  ^ help: if this is intentional, prefix it with an underscore: `_a`
[INFO] [stdout]    |
[INFO] [stdout]    = note: `#[warn(unused_variables)]` on by default
[INFO] [stdout] 
[INFO] [stdout] 
[INFO] [stdout] warning: unused variable: `i`
[INFO] [stdout]   --> 2024/day_07/src/bin/part1.rs:59:13
[INFO] [stdout]    |
[INFO] [stdout] 59 |         for i in 0..1 << self.operators.len() {
[INFO] [stdout]    |             ^ help: if this is intentional, prefix it with an underscore: `_i`
[INFO] [stdout] 
[INFO] [stdout] 
[INFO] [stdout] warning: unused import: `itertools::Itertools`
[INFO] [stdout]  --> 2024/day_10/src/bin/part2.rs:1:5
[INFO] [stdout]   |
[INFO] [stdout] 1 | use itertools::Itertools;
[INFO] [stdout]   |     ^^^^^^^^^^^^^^^^^^^^
[INFO] [stdout]   |
[INFO] [stdout]   = note: `#[warn(unused_imports)]` on by default
[INFO] [stdout] 
[INFO] [stdout] 
[INFO] [stdout] warning: method `validate` is never used
[INFO] [stdout]   --> 2024/day_07/src/bin/part1.rs:50:8
[INFO] [stdout]    |
[INFO] [stdout] 33 | impl Equation {
[INFO] [stdout]    | ------------- method in this implementation
[INFO] [stdout] ...
[INFO] [stdout] 50 |     fn validate(&self) -> u64 {
[INFO] [stdout]    |        ^^^^^^^^
[INFO] [stdout]    |
[INFO] [stdout]    = note: `#[warn(dead_code)]` on by default
[INFO] [stdout] 
[INFO] [stdout] 
[INFO] [stderr]    Compiling day_09 v0.1.0 (/opt/rustwide/workdir/2024/day_09)
[INFO] [stderr]    Compiling day_18 v0.1.0 (/opt/rustwide/workdir/2024/day_18)
[INFO] [stderr]    Compiling day_24 v0.1.0 (/opt/rustwide/workdir/2024/day_24)
[INFO] [stdout] warning: unused variable: `rows`
[INFO] [stdout]   --> 2024/day_10/src/bin/part2.rs:74:9
[INFO] [stdout]    |
[INFO] [stdout] 74 |     let rows = grid.len();
[INFO] [stdout]    |         ^^^^ help: if this is intentional, prefix it with an underscore: `_rows`
[INFO] [stdout]    |
[INFO] [stdout]    = note: `#[warn(unused_variables)]` on by default
[INFO] [stdout] 
[INFO] [stdout] 
[INFO] [stdout] warning: unused variable: `cols`
[INFO] [stdout]   --> 2024/day_10/src/bin/part2.rs:75:9
[INFO] [stdout]    |
[INFO] [stdout] 75 |     let cols = grid[0].len();
[INFO] [stdout]    |         ^^^^ help: if this is intentional, prefix it with an underscore: `_cols`
[INFO] [stdout] 
[INFO] [stdout] 
[INFO] [stdout] warning: unused variable: `input`
[INFO] [stdout]  --> 2024/day_18/src/bin/part1.rs:9:10
[INFO] [stdout]   |
[INFO] [stdout] 9 | fn part1(input: &str) -> i32 {
[INFO] [stdout]   |          ^^^^^ help: if this is intentional, prefix it with an underscore: `_input`
[INFO] [stdout]   |
[INFO] [stdout]   = note: `#[warn(unused_variables)]` on by default
[INFO] [stdout] 
[INFO] [stdout] 
[INFO] [stdout] warning: unused variable: `input`
[INFO] [stdout]  --> 2024/day_24/src/bin/part1.rs:9:10
[INFO] [stdout]   |
[INFO] [stdout] 9 | fn part1(input: &str) -> i32 {
[INFO] [stdout]   |          ^^^^^ help: if this is intentional, prefix it with an underscore: `_input`
[INFO] [stdout]   |
[INFO] [stdout]   = note: `#[warn(unused_variables)]` on by default
[INFO] [stdout] 
[INFO] [stdout] 
[INFO] [stdout] warning: fields `start` and `len` are never read
[INFO] [stdout]  --> 2024/day_09/src/bin/part1.rs:4:5
[INFO] [stdout]   |
[INFO] [stdout] 2 | struct FileInfo {
[INFO] [stdout]   |        -------- fields in this struct
[INFO] [stdout] 3 |     id: u32,
[INFO] [stdout] 4 |     start: usize,
[INFO] [stdout]   |     ^^^^^
[INFO] [stdout] 5 |     len: usize,
[INFO] [stdout]   |     ^^^
[INFO] [stdout]   |
[INFO] [stdout]   = note: `FileInfo` has derived impls for the traits `Debug` and `Clone`, but these are intentionally ignored during dead code analysis
[INFO] [stdout]   = note: `#[warn(dead_code)]` on by default
[INFO] [stdout] 
[INFO] [stdout] 
[INFO] [stdout] warning: fields `start` and `len` are never read
[INFO] [stdout]   --> 2024/day_09/src/bin/part1.rs:10:5
[INFO] [stdout]    |
[INFO] [stdout] 9  | struct FreeInfo {
[INFO] [stdout]    |        -------- fields in this struct
[INFO] [stdout] 10 |     start: usize,
[INFO] [stdout]    |     ^^^^^
[INFO] [stdout] 11 |     len: usize,
[INFO] [stdout]    |     ^^^
[INFO] [stdout]    |
[INFO] [stdout]    = note: `FreeInfo` has derived impls for the traits `Debug` and `Clone`, but these are intentionally ignored during dead code analysis
[INFO] [stdout] 
[INFO] [stdout] 
[INFO] [stdout] warning: field `f` is never read
[INFO] [stdout]   --> 2024/day_09/src/bin/part1.rs:16:12
[INFO] [stdout]    |
[INFO] [stdout] 16 |     Free { f: FreeInfo },
[INFO] [stdout]    |     ----   ^
[INFO] [stdout]    |     |
[INFO] [stdout]    |     field in this variant
[INFO] [stdout]    |
[INFO] [stdout]    = note: `Block` has derived impls for the traits `Debug` and `Clone`, but these are intentionally ignored during dead code analysis
[INFO] [stdout] 
[INFO] [stdout] 
[INFO] [stdout] warning: function `print_disk` is never used
[INFO] [stdout]   --> 2024/day_09/src/bin/part1.rs:20:4
[INFO] [stdout]    |
[INFO] [stdout] 20 | fn print_disk(disk: &Vec<Block>) {
[INFO] [stdout]    |    ^^^^^^^^^^
[INFO] [stdout] 
[INFO] [stdout] 
[INFO] [stderr]    Compiling day_22 v0.1.0 (/opt/rustwide/workdir/2024/day_22)
[INFO] [stdout] warning: unused variable: `input`
[INFO] [stdout]  --> 2024/day_22/src/bin/part1.rs:9:10
[INFO] [stdout]   |
[INFO] [stdout] 9 | fn part1(input: &str) -> i32 {
[INFO] [stdout]   |          ^^^^^ help: if this is intentional, prefix it with an underscore: `_input`
[INFO] [stdout]   |
[INFO] [stdout]   = note: `#[warn(unused_variables)]` on by default
[INFO] [stdout] 
[INFO] [stdout] 
[INFO] [stderr]    Compiling day_14 v0.1.0 (/opt/rustwide/workdir/2024/day_14)
[INFO] [stderr]    Compiling day_06 v0.1.0 (/opt/rustwide/workdir/2024/day_06)
[INFO] [stdout] warning: unused variable: `input`
[INFO] [stdout]  --> 2024/day_14/src/bin/part1.rs:9:10
[INFO] [stdout]   |
[INFO] [stdout] 9 | fn part1(input: &str) -> i32 {
[INFO] [stdout]   |          ^^^^^ help: if this is intentional, prefix it with an underscore: `_input`
[INFO] [stdout]   |
[INFO] [stdout]   = note: `#[warn(unused_variables)]` on by default
[INFO] [stdout] 
[INFO] [stdout] 
[INFO] [stdout] warning: field `sorted` is never read
[INFO] [stdout]  --> 2024/day_09/src/bin/part2.rs:6:5
[INFO] [stdout]   |
[INFO] [stdout] 2 | struct FileInfo {
[INFO] [stdout]   |        -------- field in this struct
[INFO] [stdout] ...
[INFO] [stdout] 6 |     sorted: bool,
[INFO] [stdout]   |     ^^^^^^
[INFO] [stdout]   |
[INFO] [stdout]   = note: `FileInfo` has derived impls for the traits `Debug` and `Clone`, but these are intentionally ignored during dead code analysis
[INFO] [stdout]   = note: `#[warn(dead_code)]` on by default
[INFO] [stdout] 
[INFO] [stdout] 
[INFO] [stdout] warning: unused variable: `r`
[INFO] [stdout]   --> 2024/day_12/src/bin/part2.rs:13:10
[INFO] [stdout]    |
[INFO] [stdout] 13 |     for (r, l) in input.lines().enumerate() {
[INFO] [stdout]    |          ^ help: if this is intentional, prefix it with an underscore: `_r`
[INFO] [stdout]    |
[INFO] [stdout]    = note: `#[warn(unused_variables)]` on by default
[INFO] [stdout] 
[INFO] [stdout] 
[INFO] [stdout] warning: unused variable: `c`
[INFO] [stdout]   --> 2024/day_12/src/bin/part2.rs:15:14
[INFO] [stdout]    |
[INFO] [stdout] 15 |         for (c, ch) in l.chars().enumerate() {
[INFO] [stdout]    |              ^ help: if this is intentional, prefix it with an underscore: `_c`
[INFO] [stdout] 
[INFO] [stdout] 
[INFO] [stderr]    Compiling day_17 v0.1.0 (/opt/rustwide/workdir/2024/day_17)
[INFO] [stderr]    Compiling day_21 v0.1.0 (/opt/rustwide/workdir/2024/day_21)
[INFO] [stderr]    Compiling day_15 v0.1.0 (/opt/rustwide/workdir/2024/day_15)
[INFO] [stdout] warning: unused variable: `input`
[INFO] [stdout]  --> 2024/day_17/src/bin/part1.rs:9:10
[INFO] [stdout]   |
[INFO] [stdout] 9 | fn part1(input: &str) -> i32 {
[INFO] [stdout]   |          ^^^^^ help: if this is intentional, prefix it with an underscore: `_input`
[INFO] [stdout]   |
[INFO] [stdout]   = note: `#[warn(unused_variables)]` on by default
[INFO] [stdout] 
[INFO] [stdout] 
[INFO] [stderr]    Compiling day_20 v0.1.0 (/opt/rustwide/workdir/2024/day_20)
[INFO] [stdout] warning: unused variable: `input`
[INFO] [stdout]  --> 2024/day_21/src/bin/part1.rs:9:10
[INFO] [stdout]   |
[INFO] [stdout] 9 | fn part1(input: &str) -> i32 {
[INFO] [stdout]   |          ^^^^^ help: if this is intentional, prefix it with an underscore: `_input`
[INFO] [stdout]   |
[INFO] [stdout]   = note: `#[warn(unused_variables)]` on by default
[INFO] [stdout] 
[INFO] [stdout] 
[INFO] [stdout] warning: unused variable: `input`
[INFO] [stdout]  --> 2024/day_15/src/bin/part1.rs:9:10
[INFO] [stdout]   |
[INFO] [stdout] 9 | fn part1(input: &str) -> i32 {
[INFO] [stdout]   |          ^^^^^ help: if this is intentional, prefix it with an underscore: `_input`
[INFO] [stdout]   |
[INFO] [stdout]   = note: `#[warn(unused_variables)]` on by default
[INFO] [stdout] 
[INFO] [stdout] 
[INFO] [stdout] warning: unused variable: `input`
[INFO] [stdout]  --> 2024/day_20/src/bin/part1.rs:9:10
[INFO] [stdout]   |
[INFO] [stdout] 9 | fn part1(input: &str) -> i32 {
[INFO] [stdout]   |          ^^^^^ help: if this is intentional, prefix it with an underscore: `_input`
[INFO] [stdout]   |
[INFO] [stdout]   = note: `#[warn(unused_variables)]` on by default
[INFO] [stdout] 
[INFO] [stdout] 
[INFO] [stderr]    Compiling day_23 v0.1.0 (/opt/rustwide/workdir/2024/day_23)
[INFO] [stdout] warning: unused variable: `input`
[INFO] [stdout]  --> 2024/day_23/src/bin/part1.rs:9:10
[INFO] [stdout]   |
[INFO] [stdout] 9 | fn part1(input: &str) -> i32 {
[INFO] [stdout]   |          ^^^^^ help: if this is intentional, prefix it with an underscore: `_input`
[INFO] [stdout]   |
[INFO] [stdout]   = note: `#[warn(unused_variables)]` on by default
[INFO] [stdout] 
[INFO] [stdout] 
[INFO] [stdout] warning: unused import: `std::result`
[INFO] [stdout]  --> 2024/day_04/src/bin/part1.rs:1:5
[INFO] [stdout]   |
[INFO] [stdout] 1 | use std::result;
[INFO] [stdout]   |     ^^^^^^^^^^^
[INFO] [stdout]   |
[INFO] [stdout]   = note: `#[warn(unused_imports)]` on by default
[INFO] [stdout] 
[INFO] [stdout] 
[INFO] [stdout] warning: type `hit_direction` should have an upper camel case name
[INFO] [stdout]   --> 2024/day_04/src/bin/part1.rs:12:6
[INFO] [stdout]    |
[INFO] [stdout] 12 | enum hit_direction {
[INFO] [stdout]    |      ^^^^^^^^^^^^^ help: convert the identifier to upper camel case: `HitDirection`
[INFO] [stdout]    |
[INFO] [stdout]    = note: `#[warn(non_camel_case_types)]` on by default
[INFO] [stdout] 
[INFO] [stdout] 
[INFO] [stdout] warning: variant `forward` should have an upper camel case name
[INFO] [stdout]   --> 2024/day_04/src/bin/part1.rs:13:5
[INFO] [stdout]    |
[INFO] [stdout] 13 |     forward(usize, usize),
[INFO] [stdout]    |     ^^^^^^^ help: convert the identifier to upper camel case (notice the capitalization): `Forward`
[INFO] [stdout] 
[INFO] [stdout] 
[INFO] [stdout] warning: variant `reverse` should have an upper camel case name
[INFO] [stdout]   --> 2024/day_04/src/bin/part1.rs:14:5
[INFO] [stdout]    |
[INFO] [stdout] 14 |     reverse(usize, usize),
[INFO] [stdout]    |     ^^^^^^^ help: convert the identifier to upper camel case: `Reverse`
[INFO] [stdout] 
[INFO] [stdout] 
[INFO] [stdout] warning: variant `up_left` should have an upper camel case name
[INFO] [stdout]   --> 2024/day_04/src/bin/part1.rs:15:5
[INFO] [stdout]    |
[INFO] [stdout] 15 |     up_left(usize, usize),
[INFO] [stdout]    |     ^^^^^^^ help: convert the identifier to upper camel case: `UpLeft`
[INFO] [stdout] 
[INFO] [stdout] 
[INFO] [stdout] warning: variant `up` should have an upper camel case name
[INFO] [stdout]   --> 2024/day_04/src/bin/part1.rs:16:5
[INFO] [stdout]    |
[INFO] [stdout] 16 |     up(usize, usize),
[INFO] [stdout]    |     ^^ help: convert the identifier to upper camel case (notice the capitalization): `Up`
[INFO] [stdout] 
[INFO] [stdout] 
[INFO] [stdout] warning: variant `up_right` should have an upper camel case name
[INFO] [stdout]   --> 2024/day_04/src/bin/part1.rs:17:5
[INFO] [stdout]    |
[INFO] [stdout] 17 |     up_right(usize, usize),
[INFO] [stdout]    |     ^^^^^^^^ help: convert the identifier to upper camel case: `UpRight`
[INFO] [stdout] 
[INFO] [stdout] 
[INFO] [stdout] warning: variant `down_left` should have an upper camel case name
[INFO] [stdout]   --> 2024/day_04/src/bin/part1.rs:18:5
[INFO] [stdout]    |
[INFO] [stdout] 18 |     down_left(usize, usize),
[INFO] [stdout]    |     ^^^^^^^^^ help: convert the identifier to upper camel case: `DownLeft`
[INFO] [stdout] 
[INFO] [stdout] 
[INFO] [stdout] warning: variant `down` should have an upper camel case name
[INFO] [stdout]   --> 2024/day_04/src/bin/part1.rs:19:5
[INFO] [stdout]    |
[INFO] [stdout] 19 |     down(usize, usize),
[INFO] [stdout]    |     ^^^^ help: convert the identifier to upper camel case: `Down`
[INFO] [stdout] 
[INFO] [stdout] 
[INFO] [stdout] warning: variant `down_right` should have an upper camel case name
[INFO] [stdout]   --> 2024/day_04/src/bin/part1.rs:20:5
[INFO] [stdout]    |
[INFO] [stdout] 20 |     down_right(usize, usize),
[INFO] [stdout]    |     ^^^^^^^^^^ help: convert the identifier to upper camel case: `DownRight`
[INFO] [stdout] 
[INFO] [stdout] 
[INFO] [stdout] warning: fields `0` and `1` are never read
[INFO] [stdout]   --> 2024/day_04/src/bin/part1.rs:13:13
[INFO] [stdout]    |
[INFO] [stdout] 13 |     forward(usize, usize),
[INFO] [stdout]    |     ------- ^^^^^  ^^^^^
[INFO] [stdout]    |     |
[INFO] [stdout]    |     fields in this variant
[INFO] [stdout]    |
[INFO] [stdout]    = note: `hit_direction` has a derived impl for the trait `Debug`, but this is intentionally ignored during dead code analysis
[INFO] [stdout]    = note: `#[warn(dead_code)]` on by default
[INFO] [stdout] help: consider changing the fields to be of unit type to suppress this warning while preserving the field numbering, or remove the fields
[INFO] [stdout]    |
[INFO] [stdout] 13 |     forward((), ()),
[INFO] [stdout]    |             ~~  ~~
[INFO] [stdout] 
[INFO] [stdout] 
[INFO] [stdout] warning: fields `0` and `1` are never read
[INFO] [stdout]   --> 2024/day_04/src/bin/part1.rs:14:13
[INFO] [stdout]    |
[INFO] [stdout] 14 |     reverse(usize, usize),
[INFO] [stdout]    |     ------- ^^^^^  ^^^^^
[INFO] [stdout]    |     |
[INFO] [stdout]    |     fields in this variant
[INFO] [stdout]    |
[INFO] [stdout]    = note: `hit_direction` has a derived impl for the trait `Debug`, but this is intentionally ignored during dead code analysis
[INFO] [stdout] help: consider changing the fields to be of unit type to suppress this warning while preserving the field numbering, or remove the fields
[INFO] [stdout]    |
[INFO] [stdout] 14 |     reverse((), ()),
[INFO] [stdout]    |             ~~  ~~
[INFO] [stdout] 
[INFO] [stdout] 
[INFO] [stdout] warning: fields `0` and `1` are never read
[INFO] [stdout]   --> 2024/day_04/src/bin/part1.rs:15:13
[INFO] [stdout]    |
[INFO] [stdout] 15 |     up_left(usize, usize),
[INFO] [stdout]    |     ------- ^^^^^  ^^^^^
[INFO] [stdout]    |     |
[INFO] [stdout]    |     fields in this variant
[INFO] [stdout]    |
[INFO] [stdout]    = note: `hit_direction` has a derived impl for the trait `Debug`, but this is intentionally ignored during dead code analysis
[INFO] [stdout] help: consider changing the fields to be of unit type to suppress this warning while preserving the field numbering, or remove the fields
[INFO] [stdout]    |
[INFO] [stdout] 15 |     up_left((), ()),
[INFO] [stdout]    |             ~~  ~~
[INFO] [stdout] 
[INFO] [stdout] 
[INFO] [stdout] warning: fields `0` and `1` are never read
[INFO] [stdout]   --> 2024/day_04/src/bin/part1.rs:16:8
[INFO] [stdout]    |
[INFO] [stdout] 16 |     up(usize, usize),
[INFO] [stdout]    |     -- ^^^^^  ^^^^^
[INFO] [stdout]    |     |
[INFO] [stdout]    |     fields in this variant
[INFO] [stdout]    |
[INFO] [stdout]    = note: `hit_direction` has a derived impl for the trait `Debug`, but this is intentionally ignored during dead code analysis
[INFO] [stdout] help: consider changing the fields to be of unit type to suppress this warning while preserving the field numbering, or remove the fields
[INFO] [stdout]    |
[INFO] [stdout] 16 |     up((), ()),
[INFO] [stdout]    |        ~~  ~~
[INFO] [stdout] 
[INFO] [stdout] 
[INFO] [stdout] warning: fields `0` and `1` are never read
[INFO] [stdout]   --> 2024/day_04/src/bin/part1.rs:17:14
[INFO] [stdout]    |
[INFO] [stdout] 17 |     up_right(usize, usize),
[INFO] [stdout]    |     -------- ^^^^^  ^^^^^
[INFO] [stdout]    |     |
[INFO] [stdout]    |     fields in this variant
[INFO] [stdout]    |
[INFO] [stdout]    = note: `hit_direction` has a derived impl for the trait `Debug`, but this is intentionally ignored during dead code analysis
[INFO] [stdout] help: consider changing the fields to be of unit type to suppress this warning while preserving the field numbering, or remove the fields
[INFO] [stdout]    |
[INFO] [stdout] 17 |     up_right((), ()),
[INFO] [stdout]    |              ~~  ~~
[INFO] [stdout] 
[INFO] [stdout] 
[INFO] [stdout] warning: fields `0` and `1` are never read
[INFO] [stdout]   --> 2024/day_04/src/bin/part1.rs:18:15
[INFO] [stdout]    |
[INFO] [stdout] 18 |     down_left(usize, usize),
[INFO] [stdout]    |     --------- ^^^^^  ^^^^^
[INFO] [stdout]    |     |
[INFO] [stdout]    |     fields in this variant
[INFO] [stdout]    |
[INFO] [stdout]    = note: `hit_direction` has a derived impl for the trait `Debug`, but this is intentionally ignored during dead code analysis
[INFO] [stdout] help: consider changing the fields to be of unit type to suppress this warning while preserving the field numbering, or remove the fields
[INFO] [stdout]    |
[INFO] [stdout] 18 |     down_left((), ()),
[INFO] [stdout]    |               ~~  ~~
[INFO] [stdout] 
[INFO] [stdout] 
[INFO] [stdout] warning: fields `0` and `1` are never read
[INFO] [stdout]   --> 2024/day_04/src/bin/part1.rs:19:10
[INFO] [stdout]    |
[INFO] [stdout] 19 |     down(usize, usize),
[INFO] [stdout]    |     ---- ^^^^^  ^^^^^
[INFO] [stdout]    |     |
[INFO] [stdout]    |     fields in this variant
[INFO] [stdout]    |
[INFO] [stdout]    = note: `hit_direction` has a derived impl for the trait `Debug`, but this is intentionally ignored during dead code analysis
[INFO] [stdout] help: consider changing the fields to be of unit type to suppress this warning while preserving the field numbering, or remove the fields
[INFO] [stdout]    |
[INFO] [stdout] 19 |     down((), ()),
[INFO] [stdout]    |          ~~  ~~
[INFO] [stdout] 
[INFO] [stdout] 
[INFO] [stdout] warning: fields `0` and `1` are never read
[INFO] [stdout]   --> 2024/day_04/src/bin/part1.rs:20:16
[INFO] [stdout]    |
[INFO] [stdout] 20 |     down_right(usize, usize),
[INFO] [stdout]    |     ---------- ^^^^^  ^^^^^
[INFO] [stdout]    |     |
[INFO] [stdout]    |     fields in this variant
[INFO] [stdout]    |
[INFO] [stdout]    = note: `hit_direction` has a derived impl for the trait `Debug`, but this is intentionally ignored during dead code analysis
[INFO] [stdout] help: consider changing the fields to be of unit type to suppress this warning while preserving the field numbering, or remove the fields
[INFO] [stdout]    |
[INFO] [stdout] 20 |     down_right((), ()),
[INFO] [stdout]    |                ~~  ~~
[INFO] [stdout] 
[INFO] [stdout] 
[INFO] [stderr]     Finished `test` profile [unoptimized + debuginfo] target(s) in 7.72s
[INFO] running `Command { std: "docker" "inspect" "261bbb5de7cca6719fa19a508d7bf6d929dedcafb84ba284244fd5c3fcb1cc16", kill_on_drop: false }`
[INFO] running `Command { std: "docker" "rm" "-f" "261bbb5de7cca6719fa19a508d7bf6d929dedcafb84ba284244fd5c3fcb1cc16", kill_on_drop: false }`
[INFO] [stdout] 261bbb5de7cca6719fa19a508d7bf6d929dedcafb84ba284244fd5c3fcb1cc16
[INFO] running `Command { std: "docker" "create" "-v" "/var/lib/crater-agent-workspace/builds/worker-3-tc2/target:/opt/rustwide/target:rw,Z" "-v" "/var/lib/crater-agent-workspace/builds/worker-3-tc2/source:/opt/rustwide/workdir:ro,Z" "-v" "/var/lib/crater-agent-workspace/cargo-home:/opt/rustwide/cargo-home:ro,Z" "-v" "/var/lib/crater-agent-workspace/rustup-home:/opt/rustwide/rustup-home:ro,Z" "-e" "SOURCE_DIR=/opt/rustwide/workdir" "-e" "CARGO_TARGET_DIR=/opt/rustwide/target" "-e" "CARGO_INCREMENTAL=0" "-e" "RUST_BACKTRACE=full" "-e" "RUSTFLAGS=--cap-lints=warn" "-e" "RUSTDOCFLAGS=--cap-lints=warn" "-e" "CARGO_HOME=/opt/rustwide/cargo-home" "-e" "RUSTUP_HOME=/opt/rustwide/rustup-home" "-w" "/opt/rustwide/workdir" "-m" "1610612736" "--user" "0:0" "--network" "none" "ghcr.io/rust-lang/crates-build-env/linux@sha256:f3a9d4ad9d972b27faf3965f35b62e55ba32bbce8f20bc8fe909558a86702fde" "/opt/rustwide/cargo-home/bin/cargo" "+beta-2024-12-08" "test" "--frozen", kill_on_drop: false }`
[INFO] [stdout] 573fa250e5039c5f17c31bc1a52f7f775e7ae9a5d502e549b2dd87b2795f5105
[INFO] running `Command { std: "docker" "start" "-a" "573fa250e5039c5f17c31bc1a52f7f775e7ae9a5d502e549b2dd87b2795f5105", kill_on_drop: false }`
[INFO] [stderr] warning: unused variable: `input`
[INFO] [stderr]  --> 2024/day_15/src/bin/part1.rs:9:10
[INFO] [stderr]   |
[INFO] [stderr] 9 | fn part1(input: &str) -> i32 {
[INFO] [stderr]   |          ^^^^^ help: if this is intentional, prefix it with an underscore: `_input`
[INFO] [stderr]   |
[INFO] [stderr]   = note: `#[warn(unused_variables)]` on by default
[INFO] [stderr] 
[INFO] [stderr] warning: unused variable: `input`
[INFO] [stderr]  --> 2024/day_16/src/bin/part1.rs:9:10
[INFO] [stderr]   |
[INFO] [stderr] 9 | fn part1(input: &str) -> i32 {
[INFO] [stderr]   |          ^^^^^ help: if this is intentional, prefix it with an underscore: `_input`
[INFO] [stderr]   |
[INFO] [stderr]   = note: `#[warn(unused_variables)]` on by default
[INFO] [stderr] 
[INFO] [stderr] warning: unused variable: `input`
[INFO] [stderr]  --> 2024/day_20/src/bin/part1.rs:9:10
[INFO] [stderr]   |
[INFO] [stderr] 9 | fn part1(input: &str) -> i32 {
[INFO] [stderr]   |          ^^^^^ help: if this is intentional, prefix it with an underscore: `_input`
[INFO] [stderr]   |
[INFO] [stderr]   = note: `#[warn(unused_variables)]` on by default
[INFO] [stderr] 
[INFO] [stderr] warning: `day_15` (bin "part1" test) generated 1 warning
[INFO] [stderr] warning: `day_16` (bin "part1" test) generated 1 warning
[INFO] [stderr] warning: `day_20` (bin "part1" test) generated 1 warning
[INFO] [stderr] warning: unused import: `sorted_vec::SortedVec`
[INFO] [stderr]  --> 2024/day_01/src/bin/part2.rs:1:5
[INFO] [stderr]   |
[INFO] [stderr] 1 | use sorted_vec::SortedVec;
[INFO] [stderr]   |     ^^^^^^^^^^^^^^^^^^^^^
[INFO] [stderr]   |
[INFO] [stderr]   = note: `#[warn(unused_imports)]` on by default
[INFO] [stderr] 
[INFO] [stderr] warning: value assigned to `ret_a` is never read
[INFO] [stderr]   --> 2024/day_11/src/bin/part1.rs:21:13
[INFO] [stderr]    |
[INFO] [stderr] 21 |     let mut ret_a = String::new();
[INFO] [stderr]    |             ^^^^^
[INFO] [stderr]    |
[INFO] [stderr]    = help: maybe it is overwritten before being read?
[INFO] [stderr]    = note: `#[warn(unused_assignments)]` on by default
[INFO] [stderr] 
[INFO] [stderr] warning: unused variable: `r`
[INFO] [stderr]   --> 2024/day_12/src/bin/part1.rs:13:10
[INFO] [stderr]    |
[INFO] [stderr] 13 |     for (r, l) in input.lines().enumerate() {
[INFO] [stderr]    |          ^ help: if this is intentional, prefix it with an underscore: `_r`
[INFO] [stderr]    |
[INFO] [stderr]    = note: `#[warn(unused_variables)]` on by default
[INFO] [stderr] 
[INFO] [stderr] warning: unused variable: `c`
[INFO] [stderr]   --> 2024/day_12/src/bin/part1.rs:15:14
[INFO] [stderr]    |
[INFO] [stderr] 15 |         for (c, ch) in l.chars().enumerate() {
[INFO] [stderr]    |              ^ help: if this is intentional, prefix it with an underscore: `_c`
[INFO] [stderr] 
[INFO] [stderr] warning: unused variable: `input`
[INFO] [stderr]  --> 2024/day_17/src/bin/part1.rs:9:10
[INFO] [stderr]   |
[INFO] [stderr] 9 | fn part1(input: &str) -> i32 {
[INFO] [stderr]   |          ^^^^^ help: if this is intentional, prefix it with an underscore: `_input`
[INFO] [stderr]   |
[INFO] [stderr]   = note: `#[warn(unused_variables)]` on by default
[INFO] [stderr] 
[INFO] [stderr] warning: unused variable: `input`
[INFO] [stderr]  --> 2024/day_18/src/bin/part1.rs:9:10
[INFO] [stderr]   |
[INFO] [stderr] 9 | fn part1(input: &str) -> i32 {
[INFO] [stderr]   |          ^^^^^ help: if this is intentional, prefix it with an underscore: `_input`
[INFO] [stderr]   |
[INFO] [stderr]   = note: `#[warn(unused_variables)]` on by default
[INFO] [stderr] 
[INFO] [stderr] warning: unused variable: `input`
[INFO] [stderr]  --> 2024/day_22/src/bin/part1.rs:9:10
[INFO] [stderr]   |
[INFO] [stderr] 9 | fn part1(input: &str) -> i32 {
[INFO] [stderr]   |          ^^^^^ help: if this is intentional, prefix it with an underscore: `_input`
[INFO] [stderr]   |
[INFO] [stderr]   = note: `#[warn(unused_variables)]` on by default
[INFO] [stderr] 
[INFO] [stderr] warning: `day_01` (bin "part2" test) generated 1 warning (run `cargo fix --bin "part2" --tests` to apply 1 suggestion)
[INFO] [stderr] warning: `day_11` (bin "part1" test) generated 1 warning
[INFO] [stderr] warning: `day_12` (bin "part1" test) generated 2 warnings
[INFO] [stderr] warning: `day_17` (bin "part1" test) generated 1 warning
[INFO] [stderr] warning: `day_18` (bin "part1" test) generated 1 warning
[INFO] [stderr] warning: `day_22` (bin "part1" test) generated 1 warning
[INFO] [stderr] warning: unused imports: `anychar`, `complete`, and `recognize`
[INFO] [stderr]  --> 2024/day_07/src/bin/part1.rs:4:41
[INFO] [stderr]   |
[INFO] [stderr] 4 |     character::complete::{self, alpha0, anychar},
[INFO] [stderr]   |                                         ^^^^^^^
[INFO] [stderr] 5 |     combinator::{complete, recognize},
[INFO] [stderr]   |                  ^^^^^^^^  ^^^^^^^^^
[INFO] [stderr]   |
[INFO] [stderr]   = note: `#[warn(unused_imports)]` on by default
[INFO] [stderr] 
[INFO] [stderr] warning: unused variable: `a`
[INFO] [stderr]   --> 2024/day_07/src/bin/part1.rs:38:18
[INFO] [stderr]    |
[INFO] [stderr] 38 |         for (i, (a, b)) in self.numbers.iter().tuple_windows().enumerate() {
[INFO] [stderr]    |                  ^ help: if this is intentional, prefix it with an underscore: `_a`
[INFO] [stderr]    |
[INFO] [stderr]    = note: `#[warn(unused_variables)]` on by default
[INFO] [stderr] 
[INFO] [stderr] warning: unused variable: `i`
[INFO] [stderr]   --> 2024/day_07/src/bin/part1.rs:59:13
[INFO] [stderr]    |
[INFO] [stderr] 59 |         for i in 0..1 << self.operators.len() {
[INFO] [stderr]    |             ^ help: if this is intentional, prefix it with an underscore: `_i`
[INFO] [stderr] 
[INFO] [stderr] warning: method `validate` is never used
[INFO] [stderr]   --> 2024/day_07/src/bin/part1.rs:50:8
[INFO] [stderr]    |
[INFO] [stderr] 33 | impl Equation {
[INFO] [stderr]    | ------------- method in this implementation
[INFO] [stderr] ...
[INFO] [stderr] 50 |     fn validate(&self) -> u64 {
[INFO] [stderr]    |        ^^^^^^^^
[INFO] [stderr]    |
[INFO] [stderr]    = note: `#[warn(dead_code)]` on by default
[INFO] [stderr] 
[INFO] [stderr] warning: unused variable: `a`
[INFO] [stderr]   --> 2024/day_07/src/bin/part2.rs:42:18
[INFO] [stderr]    |
[INFO] [stderr] 42 |         for (i, (a, b)) in self.numbers.iter().tuple_windows().enumerate() {
[INFO] [stderr]    |                  ^ help: if this is intentional, prefix it with an underscore: `_a`
[INFO] [stderr]    |
[INFO] [stderr]    = note: `#[warn(unused_variables)]` on by default
[INFO] [stderr] 
[INFO] [stderr] warning: unused variable: `i`
[INFO] [stderr]   --> 2024/day_07/src/bin/part2.rs:55:13
[INFO] [stderr]    |
[INFO] [stderr] 55 |         for i in 0..usize::pow(3, self.operators.len() as u32) {
[INFO] [stderr]    |             ^ help: if this is intentional, prefix it with an underscore: `_i`
[INFO] [stderr] 
[INFO] [stderr] warning: unused import: `itertools::Itertools`
[INFO] [stderr]  --> 2024/day_10/src/bin/part2.rs:1:5
[INFO] [stderr]   |
[INFO] [stderr] 1 | use itertools::Itertools;
[INFO] [stderr]   |     ^^^^^^^^^^^^^^^^^^^^
[INFO] [stderr]   |
[INFO] [stderr]   = note: `#[warn(unused_imports)]` on by default
[INFO] [stderr] 
[INFO] [stderr] warning: unused variable: `rows`
[INFO] [stderr]   --> 2024/day_10/src/bin/part2.rs:74:9
[INFO] [stderr]    |
[INFO] [stderr] 74 |     let rows = grid.len();
[INFO] [stderr]    |         ^^^^ help: if this is intentional, prefix it with an underscore: `_rows`
[INFO] [stderr]    |
[INFO] [stderr]    = note: `#[warn(unused_variables)]` on by default
[INFO] [stderr] 
[INFO] [stderr] warning: unused variable: `cols`
[INFO] [stderr]   --> 2024/day_10/src/bin/part2.rs:75:9
[INFO] [stderr]    |
[INFO] [stderr] 75 |     let cols = grid[0].len();
[INFO] [stderr]    |         ^^^^ help: if this is intentional, prefix it with an underscore: `_cols`
[INFO] [stderr] 
[INFO] [stderr] warning: unused variable: `rows`
[INFO] [stderr]   --> 2024/day_10/src/bin/part1.rs:74:9
[INFO] [stderr]    |
[INFO] [stderr] 74 |     let rows = grid.len();
[INFO] [stderr]    |         ^^^^ help: if this is intentional, prefix it with an underscore: `_rows`
[INFO] [stderr]    |
[INFO] [stderr]    = note: `#[warn(unused_variables)]` on by default
[INFO] [stderr] 
[INFO] [stderr] warning: unused variable: `cols`
[INFO] [stderr]   --> 2024/day_10/src/bin/part1.rs:75:9
[INFO] [stderr]    |
[INFO] [stderr] 75 |     let cols = grid[0].len();
[INFO] [stderr]    |         ^^^^ help: if this is intentional, prefix it with an underscore: `_cols`
[INFO] [stderr] 
[INFO] [stderr] warning: unused variable: `r`
[INFO] [stderr]   --> 2024/day_12/src/bin/part2.rs:13:10
[INFO] [stderr]    |
[INFO] [stderr] 13 |     for (r, l) in input.lines().enumerate() {
[INFO] [stderr]    |          ^ help: if this is intentional, prefix it with an underscore: `_r`
[INFO] [stderr]    |
[INFO] [stderr]    = note: `#[warn(unused_variables)]` on by default
[INFO] [stderr] 
[INFO] [stderr] warning: unused variable: `c`
[INFO] [stderr]   --> 2024/day_12/src/bin/part2.rs:15:14
[INFO] [stderr]    |
[INFO] [stderr] 15 |         for (c, ch) in l.chars().enumerate() {
[INFO] [stderr]    |              ^ help: if this is intentional, prefix it with an underscore: `_c`
[INFO] [stderr] 
[INFO] [stderr] warning: unused variable: `input`
[INFO] [stderr]  --> 2024/day_19/src/bin/part1.rs:9:10
[INFO] [stderr]   |
[INFO] [stderr] 9 | fn part1(input: &str) -> i32 {
[INFO] [stderr]   |          ^^^^^ help: if this is intentional, prefix it with an underscore: `_input`
[INFO] [stderr]   |
[INFO] [stderr]   = note: `#[warn(unused_variables)]` on by default
[INFO] [stderr] 
[INFO] [stderr] warning: unused import: `std::result`
[INFO] [stderr]  --> 2024/day_04/src/bin/part2.rs:1:5
[INFO] [stderr]   |
[INFO] [stderr] 1 | use std::result;
[INFO] [stderr]   |     ^^^^^^^^^^^
[INFO] [stderr]   |
[INFO] [stderr]   = note: `#[warn(unused_imports)]` on by default
[INFO] [stderr] 
[INFO] [stderr] warning: fields `start` and `len` are never read
[INFO] [stderr]  --> 2024/day_09/src/bin/part1.rs:4:5
[INFO] [stderr]   |
[INFO] [stderr] 2 | struct FileInfo {
[INFO] [stderr]   |        -------- fields in this struct
[INFO] [stderr] 3 |     id: u32,
[INFO] [stderr] 4 |     start: usize,
[INFO] [stderr]   |     ^^^^^
[INFO] [stderr] 5 |     len: usize,
[INFO] [stderr]   |     ^^^
[INFO] [stderr]   |
[INFO] [stderr]   = note: `FileInfo` has derived impls for the traits `Debug` and `Clone`, but these are intentionally ignored during dead code analysis
[INFO] [stderr]   = note: `#[warn(dead_code)]` on by default
[INFO] [stderr] 
[INFO] [stderr] warning: fields `start` and `len` are never read
[INFO] [stderr]   --> 2024/day_09/src/bin/part1.rs:10:5
[INFO] [stderr]    |
[INFO] [stderr] 9  | struct FreeInfo {
[INFO] [stderr]    |        -------- fields in this struct
[INFO] [stderr] 10 |     start: usize,
[INFO] [stderr]    |     ^^^^^
[INFO] [stderr] 11 |     len: usize,
[INFO] [stderr]    |     ^^^
[INFO] [stderr]    |
[INFO] [stderr]    = note: `FreeInfo` has derived impls for the traits `Debug` and `Clone`, but these are intentionally ignored during dead code analysis
[INFO] [stderr] 
[INFO] [stderr] warning: field `f` is never read
[INFO] [stderr]   --> 2024/day_09/src/bin/part1.rs:16:12
[INFO] [stderr]    |
[INFO] [stderr] 16 |     Free { f: FreeInfo },
[INFO] [stderr]    |     ----   ^
[INFO] [stderr]    |     |
[INFO] [stderr]    |     field in this variant
[INFO] [stderr]    |
[INFO] [stderr]    = note: `Block` has derived impls for the traits `Debug` and `Clone`, but these are intentionally ignored during dead code analysis
[INFO] [stderr] 
[INFO] [stderr] warning: function `print_disk` is never used
[INFO] [stderr]   --> 2024/day_09/src/bin/part1.rs:20:4
[INFO] [stderr]    |
[INFO] [stderr] 20 | fn print_disk(disk: &Vec<Block>) {
[INFO] [stderr]    |    ^^^^^^^^^^
[INFO] [stderr] 
[INFO] [stderr] warning: unused variable: `input`
[INFO] [stderr]  --> 2024/day_14/src/bin/part1.rs:9:10
[INFO] [stderr]   |
[INFO] [stderr] 9 | fn part1(input: &str) -> i32 {
[INFO] [stderr]   |          ^^^^^ help: if this is intentional, prefix it with an underscore: `_input`
[INFO] [stderr]   |
[INFO] [stderr]   = note: `#[warn(unused_variables)]` on by default
[INFO] [stderr] 
[INFO] [stderr] warning: unused variable: `input`
[INFO] [stderr]  --> 2024/day_21/src/bin/part1.rs:9:10
[INFO] [stderr]   |
[INFO] [stderr] 9 | fn part1(input: &str) -> i32 {
[INFO] [stderr]   |          ^^^^^ help: if this is intentional, prefix it with an underscore: `_input`
[INFO] [stderr]   |
[INFO] [stderr]   = note: `#[warn(unused_variables)]` on by default
[INFO] [stderr] 
[INFO] [stderr] warning: unused variable: `input`
[INFO] [stderr]  --> 2024/day_23/src/bin/part1.rs:9:10
[INFO] [stderr]   |
[INFO] [stderr] 9 | fn part1(input: &str) -> i32 {
[INFO] [stderr]   |          ^^^^^ help: if this is intentional, prefix it with an underscore: `_input`
[INFO] [stderr]   |
[INFO] [stderr]   = note: `#[warn(unused_variables)]` on by default
[INFO] [stderr] 
[INFO] [stderr] warning: unused variable: `input`
[INFO] [stderr]  --> 2024/day_25/src/bin/part1.rs:9:10
[INFO] [stderr]   |
[INFO] [stderr] 9 | fn part1(input: &str) -> i32 {
[INFO] [stderr]   |          ^^^^^ help: if this is intentional, prefix it with an underscore: `_input`
[INFO] [stderr]   |
[INFO] [stderr]   = note: `#[warn(unused_variables)]` on by default
[INFO] [stderr] 
[INFO] [stderr] warning: field `sorted` is never read
[INFO] [stderr]  --> 2024/day_09/src/bin/part2.rs:6:5
[INFO] [stderr]   |
[INFO] [stderr] 2 | struct FileInfo {
[INFO] [stderr]   |        -------- field in this struct
[INFO] [stderr] ...
[INFO] [stderr] 6 |     sorted: bool,
[INFO] [stderr]   |     ^^^^^^
[INFO] [stderr]   |
[INFO] [stderr]   = note: `FileInfo` has derived impls for the traits `Debug` and `Clone`, but these are intentionally ignored during dead code analysis
[INFO] [stderr]   = note: `#[warn(dead_code)]` on by default
[INFO] [stderr] 
[INFO] [stderr] warning: `day_07` (bin "part1" test) generated 4 warnings (run `cargo fix --bin "part1" --tests` to apply 1 suggestion)
[INFO] [stderr] warning: `day_07` (bin "part2" test) generated 2 warnings
[INFO] [stderr] warning: `day_10` (bin "part2" test) generated 3 warnings (run `cargo fix --bin "part2" --tests` to apply 1 suggestion)
[INFO] [stderr] warning: `day_10` (bin "part1" test) generated 2 warnings
[INFO] [stderr] warning: `day_12` (bin "part2" test) generated 2 warnings
[INFO] [stderr] warning: `day_19` (bin "part1" test) generated 1 warning
[INFO] [stderr] warning: `day_04` (bin "part2" test) generated 1 warning (run `cargo fix --bin "part2" --tests` to apply 1 suggestion)
[INFO] [stderr] warning: `day_09` (bin "part1" test) generated 4 warnings
[INFO] [stderr] warning: `day_14` (bin "part1" test) generated 1 warning
[INFO] [stderr] warning: `day_21` (bin "part1" test) generated 1 warning
[INFO] [stderr] warning: `day_23` (bin "part1" test) generated 1 warning
[INFO] [stderr] warning: `day_25` (bin "part1" test) generated 1 warning
[INFO] [stderr] warning: `day_09` (bin "part2" test) generated 1 warning
[INFO] [stderr] warning: unused import: `std::result`
[INFO] [stderr]  --> 2024/day_04/src/bin/part1.rs:1:5
[INFO] [stderr]   |
[INFO] [stderr] 1 | use std::result;
[INFO] [stderr]   |     ^^^^^^^^^^^
[INFO] [stderr]   |
[INFO] [stderr]   = note: `#[warn(unused_imports)]` on by default
[INFO] [stderr] 
[INFO] [stderr] warning: type `hit_direction` should have an upper camel case name
[INFO] [stderr]   --> 2024/day_04/src/bin/part1.rs:12:6
[INFO] [stderr]    |
[INFO] [stderr] 12 | enum hit_direction {
[INFO] [stderr]    |      ^^^^^^^^^^^^^ help: convert the identifier to upper camel case: `HitDirection`
[INFO] [stderr]    |
[INFO] [stderr]    = note: `#[warn(non_camel_case_types)]` on by default
[INFO] [stderr] 
[INFO] [stderr] warning: variant `forward` should have an upper camel case name
[INFO] [stderr]   --> 2024/day_04/src/bin/part1.rs:13:5
[INFO] [stderr]    |
[INFO] [stderr] 13 |     forward(usize, usize),
[INFO] [stderr]    |     ^^^^^^^ help: convert the identifier to upper camel case (notice the capitalization): `Forward`
[INFO] [stderr] 
[INFO] [stderr] warning: variant `reverse` should have an upper camel case name
[INFO] [stderr]   --> 2024/day_04/src/bin/part1.rs:14:5
[INFO] [stderr]    |
[INFO] [stderr] 14 |     reverse(usize, usize),
[INFO] [stderr]    |     ^^^^^^^ help: convert the identifier to upper camel case: `Reverse`
[INFO] [stderr] 
[INFO] [stderr] warning: variant `up_left` should have an upper camel case name
[INFO] [stderr]   --> 2024/day_04/src/bin/part1.rs:15:5
[INFO] [stderr]    |
[INFO] [stderr] 15 |     up_left(usize, usize),
[INFO] [stderr]    |     ^^^^^^^ help: convert the identifier to upper camel case: `UpLeft`
[INFO] [stderr] 
[INFO] [stderr] warning: variant `up` should have an upper camel case name
[INFO] [stderr]   --> 2024/day_04/src/bin/part1.rs:16:5
[INFO] [stderr]    |
[INFO] [stderr] 16 |     up(usize, usize),
[INFO] [stderr]    |     ^^ help: convert the identifier to upper camel case (notice the capitalization): `Up`
[INFO] [stderr] 
[INFO] [stderr] warning: variant `up_right` should have an upper camel case name
[INFO] [stderr]   --> 2024/day_04/src/bin/part1.rs:17:5
[INFO] [stderr]    |
[INFO] [stderr] 17 |     up_right(usize, usize),
[INFO] [stderr]    |     ^^^^^^^^ help: convert the identifier to upper camel case: `UpRight`
[INFO] [stderr] 
[INFO] [stderr] warning: variant `down_left` should have an upper camel case name
[INFO] [stderr]   --> 2024/day_04/src/bin/part1.rs:18:5
[INFO] [stderr]    |
[INFO] [stderr] 18 |     down_left(usize, usize),
[INFO] [stderr]    |     ^^^^^^^^^ help: convert the identifier to upper camel case: `DownLeft`
[INFO] [stderr] 
[INFO] [stderr] warning: variant `down` should have an upper camel case name
[INFO] [stderr]   --> 2024/day_04/src/bin/part1.rs:19:5
[INFO] [stderr]    |
[INFO] [stderr] 19 |     down(usize, usize),
[INFO] [stderr]    |     ^^^^ help: convert the identifier to upper camel case: `Down`
[INFO] [stderr] 
[INFO] [stderr] warning: variant `down_right` should have an upper camel case name
[INFO] [stderr]   --> 2024/day_04/src/bin/part1.rs:20:5
[INFO] [stderr]    |
[INFO] [stderr] 20 |     down_right(usize, usize),
[INFO] [stderr]    |     ^^^^^^^^^^ help: convert the identifier to upper camel case: `DownRight`
[INFO] [stderr] 
[INFO] [stderr] warning: fields `0` and `1` are never read
[INFO] [stderr]   --> 2024/day_04/src/bin/part1.rs:13:13
[INFO] [stderr]    |
[INFO] [stderr] 13 |     forward(usize, usize),
[INFO] [stderr]    |     ------- ^^^^^  ^^^^^
[INFO] [stderr]    |     |
[INFO] [stderr]    |     fields in this variant
[INFO] [stderr]    |
[INFO] [stderr]    = note: `hit_direction` has a derived impl for the trait `Debug`, but this is intentionally ignored during dead code analysis
[INFO] [stderr]    = note: `#[warn(dead_code)]` on by default
[INFO] [stderr] help: consider changing the fields to be of unit type to suppress this warning while preserving the field numbering, or remove the fields
[INFO] [stderr]    |
[INFO] [stderr] 13 |     forward((), ()),
[INFO] [stderr]    |             ~~  ~~
[INFO] [stderr] 
[INFO] [stderr] warning: fields `0` and `1` are never read
[INFO] [stderr]   --> 2024/day_04/src/bin/part1.rs:14:13
[INFO] [stderr]    |
[INFO] [stderr] 14 |     reverse(usize, usize),
[INFO] [stderr]    |     ------- ^^^^^  ^^^^^
[INFO] [stderr]    |     |
[INFO] [stderr]    |     fields in this variant
[INFO] [stderr]    |
[INFO] [stderr]    = note: `hit_direction` has a derived impl for the trait `Debug`, but this is intentionally ignored during dead code analysis
[INFO] [stderr] help: consider changing the fields to be of unit type to suppress this warning while preserving the field numbering, or remove the fields
[INFO] [stderr]    |
[INFO] [stderr] 14 |     reverse((), ()),
[INFO] [stderr]    |             ~~  ~~
[INFO] [stderr] 
[INFO] [stderr] warning: fields `0` and `1` are never read
[INFO] [stderr]   --> 2024/day_04/src/bin/part1.rs:15:13
[INFO] [stderr]    |
[INFO] [stderr] 15 |     up_left(usize, usize),
[INFO] [stderr]    |     ------- ^^^^^  ^^^^^
[INFO] [stderr]    |     |
[INFO] [stderr]    |     fields in this variant
[INFO] [stderr]    |
[INFO] [stderr]    = note: `hit_direction` has a derived impl for the trait `Debug`, but this is intentionally ignored during dead code analysis
[INFO] [stderr] help: consider changing the fields to be of unit type to suppress this warning while preserving the field numbering, or remove the fields
[INFO] [stderr]    |
[INFO] [stderr] 15 |     up_left((), ()),
[INFO] [stderr]    |             ~~  ~~
[INFO] [stderr] 
[INFO] [stderr] warning: fields `0` and `1` are never read
[INFO] [stderr]   --> 2024/day_04/src/bin/part1.rs:16:8
[INFO] [stderr]    |
[INFO] [stderr] 16 |     up(usize, usize),
[INFO] [stderr]    |     -- ^^^^^  ^^^^^
[INFO] [stderr]    |     |
[INFO] [stderr]    |     fields in this variant
[INFO] [stderr]    |
[INFO] [stderr]    = note: `hit_direction` has a derived impl for the trait `Debug`, but this is intentionally ignored during dead code analysis
[INFO] [stderr] help: consider changing the fields to be of unit type to suppress this warning while preserving the field numbering, or remove the fields
[INFO] [stderr]    |
[INFO] [stderr] 16 |     up((), ()),
[INFO] [stderr]    |        ~~  ~~
[INFO] [stderr] 
[INFO] [stderr] warning: fields `0` and `1` are never read
[INFO] [stderr]   --> 2024/day_04/src/bin/part1.rs:17:14
[INFO] [stderr]    |
[INFO] [stderr] 17 |     up_right(usize, usize),
[INFO] [stderr]    |     -------- ^^^^^  ^^^^^
[INFO] [stderr]    |     |
[INFO] [stderr]    |     fields in this variant
[INFO] [stderr]    |
[INFO] [stderr]    = note: `hit_direction` has a derived impl for the trait `Debug`, but this is intentionally ignored during dead code analysis
[INFO] [stderr] help: consider changing the fields to be of unit type to suppress this warning while preserving the field numbering, or remove the fields
[INFO] [stderr]    |
[INFO] [stderr] 17 |     up_right((), ()),
[INFO] [stderr]    |              ~~  ~~
[INFO] [stderr] 
[INFO] [stderr] warning: fields `0` and `1` are never read
[INFO] [stderr]   --> 2024/day_04/src/bin/part1.rs:18:15
[INFO] [stderr]    |
[INFO] [stderr] 18 |     down_left(usize, usize),
[INFO] [stderr]    |     --------- ^^^^^  ^^^^^
[INFO] [stderr]    |     |
[INFO] [stderr]    |     fields in this variant
[INFO] [stderr]    |
[INFO] [stderr]    = note: `hit_direction` has a derived impl for the trait `Debug`, but this is intentionally ignored during dead code analysis
[INFO] [stderr] help: consider changing the fields to be of unit type to suppress this warning while preserving the field numbering, or remove the fields
[INFO] [stderr]    |
[INFO] [stderr] 18 |     down_left((), ()),
[INFO] [stderr]    |               ~~  ~~
[INFO] [stderr] 
[INFO] [stderr] warning: fields `0` and `1` are never read
[INFO] [stderr]   --> 2024/day_04/src/bin/part1.rs:19:10
[INFO] [stderr]    |
[INFO] [stderr] 19 |     down(usize, usize),
[INFO] [stderr]    |     ---- ^^^^^  ^^^^^
[INFO] [stderr]    |     |
[INFO] [stderr]    |     fields in this variant
[INFO] [stderr]    |
[INFO] [stderr]    = note: `hit_direction` has a derived impl for the trait `Debug`, but this is intentionally ignored during dead code analysis
[INFO] [stderr] help: consider changing the fields to be of unit type to suppress this warning while preserving the field numbering, or remove the fields
[INFO] [stderr]    |
[INFO] [stderr] 19 |     down((), ()),
[INFO] [stderr]    |          ~~  ~~
[INFO] [stderr] 
[INFO] [stderr] warning: fields `0` and `1` are never read
[INFO] [stderr]   --> 2024/day_04/src/bin/part1.rs:20:16
[INFO] [stderr]    |
[INFO] [stderr] 20 |     down_right(usize, usize),
[INFO] [stderr]    |     ---------- ^^^^^  ^^^^^
[INFO] [stderr]    |     |
[INFO] [stderr]    |     fields in this variant
[INFO] [stderr]    |
[INFO] [stderr]    = note: `hit_direction` has a derived impl for the trait `Debug`, but this is intentionally ignored during dead code analysis
[INFO] [stderr] help: consider changing the fields to be of unit type to suppress this warning while preserving the field numbering, or remove the fields
[INFO] [stderr]    |
[INFO] [stderr] 20 |     down_right((), ()),
[INFO] [stderr]    |                ~~  ~~
[INFO] [stderr] 
[INFO] [stderr] warning: unused variable: `input`
[INFO] [stderr]  --> 2024/day_24/src/bin/part1.rs:9:10
[INFO] [stderr]   |
[INFO] [stderr] 9 | fn part1(input: &str) -> i32 {
[INFO] [stderr]   |          ^^^^^ help: if this is intentional, prefix it with an underscore: `_input`
[INFO] [stderr]   |
[INFO] [stderr]   = note: `#[warn(unused_variables)]` on by default
[INFO] [stderr] 
[INFO] [stderr] warning: `day_04` (bin "part1" test) generated 18 warnings (run `cargo fix --bin "part1" --tests` to apply 1 suggestion)
[INFO] [stderr] warning: `day_24` (bin "part1" test) generated 1 warning
[INFO] [stderr]     Finished `test` profile [unoptimized + debuginfo] target(s) in 0.06s
[INFO] [stderr]      Running unittests src/bin/part1.rs (/opt/rustwide/target/debug/deps/part1-a9ed44ca6ffa4c3a)
[INFO] [stdout] 
[INFO] [stdout] running 2 tests
[INFO] [stdout] test tests::test_compare_sorted_numbers ... ok
[INFO] [stderr]      Running unittests src/bin/part2.rs (/opt/rustwide/target/debug/deps/part2-ec2a4d10d1dca438)
[INFO] [stdout] test tests::test_parse_data ... ok
[INFO] [stdout] 
[INFO] [stdout] test result: ok. 2 passed; 0 failed; 0 ignored; 0 measured; 0 filtered out; finished in 0.00s
[INFO] [stdout] 
[INFO] [stdout] 
[INFO] [stdout] running 2 tests
[INFO] [stdout] test tests::test_count_occurrences ... ok
[INFO] [stdout] test tests::test_parse_data ... ok
[INFO] [stdout] 
[INFO] [stdout] test result: ok. 2 passed; 0 failed; 0 ignored; 0 measured; 0 filtered out; finished in 0.01s
[INFO] [stdout] 
[INFO] [stderr]      Running unittests src/bin/part1.rs (/opt/rustwide/target/debug/deps/part1-d10c8e5803439ac0)
[INFO] [stdout] 
[INFO] [stdout] running 1 test
[INFO] [stdout] test tests::test_part1 ... ok
[INFO] [stdout] 
[INFO] [stdout] test result: ok. 1 passed; 0 failed; 0 ignored; 0 measured; 0 filtered out; finished in 0.00s
[INFO] [stdout] 
[INFO] [stderr]      Running unittests src/bin/part2.rs (/opt/rustwide/target/debug/deps/part2-8e0428859f784c52)
[INFO] [stdout] 
[INFO] [stdout] running 1 test
[INFO] [stdout] test tests::test_part1 ... ok
[INFO] [stdout] 
[INFO] [stdout] test result: ok. 1 passed; 0 failed; 0 ignored; 0 measured; 0 filtered out; finished in 0.00s
[INFO] [stdout] 
[INFO] [stderr]      Running unittests src/bin/part1.rs (/opt/rustwide/target/debug/deps/part1-dda3d4f492222a77)
[INFO] [stdout] 
[INFO] [stdout] running 1 test
[INFO] [stdout] test tests::test_part1 ... ok
[INFO] [stdout] 
[INFO] [stdout] test result: ok. 1 passed; 0 failed; 0 ignored; 0 measured; 0 filtered out; finished in 0.00s
[INFO] [stdout] 
[INFO] [stderr]      Running unittests src/bin/part2.rs (/opt/rustwide/target/debug/deps/part2-2bbe6531bd062775)
[INFO] [stdout] 
[INFO] [stdout] running 1 test
[INFO] [stderr]      Running unittests src/bin/part1.rs (/opt/rustwide/target/debug/deps/part1-c285ee81771f2e64)
[INFO] [stdout] test tests::test_part2 ... ok
[INFO] [stdout] 
[INFO] [stdout] test result: ok. 1 passed; 0 failed; 0 ignored; 0 measured; 0 filtered out; finished in 0.00s
[INFO] [stdout] 
[INFO] [stdout] 
[INFO] [stdout] running 1 test
[INFO] [stdout] test tests::test_part1 ... ok
[INFO] [stdout] 
[INFO] [stdout] test result: ok. 1 passed; 0 failed; 0 ignored; 0 measured; 0 filtered out; finished in 0.00s
[INFO] [stdout] 
[INFO] [stdout] 
[INFO] [stderr]      Running unittests src/bin/part2.rs (/opt/rustwide/target/debug/deps/part2-3622ecb32dc90f94)
[INFO] [stdout] running 1 test
[INFO] [stdout] test tests::test_part1 ... ok
[INFO] [stdout] 
[INFO] [stdout] test result: ok. 1 passed; 0 failed; 0 ignored; 0 measured; 0 filtered out; finished in 0.00s
[INFO] [stdout] 
[INFO] [stderr]      Running unittests src/bin/part1.rs (/opt/rustwide/target/debug/deps/part1-53d557b5171ef839)
[INFO] [stdout] 
[INFO] [stdout] running 1 test
[INFO] [stdout] test tests::test_part1 ... ok
[INFO] [stdout] 
[INFO] [stdout] test result: ok. 1 passed; 0 failed; 0 ignored; 0 measured; 0 filtered out; finished in 0.00s
[INFO] [stdout] 
[INFO] [stderr]      Running unittests src/bin/part2.rs (/opt/rustwide/target/debug/deps/part2-e06e3448d7d241a9)
[INFO] [stdout] 
[INFO] [stdout] running 1 test
[INFO] [stdout] test tests::test_part2 ... ok
[INFO] [stdout] 
[INFO] [stdout] test result: ok. 1 passed; 0 failed; 0 ignored; 0 measured; 0 filtered out; finished in 0.00s
[INFO] [stdout] 
[INFO] [stderr]      Running unittests src/bin/part1.rs (/opt/rustwide/target/debug/deps/part1-7e11153536e97d02)
[INFO] [stdout] 
[INFO] [stdout] running 1 test
[INFO] [stdout] test tests::test_part1 ... ok
[INFO] [stdout] 
[INFO] [stderr]      Running unittests src/bin/part2.rs (/opt/rustwide/target/debug/deps/part2-c0b91e5302677679)
[INFO] [stdout] test result: ok. 1 passed; 0 failed; 0 ignored; 0 measured; 0 filtered out; finished in 0.01s
[INFO] [stdout] 
[INFO] [stdout] 
[INFO] [stdout] running 1 test
[INFO] [stdout] test tests::test_part1 ... ok
[INFO] [stdout] 
[INFO] [stdout] test result: ok. 1 passed; 0 failed; 0 ignored; 0 measured; 0 filtered out; finished in 0.13s
[INFO] [stdout] 
[INFO] [stderr]      Running unittests src/bin/part1.rs (/opt/rustwide/target/debug/deps/part1-fa1e83a6a386d703)
[INFO] [stdout] 
[INFO] [stdout] running 5 tests
[INFO] [stdout] test tests::test_part1 ... ok
[INFO] [stdout] test tests::test_permute1 ... ok
[INFO] [stdout] test tests::test_parse_line ... ok
[INFO] [stdout] test tests::test_permute3 ... ok
[INFO] [stdout] test tests::test_permute2 ... ok
[INFO] [stdout] 
[INFO] [stdout] test result: ok. 5 passed; 0 failed; 0 ignored; 0 measured; 0 filtered out; finished in 0.01s
[INFO] [stdout] 
[INFO] [stderr]      Running unittests src/bin/part2.rs (/opt/rustwide/target/debug/deps/part2-0d9d8f25e6bb5ff9)
[INFO] [stdout] 
[INFO] [stdout] running 6 tests
[INFO] [stdout] test tests::test_permute1 ... ok
[INFO] [stdout] test tests::test_part1 ... ok
[INFO] [stdout] test tests::test_parse_line ... ok
[INFO] [stdout] test tests::test_permute3 ... ok
[INFO] [stdout] test tests::test_permute4 ... ok
[INFO] [stdout] test tests::test_permute2 ... FAILED
[INFO] [stdout] 
[INFO] [stdout] failures:
[INFO] [stdout] 
[INFO] [stdout] ---- tests::test_permute2 stdout ----
[INFO] [stdout] Valid: Equation { sum: 7290, numbers: [6, 8, 6, 15], operators: [Mul, Concatenate, Mul] }
[INFO] [stdout] Equation { sum: 7290, numbers: [6, 8, 6, 15], operators: [Mul, Concatenate, Mul] }
[INFO] [stdout] thread 'tests::test_permute2' panicked at 2024/day_07/src/bin/part2.rs:175:9:
[INFO] [stdout] assertion `left == right` failed
[INFO] [stdout]   left: true
[INFO] [stdout]  right: false
[INFO] [stdout] stack backtrace:
[INFO] [stdout]    0:     0x640c0b7a5f7a - std::backtrace_rs::backtrace::libunwind::trace::h8810477743020387
[INFO] [stdout]                                at /rustc/202008a1b8de96d2e5b6bc02d379db03a877d34d/library/std/src/../../backtrace/src/backtrace/libunwind.rs:116:5
[INFO] [stdout]    1:     0x640c0b7a5f7a - std::backtrace_rs::backtrace::trace_unsynchronized::h3aa55355dd6c54a6
[INFO] [stdout]                                at /rustc/202008a1b8de96d2e5b6bc02d379db03a877d34d/library/std/src/../../backtrace/src/backtrace/mod.rs:66:5
[INFO] [stdout]    2:     0x640c0b7a5f7a - std::sys::backtrace::_print_fmt::h8588b0f62410823f
[INFO] [stdout]                                at /rustc/202008a1b8de96d2e5b6bc02d379db03a877d34d/library/std/src/sys/backtrace.rs:66:9
[INFO] [stdout]    3:     0x640c0b7a5f7a - <std::sys::backtrace::BacktraceLock::print::DisplayBacktrace as core::fmt::Display>::fmt::h98c26ac25ffe89bb
[INFO] [stdout]                                at /rustc/202008a1b8de96d2e5b6bc02d379db03a877d34d/library/std/src/sys/backtrace.rs:39:26
[INFO] [stdout]    4:     0x640c0b7cba23 - core::fmt::rt::Argument::fmt::hf95377f4aebd453b
[INFO] [stdout]                                at /rustc/202008a1b8de96d2e5b6bc02d379db03a877d34d/library/core/src/fmt/rt.rs:177:76
[INFO] [stdout]    5:     0x640c0b7cba23 - core::fmt::write::h0dd5f6e2238c7982
[INFO] [stdout]                                at /rustc/202008a1b8de96d2e5b6bc02d379db03a877d34d/library/core/src/fmt/mod.rs:1189:21
[INFO] [stdout]    6:     0x640c0b7a3113 - std::io::Write::write_fmt::h03bb0ca26e6faf8c
[INFO] [stdout]                                at /rustc/202008a1b8de96d2e5b6bc02d379db03a877d34d/library/std/src/io/mod.rs:1884:15
[INFO] [stdout]    7:     0x640c0b7a5dc2 - std::sys::backtrace::BacktraceLock::print::h5c19c1c038ee186d
[INFO] [stdout]                                at /rustc/202008a1b8de96d2e5b6bc02d379db03a877d34d/library/std/src/sys/backtrace.rs:42:9
[INFO] [stdout]    8:     0x640c0b7a73fd - std::panicking::default_hook::{{closure}}::h77172f079a1fcb13
[INFO] [stdout]                                at /rustc/202008a1b8de96d2e5b6bc02d379db03a877d34d/library/std/src/panicking.rs:268:22
[INFO] [stdout]    9:     0x640c0b7a7207 - std::panicking::default_hook::he5f8e3b203ccddba
[INFO] [stdout]                                at /rustc/202008a1b8de96d2e5b6bc02d379db03a877d34d/library/std/src/panicking.rs:292:9
[INFO] [stdout]   10:     0x640c0b76f707 - <alloc::boxed::Box<F,A> as core::ops::function::Fn<Args>>::call::h7a3c7b4a1ae77f2f
[INFO] [stdout]                                at /rustc/202008a1b8de96d2e5b6bc02d379db03a877d34d/library/alloc/src/boxed.rs:1986:9
[INFO] [stdout]   11:     0x640c0b76f707 - test::test_main::{{closure}}::hf0d3b69ae9b353d1
[INFO] [stdout]                                at /rustc/202008a1b8de96d2e5b6bc02d379db03a877d34d/library/test/src/lib.rs:134:21
[INFO] [stdout]   12:     0x640c0b7a7aa8 - <alloc::boxed::Box<F,A> as core::ops::function::Fn<Args>>::call::h6332e82e7b189abd
[INFO] [stdout]                                at /rustc/202008a1b8de96d2e5b6bc02d379db03a877d34d/library/alloc/src/boxed.rs:1986:9
[INFO] [stdout]   13:     0x640c0b7a7aa8 - std::panicking::rust_panic_with_hook::h53863d4e9018df39
[INFO] [stdout]                                at /rustc/202008a1b8de96d2e5b6bc02d379db03a877d34d/library/std/src/panicking.rs:809:13
[INFO] [stdout]   14:     0x640c0b7a786a - std::panicking::begin_panic_handler::{{closure}}::h67280e6fa0757873
[INFO] [stdout]                                at /rustc/202008a1b8de96d2e5b6bc02d379db03a877d34d/library/std/src/panicking.rs:674:13
[INFO] [stdout]   15:     0x640c0b7a6459 - std::sys::backtrace::__rust_end_short_backtrace::h1dac3f54d6fbbeb2
[INFO] [stdout]                                at /rustc/202008a1b8de96d2e5b6bc02d379db03a877d34d/library/std/src/sys/backtrace.rs:170:18
[INFO] [stdout]   16:     0x640c0b7a74fc - rust_begin_unwind
[INFO] [stdout]                                at /rustc/202008a1b8de96d2e5b6bc02d379db03a877d34d/library/std/src/panicking.rs:665:5
[INFO] [stdout]   17:     0x640c0b728ab0 - core::panicking::panic_fmt::h6792bd1b2bf01041
[INFO] [stdout]                                at /rustc/202008a1b8de96d2e5b6bc02d379db03a877d34d/library/core/src/panicking.rs:76:14
[INFO] [stdout]   18:     0x640c0b728ddb - core::panicking::assert_failed_inner::hf2c17e6d30928787
[INFO] [stdout]   19:     0x640c0b7342bc - core::panicking::assert_failed::h73c1c830f4fe98a3
[INFO] [stdout]                                at /rustc/202008a1b8de96d2e5b6bc02d379db03a877d34d/library/core/src/panicking.rs:373:5
[INFO] [stdout]   20:     0x640c0b72f946 - part2::tests::test_permute2::hf6e350e4e29f5320
[INFO] [stdout]                                at /opt/rustwide/workdir/2024/day_07/src/bin/part2.rs:175:9
[INFO] [stdout]   21:     0x640c0b72f677 - part2::tests::test_permute2::{{closure}}::h2143bc0cecec5a3a
[INFO] [stdout]                                at /opt/rustwide/workdir/2024/day_07/src/bin/part2.rs:167:23
[INFO] [stdout]   22:     0x640c0b72b196 - core::ops::function::FnOnce::call_once::hf608dc830e603368
[INFO] [stdout]                                at /rustc/202008a1b8de96d2e5b6bc02d379db03a877d34d/library/core/src/ops/function.rs:250:5
[INFO] [stdout]   23:     0x640c0b77422b - core::ops::function::FnOnce::call_once::h871bf86719ec9aa4
[INFO] [stdout]                                at /rustc/202008a1b8de96d2e5b6bc02d379db03a877d34d/library/core/src/ops/function.rs:250:5
[INFO] [stdout]   24:     0x640c0b77422b - test::__rust_begin_short_backtrace::h2167df1e2b7d76fd
[INFO] [stdout]                                at /rustc/202008a1b8de96d2e5b6bc02d379db03a877d34d/library/test/src/lib.rs:632:18
[INFO] [stdout]   25:     0x640c0b773c18 - test::run_test_in_process::{{closure}}::h15d92f75a3adfb79
[INFO] [stdout]                                at /rustc/202008a1b8de96d2e5b6bc02d379db03a877d34d/library/test/src/lib.rs:655:60
[INFO] [stdout]   26:     0x640c0b773c18 - <core::panic::unwind_safe::AssertUnwindSafe<F> as core::ops::function::FnOnce<()>>::call_once::hb6c8955835a8dbbb
[INFO] [stdout]                                at /rustc/202008a1b8de96d2e5b6bc02d379db03a877d34d/library/core/src/panic/unwind_safe.rs:272:9
[INFO] [stdout]   27:     0x640c0b773c18 - std::panicking::try::do_call::hc79d0fc888a0bd30
[INFO] [stdout]                                at /rustc/202008a1b8de96d2e5b6bc02d379db03a877d34d/library/std/src/panicking.rs:557:40
[INFO] [stdout]   28:     0x640c0b773c18 - std::panicking::try::hb8a7878e3a8589d6
[INFO] [stdout]                                at /rustc/202008a1b8de96d2e5b6bc02d379db03a877d34d/library/std/src/panicking.rs:520:19
[INFO] [stdout]   29:     0x640c0b773c18 - std::panic::catch_unwind::hb8e4600ff0ff5cfa
[INFO] [stdout]                                at /rustc/202008a1b8de96d2e5b6bc02d379db03a877d34d/library/std/src/panic.rs:358:14
[INFO] [stdout]   30:     0x640c0b773c18 - test::run_test_in_process::hc2900b0b18688dd6
[INFO] [stdout]                                at /rustc/202008a1b8de96d2e5b6bc02d379db03a877d34d/library/test/src/lib.rs:655:27
[INFO] [stdout]   31:     0x640c0b773c18 - test::run_test::{{closure}}::hac2a9cb07be3d48d
[INFO] [stdout]                                at /rustc/202008a1b8de96d2e5b6bc02d379db03a877d34d/library/test/src/lib.rs:576:43
[INFO] [stdout]   32:     0x640c0b7376ba - test::run_test::{{closure}}::h4a5b729e66a38cd8
[INFO] [stdout]                                at /rustc/202008a1b8de96d2e5b6bc02d379db03a877d34d/library/test/src/lib.rs:606:41
[INFO] [stdout]   33:     0x640c0b7376ba - std::sys::backtrace::__rust_begin_short_backtrace::h0496fb742492f573
[INFO] [stdout]                                at /rustc/202008a1b8de96d2e5b6bc02d379db03a877d34d/library/std/src/sys/backtrace.rs:154:18
[INFO] [stdout]   34:     0x640c0b73b034 - std::thread::Builder::spawn_unchecked_::{{closure}}::{{closure}}::hbb6d257c550a54bd
[INFO] [stdout]                                at /rustc/202008a1b8de96d2e5b6bc02d379db03a877d34d/library/std/src/thread/mod.rs:561:17
[INFO] [stdout]   35:     0x640c0b73b034 - <core::panic::unwind_safe::AssertUnwindSafe<F> as core::ops::function::FnOnce<()>>::call_once::h46696fe4a6832328
[INFO] [stdout]                                at /rustc/202008a1b8de96d2e5b6bc02d379db03a877d34d/library/core/src/panic/unwind_safe.rs:272:9
[INFO] [stdout]   36:     0x640c0b73b034 - std::panicking::try::do_call::h2625a51b667bfb64
[INFO] [stdout]                                at /rustc/202008a1b8de96d2e5b6bc02d379db03a877d34d/library/std/src/panicking.rs:557:40
[INFO] [stdout]   37:     0x640c0b73b034 - std::panicking::try::hb956a59a1973aa4c
[INFO] [stdout]                                at /rustc/202008a1b8de96d2e5b6bc02d379db03a877d34d/library/std/src/panicking.rs:520:19
[INFO] [stdout]   38:     0x640c0b73b034 - std::panic::catch_unwind::h64f3b9d1067ef6a0
[INFO] [stdout]                                at /rustc/202008a1b8de96d2e5b6bc02d379db03a877d34d/library/std/src/panic.rs:358:14
[INFO] [stdout]   39:     0x640c0b73b034 - std::thread::Builder::spawn_unchecked_::{{closure}}::h42b2841295b6c0b2
[INFO] [stdout]                                at /rustc/202008a1b8de96d2e5b6bc02d379db03a877d34d/library/std/src/thread/mod.rs:559:30
[INFO] [stdout]   40:     0x640c0b73b034 - core::ops::function::FnOnce::call_once{{vtable.shim}}::h6127de71b8124639
[INFO] [stdout]                                at /rustc/202008a1b8de96d2e5b6bc02d379db03a877d34d/library/core/src/ops/function.rs:250:5
[INFO] [stdout]   41:     0x640c0b7ab9eb - <alloc::boxed::Box<F,A> as core::ops::function::FnOnce<Args>>::call_once::h42f0ba71002a1b2c
[INFO] [stdout]                                at /rustc/202008a1b8de96d2e5b6bc02d379db03a877d34d/library/alloc/src/boxed.rs:1972:9
[INFO] [stdout]   42:     0x640c0b7ab9eb - <alloc::boxed::Box<F,A> as core::ops::function::FnOnce<Args>>::call_once::had9e47d7a3dcecb8
[INFO] [stdout]                                at /rustc/202008a1b8de96d2e5b6bc02d379db03a877d34d/library/alloc/src/boxed.rs:1972:9
[INFO] [stdout]   43:     0x640c0b7ab9eb - std::sys::pal::unix::thread::Thread::new::thread_start::h48cf765408f6f5f2
[INFO] [stdout]                                at /rustc/202008a1b8de96d2e5b6bc02d379db03a877d34d/library/std/src/sys/pal/unix/thread.rs:105:17
[INFO] [stdout]   44:     0x7da453e20ac3 - <unknown>
[INFO] [stdout]   45:     0x7da453eb1a04 - clone
[INFO] [stdout]   46:                0x0 - <unknown>
[INFO] [stdout] 
[INFO] [stdout] 
[INFO] [stdout] failures:
[INFO] [stdout]     tests::test_permute2
[INFO] [stdout] 
[INFO] [stdout] test result: FAILED. 5 passed; 1 failed; 0 ignored; 0 measured; 0 filtered out; finished in 0.05s
[INFO] [stdout] 
[INFO] [stderr] error: test failed, to rerun pass `-p day_07 --bin part2`
[INFO] running `Command { std: "docker" "inspect" "573fa250e5039c5f17c31bc1a52f7f775e7ae9a5d502e549b2dd87b2795f5105", kill_on_drop: false }`
[INFO] running `Command { std: "docker" "rm" "-f" "573fa250e5039c5f17c31bc1a52f7f775e7ae9a5d502e549b2dd87b2795f5105", kill_on_drop: false }`
[INFO] [stdout] 573fa250e5039c5f17c31bc1a52f7f775e7ae9a5d502e549b2dd87b2795f5105
