[INFO] cloning repository https://github.com/DisownedWheat/fungo
[INFO] running `Command { std: "git" "-c" "credential.helper=" "-c" "credential.helper=/workspace/cargo-home/bin/git-credential-null" "clone" "--bare" "https://github.com/DisownedWheat/fungo" "/workspace/cache/git-repos/https%3A%2F%2Fgithub.com%2FDisownedWheat%2Ffungo", kill_on_drop: false }`
[INFO] [stderr] Cloning into bare repository '/workspace/cache/git-repos/https%3A%2F%2Fgithub.com%2FDisownedWheat%2Ffungo'...
[INFO] running `Command { std: "git" "rev-parse" "HEAD", kill_on_drop: false }`
[INFO] [stdout] c1535a6ab91e39a02c33a0cfcd2ddddc3dee9a7a
[INFO] testing DisownedWheat/fungo against 1.83.0 for beta-1.84.0-4-retry
[INFO] running `Command { std: "git" "clone" "/workspace/cache/git-repos/https%3A%2F%2Fgithub.com%2FDisownedWheat%2Ffungo" "/workspace/builds/worker-5-tc1/source", kill_on_drop: false }`
[INFO] [stderr] Cloning into '/workspace/builds/worker-5-tc1/source'...
[INFO] [stderr] done.
[INFO] validating manifest of git repo https://github.com/DisownedWheat/fungo on toolchain 1.83.0
[INFO] running `Command { std: CARGO_HOME="/workspace/cargo-home" RUSTUP_HOME="/workspace/rustup-home" "/workspace/cargo-home/bin/cargo" "+1.83.0" "metadata" "--manifest-path" "Cargo.toml" "--no-deps", kill_on_drop: false }`
[INFO] started tweaking git repo https://github.com/DisownedWheat/fungo
[INFO] finished tweaking git repo https://github.com/DisownedWheat/fungo
[INFO] tweaked toml for git repo https://github.com/DisownedWheat/fungo written to /workspace/builds/worker-5-tc1/source/Cargo.toml
[INFO] crate git repo https://github.com/DisownedWheat/fungo already has a lockfile, it will not be regenerated
[INFO] running `Command { std: CARGO_HOME="/workspace/cargo-home" RUSTUP_HOME="/workspace/rustup-home" "/workspace/cargo-home/bin/cargo" "+1.83.0" "fetch" "--manifest-path" "Cargo.toml", kill_on_drop: false }`
[INFO] [stderr]     Updating crates.io index
[INFO] [stderr]  Downloading crates ...
[INFO] [stderr]   Downloaded logos-derive v0.14.2
[INFO] [stderr]   Downloaded logos-codegen v0.14.2
[INFO] [stderr]   Downloaded ariadne v0.5.0
[INFO] [stderr]   Downloaded logos v0.14.2
[INFO] running `Command { std: "docker" "create" "-v" "/var/lib/crater-agent-workspace/builds/worker-5-tc1/target:/opt/rustwide/target:rw,Z" "-v" "/var/lib/crater-agent-workspace/builds/worker-5-tc1/source:/opt/rustwide/workdir:ro,Z" "-v" "/var/lib/crater-agent-workspace/cargo-home:/opt/rustwide/cargo-home:ro,Z" "-v" "/var/lib/crater-agent-workspace/rustup-home:/opt/rustwide/rustup-home:ro,Z" "-e" "SOURCE_DIR=/opt/rustwide/workdir" "-e" "CARGO_TARGET_DIR=/opt/rustwide/target" "-e" "CARGO_HOME=/opt/rustwide/cargo-home" "-e" "RUSTUP_HOME=/opt/rustwide/rustup-home" "-w" "/opt/rustwide/workdir" "-m" "1610612736" "--user" "0:0" "--network" "none" "ghcr.io/rust-lang/crates-build-env/linux@sha256:f3a9d4ad9d972b27faf3965f35b62e55ba32bbce8f20bc8fe909558a86702fde" "/opt/rustwide/cargo-home/bin/cargo" "+1.83.0" "metadata" "--no-deps" "--format-version=1", kill_on_drop: false }`
[INFO] [stdout] 815b4668c7c8f5ebf8a54d01d438a9fc444e7182e8d1d2cfcab92bfc5f1f2402
[INFO] running `Command { std: "docker" "start" "-a" "815b4668c7c8f5ebf8a54d01d438a9fc444e7182e8d1d2cfcab92bfc5f1f2402", kill_on_drop: false }`
[INFO] running `Command { std: "docker" "inspect" "815b4668c7c8f5ebf8a54d01d438a9fc444e7182e8d1d2cfcab92bfc5f1f2402", kill_on_drop: false }`
[INFO] running `Command { std: "docker" "rm" "-f" "815b4668c7c8f5ebf8a54d01d438a9fc444e7182e8d1d2cfcab92bfc5f1f2402", kill_on_drop: false }`
[INFO] [stdout] 815b4668c7c8f5ebf8a54d01d438a9fc444e7182e8d1d2cfcab92bfc5f1f2402
[INFO] running `Command { std: "docker" "create" "-v" "/var/lib/crater-agent-workspace/builds/worker-5-tc1/target:/opt/rustwide/target:rw,Z" "-v" "/var/lib/crater-agent-workspace/builds/worker-5-tc1/source:/opt/rustwide/workdir:ro,Z" "-v" "/var/lib/crater-agent-workspace/cargo-home:/opt/rustwide/cargo-home:ro,Z" "-v" "/var/lib/crater-agent-workspace/rustup-home:/opt/rustwide/rustup-home:ro,Z" "-e" "SOURCE_DIR=/opt/rustwide/workdir" "-e" "CARGO_TARGET_DIR=/opt/rustwide/target" "-e" "CARGO_INCREMENTAL=0" "-e" "RUST_BACKTRACE=full" "-e" "RUSTFLAGS=--cap-lints=warn" "-e" "RUSTDOCFLAGS=--cap-lints=warn" "-e" "CARGO_HOME=/opt/rustwide/cargo-home" "-e" "RUSTUP_HOME=/opt/rustwide/rustup-home" "-w" "/opt/rustwide/workdir" "-m" "1610612736" "--user" "0:0" "--network" "none" "ghcr.io/rust-lang/crates-build-env/linux@sha256:f3a9d4ad9d972b27faf3965f35b62e55ba32bbce8f20bc8fe909558a86702fde" "/opt/rustwide/cargo-home/bin/cargo" "+1.83.0" "build" "--frozen" "--message-format=json", kill_on_drop: false }`
[INFO] [stdout] ce42b4981d23e29b486e953ebe15c47e34d027474c3e5b74d0ec2b234f3923eb
[INFO] running `Command { std: "docker" "start" "-a" "ce42b4981d23e29b486e953ebe15c47e34d027474c3e5b74d0ec2b234f3923eb", kill_on_drop: false }`
[INFO] [stderr]    Compiling proc-macro2 v1.0.86
[INFO] [stderr]    Compiling unicode-ident v1.0.12
[INFO] [stderr]    Compiling cc v1.1.7
[INFO] [stderr]    Compiling memchr v2.7.4
[INFO] [stderr]    Compiling version_check v0.9.5
[INFO] [stderr]    Compiling lazy_static v1.5.0
[INFO] [stderr]    Compiling regex-syntax v0.8.5
[INFO] [stderr]    Compiling libc v0.2.155
[INFO] [stderr]    Compiling serde v1.0.210
[INFO] [stderr]    Compiling once_cell v1.19.0
[INFO] [stderr]    Compiling beef v0.5.2
[INFO] [stderr]    Compiling utf8parse v0.2.2
[INFO] [stderr]    Compiling fnv v1.0.7
[INFO] [stderr]    Compiling zerocopy v0.7.35
[INFO] [stderr]    Compiling is_terminal_polyfill v1.70.1
[INFO] [stderr]    Compiling anstyle v1.0.8
[INFO] [stderr]    Compiling anstyle-query v1.1.1
[INFO] [stderr]    Compiling allocator-api2 v0.2.18
[INFO] [stderr]    Compiling log v0.4.22
[INFO] [stderr]    Compiling anstyle-parse v0.2.5
[INFO] [stderr]    Compiling colorchoice v1.0.2
[INFO] [stderr]    Compiling serde_json v1.0.132
[INFO] [stderr]    Compiling itoa v1.0.11
[INFO] [stderr]    Compiling unicode-width v0.1.13
[INFO] [stderr]    Compiling ahash v0.8.11
[INFO] [stderr]    Compiling ryu v1.0.18
[INFO] [stderr]    Compiling yansi v1.0.1
[INFO] [stderr]    Compiling aho-corasick v1.1.3
[INFO] [stderr]    Compiling humantime v2.1.0
[INFO] [stderr]    Compiling colored v2.1.0
[INFO] [stderr]    Compiling anstream v0.6.15
[INFO] [stderr]    Compiling ariadne v0.5.0
[INFO] [stderr]    Compiling hashbrown v0.14.5
[INFO] [stderr]    Compiling quote v1.0.36
[INFO] [stderr]    Compiling psm v0.1.21
[INFO] [stderr]    Compiling stacker v0.1.15
[INFO] [stderr]    Compiling syn v2.0.72
[INFO] [stderr]    Compiling chumsky v0.9.3
[INFO] [stderr]    Compiling regex-automata v0.4.8
[INFO] [stderr]    Compiling logos-codegen v0.14.2
[INFO] [stderr]    Compiling serde_derive v1.0.210
[INFO] [stderr]    Compiling logos-derive v0.14.2
[INFO] [stderr]    Compiling regex v1.11.0
[INFO] [stderr]    Compiling env_filter v0.1.2
[INFO] [stderr]    Compiling env_logger v0.11.5
[INFO] [stderr]    Compiling logos v0.14.2
[INFO] [stderr]    Compiling fungo v0.1.0 (/opt/rustwide/workdir)
[INFO] [stdout] warning: unused import: `std::rc::Rc`
[INFO] [stdout]  --> src/ast.rs:2:5
[INFO] [stdout]   |
[INFO] [stdout] 2 | use std::rc::Rc;
[INFO] [stdout]   |     ^^^^^^^^^^^
[INFO] [stdout]   |
[INFO] [stdout]   = note: `#[warn(unused_imports)]` on by default
[INFO] [stdout] 
[INFO] [stdout] 
[INFO] [stdout] warning: unused variable: `f`
[INFO] [stdout]    --> src/lexer.rs:127:19
[INFO] [stdout]     |
[INFO] [stdout] 127 |     fn fmt(&self, f: &mut std::fmt::Formatter<'_>) -> std::fmt::Result {
[INFO] [stdout]     |                   ^ help: if this is intentional, prefix it with an underscore: `_f`
[INFO] [stdout]     |
[INFO] [stdout]     = note: `#[warn(unused_variables)]` on by default
[INFO] [stdout] 
[INFO] [stdout] 
[INFO] [stdout] warning: type alias `TokenPosition` is never used
[INFO] [stdout]  --> src/ast.rs:8:10
[INFO] [stdout]   |
[INFO] [stdout] 8 | pub type TokenPosition = (usize, usize);
[INFO] [stdout]   |          ^^^^^^^^^^^^^
[INFO] [stdout]   |
[INFO] [stdout]   = note: `#[warn(dead_code)]` on by default
[INFO] [stdout] 
[INFO] [stdout] 
[INFO] [stdout] warning: variant `Bucket` is never constructed
[INFO] [stdout]   --> src/ast.rs:42:5
[INFO] [stdout]    |
[INFO] [stdout] 36 | pub enum IdentifierType {
[INFO] [stdout]    |          -------------- variant in this enum
[INFO] [stdout] ...
[INFO] [stdout] 42 |     Bucket,
[INFO] [stdout]    |     ^^^^^^
[INFO] [stdout]    |
[INFO] [stdout]    = note: `IdentifierType` has a derived impl for the trait `Debug`, but this is intentionally ignored during dead code analysis
[INFO] [stdout] 
[INFO] [stdout] 
[INFO] [stdout] warning: method `get_name` is never used
[INFO] [stdout]   --> src/ast.rs:47:12
[INFO] [stdout]    |
[INFO] [stdout] 46 | impl IdentifierType {
[INFO] [stdout]    | ------------------- method in this implementation
[INFO] [stdout] 47 |     pub fn get_name(&self) -> Option<ASTString> {
[INFO] [stdout]    |            ^^^^^^^^
[INFO] [stdout] 
[INFO] [stdout] 
[INFO] [stdout] warning: variants `Unit`, `FloatLiteral`, `BinaryOp`, and `Index` are never constructed
[INFO] [stdout]    --> src/ast.rs:140:5
[INFO] [stdout]     |
[INFO] [stdout] 139 | pub enum Expr {
[INFO] [stdout]     |          ---- variants in this enum
[INFO] [stdout] 140 |     Unit,
[INFO] [stdout]     |     ^^^^
[INFO] [stdout] ...
[INFO] [stdout] 146 |     FloatLiteral(ASTString),
[INFO] [stdout]     |     ^^^^^^^^^^^^
[INFO] [stdout] ...
[INFO] [stdout] 152 |     BinaryOp {
[INFO] [stdout]     |     ^^^^^^^^
[INFO] [stdout] ...
[INFO] [stdout] 165 |     Index {
[INFO] [stdout]     |     ^^^^^
[INFO] [stdout]     |
[INFO] [stdout]     = note: `Expr` has a derived impl for the trait `Debug`, but this is intentionally ignored during dead code analysis
[INFO] [stdout] 
[INFO] [stdout] 
[INFO] [stdout] warning: field `0` is never read
[INFO] [stdout]    --> src/lexer.rs:123:18
[INFO] [stdout]     |
[INFO] [stdout] 123 |     FileNotFound(String),
[INFO] [stdout]     |     ------------ ^^^^^^
[INFO] [stdout]     |     |
[INFO] [stdout]     |     field in this variant
[INFO] [stdout]     |
[INFO] [stdout]     = note: `LexerError` has a derived impl for the trait `Debug`, but this is intentionally ignored during dead code analysis
[INFO] [stdout] help: consider changing the field to be of unit type to suppress this warning while preserving the field numbering, or remove the field
[INFO] [stdout]     |
[INFO] [stdout] 123 |     FileNotFound(()),
[INFO] [stdout]     |                  ~~
[INFO] [stdout] 
[INFO] [stdout] 
[INFO] [stdout] warning: variant `InvalidParseStep` is never constructed
[INFO] [stdout]    --> src/lexer.rs:122:5
[INFO] [stdout]     |
[INFO] [stdout] 121 | pub enum LexerError {
[INFO] [stdout]     |          ---------- variant in this enum
[INFO] [stdout] 122 |     InvalidParseStep,
[INFO] [stdout]     |     ^^^^^^^^^^^^^^^^
[INFO] [stdout]     |
[INFO] [stdout]     = note: `LexerError` has a derived impl for the trait `Debug`, but this is intentionally ignored during dead code analysis
[INFO] [stdout] 
[INFO] [stdout] 
[INFO] [stdout] warning: function `lex_raw` is never used
[INFO] [stdout]    --> src/lexer.rs:142:8
[INFO] [stdout]     |
[INFO] [stdout] 142 | pub fn lex_raw(input: &str) -> Result<Vec<Token>, LexerError> {
[INFO] [stdout]     |        ^^^^^^^
[INFO] [stdout] 
[INFO] [stdout] 
[INFO] [stdout] warning: fields `end_token_for_block` and `end_token_stack` are never read
[INFO] [stdout]    --> src/lexer.rs:282:5
[INFO] [stdout]     |
[INFO] [stdout] 274 | struct WhiteSpaceParser {
[INFO] [stdout]     |        ---------------- fields in this struct
[INFO] [stdout] ...
[INFO] [stdout] 282 |     end_token_for_block: TokenKind,
[INFO] [stdout]     |     ^^^^^^^^^^^^^^^^^^^
[INFO] [stdout] 283 |     end_token_stack: Vec<TokenKind>,
[INFO] [stdout]     |     ^^^^^^^^^^^^^^^
[INFO] [stdout] 
[INFO] [stdout] 
[INFO] [stdout] warning: methods `push_end_token`, `pop_end_token`, and `parse_old` are never used
[INFO] [stdout]    --> src/lexer.rs:306:8
[INFO] [stdout]     |
[INFO] [stdout] 286 | impl WhiteSpaceParser {
[INFO] [stdout]     | --------------------- methods in this implementation
[INFO] [stdout] ...
[INFO] [stdout] 306 |     fn push_end_token(&mut self, token: TokenKind) {
[INFO] [stdout]     |        ^^^^^^^^^^^^^^
[INFO] [stdout] ...
[INFO] [stdout] 311 |     fn pop_end_token(&mut self) {
[INFO] [stdout]     |        ^^^^^^^^^^^^^
[INFO] [stdout] ...
[INFO] [stdout] 412 |     pub fn parse_old(&mut self) {
[INFO] [stdout]     |            ^^^^^^^^^
[INFO] [stdout] 
[INFO] [stdout] 
[INFO] [stderr]     Finished `dev` profile [unoptimized + debuginfo] target(s) in 28.55s
[INFO] running `Command { std: "docker" "inspect" "ce42b4981d23e29b486e953ebe15c47e34d027474c3e5b74d0ec2b234f3923eb", kill_on_drop: false }`
[INFO] running `Command { std: "docker" "rm" "-f" "ce42b4981d23e29b486e953ebe15c47e34d027474c3e5b74d0ec2b234f3923eb", kill_on_drop: false }`
[INFO] [stdout] ce42b4981d23e29b486e953ebe15c47e34d027474c3e5b74d0ec2b234f3923eb
[INFO] running `Command { std: "docker" "create" "-v" "/var/lib/crater-agent-workspace/builds/worker-5-tc1/target:/opt/rustwide/target:rw,Z" "-v" "/var/lib/crater-agent-workspace/builds/worker-5-tc1/source:/opt/rustwide/workdir:ro,Z" "-v" "/var/lib/crater-agent-workspace/cargo-home:/opt/rustwide/cargo-home:ro,Z" "-v" "/var/lib/crater-agent-workspace/rustup-home:/opt/rustwide/rustup-home:ro,Z" "-e" "SOURCE_DIR=/opt/rustwide/workdir" "-e" "CARGO_TARGET_DIR=/opt/rustwide/target" "-e" "CARGO_INCREMENTAL=0" "-e" "RUST_BACKTRACE=full" "-e" "RUSTFLAGS=--cap-lints=warn" "-e" "RUSTDOCFLAGS=--cap-lints=warn" "-e" "CARGO_HOME=/opt/rustwide/cargo-home" "-e" "RUSTUP_HOME=/opt/rustwide/rustup-home" "-w" "/opt/rustwide/workdir" "-m" "1610612736" "--user" "0:0" "--network" "none" "ghcr.io/rust-lang/crates-build-env/linux@sha256:f3a9d4ad9d972b27faf3965f35b62e55ba32bbce8f20bc8fe909558a86702fde" "/opt/rustwide/cargo-home/bin/cargo" "+1.83.0" "test" "--frozen" "--no-run" "--message-format=json", kill_on_drop: false }`
[INFO] [stdout] 7a54b84adddbc1266899a3d3d31f69a3384b5168b852b0a9fd34a9b170143926
[INFO] running `Command { std: "docker" "start" "-a" "7a54b84adddbc1266899a3d3d31f69a3384b5168b852b0a9fd34a9b170143926", kill_on_drop: false }`
[INFO] [stderr]    Compiling fungo v0.1.0 (/opt/rustwide/workdir)
[INFO] [stdout] warning: unused import: `std::rc::Rc`
[INFO] [stdout]  --> src/ast.rs:2:5
[INFO] [stdout]   |
[INFO] [stdout] 2 | use std::rc::Rc;
[INFO] [stdout]   |     ^^^^^^^^^^^
[INFO] [stdout]   |
[INFO] [stdout]   = note: `#[warn(unused_imports)]` on by default
[INFO] [stdout] 
[INFO] [stdout] 
[INFO] [stdout] warning: unused variable: `f`
[INFO] [stdout]    --> src/lexer.rs:127:19
[INFO] [stdout]     |
[INFO] [stdout] 127 |     fn fmt(&self, f: &mut std::fmt::Formatter<'_>) -> std::fmt::Result {
[INFO] [stdout]     |                   ^ help: if this is intentional, prefix it with an underscore: `_f`
[INFO] [stdout]     |
[INFO] [stdout]     = note: `#[warn(unused_variables)]` on by default
[INFO] [stdout] 
[INFO] [stdout] 
[INFO] [stdout] warning: type alias `TokenPosition` is never used
[INFO] [stdout]  --> src/ast.rs:8:10
[INFO] [stdout]   |
[INFO] [stdout] 8 | pub type TokenPosition = (usize, usize);
[INFO] [stdout]   |          ^^^^^^^^^^^^^
[INFO] [stdout]   |
[INFO] [stdout]   = note: `#[warn(dead_code)]` on by default
[INFO] [stdout] 
[INFO] [stdout] 
[INFO] [stdout] warning: variant `Bucket` is never constructed
[INFO] [stdout]   --> src/ast.rs:42:5
[INFO] [stdout]    |
[INFO] [stdout] 36 | pub enum IdentifierType {
[INFO] [stdout]    |          -------------- variant in this enum
[INFO] [stdout] ...
[INFO] [stdout] 42 |     Bucket,
[INFO] [stdout]    |     ^^^^^^
[INFO] [stdout]    |
[INFO] [stdout]    = note: `IdentifierType` has a derived impl for the trait `Debug`, but this is intentionally ignored during dead code analysis
[INFO] [stdout] 
[INFO] [stdout] 
[INFO] [stdout] warning: method `get_name` is never used
[INFO] [stdout]   --> src/ast.rs:47:12
[INFO] [stdout]    |
[INFO] [stdout] 46 | impl IdentifierType {
[INFO] [stdout]    | ------------------- method in this implementation
[INFO] [stdout] 47 |     pub fn get_name(&self) -> Option<ASTString> {
[INFO] [stdout]    |            ^^^^^^^^
[INFO] [stdout] 
[INFO] [stdout] 
[INFO] [stdout] warning: variants `Unit`, `FloatLiteral`, `BinaryOp`, and `Index` are never constructed
[INFO] [stdout]    --> src/ast.rs:140:5
[INFO] [stdout]     |
[INFO] [stdout] 139 | pub enum Expr {
[INFO] [stdout]     |          ---- variants in this enum
[INFO] [stdout] 140 |     Unit,
[INFO] [stdout]     |     ^^^^
[INFO] [stdout] ...
[INFO] [stdout] 146 |     FloatLiteral(ASTString),
[INFO] [stdout]     |     ^^^^^^^^^^^^
[INFO] [stdout] ...
[INFO] [stdout] 152 |     BinaryOp {
[INFO] [stdout]     |     ^^^^^^^^
[INFO] [stdout] ...
[INFO] [stdout] 165 |     Index {
[INFO] [stdout]     |     ^^^^^
[INFO] [stdout]     |
[INFO] [stdout]     = note: `Expr` has a derived impl for the trait `Debug`, but this is intentionally ignored during dead code analysis
[INFO] [stdout] 
[INFO] [stdout] 
[INFO] [stdout] warning: field `0` is never read
[INFO] [stdout]    --> src/lexer.rs:123:18
[INFO] [stdout]     |
[INFO] [stdout] 123 |     FileNotFound(String),
[INFO] [stdout]     |     ------------ ^^^^^^
[INFO] [stdout]     |     |
[INFO] [stdout]     |     field in this variant
[INFO] [stdout]     |
[INFO] [stdout]     = note: `LexerError` has a derived impl for the trait `Debug`, but this is intentionally ignored during dead code analysis
[INFO] [stdout] help: consider changing the field to be of unit type to suppress this warning while preserving the field numbering, or remove the field
[INFO] [stdout]     |
[INFO] [stdout] 123 |     FileNotFound(()),
[INFO] [stdout]     |                  ~~
[INFO] [stdout] 
[INFO] [stdout] 
[INFO] [stdout] warning: variant `InvalidParseStep` is never constructed
[INFO] [stdout]    --> src/lexer.rs:122:5
[INFO] [stdout]     |
[INFO] [stdout] 121 | pub enum LexerError {
[INFO] [stdout]     |          ---------- variant in this enum
[INFO] [stdout] 122 |     InvalidParseStep,
[INFO] [stdout]     |     ^^^^^^^^^^^^^^^^
[INFO] [stdout]     |
[INFO] [stdout]     = note: `LexerError` has a derived impl for the trait `Debug`, but this is intentionally ignored during dead code analysis
[INFO] [stdout] 
[INFO] [stdout] 
[INFO] [stdout] warning: fields `end_token_for_block` and `end_token_stack` are never read
[INFO] [stdout]    --> src/lexer.rs:282:5
[INFO] [stdout]     |
[INFO] [stdout] 274 | struct WhiteSpaceParser {
[INFO] [stdout]     |        ---------------- fields in this struct
[INFO] [stdout] ...
[INFO] [stdout] 282 |     end_token_for_block: TokenKind,
[INFO] [stdout]     |     ^^^^^^^^^^^^^^^^^^^
[INFO] [stdout] 283 |     end_token_stack: Vec<TokenKind>,
[INFO] [stdout]     |     ^^^^^^^^^^^^^^^
[INFO] [stdout] 
[INFO] [stdout] 
[INFO] [stdout] warning: methods `push_end_token`, `pop_end_token`, and `parse_old` are never used
[INFO] [stdout]    --> src/lexer.rs:306:8
[INFO] [stdout]     |
[INFO] [stdout] 286 | impl WhiteSpaceParser {
[INFO] [stdout]     | --------------------- methods in this implementation
[INFO] [stdout] ...
[INFO] [stdout] 306 |     fn push_end_token(&mut self, token: TokenKind) {
[INFO] [stdout]     |        ^^^^^^^^^^^^^^
[INFO] [stdout] ...
[INFO] [stdout] 311 |     fn pop_end_token(&mut self) {
[INFO] [stdout]     |        ^^^^^^^^^^^^^
[INFO] [stdout] ...
[INFO] [stdout] 412 |     pub fn parse_old(&mut self) {
[INFO] [stdout]     |            ^^^^^^^^^
[INFO] [stdout] 
[INFO] [stdout] 
[INFO] [stderr]     Finished `test` profile [unoptimized + debuginfo] target(s) in 6.76s
[INFO] running `Command { std: "docker" "inspect" "7a54b84adddbc1266899a3d3d31f69a3384b5168b852b0a9fd34a9b170143926", kill_on_drop: false }`
[INFO] running `Command { std: "docker" "rm" "-f" "7a54b84adddbc1266899a3d3d31f69a3384b5168b852b0a9fd34a9b170143926", kill_on_drop: false }`
[INFO] [stdout] 7a54b84adddbc1266899a3d3d31f69a3384b5168b852b0a9fd34a9b170143926
[INFO] running `Command { std: "docker" "create" "-v" "/var/lib/crater-agent-workspace/builds/worker-5-tc1/target:/opt/rustwide/target:rw,Z" "-v" "/var/lib/crater-agent-workspace/builds/worker-5-tc1/source:/opt/rustwide/workdir:ro,Z" "-v" "/var/lib/crater-agent-workspace/cargo-home:/opt/rustwide/cargo-home:ro,Z" "-v" "/var/lib/crater-agent-workspace/rustup-home:/opt/rustwide/rustup-home:ro,Z" "-e" "SOURCE_DIR=/opt/rustwide/workdir" "-e" "CARGO_TARGET_DIR=/opt/rustwide/target" "-e" "CARGO_INCREMENTAL=0" "-e" "RUST_BACKTRACE=full" "-e" "RUSTFLAGS=--cap-lints=warn" "-e" "RUSTDOCFLAGS=--cap-lints=warn" "-e" "CARGO_HOME=/opt/rustwide/cargo-home" "-e" "RUSTUP_HOME=/opt/rustwide/rustup-home" "-w" "/opt/rustwide/workdir" "-m" "1610612736" "--user" "0:0" "--network" "none" "ghcr.io/rust-lang/crates-build-env/linux@sha256:f3a9d4ad9d972b27faf3965f35b62e55ba32bbce8f20bc8fe909558a86702fde" "/opt/rustwide/cargo-home/bin/cargo" "+1.83.0" "test" "--frozen", kill_on_drop: false }`
[INFO] [stdout] e44f11896ab8d9d0f47ccc9d8095729cd7c05ed001b67c40788f817076b5fcad
[INFO] running `Command { std: "docker" "start" "-a" "e44f11896ab8d9d0f47ccc9d8095729cd7c05ed001b67c40788f817076b5fcad", kill_on_drop: false }`
[INFO] [stderr] warning: unused import: `std::rc::Rc`
[INFO] [stderr]  --> src/ast.rs:2:5
[INFO] [stderr]   |
[INFO] [stderr] 2 | use std::rc::Rc;
[INFO] [stderr]   |     ^^^^^^^^^^^
[INFO] [stderr]   |
[INFO] [stderr]   = note: `#[warn(unused_imports)]` on by default
[INFO] [stderr] 
[INFO] [stderr] warning: unused variable: `f`
[INFO] [stderr]    --> src/lexer.rs:127:19
[INFO] [stderr]     |
[INFO] [stderr] 127 |     fn fmt(&self, f: &mut std::fmt::Formatter<'_>) -> std::fmt::Result {
[INFO] [stderr]     |                   ^ help: if this is intentional, prefix it with an underscore: `_f`
[INFO] [stderr]     |
[INFO] [stderr]     = note: `#[warn(unused_variables)]` on by default
[INFO] [stderr] 
[INFO] [stderr] warning: type alias `TokenPosition` is never used
[INFO] [stderr]  --> src/ast.rs:8:10
[INFO] [stderr]   |
[INFO] [stderr] 8 | pub type TokenPosition = (usize, usize);
[INFO] [stderr]   |          ^^^^^^^^^^^^^
[INFO] [stderr]   |
[INFO] [stderr]   = note: `#[warn(dead_code)]` on by default
[INFO] [stderr] 
[INFO] [stderr] warning: variant `Bucket` is never constructed
[INFO] [stderr]   --> src/ast.rs:42:5
[INFO] [stderr]    |
[INFO] [stderr] 36 | pub enum IdentifierType {
[INFO] [stderr]    |          -------------- variant in this enum
[INFO] [stderr] ...
[INFO] [stderr] 42 |     Bucket,
[INFO] [stderr]    |     ^^^^^^
[INFO] [stderr]    |
[INFO] [stderr]    = note: `IdentifierType` has a derived impl for the trait `Debug`, but this is intentionally ignored during dead code analysis
[INFO] [stderr] 
[INFO] [stderr] warning: method `get_name` is never used
[INFO] [stderr]   --> src/ast.rs:47:12
[INFO] [stderr]    |
[INFO] [stderr] 46 | impl IdentifierType {
[INFO] [stderr]    | ------------------- method in this implementation
[INFO] [stderr] 47 |     pub fn get_name(&self) -> Option<ASTString> {
[INFO] [stderr]    |            ^^^^^^^^
[INFO] [stderr] 
[INFO] [stderr] warning: variants `Unit`, `FloatLiteral`, `BinaryOp`, and `Index` are never constructed
[INFO] [stderr]    --> src/ast.rs:140:5
[INFO] [stderr]     |
[INFO] [stderr] 139 | pub enum Expr {
[INFO] [stderr]     |          ---- variants in this enum
[INFO] [stderr] 140 |     Unit,
[INFO] [stderr]     |     ^^^^
[INFO] [stderr] ...
[INFO] [stderr] 146 |     FloatLiteral(ASTString),
[INFO] [stderr]     |     ^^^^^^^^^^^^
[INFO] [stderr] ...
[INFO] [stderr] 152 |     BinaryOp {
[INFO] [stderr]     |     ^^^^^^^^
[INFO] [stderr] ...
[INFO] [stderr] 165 |     Index {
[INFO] [stderr]     |     ^^^^^
[INFO] [stderr]     |
[INFO] [stderr]     = note: `Expr` has a derived impl for the trait `Debug`, but this is intentionally ignored during dead code analysis
[INFO] [stderr] 
[INFO] [stderr] warning: field `0` is never read
[INFO] [stderr]    --> src/lexer.rs:123:18
[INFO] [stderr]     |
[INFO] [stderr] 123 |     FileNotFound(String),
[INFO] [stderr]     |     ------------ ^^^^^^
[INFO] [stderr]     |     |
[INFO] [stderr]     |     field in this variant
[INFO] [stderr]     |
[INFO] [stderr]     = note: `LexerError` has a derived impl for the trait `Debug`, but this is intentionally ignored during dead code analysis
[INFO] [stderr] help: consider changing the field to be of unit type to suppress this warning while preserving the field numbering, or remove the field
[INFO] [stderr]     |
[INFO] [stderr] 123 |     FileNotFound(()),
[INFO] [stderr]     |                  ~~
[INFO] [stderr] 
[INFO] [stderr] warning: variant `InvalidParseStep` is never constructed
[INFO] [stderr]    --> src/lexer.rs:122:5
[INFO] [stderr]     |
[INFO] [stderr] 121 | pub enum LexerError {
[INFO] [stderr]     |          ---------- variant in this enum
[INFO] [stderr] 122 |     InvalidParseStep,
[INFO] [stderr]     |     ^^^^^^^^^^^^^^^^
[INFO] [stderr]     |
[INFO] [stderr]     = note: `LexerError` has a derived impl for the trait `Debug`, but this is intentionally ignored during dead code analysis
[INFO] [stderr] 
[INFO] [stderr] warning: fields `end_token_for_block` and `end_token_stack` are never read
[INFO] [stderr]    --> src/lexer.rs:282:5
[INFO] [stderr]     |
[INFO] [stderr] 274 | struct WhiteSpaceParser {
[INFO] [stderr]     |        ---------------- fields in this struct
[INFO] [stderr] ...
[INFO] [stderr] 282 |     end_token_for_block: TokenKind,
[INFO] [stderr]     |     ^^^^^^^^^^^^^^^^^^^
[INFO] [stderr] 283 |     end_token_stack: Vec<TokenKind>,
[INFO] [stderr]     |     ^^^^^^^^^^^^^^^
[INFO] [stderr] 
[INFO] [stderr] warning: methods `push_end_token`, `pop_end_token`, and `parse_old` are never used
[INFO] [stderr]    --> src/lexer.rs:306:8
[INFO] [stderr]     |
[INFO] [stderr] 286 | impl WhiteSpaceParser {
[INFO] [stderr]     | --------------------- methods in this implementation
[INFO] [stderr] ...
[INFO] [stderr] 306 |     fn push_end_token(&mut self, token: TokenKind) {
[INFO] [stderr]     |        ^^^^^^^^^^^^^^
[INFO] [stderr] ...
[INFO] [stderr] 311 |     fn pop_end_token(&mut self) {
[INFO] [stderr]     |        ^^^^^^^^^^^^^
[INFO] [stderr] ...
[INFO] [stderr] 412 |     pub fn parse_old(&mut self) {
[INFO] [stderr]     |            ^^^^^^^^^
[INFO] [stderr] 
[INFO] [stderr] warning: `fungo` (bin "fungo" test) generated 10 warnings (run `cargo fix --bin "fungo" --tests` to apply 1 suggestion)
[INFO] [stderr]     Finished `test` profile [unoptimized + debuginfo] target(s) in 0.08s
[INFO] [stderr]      Running unittests src/main.rs (/opt/rustwide/target/debug/deps/fungo-47df888c4526369c)
[INFO] [stderr] [2024-12-14T02:49:05Z DEBUG fungo::parser] Found type keyword
[INFO] [stdout] 
[INFO] [stderr] [2024-12-14T02:49:05Z DEBUG fungo::parser] Finished stmt
[INFO] [stdout] running 5 tests
[INFO] [stderr] [2024-12-14T02:49:05Z DEBUG fungo::parser] Finished stmt
[INFO] [stderr] [2024-12-14T02:49:05Z DEBUG fungo::parser] Found type keyword
[INFO] [stdout] test parser::test::test_opens ... ok
[INFO] [stderr] [2024-12-14T02:49:05Z DEBUG fungo::parser] Finished stmt
[INFO] [stderr] [2024-12-14T02:49:05Z DEBUG fungo::parser] Found type keyword
[INFO] [stderr] [2024-12-14T02:49:05Z DEBUG fungo::parser] Finished stmt
[INFO] [stderr] [2024-12-14T02:49:05Z DEBUG fungo::parser::test] TypeKeyword
[INFO] [stderr] [2024-12-14T02:49:05Z DEBUG fungo::parser::test] Identifier("TestADT")
[INFO] [stderr] [2024-12-14T02:49:05Z DEBUG fungo::parser::test] Assign
[INFO] [stderr] [2024-12-14T02:49:05Z DEBUG fungo::parser::test] NewLine
[INFO] [stderr] [2024-12-14T02:49:05Z DEBUG fungo::parser::test] Indent
[INFO] [stderr] [2024-12-14T02:49:05Z DEBUG fungo::parser::test] Pipe
[INFO] [stderr] [2024-12-14T02:49:05Z DEBUG fungo::parser::test] Identifier("Test")
[INFO] [stderr] [2024-12-14T02:49:05Z DEBUG fungo::parser::test] NewLine
[INFO] [stderr] [2024-12-14T02:49:05Z DEBUG fungo::parser::test] Pipe
[INFO] [stderr] [2024-12-14T02:49:05Z DEBUG fungo::parser::test] Identifier("Testing")
[INFO] [stderr] [2024-12-14T02:49:05Z DEBUG fungo::parser::test] Of
[INFO] [stderr] [2024-12-14T02:49:05Z DEBUG fungo::parser::test] Identifier("string")
[INFO] [stderr] [2024-12-14T02:49:05Z DEBUG fungo::parser::test] NewLine
[INFO] [stderr] [2024-12-14T02:49:05Z DEBUG fungo::parser::test] Dedent
[INFO] [stderr] [2024-12-14T02:49:05Z DEBUG fungo::parser::test] Let
[INFO] [stderr] [2024-12-14T02:49:05Z DEBUG fungo::parser::test] Identifier("x")
[INFO] [stderr] [2024-12-14T02:49:05Z DEBUG fungo::parser::test] Assign
[INFO] [stderr] [2024-12-14T02:49:05Z DEBUG fungo::parser::test] NumberLiteral("1")
[INFO] [stderr] [2024-12-14T02:49:05Z DEBUG fungo::parser::test] NewLine
[INFO] [stderr] [2024-12-14T02:49:05Z DEBUG fungo::parser::test] TypeKeyword
[INFO] [stderr] [2024-12-14T02:49:05Z DEBUG fungo::parser::test] Identifier("Test2")
[INFO] [stderr] [2024-12-14T02:49:05Z DEBUG fungo::parser::test] Assign
[INFO] [stderr] [2024-12-14T02:49:05Z DEBUG fungo::parser::test] Pipe
[INFO] [stderr] [2024-12-14T02:49:05Z DEBUG fungo::parser::test] Identifier("Test")
[INFO] [stderr] [2024-12-14T02:49:05Z DEBUG fungo::parser::test] Pipe
[INFO] [stderr] [2024-12-14T02:49:05Z DEBUG fungo::parser::test] Identifier("Testing")
[INFO] [stderr] [2024-12-14T02:49:05Z DEBUG fungo::parser::test] Of
[INFO] [stderr] [2024-12-14T02:49:05Z DEBUG fungo::parser::test] Identifier("int")
[INFO] [stderr] [2024-12-14T02:49:05Z DEBUG fungo::parser::test] NewLine
[INFO] [stderr] [2024-12-14T02:49:05Z DEBUG fungo::parser::test] EOF
[INFO] [stderr] [2024-12-14T02:49:05Z DEBUG fungo::parser] Found type keyword
[INFO] [stderr] [2024-12-14T02:49:05Z DEBUG fungo::parser] Inside the indented variant type thingo
[INFO] [stderr] [2024-12-14T02:49:05Z DEBUG fungo::parser] Finished stmt
[INFO] [stderr] [2024-12-14T02:49:05Z DEBUG fungo::parser] Inside the indented variant type thingo
[INFO] [stderr] [2024-12-14T02:49:05Z DEBUG fungo::parser] Passed from variant, now checking dedent
[INFO] [stderr] [2024-12-14T02:49:05Z DEBUG fungo::parser] We have found the dedent
[INFO] [stderr] [2024-12-14T02:49:05Z DEBUG fungo::parser] Variant has been built
[INFO] [stderr] [2024-12-14T02:49:05Z DEBUG fungo::parser] Finished stmt
[INFO] [stderr] [2024-12-14T02:49:05Z DEBUG fungo::parser] Finished stmt
[INFO] [stderr] [2024-12-14T02:49:05Z DEBUG fungo::parser] Finished stmt
[INFO] [stderr] [2024-12-14T02:49:05Z ERROR fungo::parser] Unexpected token: TypeKeyword
[INFO] [stdout] [31m[01] Error:[0m 
[INFO] [stderr] [2024-12-14T02:49:05Z ERROR fungo::parser] Expected: []
[INFO] [stdout]    [38;5;246m╭[0m[38;5;246m─[0m[38;5;246m[[0mstdin:8:1[38;5;246m][0m
[INFO] [stdout]    [38;5;246m│[0m
[INFO] [stdout]  [38;5;246m8 │[0m [38;5;201mt[0m[38;5;201my[0m[38;5;201mp[0m[38;5;201me[0m[38;5;249m [0m[38;5;249mT[0m[38;5;249me[0m[38;5;249ms[0m[38;5;249mt[0m[38;5;249m2[0m[38;5;249m [0m[38;5;249m=[0m[38;5;249m [0m[38;5;249m|[0m[38;5;249m [0m[38;5;249mT[0m[38;5;249me[0m[38;5;249ms[0m[38;5;249mt[0m[38;5;249m [0m[38;5;249m|[0m[38;5;249m [0m[38;5;249mT[0m[38;5;249me[0m[38;5;249ms[0m[38;5;249mt[0m[38;5;249mi[0m[38;5;249mn[0m[38;5;249mg[0m[38;5;249m [0m[38;5;249mo[0m[38;5;249mf[0m[38;5;249m [0m[38;5;249mi[0m[38;5;249mn[0m[38;5;249mt[0m
[INFO] [stdout]  [38;5;240m  │[0m [38;5;201m─[0m[38;5;201m─[0m[38;5;201m┬[0m[38;5;201m─[0m  
[INFO] [stdout]  [38;5;240m  │[0m   [38;5;201m╰[0m[38;5;201m─[0m[38;5;201m─[0m[38;5;201m─[0m Unexpected Token: TypeKeyword
[INFO] [stdout]  [38;5;240m  │[0m 
[INFO] [stdout]  [38;5;240m  │[0m [38;5;115mNote 1[0m: Unexpected Token
[INFO] [stdout]  [38;5;240m  │[0m 
[INFO] [stdout]  [38;5;240m  │[0m [38;5;115mNote 2[0m: Combinator Label: "Indent"
[INFO] [stdout] [38;5;246m───╯[0m
[INFO] [stdout] test parser::test::test_func_calls ... ok
[INFO] [stdout] test parser::test::block_expression ... ok
[INFO] [stderr] [2024-12-14T02:49:05Z DEBUG fungo::parser] Finished stmt
[INFO] [stderr] [2024-12-14T02:49:05Z DEBUG fungo::parser] Finished stmt
[INFO] [stdout] test parser::test::type_definitions ... FAILED
[INFO] [stdout] test lexer::tests::test ... FAILED
[INFO] [stdout] 
[INFO] [stdout] failures:
[INFO] [stdout] 
[INFO] [stdout] ---- parser::test::type_definitions stdout ----
[INFO] [stdout] thread 'parser::test::type_definitions' panicked at src/parser.rs:1141:13:
[INFO] [stdout] assertion failed: output_result.is_ok()
[INFO] [stdout] stack backtrace:
[INFO] [stdout]    0:     0x64f1798b3cea - std::backtrace_rs::backtrace::libunwind::trace::h5a5b8284f2d0c266
[INFO] [stdout]                                at /rustc/90b35a6239c3d8bdabc530a6a0816f7ff89a0aaf/library/std/src/../../backtrace/src/backtrace/libunwind.rs:116:5
[INFO] [stdout]    1:     0x64f1798b3cea - std::backtrace_rs::backtrace::trace_unsynchronized::h76d4f1c9b0b875e3
[INFO] [stdout]                                at /rustc/90b35a6239c3d8bdabc530a6a0816f7ff89a0aaf/library/std/src/../../backtrace/src/backtrace/mod.rs:66:5
[INFO] [stdout]    2:     0x64f1798b3cea - std::sys::backtrace::_print_fmt::hc4546b8364a537c6
[INFO] [stdout]                                at /rustc/90b35a6239c3d8bdabc530a6a0816f7ff89a0aaf/library/std/src/sys/backtrace.rs:66:9
[INFO] [stdout]    3:     0x64f1798b3cea - <std::sys::backtrace::BacktraceLock::print::DisplayBacktrace as core::fmt::Display>::fmt::h5b6bd5631a6d1f6b
[INFO] [stdout]                                at /rustc/90b35a6239c3d8bdabc530a6a0816f7ff89a0aaf/library/std/src/sys/backtrace.rs:39:26
[INFO] [stdout]    4:     0x64f1798d96e3 - core::fmt::rt::Argument::fmt::h270f6602a2b96f62
[INFO] [stdout]                                at /rustc/90b35a6239c3d8bdabc530a6a0816f7ff89a0aaf/library/core/src/fmt/rt.rs:177:76
[INFO] [stdout]    5:     0x64f1798d96e3 - core::fmt::write::h7550c97b06c86515
[INFO] [stdout]                                at /rustc/90b35a6239c3d8bdabc530a6a0816f7ff89a0aaf/library/core/src/fmt/mod.rs:1186:21
[INFO] [stdout]    6:     0x64f1798b0ea3 - std::io::Write::write_fmt::h509ff860e5956e5e
[INFO] [stdout]                                at /rustc/90b35a6239c3d8bdabc530a6a0816f7ff89a0aaf/library/std/src/io/mod.rs:1839:15
[INFO] [stdout]    7:     0x64f1798b3b32 - std::sys::backtrace::BacktraceLock::print::h2395ccd2c84ba3aa
[INFO] [stdout]                                at /rustc/90b35a6239c3d8bdabc530a6a0816f7ff89a0aaf/library/std/src/sys/backtrace.rs:42:9
[INFO] [stdout]    8:     0x64f1798b514a - std::panicking::default_hook::{{closure}}::he19d4c7230e07961
[INFO] [stdout]                                at /rustc/90b35a6239c3d8bdabc530a6a0816f7ff89a0aaf/library/std/src/panicking.rs:268:22
[INFO] [stdout]    9:     0x64f1798b4f54 - std::panicking::default_hook::hf614597d3c67bbdb
[INFO] [stdout]                                at /rustc/90b35a6239c3d8bdabc530a6a0816f7ff89a0aaf/library/std/src/panicking.rs:292:9
[INFO] [stdout]   10:     0x64f1798537c9 - <alloc::boxed::Box<F,A> as core::ops::function::Fn<Args>>::call::h39b51ce4599c23d1
[INFO] [stdout]                                at /rustc/90b35a6239c3d8bdabc530a6a0816f7ff89a0aaf/library/alloc/src/boxed.rs:2468:9
[INFO] [stdout]   11:     0x64f1798537c9 - test::test_main::{{closure}}::he977ae839a582784
[INFO] [stdout]                                at /rustc/90b35a6239c3d8bdabc530a6a0816f7ff89a0aaf/library/test/src/lib.rs:133:21
[INFO] [stdout]   12:     0x64f1798b57e8 - <alloc::boxed::Box<F,A> as core::ops::function::Fn<Args>>::call::h9455091b6b06f9fb
[INFO] [stdout]                                at /rustc/90b35a6239c3d8bdabc530a6a0816f7ff89a0aaf/library/alloc/src/boxed.rs:2468:9
[INFO] [stdout]   13:     0x64f1798b57e8 - std::panicking::rust_panic_with_hook::h8942133a8b252070
[INFO] [stdout]                                at /rustc/90b35a6239c3d8bdabc530a6a0816f7ff89a0aaf/library/std/src/panicking.rs:809:13
[INFO] [stdout]   14:     0x64f1798b5576 - std::panicking::begin_panic_handler::{{closure}}::hb5f5963570096b29
[INFO] [stdout]                                at /rustc/90b35a6239c3d8bdabc530a6a0816f7ff89a0aaf/library/std/src/panicking.rs:667:13
[INFO] [stdout]   15:     0x64f1798b41c9 - std::sys::backtrace::__rust_end_short_backtrace::h6208cedc1922feda
[INFO] [stdout]                                at /rustc/90b35a6239c3d8bdabc530a6a0816f7ff89a0aaf/library/std/src/sys/backtrace.rs:170:18
[INFO] [stdout]   16:     0x64f1798b523c - rust_begin_unwind
[INFO] [stdout]                                at /rustc/90b35a6239c3d8bdabc530a6a0816f7ff89a0aaf/library/std/src/panicking.rs:665:5
[INFO] [stdout]   17:     0x64f17937c130 - core::panicking::panic_fmt::h0c3082644d1bf418
[INFO] [stdout]                                at /rustc/90b35a6239c3d8bdabc530a6a0816f7ff89a0aaf/library/core/src/panicking.rs:74:14
[INFO] [stdout]   18:     0x64f17937c1bc - core::panicking::panic::h957f98c65a3b3074
[INFO] [stdout]                                at /rustc/90b35a6239c3d8bdabc530a6a0816f7ff89a0aaf/library/core/src/panicking.rs:148:5
[INFO] [stdout]   19:     0x64f17955de33 - fungo::parser::test::type_definitions::h8cff7f4e69d0fd57
[INFO] [stdout]                                at /opt/rustwide/workdir/src/parser.rs:1141:13
[INFO] [stdout]   20:     0x64f17955a6f7 - fungo::parser::test::type_definitions::{{closure}}::h8661d3e8ac7eed47
[INFO] [stdout]                                at /opt/rustwide/workdir/src/parser.rs:936:26
[INFO] [stdout]   21:     0x64f17956be16 - core::ops::function::FnOnce::call_once::hcbf5e0413a76eb6e
[INFO] [stdout]                                at /rustc/90b35a6239c3d8bdabc530a6a0816f7ff89a0aaf/library/core/src/ops/function.rs:250:5
[INFO] [stdout]   22:     0x64f17985818b - core::ops::function::FnOnce::call_once::h109cf8051a59b34e
[INFO] [stdout]                                at /rustc/90b35a6239c3d8bdabc530a6a0816f7ff89a0aaf/library/core/src/ops/function.rs:250:5
[INFO] [stdout]   23:     0x64f17985818b - test::__rust_begin_short_backtrace::hf4fff89d377446ba
[INFO] [stdout]                                at /rustc/90b35a6239c3d8bdabc530a6a0816f7ff89a0aaf/library/test/src/lib.rs:621:18
[INFO] [stdout]   24:     0x64f1798579c7 - test::run_test_in_process::{{closure}}::h0e39181dd7ee5a43
[INFO] [stdout]                                at /rustc/90b35a6239c3d8bdabc530a6a0816f7ff89a0aaf/library/test/src/lib.rs:644:60
[INFO] [stdout]   25:     0x64f1798579c7 - <core::panic::unwind_safe::AssertUnwindSafe<F> as core::ops::function::FnOnce<()>>::call_once::hc5a66a30f0bdfd1f
[INFO] [stdout]                                at /rustc/90b35a6239c3d8bdabc530a6a0816f7ff89a0aaf/library/core/src/panic/unwind_safe.rs:272:9
[INFO] [stdout]   26:     0x64f1798579c7 - std::panicking::try::do_call::h873b7cf639554a5e
[INFO] [stdout]                                at /rustc/90b35a6239c3d8bdabc530a6a0816f7ff89a0aaf/library/std/src/panicking.rs:557:40
[INFO] [stdout]   27:     0x64f1798579c7 - std::panicking::try::hdb19862fad9c8bd1
[INFO] [stdout]                                at /rustc/90b35a6239c3d8bdabc530a6a0816f7ff89a0aaf/library/std/src/panicking.rs:520:19
[INFO] [stdout]   28:     0x64f1798579c7 - std::panic::catch_unwind::h281fe732d236d260
[INFO] [stdout]                                at /rustc/90b35a6239c3d8bdabc530a6a0816f7ff89a0aaf/library/std/src/panic.rs:358:14
[INFO] [stdout]   29:     0x64f1798579c7 - test::run_test_in_process::h949b6df8457ed338
[INFO] [stdout]                                at /rustc/90b35a6239c3d8bdabc530a6a0816f7ff89a0aaf/library/test/src/lib.rs:644:27
[INFO] [stdout]   30:     0x64f1798579c7 - test::run_test::{{closure}}::h52c556a6d4740e10
[INFO] [stdout]                                at /rustc/90b35a6239c3d8bdabc530a6a0816f7ff89a0aaf/library/test/src/lib.rs:565:43
[INFO] [stdout]   31:     0x64f17981cca4 - test::run_test::{{closure}}::h4237f6381c45ccb9
[INFO] [stdout]                                at /rustc/90b35a6239c3d8bdabc530a6a0816f7ff89a0aaf/library/test/src/lib.rs:595:41
[INFO] [stdout]   32:     0x64f17981cca4 - std::sys::backtrace::__rust_begin_short_backtrace::h505c97a579eca628
[INFO] [stdout]                                at /rustc/90b35a6239c3d8bdabc530a6a0816f7ff89a0aaf/library/std/src/sys/backtrace.rs:154:18
[INFO] [stdout]   33:     0x64f17982036e - std::thread::Builder::spawn_unchecked_::{{closure}}::{{closure}}::h9e86b2e2bc107ea3
[INFO] [stdout]                                at /rustc/90b35a6239c3d8bdabc530a6a0816f7ff89a0aaf/library/std/src/thread/mod.rs:538:17
[INFO] [stdout]   34:     0x64f17982036e - <core::panic::unwind_safe::AssertUnwindSafe<F> as core::ops::function::FnOnce<()>>::call_once::h8b06ddb275ff4a25
[INFO] [stdout]                                at /rustc/90b35a6239c3d8bdabc530a6a0816f7ff89a0aaf/library/core/src/panic/unwind_safe.rs:272:9
[INFO] [stdout]   35:     0x64f17982036e - std::panicking::try::do_call::hb26ecd7cd9a9355d
[INFO] [stdout]                                at /rustc/90b35a6239c3d8bdabc530a6a0816f7ff89a0aaf/library/std/src/panicking.rs:557:40
[INFO] [stdout]   36:     0x64f17982036e - std::panicking::try::h8ddeca9d705f9069
[INFO] [stdout]                                at /rustc/90b35a6239c3d8bdabc530a6a0816f7ff89a0aaf/library/std/src/panicking.rs:520:19
[INFO] [stdout]   37:     0x64f17982036e - std::panic::catch_unwind::h49e1c33078844c46
[INFO] [stdout]                                at /rustc/90b35a6239c3d8bdabc530a6a0816f7ff89a0aaf/library/std/src/panic.rs:358:14
[INFO] [stdout]   38:     0x64f17982036e - std::thread::Builder::spawn_unchecked_::{{closure}}::h6073db6ff56ad35d
[INFO] [stdout]                                at /rustc/90b35a6239c3d8bdabc530a6a0816f7ff89a0aaf/library/std/src/thread/mod.rs:537:30
[INFO] [stdout]   39:     0x64f17982036e - core::ops::function::FnOnce::call_once{{vtable.shim}}::h2c5a5f3779c774f1
[INFO] [stdout]                                at /rustc/90b35a6239c3d8bdabc530a6a0816f7ff89a0aaf/library/core/src/ops/function.rs:250:5
[INFO] [stdout]   40:     0x64f1798b964b - <alloc::boxed::Box<F,A> as core::ops::function::FnOnce<Args>>::call_once::hf75717d9f28faebf
[INFO] [stdout]                                at /rustc/90b35a6239c3d8bdabc530a6a0816f7ff89a0aaf/library/alloc/src/boxed.rs:2454:9
[INFO] [stdout]   41:     0x64f1798b964b - <alloc::boxed::Box<F,A> as core::ops::function::FnOnce<Args>>::call_once::h7bd883a5f3c5f3c1
[INFO] [stdout]                                at /rustc/90b35a6239c3d8bdabc530a6a0816f7ff89a0aaf/library/alloc/src/boxed.rs:2454:9
[INFO] [stdout]   42:     0x64f1798b964b - std::sys::pal::unix::thread::Thread::new::thread_start::hcc78f3943333fa94
[INFO] [stdout]                                at /rustc/90b35a6239c3d8bdabc530a6a0816f7ff89a0aaf/library/std/src/sys/pal/unix/thread.rs:105:17
[INFO] [stdout]   43:     0x7477cdfdbac3 - <unknown>
[INFO] [stdout]   44:     0x7477ce06ca04 - clone
[INFO] [stdout]   45:                0x0 - <unknown>
[INFO] [stdout] 
[INFO] [stdout] ---- lexer::tests::test stdout ----
[INFO] [stdout] thread 'lexer::tests::test' panicked at /opt/rustwide/cargo-home/registry/src/index.crates.io-6f17d22bba15001f/env_logger-0.11.5/src/logger.rs:499:14:
[INFO] [stdout] Builder::init should not be called after logger initialized: SetLoggerError(())
[INFO] [stdout] stack backtrace:
[INFO] [stdout]    0:     0x64f1798b3cea - std::backtrace_rs::backtrace::libunwind::trace::h5a5b8284f2d0c266
[INFO] [stdout]                                at /rustc/90b35a6239c3d8bdabc530a6a0816f7ff89a0aaf/library/std/src/../../backtrace/src/backtrace/libunwind.rs:116:5
[INFO] [stdout]    1:     0x64f1798b3cea - std::backtrace_rs::backtrace::trace_unsynchronized::h76d4f1c9b0b875e3
[INFO] [stdout]                                at /rustc/90b35a6239c3d8bdabc530a6a0816f7ff89a0aaf/library/std/src/../../backtrace/src/backtrace/mod.rs:66:5
[INFO] [stdout]    2:     0x64f1798b3cea - std::sys::backtrace::_print_fmt::hc4546b8364a537c6
[INFO] [stdout]                                at /rustc/90b35a6239c3d8bdabc530a6a0816f7ff89a0aaf/library/std/src/sys/backtrace.rs:66:9
[INFO] [stdout]    3:     0x64f1798b3cea - <std::sys::backtrace::BacktraceLock::print::DisplayBacktrace as core::fmt::Display>::fmt::h5b6bd5631a6d1f6b
[INFO] [stdout]                                at /rustc/90b35a6239c3d8bdabc530a6a0816f7ff89a0aaf/library/std/src/sys/backtrace.rs:39:26
[INFO] [stdout]    4:     0x64f1798d96e3 - core::fmt::rt::Argument::fmt::h270f6602a2b96f62
[INFO] [stdout]                                at /rustc/90b35a6239c3d8bdabc530a6a0816f7ff89a0aaf/library/core/src/fmt/rt.rs:177:76
[INFO] [stdout]    5:     0x64f1798d96e3 - core::fmt::write::h7550c97b06c86515
[INFO] [stdout]                                at /rustc/90b35a6239c3d8bdabc530a6a0816f7ff89a0aaf/library/core/src/fmt/mod.rs:1186:21
[INFO] [stdout]    6:     0x64f1798b0ea3 - std::io::Write::write_fmt::h509ff860e5956e5e
[INFO] [stdout]                                at /rustc/90b35a6239c3d8bdabc530a6a0816f7ff89a0aaf/library/std/src/io/mod.rs:1839:15
[INFO] [stdout]    7:     0x64f1798b3b32 - std::sys::backtrace::BacktraceLock::print::h2395ccd2c84ba3aa
[INFO] [stdout]                                at /rustc/90b35a6239c3d8bdabc530a6a0816f7ff89a0aaf/library/std/src/sys/backtrace.rs:42:9
[INFO] [stdout]    8:     0x64f1798b514a - std::panicking::default_hook::{{closure}}::he19d4c7230e07961
[INFO] [stdout]                                at /rustc/90b35a6239c3d8bdabc530a6a0816f7ff89a0aaf/library/std/src/panicking.rs:268:22
[INFO] [stdout]    9:     0x64f1798b4f54 - std::panicking::default_hook::hf614597d3c67bbdb
[INFO] [stdout]                                at /rustc/90b35a6239c3d8bdabc530a6a0816f7ff89a0aaf/library/std/src/panicking.rs:292:9
[INFO] [stdout]   10:     0x64f1798537c9 - <alloc::boxed::Box<F,A> as core::ops::function::Fn<Args>>::call::h39b51ce4599c23d1
[INFO] [stdout]                                at /rustc/90b35a6239c3d8bdabc530a6a0816f7ff89a0aaf/library/alloc/src/boxed.rs:2468:9
[INFO] [stdout]   11:     0x64f1798537c9 - test::test_main::{{closure}}::he977ae839a582784
[INFO] [stdout]                                at /rustc/90b35a6239c3d8bdabc530a6a0816f7ff89a0aaf/library/test/src/lib.rs:133:21
[INFO] [stdout]   12:     0x64f1798b57e8 - <alloc::boxed::Box<F,A> as core::ops::function::Fn<Args>>::call::h9455091b6b06f9fb
[INFO] [stdout]                                at /rustc/90b35a6239c3d8bdabc530a6a0816f7ff89a0aaf/library/alloc/src/boxed.rs:2468:9
[INFO] [stdout]   13:     0x64f1798b57e8 - std::panicking::rust_panic_with_hook::h8942133a8b252070
[INFO] [stdout]                                at /rustc/90b35a6239c3d8bdabc530a6a0816f7ff89a0aaf/library/std/src/panicking.rs:809:13
[INFO] [stdout]   14:     0x64f1798b55aa - std::panicking::begin_panic_handler::{{closure}}::hb5f5963570096b29
[INFO] [stdout]                                at /rustc/90b35a6239c3d8bdabc530a6a0816f7ff89a0aaf/library/std/src/panicking.rs:674:13
[INFO] [stdout]   15:     0x64f1798b41c9 - std::sys::backtrace::__rust_end_short_backtrace::h6208cedc1922feda
[INFO] [stdout]                                at /rustc/90b35a6239c3d8bdabc530a6a0816f7ff89a0aaf/library/std/src/sys/backtrace.rs:170:18
[INFO] [stdout]   16:     0x64f1798b523c - rust_begin_unwind
[INFO] [stdout]                                at /rustc/90b35a6239c3d8bdabc530a6a0816f7ff89a0aaf/library/std/src/panicking.rs:665:5
[INFO] [stdout]   17:     0x64f17937c130 - core::panicking::panic_fmt::h0c3082644d1bf418
[INFO] [stdout]                                at /rustc/90b35a6239c3d8bdabc530a6a0816f7ff89a0aaf/library/core/src/panicking.rs:74:14
[INFO] [stdout]   18:     0x64f17937c616 - core::result::unwrap_failed::hd20b4aa073bda1e2
[INFO] [stdout]                                at /rustc/90b35a6239c3d8bdabc530a6a0816f7ff89a0aaf/library/core/src/result.rs:1700:5
[INFO] [stdout]   19:     0x64f1795983ce - core::result::Result<T,E>::expect::h84433107ba92c677
[INFO] [stdout]                                at /rustc/90b35a6239c3d8bdabc530a6a0816f7ff89a0aaf/library/core/src/result.rs:1061:23
[INFO] [stdout]   20:     0x64f17959578d - env_logger::logger::Builder::init::h79b77e6532b7541e
[INFO] [stdout]                                at /opt/rustwide/cargo-home/registry/src/index.crates.io-6f17d22bba15001f/env_logger-0.11.5/src/logger.rs:498:9
[INFO] [stdout]   21:     0x64f179555dd2 - fungo::lexer::tests::test::hd43dd849bda79df2
[INFO] [stdout]                                at /opt/rustwide/workdir/src/lexer.rs:569:9
[INFO] [stdout]   22:     0x64f179555d37 - fungo::lexer::tests::test::{{closure}}::h3a8f5dfafee76eba
[INFO] [stdout]                                at /opt/rustwide/workdir/src/lexer.rs:568:14
[INFO] [stdout]   23:     0x64f17956b0f6 - core::ops::function::FnOnce::call_once::h71a644dcba12fc8a
[INFO] [stdout]                                at /rustc/90b35a6239c3d8bdabc530a6a0816f7ff89a0aaf/library/core/src/ops/function.rs:250:5
[INFO] [stdout]   24:     0x64f17985818b - core::ops::function::FnOnce::call_once::h109cf8051a59b34e
[INFO] [stdout]                                at /rustc/90b35a6239c3d8bdabc530a6a0816f7ff89a0aaf/library/core/src/ops/function.rs:250:5
[INFO] [stdout]   25:     0x64f17985818b - test::__rust_begin_short_backtrace::hf4fff89d377446ba
[INFO] [stdout]                                at /rustc/90b35a6239c3d8bdabc530a6a0816f7ff89a0aaf/library/test/src/lib.rs:621:18
[INFO] [stdout]   26:     0x64f1798579c7 - test::run_test_in_process::{{closure}}::h0e39181dd7ee5a43
[INFO] [stdout]                                at /rustc/90b35a6239c3d8bdabc530a6a0816f7ff89a0aaf/library/test/src/lib.rs:644:60
[INFO] [stdout]   27:     0x64f1798579c7 - <core::panic::unwind_safe::AssertUnwindSafe<F> as core::ops::function::FnOnce<()>>::call_once::hc5a66a30f0bdfd1f
[INFO] [stdout]                                at /rustc/90b35a6239c3d8bdabc530a6a0816f7ff89a0aaf/library/core/src/panic/unwind_safe.rs:272:9
[INFO] [stdout]   28:     0x64f1798579c7 - std::panicking::try::do_call::h873b7cf639554a5e
[INFO] [stdout]                                at /rustc/90b35a6239c3d8bdabc530a6a0816f7ff89a0aaf/library/std/src/panicking.rs:557:40
[INFO] [stdout]   29:     0x64f1798579c7 - std::panicking::try::hdb19862fad9c8bd1
[INFO] [stdout]                                at /rustc/90b35a6239c3d8bdabc530a6a0816f7ff89a0aaf/library/std/src/panicking.rs:520:19
[INFO] [stdout]   30:     0x64f1798579c7 - std::panic::catch_unwind::h281fe732d236d260
[INFO] [stdout]                                at /rustc/90b35a6239c3d8bdabc530a6a0816f7ff89a0aaf/library/std/src/panic.rs:358:14
[INFO] [stdout]   31:     0x64f1798579c7 - test::run_test_in_process::h949b6df8457ed338
[INFO] [stdout]                                at /rustc/90b35a6239c3d8bdabc530a6a0816f7ff89a0aaf/library/test/src/lib.rs:644:27
[INFO] [stdout]   32:     0x64f1798579c7 - test::run_test::{{closure}}::h52c556a6d4740e10
[INFO] [stdout]                                at /rustc/90b35a6239c3d8bdabc530a6a0816f7ff89a0aaf/library/test/src/lib.rs:565:43
[INFO] [stdout]   33:     0x64f17981cca4 - test::run_test::{{closure}}::h4237f6381c45ccb9
[INFO] [stdout]                                at /rustc/90b35a6239c3d8bdabc530a6a0816f7ff89a0aaf/library/test/src/lib.rs:595:41
[INFO] [stdout]   34:     0x64f17981cca4 - std::sys::backtrace::__rust_begin_short_backtrace::h505c97a579eca628
[INFO] [stdout]                                at /rustc/90b35a6239c3d8bdabc530a6a0816f7ff89a0aaf/library/std/src/sys/backtrace.rs:154:18
[INFO] [stdout]   35:     0x64f17982036e - std::thread::Builder::spawn_unchecked_::{{closure}}::{{closure}}::h9e86b2e2bc107ea3
[INFO] [stdout]                                at /rustc/90b35a6239c3d8bdabc530a6a0816f7ff89a0aaf/library/std/src/thread/mod.rs:538:17
[INFO] [stdout]   36:     0x64f17982036e - <core::panic::unwind_safe::AssertUnwindSafe<F> as core::ops::function::FnOnce<()>>::call_once::h8b06ddb275ff4a25
[INFO] [stdout]                                at /rustc/90b35a6239c3d8bdabc530a6a0816f7ff89a0aaf/library/core/src/panic/unwind_safe.rs:272:9
[INFO] [stdout]   37:     0x64f17982036e - std::panicking::try::do_call::hb26ecd7cd9a9355d
[INFO] [stdout]                                at /rustc/90b35a6239c3d8bdabc530a6a0816f7ff89a0aaf/library/std/src/panicking.rs:557:40
[INFO] [stdout]   38:     0x64f17982036e - std::panicking::try::h8ddeca9d705f9069
[INFO] [stdout]                                at /rustc/90b35a6239c3d8bdabc530a6a0816f7ff89a0aaf/library/std/src/panicking.rs:520:19
[INFO] [stdout]   39:     0x64f17982036e - std::panic::catch_unwind::h49e1c33078844c46
[INFO] [stdout]                                at /rustc/90b35a6239c3d8bdabc530a6a0816f7ff89a0aaf/library/std/src/panic.rs:358:14
[INFO] [stdout]   40:     0x64f17982036e - std::thread::Builder::spawn_unchecked_::{{closure}}::h6073db6ff56ad35d
[INFO] [stdout]                                at /rustc/90b35a6239c3d8bdabc530a6a0816f7ff89a0aaf/library/std/src/thread/mod.rs:537:30
[INFO] [stdout]   41:     0x64f17982036e - core::ops::function::FnOnce::call_once{{vtable.shim}}::h2c5a5f3779c774f1
[INFO] [stdout]                                at /rustc/90b35a6239c3d8bdabc530a6a0816f7ff89a0aaf/library/core/src/ops/function.rs:250:5
[INFO] [stdout]   42:     0x64f1798b964b - <alloc::boxed::Box<F,A> as core::ops::function::FnOnce<Args>>::call_once::hf75717d9f28faebf
[INFO] [stdout]                                at /rustc/90b35a6239c3d8bdabc530a6a0816f7ff89a0aaf/library/alloc/src/boxed.rs:2454:9
[INFO] [stdout]   43:     0x64f1798b964b - <alloc::boxed::Box<F,A> as core::ops::function::FnOnce<Args>>::call_once::h7bd883a5f3c5f3c1
[INFO] [stdout]                                at /rustc/90b35a6239c3d8bdabc530a6a0816f7ff89a0aaf/library/alloc/src/boxed.rs:2454:9
[INFO] [stdout]   44:     0x64f1798b964b - std::sys::pal::unix::thread::Thread::new::thread_start::hcc78f3943333fa94
[INFO] [stdout]                                at /rustc/90b35a6239c3d8bdabc530a6a0816f7ff89a0aaf/library/std/src/sys/pal/unix/thread.rs:105:17
[INFO] [stdout]   45:     0x7477cdfdbac3 - <unknown>
[INFO] [stdout]   46:     0x7477ce06ca04 - clone
[INFO] [stdout]   47:                0x0 - <unknown>
[INFO] [stdout] 
[INFO] [stdout] 
[INFO] [stdout] failures:
[INFO] [stdout]     lexer::tests::test
[INFO] [stdout]     parser::test::type_definitions
[INFO] [stdout] 
[INFO] [stdout] test result: FAILED. 3 passed; 2 failed; 0 ignored; 0 measured; 0 filtered out; finished in 0.06s
[INFO] [stdout] 
[INFO] [stderr] error: test failed, to rerun pass `--bin fungo`
[INFO] running `Command { std: "docker" "inspect" "e44f11896ab8d9d0f47ccc9d8095729cd7c05ed001b67c40788f817076b5fcad", kill_on_drop: false }`
[INFO] running `Command { std: "docker" "rm" "-f" "e44f11896ab8d9d0f47ccc9d8095729cd7c05ed001b67c40788f817076b5fcad", kill_on_drop: false }`
[INFO] [stdout] e44f11896ab8d9d0f47ccc9d8095729cd7c05ed001b67c40788f817076b5fcad
