[INFO] cloning repository https://github.com/DhavySantos/Foux
[INFO] running `Command { std: "git" "-c" "credential.helper=" "-c" "credential.helper=/workspace/cargo-home/bin/git-credential-null" "clone" "--bare" "https://github.com/DhavySantos/Foux" "/workspace/cache/git-repos/https%3A%2F%2Fgithub.com%2FDhavySantos%2FFoux", kill_on_drop: false }`
[INFO] [stderr] Cloning into bare repository '/workspace/cache/git-repos/https%3A%2F%2Fgithub.com%2FDhavySantos%2FFoux'...
[INFO] running `Command { std: "git" "rev-parse" "HEAD", kill_on_drop: false }`
[INFO] [stdout] 775e0424fac35cb710ed5a8d41bec36be0b097e8
[INFO] testing DhavySantos/Foux against beta-2024-12-08 for beta-1.84.0-4-retry
[INFO] running `Command { std: "git" "clone" "/workspace/cache/git-repos/https%3A%2F%2Fgithub.com%2FDhavySantos%2FFoux" "/workspace/builds/worker-4-tc2/source", kill_on_drop: false }`
[INFO] [stderr] Cloning into '/workspace/builds/worker-4-tc2/source'...
[INFO] [stderr] done.
[INFO] validating manifest of git repo https://github.com/DhavySantos/Foux on toolchain beta-2024-12-08
[INFO] running `Command { std: CARGO_HOME="/workspace/cargo-home" RUSTUP_HOME="/workspace/rustup-home" "/workspace/cargo-home/bin/cargo" "+beta-2024-12-08" "metadata" "--manifest-path" "Cargo.toml" "--no-deps", kill_on_drop: false }`
[INFO] started tweaking git repo https://github.com/DhavySantos/Foux
[INFO] finished tweaking git repo https://github.com/DhavySantos/Foux
[INFO] tweaked toml for git repo https://github.com/DhavySantos/Foux written to /workspace/builds/worker-4-tc2/source/Cargo.toml
[INFO] crate git repo https://github.com/DhavySantos/Foux already has a lockfile, it will not be regenerated
[INFO] running `Command { std: CARGO_HOME="/workspace/cargo-home" RUSTUP_HOME="/workspace/rustup-home" "/workspace/cargo-home/bin/cargo" "+beta-2024-12-08" "fetch" "--manifest-path" "Cargo.toml", kill_on_drop: false }`
[INFO] [stderr] warning: unused manifest key: package.author
[INFO] [stderr]     Blocking waiting for file lock on package cache
[INFO] [stderr]     Blocking waiting for file lock on package cache
[INFO] running `Command { std: "docker" "create" "-v" "/var/lib/crater-agent-workspace/builds/worker-4-tc2/target:/opt/rustwide/target:rw,Z" "-v" "/var/lib/crater-agent-workspace/builds/worker-4-tc2/source:/opt/rustwide/workdir:ro,Z" "-v" "/var/lib/crater-agent-workspace/cargo-home:/opt/rustwide/cargo-home:ro,Z" "-v" "/var/lib/crater-agent-workspace/rustup-home:/opt/rustwide/rustup-home:ro,Z" "-e" "SOURCE_DIR=/opt/rustwide/workdir" "-e" "CARGO_TARGET_DIR=/opt/rustwide/target" "-e" "CARGO_HOME=/opt/rustwide/cargo-home" "-e" "RUSTUP_HOME=/opt/rustwide/rustup-home" "-w" "/opt/rustwide/workdir" "-m" "1610612736" "--user" "0:0" "--network" "none" "ghcr.io/rust-lang/crates-build-env/linux@sha256:f3a9d4ad9d972b27faf3965f35b62e55ba32bbce8f20bc8fe909558a86702fde" "/opt/rustwide/cargo-home/bin/cargo" "+beta-2024-12-08" "metadata" "--no-deps" "--format-version=1", kill_on_drop: false }`
[INFO] [stdout] 6c3e295e3b2fc177cd1ad41f6c03a4ba1a7a58e19dbdba8ac397785aa3631261
[INFO] running `Command { std: "docker" "start" "-a" "6c3e295e3b2fc177cd1ad41f6c03a4ba1a7a58e19dbdba8ac397785aa3631261", kill_on_drop: false }`
[INFO] running `Command { std: "docker" "inspect" "6c3e295e3b2fc177cd1ad41f6c03a4ba1a7a58e19dbdba8ac397785aa3631261", kill_on_drop: false }`
[INFO] running `Command { std: "docker" "rm" "-f" "6c3e295e3b2fc177cd1ad41f6c03a4ba1a7a58e19dbdba8ac397785aa3631261", kill_on_drop: false }`
[INFO] [stdout] 6c3e295e3b2fc177cd1ad41f6c03a4ba1a7a58e19dbdba8ac397785aa3631261
[INFO] running `Command { std: "docker" "create" "-v" "/var/lib/crater-agent-workspace/builds/worker-4-tc2/target:/opt/rustwide/target:rw,Z" "-v" "/var/lib/crater-agent-workspace/builds/worker-4-tc2/source:/opt/rustwide/workdir:ro,Z" "-v" "/var/lib/crater-agent-workspace/cargo-home:/opt/rustwide/cargo-home:ro,Z" "-v" "/var/lib/crater-agent-workspace/rustup-home:/opt/rustwide/rustup-home:ro,Z" "-e" "SOURCE_DIR=/opt/rustwide/workdir" "-e" "CARGO_TARGET_DIR=/opt/rustwide/target" "-e" "CARGO_INCREMENTAL=0" "-e" "RUST_BACKTRACE=full" "-e" "RUSTFLAGS=--cap-lints=warn" "-e" "RUSTDOCFLAGS=--cap-lints=warn" "-e" "CARGO_HOME=/opt/rustwide/cargo-home" "-e" "RUSTUP_HOME=/opt/rustwide/rustup-home" "-w" "/opt/rustwide/workdir" "-m" "1610612736" "--user" "0:0" "--network" "none" "ghcr.io/rust-lang/crates-build-env/linux@sha256:f3a9d4ad9d972b27faf3965f35b62e55ba32bbce8f20bc8fe909558a86702fde" "/opt/rustwide/cargo-home/bin/cargo" "+beta-2024-12-08" "build" "--frozen" "--message-format=json", kill_on_drop: false }`
[INFO] [stdout] b907d09386d9fc477897e4d0aaaa108c28fc2a9bb8318351f8b7d5db7abf59fd
[INFO] running `Command { std: "docker" "start" "-a" "b907d09386d9fc477897e4d0aaaa108c28fc2a9bb8318351f8b7d5db7abf59fd", kill_on_drop: false }`
[INFO] [stderr] warning: unused manifest key: package.author
[INFO] [stderr]    Compiling autocfg v1.4.0
[INFO] [stderr]    Compiling shlex v1.3.0
[INFO] [stderr]    Compiling khronos_api v3.1.0
[INFO] [stderr]    Compiling paste v1.0.15
[INFO] [stderr]    Compiling bytemuck v1.20.0
[INFO] [stderr]    Compiling log v0.4.22
[INFO] [stderr]    Compiling typenum v1.17.0
[INFO] [stderr]    Compiling xml-rs v0.8.23
[INFO] [stderr]    Compiling rawpointer v0.2.1
[INFO] [stderr]    Compiling raw-window-handle v0.6.2
[INFO] [stderr]    Compiling cc v1.2.1
[INFO] [stderr]    Compiling safe_arch v0.7.2
[INFO] [stderr]    Compiling num-traits v0.2.19
[INFO] [stderr]    Compiling matrixmultiply v0.3.9
[INFO] [stderr]    Compiling wide v0.7.30
[INFO] [stderr]    Compiling gl_generator v0.14.0
[INFO] [stderr]    Compiling cmake v0.1.51
[INFO] [stderr]    Compiling glfw-sys v5.0.0+3.3.9
[INFO] [stderr]    Compiling gl v0.14.0
[INFO] [stderr]    Compiling num-complex v0.4.6
[INFO] [stderr]    Compiling num-integer v0.1.46
[INFO] [stderr]    Compiling approx v0.5.1
[INFO] [stderr]    Compiling num-rational v0.4.2
[INFO] [stderr]    Compiling simba v0.9.0
[INFO] [stderr]    Compiling glfw v0.58.0
[INFO] [stderr]    Compiling nalgebra v0.33.2
[INFO] [stderr]    Compiling nalgebra-glm v0.19.0
[INFO] [stderr]    Compiling foux v0.0.3 (/opt/rustwide/workdir)
[INFO] [stderr]     Finished `dev` profile [unoptimized + debuginfo] target(s) in 23.08s
[INFO] running `Command { std: "docker" "inspect" "b907d09386d9fc477897e4d0aaaa108c28fc2a9bb8318351f8b7d5db7abf59fd", kill_on_drop: false }`
[INFO] running `Command { std: "docker" "rm" "-f" "b907d09386d9fc477897e4d0aaaa108c28fc2a9bb8318351f8b7d5db7abf59fd", kill_on_drop: false }`
[INFO] [stdout] b907d09386d9fc477897e4d0aaaa108c28fc2a9bb8318351f8b7d5db7abf59fd
[INFO] running `Command { std: "docker" "create" "-v" "/var/lib/crater-agent-workspace/builds/worker-4-tc2/target:/opt/rustwide/target:rw,Z" "-v" "/var/lib/crater-agent-workspace/builds/worker-4-tc2/source:/opt/rustwide/workdir:ro,Z" "-v" "/var/lib/crater-agent-workspace/cargo-home:/opt/rustwide/cargo-home:ro,Z" "-v" "/var/lib/crater-agent-workspace/rustup-home:/opt/rustwide/rustup-home:ro,Z" "-e" "SOURCE_DIR=/opt/rustwide/workdir" "-e" "CARGO_TARGET_DIR=/opt/rustwide/target" "-e" "CARGO_INCREMENTAL=0" "-e" "RUST_BACKTRACE=full" "-e" "RUSTFLAGS=--cap-lints=warn" "-e" "RUSTDOCFLAGS=--cap-lints=warn" "-e" "CARGO_HOME=/opt/rustwide/cargo-home" "-e" "RUSTUP_HOME=/opt/rustwide/rustup-home" "-w" "/opt/rustwide/workdir" "-m" "1610612736" "--user" "0:0" "--network" "none" "ghcr.io/rust-lang/crates-build-env/linux@sha256:f3a9d4ad9d972b27faf3965f35b62e55ba32bbce8f20bc8fe909558a86702fde" "/opt/rustwide/cargo-home/bin/cargo" "+beta-2024-12-08" "test" "--frozen" "--no-run" "--message-format=json", kill_on_drop: false }`
[INFO] [stdout] 9387ca88fb00906f523627db2caeeefb615290ee2d1e47d6dc5e4c001e1c89a1
[INFO] running `Command { std: "docker" "start" "-a" "9387ca88fb00906f523627db2caeeefb615290ee2d1e47d6dc5e4c001e1c89a1", kill_on_drop: false }`
[INFO] [stderr] warning: unused manifest key: package.author
[INFO] [stderr]    Compiling foux v0.0.3 (/opt/rustwide/workdir)
[INFO] [stderr]     Finished `test` profile [unoptimized + debuginfo] target(s) in 0.53s
[INFO] running `Command { std: "docker" "inspect" "9387ca88fb00906f523627db2caeeefb615290ee2d1e47d6dc5e4c001e1c89a1", kill_on_drop: false }`
[INFO] running `Command { std: "docker" "rm" "-f" "9387ca88fb00906f523627db2caeeefb615290ee2d1e47d6dc5e4c001e1c89a1", kill_on_drop: false }`
[INFO] [stdout] 9387ca88fb00906f523627db2caeeefb615290ee2d1e47d6dc5e4c001e1c89a1
[INFO] running `Command { std: "docker" "create" "-v" "/var/lib/crater-agent-workspace/builds/worker-4-tc2/target:/opt/rustwide/target:rw,Z" "-v" "/var/lib/crater-agent-workspace/builds/worker-4-tc2/source:/opt/rustwide/workdir:ro,Z" "-v" "/var/lib/crater-agent-workspace/cargo-home:/opt/rustwide/cargo-home:ro,Z" "-v" "/var/lib/crater-agent-workspace/rustup-home:/opt/rustwide/rustup-home:ro,Z" "-e" "SOURCE_DIR=/opt/rustwide/workdir" "-e" "CARGO_TARGET_DIR=/opt/rustwide/target" "-e" "CARGO_INCREMENTAL=0" "-e" "RUST_BACKTRACE=full" "-e" "RUSTFLAGS=--cap-lints=warn" "-e" "RUSTDOCFLAGS=--cap-lints=warn" "-e" "CARGO_HOME=/opt/rustwide/cargo-home" "-e" "RUSTUP_HOME=/opt/rustwide/rustup-home" "-w" "/opt/rustwide/workdir" "-m" "1610612736" "--user" "0:0" "--network" "none" "ghcr.io/rust-lang/crates-build-env/linux@sha256:f3a9d4ad9d972b27faf3965f35b62e55ba32bbce8f20bc8fe909558a86702fde" "/opt/rustwide/cargo-home/bin/cargo" "+beta-2024-12-08" "test" "--frozen", kill_on_drop: false }`
[INFO] [stdout] c8f53b1d2346250cd2c9210d6e54559ec0ccab9ff49005640ebe9302e3b11776
[INFO] running `Command { std: "docker" "start" "-a" "c8f53b1d2346250cd2c9210d6e54559ec0ccab9ff49005640ebe9302e3b11776", kill_on_drop: false }`
[INFO] [stderr] warning: unused manifest key: package.author
[INFO] [stderr]     Finished `test` profile [unoptimized + debuginfo] target(s) in 0.05s
[INFO] [stderr]      Running unittests src/lib.rs (/opt/rustwide/target/debug/deps/foux-2d5fbfbfbd95fc54)
[INFO] [stderr]    Doc-tests foux
[INFO] [stdout] 
[INFO] [stdout] running 0 tests
[INFO] [stdout] 
[INFO] [stdout] test result: ok. 0 passed; 0 failed; 0 ignored; 0 measured; 0 filtered out; finished in 0.00s
[INFO] [stdout] 
[INFO] [stdout] 
[INFO] [stdout] running 6 tests
[INFO] [stdout] test src/opengl/vertex_array_object.rs - opengl::vertex_array_object::VertexArrayObject::bind (line 41) ... FAILED
[INFO] [stdout] test src/opengl/vertex_array_object.rs - opengl::vertex_array_object::VertexArrayObject (line 8) ... FAILED
[INFO] [stdout] test src/opengl/vertex_array_object.rs - opengl::vertex_array_object::VertexArrayObject::unbind (line 54) ... FAILED
[INFO] [stdout] test src/core/ecs/system.rs - core::ecs::system::Scheduler::insert (line 41) ... FAILED
[INFO] [stdout] test src/opengl/vertex_array_object.rs - opengl::vertex_array_object::VertexArrayObject::new (line 28) ... FAILED
[INFO] [stdout] test src/core/ecs/system.rs - core::ecs::system::Scheduler::invoke (line 62) ... FAILED
[INFO] [stdout] 
[INFO] [stdout] failures:
[INFO] [stdout] 
[INFO] [stdout] ---- src/opengl/vertex_array_object.rs - opengl::vertex_array_object::VertexArrayObject::bind (line 41) stdout ----
[INFO] [stdout] error[E0425]: cannot find value `vao` in this scope
[INFO] [stdout]  --> src/opengl/vertex_array_object.rs:42:1
[INFO] [stdout]   |
[INFO] [stdout] 3 | vao.bind();
[INFO] [stdout]   | ^^^ not found in this scope
[INFO] [stdout] 
[INFO] [stdout] error: aborting due to 1 previous error
[INFO] [stdout] 
[INFO] [stdout] For more information about this error, try `rustc --explain E0425`.
[INFO] [stdout] Couldn't compile the test.
[INFO] [stdout] ---- src/opengl/vertex_array_object.rs - opengl::vertex_array_object::VertexArrayObject (line 8) stdout ----
[INFO] [stdout] error[E0433]: failed to resolve: use of undeclared type `VertexArrayObject`
[INFO] [stdout]  --> src/opengl/vertex_array_object.rs:9:11
[INFO] [stdout]   |
[INFO] [stdout] 3 | let vao = VertexArrayObject::new();
[INFO] [stdout]   |           ^^^^^^^^^^^^^^^^^ use of undeclared type `VertexArrayObject`
[INFO] [stdout]   |
[INFO] [stdout] help: consider importing this struct
[INFO] [stdout]   |
[INFO] [stdout] 2 + use foux::opengl::VertexArrayObject;
[INFO] [stdout]   |
[INFO] [stdout] 
[INFO] [stdout] error: aborting due to 1 previous error
[INFO] [stdout] 
[INFO] [stdout] For more information about this error, try `rustc --explain E0433`.
[INFO] [stdout] Couldn't compile the test.
[INFO] [stdout] ---- src/opengl/vertex_array_object.rs - opengl::vertex_array_object::VertexArrayObject::unbind (line 54) stdout ----
[INFO] [stdout] error[E0425]: cannot find value `vao` in this scope
[INFO] [stdout]  --> src/opengl/vertex_array_object.rs:55:1
[INFO] [stdout]   |
[INFO] [stdout] 3 | vao.unbind();
[INFO] [stdout]   | ^^^ not found in this scope
[INFO] [stdout] 
[INFO] [stdout] error: aborting due to 1 previous error
[INFO] [stdout] 
[INFO] [stdout] For more information about this error, try `rustc --explain E0425`.
[INFO] [stdout] Couldn't compile the test.
[INFO] [stdout] ---- src/core/ecs/system.rs - core::ecs::system::Scheduler::insert (line 41) stdout ----
[INFO] [stdout] error[E0433]: failed to resolve: use of undeclared type `Scheduler`
[INFO] [stdout]  --> src/core/ecs/system.rs:42:21
[INFO] [stdout]   |
[INFO] [stdout] 3 | let mut scheduler = Scheduler::new();
[INFO] [stdout]   |                     ^^^^^^^^^ use of undeclared type `Scheduler`
[INFO] [stdout]   |
[INFO] [stdout] help: consider importing this struct
[INFO] [stdout]   |
[INFO] [stdout] 2 + use foux::core::ecs::Scheduler;
[INFO] [stdout]   |
[INFO] [stdout] 
[INFO] [stdout] error[E0433]: failed to resolve: use of undeclared type `SystemType`
[INFO] [stdout]  --> src/core/ecs/system.rs:43:18
[INFO] [stdout]   |
[INFO] [stdout] 4 | scheduler.insert(SystemType::Startup, || println!("Starting up..."));
[INFO] [stdout]   |                  ^^^^^^^^^^ use of undeclared type `SystemType`
[INFO] [stdout]   |
[INFO] [stdout] help: consider importing this enum
[INFO] [stdout]   |
[INFO] [stdout] 2 + use foux::core::ecs::SystemType;
[INFO] [stdout]   |
[INFO] [stdout] 
[INFO] [stdout] error: aborting due to 2 previous errors
[INFO] [stdout] 
[INFO] [stdout] For more information about this error, try `rustc --explain E0433`.
[INFO] [stdout] Couldn't compile the test.
[INFO] [stdout] ---- src/opengl/vertex_array_object.rs - opengl::vertex_array_object::VertexArrayObject::new (line 28) stdout ----
[INFO] [stdout] error[E0433]: failed to resolve: use of undeclared type `VertexArrayObject`
[INFO] [stdout]  --> src/opengl/vertex_array_object.rs:29:11
[INFO] [stdout]   |
[INFO] [stdout] 3 | let vao = VertexArrayObject::new();
[INFO] [stdout]   |           ^^^^^^^^^^^^^^^^^ use of undeclared type `VertexArrayObject`
[INFO] [stdout]   |
[INFO] [stdout] help: consider importing this struct
[INFO] [stdout]   |
[INFO] [stdout] 2 + use foux::opengl::VertexArrayObject;
[INFO] [stdout]   |
[INFO] [stdout] 
[INFO] [stdout] error: aborting due to 1 previous error
[INFO] [stdout] 
[INFO] [stdout] For more information about this error, try `rustc --explain E0433`.
[INFO] [stdout] Couldn't compile the test.
[INFO] [stdout] ---- src/core/ecs/system.rs - core::ecs::system::Scheduler::invoke (line 62) stdout ----
[INFO] [stdout] error[E0433]: failed to resolve: use of undeclared type `Scheduler`
[INFO] [stdout]  --> src/core/ecs/system.rs:63:21
[INFO] [stdout]   |
[INFO] [stdout] 3 | let mut scheduler = Scheduler::new();
[INFO] [stdout]   |                     ^^^^^^^^^ use of undeclared type `Scheduler`
[INFO] [stdout]   |
[INFO] [stdout] help: consider importing this struct
[INFO] [stdout]   |
[INFO] [stdout] 2 + use foux::core::ecs::Scheduler;
[INFO] [stdout]   |
[INFO] [stdout] 
[INFO] [stdout] error[E0433]: failed to resolve: use of undeclared type `SystemType`
[INFO] [stdout]  --> src/core/ecs/system.rs:64:18
[INFO] [stdout]   |
[INFO] [stdout] 4 | scheduler.insert(SystemType::Startup, || println!("Starting up..."));
[INFO] [stdout]   |                  ^^^^^^^^^^ use of undeclared type `SystemType`
[INFO] [stdout]   |
[INFO] [stdout] help: consider importing this enum
[INFO] [stdout]   |
[INFO] [stdout] 2 + use foux::core::ecs::SystemType;
[INFO] [stdout]   |
[INFO] [stdout] 
[INFO] [stdout] error[E0433]: failed to resolve: use of undeclared type `SystemType`
[INFO] [stdout]  --> src/core/ecs/system.rs:65:18
[INFO] [stdout]   |
[INFO] [stdout] 5 | scheduler.invoke(SystemType::Startup);
[INFO] [stdout]   |                  ^^^^^^^^^^ use of undeclared type `SystemType`
[INFO] [stdout]   |
[INFO] [stdout] help: consider importing this enum
[INFO] [stdout]   |
[INFO] [stdout] 2 + use foux::core::ecs::SystemType;
[INFO] [stdout]   |
[INFO] [stdout] 
[INFO] [stdout] error: aborting due to 3 previous errors
[INFO] [stdout] 
[INFO] [stdout] For more information about this error, try `rustc --explain E0433`.
[INFO] [stdout] Couldn't compile the test.
[INFO] [stdout] 
[INFO] [stdout] failures:
[INFO] [stdout]     src/core/ecs/system.rs - core::ecs::system::Scheduler::insert (line 41)
[INFO] [stdout]     src/core/ecs/system.rs - core::ecs::system::Scheduler::invoke (line 62)
[INFO] [stdout]     src/opengl/vertex_array_object.rs - opengl::vertex_array_object::VertexArrayObject (line 8)
[INFO] [stdout]     src/opengl/vertex_array_object.rs - opengl::vertex_array_object::VertexArrayObject::bind (line 41)
[INFO] [stdout]     src/opengl/vertex_array_object.rs - opengl::vertex_array_object::VertexArrayObject::new (line 28)
[INFO] [stdout]     src/opengl/vertex_array_object.rs - opengl::vertex_array_object::VertexArrayObject::unbind (line 54)
[INFO] [stdout] 
[INFO] [stdout] test result: FAILED. 0 passed; 6 failed; 0 ignored; 0 measured; 0 filtered out; finished in 0.23s
[INFO] [stdout] 
[INFO] [stderr] error: doctest failed, to rerun pass `--doc`
[INFO] running `Command { std: "docker" "inspect" "c8f53b1d2346250cd2c9210d6e54559ec0ccab9ff49005640ebe9302e3b11776", kill_on_drop: false }`
[INFO] running `Command { std: "docker" "rm" "-f" "c8f53b1d2346250cd2c9210d6e54559ec0ccab9ff49005640ebe9302e3b11776", kill_on_drop: false }`
[INFO] [stdout] c8f53b1d2346250cd2c9210d6e54559ec0ccab9ff49005640ebe9302e3b11776
