[INFO] cloning repository https://github.com/DeveloperGY/rust_engine_test
[INFO] running `Command { std: "git" "-c" "credential.helper=" "-c" "credential.helper=/workspace/cargo-home/bin/git-credential-null" "clone" "--bare" "https://github.com/DeveloperGY/rust_engine_test" "/workspace/cache/git-repos/https%3A%2F%2Fgithub.com%2FDeveloperGY%2Frust_engine_test", kill_on_drop: false }`
[INFO] [stderr] Cloning into bare repository '/workspace/cache/git-repos/https%3A%2F%2Fgithub.com%2FDeveloperGY%2Frust_engine_test'...
[INFO] running `Command { std: "git" "rev-parse" "HEAD", kill_on_drop: false }`
[INFO] [stdout] 7b71b124739bb398607dadca6204e9231f5b78ca
[INFO] testing DeveloperGY/rust_engine_test against 1.83.0 for beta-1.84.0-4-retry
[INFO] running `Command { std: "git" "clone" "/workspace/cache/git-repos/https%3A%2F%2Fgithub.com%2FDeveloperGY%2Frust_engine_test" "/workspace/builds/worker-2-tc1/source", kill_on_drop: false }`
[INFO] [stderr] Cloning into '/workspace/builds/worker-2-tc1/source'...
[INFO] [stderr] done.
[INFO] validating manifest of git repo https://github.com/DeveloperGY/rust_engine_test on toolchain 1.83.0
[INFO] running `Command { std: CARGO_HOME="/workspace/cargo-home" RUSTUP_HOME="/workspace/rustup-home" "/workspace/cargo-home/bin/cargo" "+1.83.0" "metadata" "--manifest-path" "Cargo.toml" "--no-deps", kill_on_drop: false }`
[INFO] started tweaking git repo https://github.com/DeveloperGY/rust_engine_test
[INFO] finished tweaking git repo https://github.com/DeveloperGY/rust_engine_test
[INFO] tweaked toml for git repo https://github.com/DeveloperGY/rust_engine_test written to /workspace/builds/worker-2-tc1/source/Cargo.toml
[INFO] crate git repo https://github.com/DeveloperGY/rust_engine_test already has a lockfile, it will not be regenerated
[INFO] running `Command { std: CARGO_HOME="/workspace/cargo-home" RUSTUP_HOME="/workspace/rustup-home" "/workspace/cargo-home/bin/cargo" "+1.83.0" "fetch" "--manifest-path" "Cargo.toml", kill_on_drop: false }`
[INFO] running `Command { std: "docker" "create" "-v" "/var/lib/crater-agent-workspace/builds/worker-2-tc1/target:/opt/rustwide/target:rw,Z" "-v" "/var/lib/crater-agent-workspace/builds/worker-2-tc1/source:/opt/rustwide/workdir:ro,Z" "-v" "/var/lib/crater-agent-workspace/cargo-home:/opt/rustwide/cargo-home:ro,Z" "-v" "/var/lib/crater-agent-workspace/rustup-home:/opt/rustwide/rustup-home:ro,Z" "-e" "SOURCE_DIR=/opt/rustwide/workdir" "-e" "CARGO_TARGET_DIR=/opt/rustwide/target" "-e" "CARGO_HOME=/opt/rustwide/cargo-home" "-e" "RUSTUP_HOME=/opt/rustwide/rustup-home" "-w" "/opt/rustwide/workdir" "-m" "1610612736" "--user" "0:0" "--network" "none" "ghcr.io/rust-lang/crates-build-env/linux@sha256:f3a9d4ad9d972b27faf3965f35b62e55ba32bbce8f20bc8fe909558a86702fde" "/opt/rustwide/cargo-home/bin/cargo" "+1.83.0" "metadata" "--no-deps" "--format-version=1", kill_on_drop: false }`
[INFO] [stdout] db1c263da8f14a412bb13aa5ce2596929fc82c818a475365c88d103f80453b58
[INFO] running `Command { std: "docker" "start" "-a" "db1c263da8f14a412bb13aa5ce2596929fc82c818a475365c88d103f80453b58", kill_on_drop: false }`
[INFO] running `Command { std: "docker" "inspect" "db1c263da8f14a412bb13aa5ce2596929fc82c818a475365c88d103f80453b58", kill_on_drop: false }`
[INFO] running `Command { std: "docker" "rm" "-f" "db1c263da8f14a412bb13aa5ce2596929fc82c818a475365c88d103f80453b58", kill_on_drop: false }`
[INFO] [stdout] db1c263da8f14a412bb13aa5ce2596929fc82c818a475365c88d103f80453b58
[INFO] running `Command { std: "docker" "create" "-v" "/var/lib/crater-agent-workspace/builds/worker-2-tc1/target:/opt/rustwide/target:rw,Z" "-v" "/var/lib/crater-agent-workspace/builds/worker-2-tc1/source:/opt/rustwide/workdir:ro,Z" "-v" "/var/lib/crater-agent-workspace/cargo-home:/opt/rustwide/cargo-home:ro,Z" "-v" "/var/lib/crater-agent-workspace/rustup-home:/opt/rustwide/rustup-home:ro,Z" "-e" "SOURCE_DIR=/opt/rustwide/workdir" "-e" "CARGO_TARGET_DIR=/opt/rustwide/target" "-e" "CARGO_INCREMENTAL=0" "-e" "RUST_BACKTRACE=full" "-e" "RUSTFLAGS=--cap-lints=warn" "-e" "RUSTDOCFLAGS=--cap-lints=warn" "-e" "CARGO_HOME=/opt/rustwide/cargo-home" "-e" "RUSTUP_HOME=/opt/rustwide/rustup-home" "-w" "/opt/rustwide/workdir" "-m" "1610612736" "--user" "0:0" "--network" "none" "ghcr.io/rust-lang/crates-build-env/linux@sha256:f3a9d4ad9d972b27faf3965f35b62e55ba32bbce8f20bc8fe909558a86702fde" "/opt/rustwide/cargo-home/bin/cargo" "+1.83.0" "build" "--frozen" "--message-format=json", kill_on_drop: false }`
[INFO] [stdout] 21adb358d469e046be1f4de6afee0a5058bc95d1c92bbc4d0fc35896d5a7c34b
[INFO] running `Command { std: "docker" "start" "-a" "21adb358d469e046be1f4de6afee0a5058bc95d1c92bbc4d0fc35896d5a7c34b", kill_on_drop: false }`
[INFO] [stderr]    Compiling engine v0.1.0 (/opt/rustwide/workdir)
[INFO] [stdout] warning: methods `as_any` and `clear` are never used
[INFO] [stdout]   --> src/ecs/component.rs:39:8
[INFO] [stdout]    |
[INFO] [stdout] 38 | trait ComponentArray {
[INFO] [stdout]    |       -------------- methods in this trait
[INFO] [stdout] 39 |     fn as_any(&self) -> &dyn Any;
[INFO] [stdout]    |        ^^^^^^
[INFO] [stdout] 40 |     fn as_any_mut(&mut self) -> &mut dyn Any;
[INFO] [stdout] 41 |     fn clear(&mut self);
[INFO] [stdout]    |        ^^^^^
[INFO] [stdout]    |
[INFO] [stdout]    = note: `#[warn(dead_code)]` on by default
[INFO] [stdout] 
[INFO] [stdout] 
[INFO] [stdout] warning: unused variable: `dt`
[INFO] [stdout]   --> src/main.rs:96:75
[INFO] [stdout]    |
[INFO] [stdout] 96 |     fn on_frame(&mut self, _engine: Arc<engine::Engine>, _entity: Entity, dt: Duration) {
[INFO] [stdout]    |                                                                           ^^ help: if this is intentional, prefix it with an underscore: `_dt`
[INFO] [stdout]    |
[INFO] [stdout]    = note: `#[warn(unused_variables)]` on by default
[INFO] [stdout] 
[INFO] [stdout] 
[INFO] [stderr]     Finished `dev` profile [unoptimized + debuginfo] target(s) in 1.37s
[INFO] running `Command { std: "docker" "inspect" "21adb358d469e046be1f4de6afee0a5058bc95d1c92bbc4d0fc35896d5a7c34b", kill_on_drop: false }`
[INFO] running `Command { std: "docker" "rm" "-f" "21adb358d469e046be1f4de6afee0a5058bc95d1c92bbc4d0fc35896d5a7c34b", kill_on_drop: false }`
[INFO] [stdout] 21adb358d469e046be1f4de6afee0a5058bc95d1c92bbc4d0fc35896d5a7c34b
[INFO] running `Command { std: "docker" "create" "-v" "/var/lib/crater-agent-workspace/builds/worker-2-tc1/target:/opt/rustwide/target:rw,Z" "-v" "/var/lib/crater-agent-workspace/builds/worker-2-tc1/source:/opt/rustwide/workdir:ro,Z" "-v" "/var/lib/crater-agent-workspace/cargo-home:/opt/rustwide/cargo-home:ro,Z" "-v" "/var/lib/crater-agent-workspace/rustup-home:/opt/rustwide/rustup-home:ro,Z" "-e" "SOURCE_DIR=/opt/rustwide/workdir" "-e" "CARGO_TARGET_DIR=/opt/rustwide/target" "-e" "CARGO_INCREMENTAL=0" "-e" "RUST_BACKTRACE=full" "-e" "RUSTFLAGS=--cap-lints=warn" "-e" "RUSTDOCFLAGS=--cap-lints=warn" "-e" "CARGO_HOME=/opt/rustwide/cargo-home" "-e" "RUSTUP_HOME=/opt/rustwide/rustup-home" "-w" "/opt/rustwide/workdir" "-m" "1610612736" "--user" "0:0" "--network" "none" "ghcr.io/rust-lang/crates-build-env/linux@sha256:f3a9d4ad9d972b27faf3965f35b62e55ba32bbce8f20bc8fe909558a86702fde" "/opt/rustwide/cargo-home/bin/cargo" "+1.83.0" "test" "--frozen" "--no-run" "--message-format=json", kill_on_drop: false }`
[INFO] [stdout] 3014931f620747da0439a3db91a9f39a3839195031fac2d887eec3b5888da881
[INFO] running `Command { std: "docker" "start" "-a" "3014931f620747da0439a3db91a9f39a3839195031fac2d887eec3b5888da881", kill_on_drop: false }`
[INFO] [stderr]    Compiling engine v0.1.0 (/opt/rustwide/workdir)
[INFO] [stdout] warning: methods `as_any` and `clear` are never used
[INFO] [stdout]   --> src/ecs/component.rs:39:8
[INFO] [stdout]    |
[INFO] [stdout] 38 | trait ComponentArray {
[INFO] [stdout]    |       -------------- methods in this trait
[INFO] [stdout] 39 |     fn as_any(&self) -> &dyn Any;
[INFO] [stdout]    |        ^^^^^^
[INFO] [stdout] 40 |     fn as_any_mut(&mut self) -> &mut dyn Any;
[INFO] [stdout] 41 |     fn clear(&mut self);
[INFO] [stdout]    |        ^^^^^
[INFO] [stdout]    |
[INFO] [stdout]    = note: `#[warn(dead_code)]` on by default
[INFO] [stdout] 
[INFO] [stdout] 
[INFO] [stdout] warning: unused variable: `dt`
[INFO] [stdout]   --> src/main.rs:96:75
[INFO] [stdout]    |
[INFO] [stdout] 96 |     fn on_frame(&mut self, _engine: Arc<engine::Engine>, _entity: Entity, dt: Duration) {
[INFO] [stdout]    |                                                                           ^^ help: if this is intentional, prefix it with an underscore: `_dt`
[INFO] [stdout]    |
[INFO] [stdout]    = note: `#[warn(unused_variables)]` on by default
[INFO] [stdout] 
[INFO] [stdout] 
[INFO] [stdout] warning: methods `as_any` and `clear` are never used
[INFO] [stdout]   --> src/ecs/component.rs:39:8
[INFO] [stdout]    |
[INFO] [stdout] 38 | trait ComponentArray {
[INFO] [stdout]    |       -------------- methods in this trait
[INFO] [stdout] 39 |     fn as_any(&self) -> &dyn Any;
[INFO] [stdout]    |        ^^^^^^
[INFO] [stdout] 40 |     fn as_any_mut(&mut self) -> &mut dyn Any;
[INFO] [stdout] 41 |     fn clear(&mut self);
[INFO] [stdout]    |        ^^^^^
[INFO] [stdout]    |
[INFO] [stdout]    = note: `#[warn(dead_code)]` on by default
[INFO] [stdout] 
[INFO] [stdout] 
[INFO] [stderr]     Finished `test` profile [unoptimized + debuginfo] target(s) in 0.64s
[INFO] running `Command { std: "docker" "inspect" "3014931f620747da0439a3db91a9f39a3839195031fac2d887eec3b5888da881", kill_on_drop: false }`
[INFO] running `Command { std: "docker" "rm" "-f" "3014931f620747da0439a3db91a9f39a3839195031fac2d887eec3b5888da881", kill_on_drop: false }`
[INFO] [stdout] 3014931f620747da0439a3db91a9f39a3839195031fac2d887eec3b5888da881
[INFO] running `Command { std: "docker" "create" "-v" "/var/lib/crater-agent-workspace/builds/worker-2-tc1/target:/opt/rustwide/target:rw,Z" "-v" "/var/lib/crater-agent-workspace/builds/worker-2-tc1/source:/opt/rustwide/workdir:ro,Z" "-v" "/var/lib/crater-agent-workspace/cargo-home:/opt/rustwide/cargo-home:ro,Z" "-v" "/var/lib/crater-agent-workspace/rustup-home:/opt/rustwide/rustup-home:ro,Z" "-e" "SOURCE_DIR=/opt/rustwide/workdir" "-e" "CARGO_TARGET_DIR=/opt/rustwide/target" "-e" "CARGO_INCREMENTAL=0" "-e" "RUST_BACKTRACE=full" "-e" "RUSTFLAGS=--cap-lints=warn" "-e" "RUSTDOCFLAGS=--cap-lints=warn" "-e" "CARGO_HOME=/opt/rustwide/cargo-home" "-e" "RUSTUP_HOME=/opt/rustwide/rustup-home" "-w" "/opt/rustwide/workdir" "-m" "1610612736" "--user" "0:0" "--network" "none" "ghcr.io/rust-lang/crates-build-env/linux@sha256:f3a9d4ad9d972b27faf3965f35b62e55ba32bbce8f20bc8fe909558a86702fde" "/opt/rustwide/cargo-home/bin/cargo" "+1.83.0" "test" "--frozen", kill_on_drop: false }`
[INFO] [stdout] 02008c1966bb9679049adba19602ed7bb036d50bdc87ac2b3e15cbda070ae6bb
[INFO] running `Command { std: "docker" "start" "-a" "02008c1966bb9679049adba19602ed7bb036d50bdc87ac2b3e15cbda070ae6bb", kill_on_drop: false }`
[INFO] [stderr] warning: methods `as_any` and `clear` are never used
[INFO] [stderr]   --> src/ecs/component.rs:39:8
[INFO] [stderr]    |
[INFO] [stderr] 38 | trait ComponentArray {
[INFO] [stderr]    |       -------------- methods in this trait
[INFO] [stderr] 39 |     fn as_any(&self) -> &dyn Any;
[INFO] [stderr]    |        ^^^^^^
[INFO] [stderr] 40 |     fn as_any_mut(&mut self) -> &mut dyn Any;
[INFO] [stderr] 41 |     fn clear(&mut self);
[INFO] [stderr]    |        ^^^^^
[INFO] [stderr]    |
[INFO] [stderr]    = note: `#[warn(dead_code)]` on by default
[INFO] [stderr] 
[INFO] [stderr] warning: `engine` (lib) generated 1 warning
[INFO] [stderr] warning: unused variable: `dt`
[INFO] [stderr]   --> src/main.rs:96:75
[INFO] [stderr]    |
[INFO] [stderr] 96 |     fn on_frame(&mut self, _engine: Arc<engine::Engine>, _entity: Entity, dt: Duration) {
[INFO] [stderr]    |                                                                           ^^ help: if this is intentional, prefix it with an underscore: `_dt`
[INFO] [stderr]    |
[INFO] [stderr]    = note: `#[warn(unused_variables)]` on by default
[INFO] [stderr] 
[INFO] [stderr] warning: `engine` (bin "engine" test) generated 1 warning
[INFO] [stderr] warning: `engine` (lib test) generated 1 warning (1 duplicate)
[INFO] [stderr]     Finished `test` profile [unoptimized + debuginfo] target(s) in 0.02s
[INFO] [stderr]      Running unittests src/lib.rs (/opt/rustwide/target/debug/deps/engine-2b935e473440b8bb)
[INFO] [stdout] 
[INFO] [stdout] running 0 tests
[INFO] [stderr]      Running unittests src/main.rs (/opt/rustwide/target/debug/deps/engine-307d91aebd2770fb)
[INFO] [stdout] 
[INFO] [stdout] test result: ok. 0 passed; 0 failed; 0 ignored; 0 measured; 0 filtered out; finished in 0.00s
[INFO] [stdout] 
[INFO] [stdout] 
[INFO] [stdout] running 0 tests
[INFO] [stderr]    Doc-tests engine
[INFO] [stdout] 
[INFO] [stdout] test result: ok. 0 passed; 0 failed; 0 ignored; 0 measured; 0 filtered out; finished in 0.00s
[INFO] [stdout] 
[INFO] [stdout] 
[INFO] [stdout] running 1 test
[INFO] [stdout] test src/timer/mod.rs - timer::Timer::tick (line 34) ... FAILED
[INFO] [stdout] 
[INFO] [stdout] failures:
[INFO] [stdout] 
[INFO] [stdout] ---- src/timer/mod.rs - timer::Timer::tick (line 34) stdout ----
[INFO] [stdout] error: expected `;`, found `timer`
[INFO] [stdout]  --> src/timer/mod.rs:37:58
[INFO] [stdout]   |
[INFO] [stdout] 5 |     let mut timer = Timer::new(Duration::from_millis(10))
[INFO] [stdout]   |                                                          ^ help: add `;` here
[INFO] [stdout] 6 |
[INFO] [stdout] 7 |     timer.reset();
[INFO] [stdout]   |     ----- unexpected token
[INFO] [stdout] 
[INFO] [stdout] error[E0433]: failed to resolve: use of undeclared type `Duration`
[INFO] [stdout]  --> src/timer/mod.rs:37:32
[INFO] [stdout]   |
[INFO] [stdout] 5 |     let mut timer = Timer::new(Duration::from_millis(10))
[INFO] [stdout]   |                                ^^^^^^^^ use of undeclared type `Duration`
[INFO] [stdout]   |
[INFO] [stdout] help: consider importing this struct
[INFO] [stdout]   |
[INFO] [stdout] 2 + use std::time::Duration;
[INFO] [stdout]   |
[INFO] [stdout] 
[INFO] [stdout] error[E0433]: failed to resolve: use of undeclared type `Timer`
[INFO] [stdout]  --> src/timer/mod.rs:37:21
[INFO] [stdout]   |
[INFO] [stdout] 5 |     let mut timer = Timer::new(Duration::from_millis(10))
[INFO] [stdout]   |                     ^^^^^ use of undeclared type `Timer`
[INFO] [stdout] 
[INFO] [stdout] error: aborting due to 3 previous errors
[INFO] [stdout] 
[INFO] [stdout] For more information about this error, try `rustc --explain E0433`.
[INFO] [stdout] Couldn't compile the test.
[INFO] [stdout] 
[INFO] [stdout] failures:
[INFO] [stdout]     src/timer/mod.rs - timer::Timer::tick (line 34)
[INFO] [stdout] 
[INFO] [stdout] test result: FAILED. 0 passed; 1 failed; 0 ignored; 0 measured; 0 filtered out; finished in 0.11s
[INFO] [stdout] 
[INFO] [stderr] error: doctest failed, to rerun pass `--doc`
[INFO] running `Command { std: "docker" "inspect" "02008c1966bb9679049adba19602ed7bb036d50bdc87ac2b3e15cbda070ae6bb", kill_on_drop: false }`
[INFO] running `Command { std: "docker" "rm" "-f" "02008c1966bb9679049adba19602ed7bb036d50bdc87ac2b3e15cbda070ae6bb", kill_on_drop: false }`
[INFO] [stdout] 02008c1966bb9679049adba19602ed7bb036d50bdc87ac2b3e15cbda070ae6bb
