[INFO] cloning repository https://github.com/DerGorn/Cargine
[INFO] running `Command { std: "git" "-c" "credential.helper=" "-c" "credential.helper=/workspace/cargo-home/bin/git-credential-null" "clone" "--bare" "https://github.com/DerGorn/Cargine" "/workspace/cache/git-repos/https%3A%2F%2Fgithub.com%2FDerGorn%2FCargine", kill_on_drop: false }`
[INFO] [stderr] Cloning into bare repository '/workspace/cache/git-repos/https%3A%2F%2Fgithub.com%2FDerGorn%2FCargine'...
[INFO] running `Command { std: "git" "rev-parse" "HEAD", kill_on_drop: false }`
[INFO] [stdout] 1efe6cdbbb6acf03f7c96f936ebb7e3327c919a1
[INFO] testing DerGorn/Cargine against 1.83.0 for beta-1.84.0-4-retry
[INFO] running `Command { std: "git" "clone" "/workspace/cache/git-repos/https%3A%2F%2Fgithub.com%2FDerGorn%2FCargine" "/workspace/builds/worker-2-tc1/source", kill_on_drop: false }`
[INFO] [stderr] Cloning into '/workspace/builds/worker-2-tc1/source'...
[INFO] [stderr] done.
[INFO] validating manifest of git repo https://github.com/DerGorn/Cargine on toolchain 1.83.0
[INFO] running `Command { std: CARGO_HOME="/workspace/cargo-home" RUSTUP_HOME="/workspace/rustup-home" "/workspace/cargo-home/bin/cargo" "+1.83.0" "metadata" "--manifest-path" "Cargo.toml" "--no-deps", kill_on_drop: false }`
[INFO] started tweaking git repo https://github.com/DerGorn/Cargine
[INFO] finished tweaking git repo https://github.com/DerGorn/Cargine
[INFO] tweaked toml for git repo https://github.com/DerGorn/Cargine written to /workspace/builds/worker-2-tc1/source/Cargo.toml
[INFO] crate git repo https://github.com/DerGorn/Cargine already has a lockfile, it will not be regenerated
[INFO] running `Command { std: CARGO_HOME="/workspace/cargo-home" RUSTUP_HOME="/workspace/rustup-home" "/workspace/cargo-home/bin/cargo" "+1.83.0" "fetch" "--manifest-path" "Cargo.toml", kill_on_drop: false }`
[INFO] running `Command { std: "docker" "create" "-v" "/var/lib/crater-agent-workspace/builds/worker-2-tc1/target:/opt/rustwide/target:rw,Z" "-v" "/var/lib/crater-agent-workspace/builds/worker-2-tc1/source:/opt/rustwide/workdir:ro,Z" "-v" "/var/lib/crater-agent-workspace/cargo-home:/opt/rustwide/cargo-home:ro,Z" "-v" "/var/lib/crater-agent-workspace/rustup-home:/opt/rustwide/rustup-home:ro,Z" "-e" "SOURCE_DIR=/opt/rustwide/workdir" "-e" "CARGO_TARGET_DIR=/opt/rustwide/target" "-e" "CARGO_HOME=/opt/rustwide/cargo-home" "-e" "RUSTUP_HOME=/opt/rustwide/rustup-home" "-w" "/opt/rustwide/workdir" "-m" "1610612736" "--user" "0:0" "--network" "none" "ghcr.io/rust-lang/crates-build-env/linux@sha256:f3a9d4ad9d972b27faf3965f35b62e55ba32bbce8f20bc8fe909558a86702fde" "/opt/rustwide/cargo-home/bin/cargo" "+1.83.0" "metadata" "--no-deps" "--format-version=1", kill_on_drop: false }`
[INFO] [stdout] cff7ef9ce2fbbca3e5bf084f8a1d71b6691f1e0ba772ee3ff1425d4643436791
[INFO] running `Command { std: "docker" "start" "-a" "cff7ef9ce2fbbca3e5bf084f8a1d71b6691f1e0ba772ee3ff1425d4643436791", kill_on_drop: false }`
[INFO] running `Command { std: "docker" "inspect" "cff7ef9ce2fbbca3e5bf084f8a1d71b6691f1e0ba772ee3ff1425d4643436791", kill_on_drop: false }`
[INFO] running `Command { std: "docker" "rm" "-f" "cff7ef9ce2fbbca3e5bf084f8a1d71b6691f1e0ba772ee3ff1425d4643436791", kill_on_drop: false }`
[INFO] [stdout] cff7ef9ce2fbbca3e5bf084f8a1d71b6691f1e0ba772ee3ff1425d4643436791
[INFO] running `Command { std: "docker" "create" "-v" "/var/lib/crater-agent-workspace/builds/worker-2-tc1/target:/opt/rustwide/target:rw,Z" "-v" "/var/lib/crater-agent-workspace/builds/worker-2-tc1/source:/opt/rustwide/workdir:ro,Z" "-v" "/var/lib/crater-agent-workspace/cargo-home:/opt/rustwide/cargo-home:ro,Z" "-v" "/var/lib/crater-agent-workspace/rustup-home:/opt/rustwide/rustup-home:ro,Z" "-e" "SOURCE_DIR=/opt/rustwide/workdir" "-e" "CARGO_TARGET_DIR=/opt/rustwide/target" "-e" "CARGO_INCREMENTAL=0" "-e" "RUST_BACKTRACE=full" "-e" "RUSTFLAGS=--cap-lints=warn" "-e" "RUSTDOCFLAGS=--cap-lints=warn" "-e" "CARGO_HOME=/opt/rustwide/cargo-home" "-e" "RUSTUP_HOME=/opt/rustwide/rustup-home" "-w" "/opt/rustwide/workdir" "-m" "1610612736" "--user" "0:0" "--network" "none" "ghcr.io/rust-lang/crates-build-env/linux@sha256:f3a9d4ad9d972b27faf3965f35b62e55ba32bbce8f20bc8fe909558a86702fde" "/opt/rustwide/cargo-home/bin/cargo" "+1.83.0" "build" "--frozen" "--message-format=json", kill_on_drop: false }`
[INFO] [stdout] f7e798cb1d90348e13a2997f4348f21c3652db0ed04fac551786f426d6fc4585
[INFO] running `Command { std: "docker" "start" "-a" "f7e798cb1d90348e13a2997f4348f21c3652db0ed04fac551786f426d6fc4585", kill_on_drop: false }`
[INFO] [stderr]    Compiling libc v0.2.153
[INFO] [stderr]    Compiling ppv-lite86 v0.2.17
[INFO] [stderr]    Compiling getrandom v0.2.14
[INFO] [stderr]    Compiling rand_core v0.6.4
[INFO] [stderr]    Compiling rand_chacha v0.3.1
[INFO] [stderr]    Compiling rand v0.8.5
[INFO] [stderr]    Compiling cargine v0.1.0 (/opt/rustwide/workdir)
[INFO] [stdout] warning: unused import: `std::hash::Hash`
[INFO] [stdout]  --> src/lib.rs:1:5
[INFO] [stdout]   |
[INFO] [stdout] 1 | use std::hash::Hash;
[INFO] [stdout]   |     ^^^^^^^^^^^^^^^
[INFO] [stdout]   |
[INFO] [stdout]   = note: `#[warn(unused_imports)]` on by default
[INFO] [stdout] 
[INFO] [stdout] 
[INFO] [stdout] warning: unused imports: `Rng` and `SeedableRng`
[INFO] [stdout]  --> src/lib.rs:3:12
[INFO] [stdout]   |
[INFO] [stdout] 3 | use rand::{Rng, SeedableRng};
[INFO] [stdout]   |            ^^^  ^^^^^^^^^^^
[INFO] [stdout] 
[INFO] [stdout] 
[INFO] [stdout] warning: unused variable: `event`
[INFO] [stdout]   --> src/event_machine.rs:13:26
[INFO] [stdout]    |
[INFO] [stdout] 13 |     fn prioritize(&self, event: &E) -> P {
[INFO] [stdout]    |                          ^^^^^ help: if this is intentional, prefix it with an underscore: `_event`
[INFO] [stdout]    |
[INFO] [stdout]    = note: `#[warn(unused_variables)]` on by default
[INFO] [stdout] 
[INFO] [stdout] 
[INFO] [stdout] warning: trait `Card` is never used
[INFO] [stdout]  --> src/lib.rs:6:7
[INFO] [stdout]   |
[INFO] [stdout] 6 | trait Card: Clone {}
[INFO] [stdout]   |       ^^^^
[INFO] [stdout]   |
[INFO] [stdout]   = note: `#[warn(dead_code)]` on by default
[INFO] [stdout] 
[INFO] [stdout] 
[INFO] [stdout] warning: trait `Event` is never used
[INFO] [stdout]  --> src/event_machine.rs:5:11
[INFO] [stdout]   |
[INFO] [stdout] 5 | pub trait Event<T: Card> {}
[INFO] [stdout]   |           ^^^^^
[INFO] [stdout] 
[INFO] [stdout] 
[INFO] [stdout] warning: trait `EventState` is never used
[INFO] [stdout]  --> src/event_machine.rs:6:11
[INFO] [stdout]   |
[INFO] [stdout] 6 | pub trait EventState<C: Card, E: Event<C>>:
[INFO] [stdout]   |           ^^^^^^^^^^
[INFO] [stdout] 
[INFO] [stdout] 
[INFO] [stdout] warning: trait `Consumer` is never used
[INFO] [stdout]   --> src/event_machine.rs:11:11
[INFO] [stdout]    |
[INFO] [stdout] 11 | pub trait Consumer<C: Card, E: Event<C>, S: EventState<C, E>, P: ConsumerPriority = DefaultPriority>
[INFO] [stdout]    |           ^^^^^^^^
[INFO] [stdout] 
[INFO] [stdout] 
[INFO] [stdout] warning: trait `ConsumerPriority` is never used
[INFO] [stdout]   --> src/event_machine.rs:19:11
[INFO] [stdout]    |
[INFO] [stdout] 19 | pub trait ConsumerPriority: Default + PartialEq + PartialOrd + Eq + Ord {}
[INFO] [stdout]    |           ^^^^^^^^^^^^^^^^
[INFO] [stdout] 
[INFO] [stdout] 
[INFO] [stdout] warning: struct `EventMachine` is never constructed
[INFO] [stdout]   --> src/event_machine.rs:30:12
[INFO] [stdout]    |
[INFO] [stdout] 30 | pub struct EventMachine<
[INFO] [stdout]    |            ^^^^^^^^^^^^
[INFO] [stdout] 
[INFO] [stdout] 
[INFO] [stdout] warning: associated items `new`, `add_consumer`, `enqueue`, `prioritize_consumers`, `dequeue`, and `run` are never used
[INFO] [stdout]    --> src/event_machine.rs:45:12
[INFO] [stdout]     |
[INFO] [stdout] 44  | impl<C: Card, E: Event<C>, S: EventState<C, E>, P: ConsumerPriority> EventMachine<C, E, S, P> {
[INFO] [stdout]     | --------------------------------------------------------------------------------------------- associated items in this implementation
[INFO] [stdout] 45  |     pub fn new(transition: impl Fn(&S, &Self) -> (Option<S>, Vec<E>) + 'static) -> Self {
[INFO] [stdout]     |            ^^^
[INFO] [stdout] ...
[INFO] [stdout] 57  |     pub fn add_consumer(&mut self, consumer: Box<dyn Consumer<C, E, S, P>>) {
[INFO] [stdout]     |            ^^^^^^^^^^^^
[INFO] [stdout] ...
[INFO] [stdout] 71  |     fn enqueue(&mut self, event: E) {
[INFO] [stdout]     |        ^^^^^^^
[INFO] [stdout] ...
[INFO] [stdout] 81  |     fn prioritize_consumers(&self, event: &E) -> Vec<usize> {
[INFO] [stdout]     |        ^^^^^^^^^^^^^^^^^^^^
[INFO] [stdout] ...
[INFO] [stdout] 94  |     fn dequeue(&mut self) -> Option<E> {
[INFO] [stdout]     |        ^^^^^^^
[INFO] [stdout] ...
[INFO] [stdout] 101 |     pub fn run(&mut self) {
[INFO] [stdout]     |            ^^^
[INFO] [stdout] 
[INFO] [stdout] 
[INFO] [stderr]     Finished `dev` profile [unoptimized + debuginfo] target(s) in 4.07s
[INFO] running `Command { std: "docker" "inspect" "f7e798cb1d90348e13a2997f4348f21c3652db0ed04fac551786f426d6fc4585", kill_on_drop: false }`
[INFO] running `Command { std: "docker" "rm" "-f" "f7e798cb1d90348e13a2997f4348f21c3652db0ed04fac551786f426d6fc4585", kill_on_drop: false }`
[INFO] [stdout] f7e798cb1d90348e13a2997f4348f21c3652db0ed04fac551786f426d6fc4585
[INFO] running `Command { std: "docker" "create" "-v" "/var/lib/crater-agent-workspace/builds/worker-2-tc1/target:/opt/rustwide/target:rw,Z" "-v" "/var/lib/crater-agent-workspace/builds/worker-2-tc1/source:/opt/rustwide/workdir:ro,Z" "-v" "/var/lib/crater-agent-workspace/cargo-home:/opt/rustwide/cargo-home:ro,Z" "-v" "/var/lib/crater-agent-workspace/rustup-home:/opt/rustwide/rustup-home:ro,Z" "-e" "SOURCE_DIR=/opt/rustwide/workdir" "-e" "CARGO_TARGET_DIR=/opt/rustwide/target" "-e" "CARGO_INCREMENTAL=0" "-e" "RUST_BACKTRACE=full" "-e" "RUSTFLAGS=--cap-lints=warn" "-e" "RUSTDOCFLAGS=--cap-lints=warn" "-e" "CARGO_HOME=/opt/rustwide/cargo-home" "-e" "RUSTUP_HOME=/opt/rustwide/rustup-home" "-w" "/opt/rustwide/workdir" "-m" "1610612736" "--user" "0:0" "--network" "none" "ghcr.io/rust-lang/crates-build-env/linux@sha256:f3a9d4ad9d972b27faf3965f35b62e55ba32bbce8f20bc8fe909558a86702fde" "/opt/rustwide/cargo-home/bin/cargo" "+1.83.0" "test" "--frozen" "--no-run" "--message-format=json", kill_on_drop: false }`
[INFO] [stdout] adb7528a15569f60c4d08db959a12710a9c0de8559c01ab190fd945e42b83bbd
[INFO] running `Command { std: "docker" "start" "-a" "adb7528a15569f60c4d08db959a12710a9c0de8559c01ab190fd945e42b83bbd", kill_on_drop: false }`
[INFO] [stderr]    Compiling cargine v0.1.0 (/opt/rustwide/workdir)
[INFO] [stdout] warning: unused import: `std::hash::Hash`
[INFO] [stdout]  --> src/lib.rs:1:5
[INFO] [stdout]   |
[INFO] [stdout] 1 | use std::hash::Hash;
[INFO] [stdout]   |     ^^^^^^^^^^^^^^^
[INFO] [stdout]   |
[INFO] [stdout]   = note: `#[warn(unused_imports)]` on by default
[INFO] [stdout] 
[INFO] [stdout] 
[INFO] [stdout] warning: unused imports: `Rng` and `SeedableRng`
[INFO] [stdout]  --> src/lib.rs:3:12
[INFO] [stdout]   |
[INFO] [stdout] 3 | use rand::{Rng, SeedableRng};
[INFO] [stdout]   |            ^^^  ^^^^^^^^^^^
[INFO] [stdout] 
[INFO] [stdout] 
[INFO] [stdout] warning: unused variable: `event`
[INFO] [stdout]   --> src/event_machine.rs:13:26
[INFO] [stdout]    |
[INFO] [stdout] 13 |     fn prioritize(&self, event: &E) -> P {
[INFO] [stdout]    |                          ^^^^^ help: if this is intentional, prefix it with an underscore: `_event`
[INFO] [stdout]    |
[INFO] [stdout]    = note: `#[warn(unused_variables)]` on by default
[INFO] [stdout] 
[INFO] [stdout] 
[INFO] [stdout] warning: trait `Card` is never used
[INFO] [stdout]  --> src/lib.rs:6:7
[INFO] [stdout]   |
[INFO] [stdout] 6 | trait Card: Clone {}
[INFO] [stdout]   |       ^^^^
[INFO] [stdout]   |
[INFO] [stdout]   = note: `#[warn(dead_code)]` on by default
[INFO] [stdout] 
[INFO] [stdout] 
[INFO] [stdout] warning: trait `Event` is never used
[INFO] [stdout]  --> src/event_machine.rs:5:11
[INFO] [stdout]   |
[INFO] [stdout] 5 | pub trait Event<T: Card> {}
[INFO] [stdout]   |           ^^^^^
[INFO] [stdout] 
[INFO] [stdout] 
[INFO] [stdout] warning: trait `EventState` is never used
[INFO] [stdout]  --> src/event_machine.rs:6:11
[INFO] [stdout]   |
[INFO] [stdout] 6 | pub trait EventState<C: Card, E: Event<C>>:
[INFO] [stdout]   |           ^^^^^^^^^^
[INFO] [stdout] 
[INFO] [stdout] 
[INFO] [stdout] warning: trait `Consumer` is never used
[INFO] [stdout]   --> src/event_machine.rs:11:11
[INFO] [stdout]    |
[INFO] [stdout] 11 | pub trait Consumer<C: Card, E: Event<C>, S: EventState<C, E>, P: ConsumerPriority = DefaultPriority>
[INFO] [stdout]    |           ^^^^^^^^
[INFO] [stdout] 
[INFO] [stdout] 
[INFO] [stdout] warning: trait `ConsumerPriority` is never used
[INFO] [stdout]   --> src/event_machine.rs:19:11
[INFO] [stdout]    |
[INFO] [stdout] 19 | pub trait ConsumerPriority: Default + PartialEq + PartialOrd + Eq + Ord {}
[INFO] [stdout]    |           ^^^^^^^^^^^^^^^^
[INFO] [stdout] 
[INFO] [stdout] 
[INFO] [stdout] warning: struct `EventMachine` is never constructed
[INFO] [stdout]   --> src/event_machine.rs:30:12
[INFO] [stdout]    |
[INFO] [stdout] 30 | pub struct EventMachine<
[INFO] [stdout]    |            ^^^^^^^^^^^^
[INFO] [stdout] 
[INFO] [stdout] 
[INFO] [stdout] warning: associated items `new`, `add_consumer`, `enqueue`, `prioritize_consumers`, `dequeue`, and `run` are never used
[INFO] [stdout]    --> src/event_machine.rs:45:12
[INFO] [stdout]     |
[INFO] [stdout] 44  | impl<C: Card, E: Event<C>, S: EventState<C, E>, P: ConsumerPriority> EventMachine<C, E, S, P> {
[INFO] [stdout]     | --------------------------------------------------------------------------------------------- associated items in this implementation
[INFO] [stdout] 45  |     pub fn new(transition: impl Fn(&S, &Self) -> (Option<S>, Vec<E>) + 'static) -> Self {
[INFO] [stdout]     |            ^^^
[INFO] [stdout] ...
[INFO] [stdout] 57  |     pub fn add_consumer(&mut self, consumer: Box<dyn Consumer<C, E, S, P>>) {
[INFO] [stdout]     |            ^^^^^^^^^^^^
[INFO] [stdout] ...
[INFO] [stdout] 71  |     fn enqueue(&mut self, event: E) {
[INFO] [stdout]     |        ^^^^^^^
[INFO] [stdout] ...
[INFO] [stdout] 81  |     fn prioritize_consumers(&self, event: &E) -> Vec<usize> {
[INFO] [stdout]     |        ^^^^^^^^^^^^^^^^^^^^
[INFO] [stdout] ...
[INFO] [stdout] 94  |     fn dequeue(&mut self) -> Option<E> {
[INFO] [stdout]     |        ^^^^^^^
[INFO] [stdout] ...
[INFO] [stdout] 101 |     pub fn run(&mut self) {
[INFO] [stdout]     |            ^^^
[INFO] [stdout] 
[INFO] [stdout] 
[INFO] [stdout] warning: unused variable: `event`
[INFO] [stdout]   --> src/event_machine.rs:13:26
[INFO] [stdout]    |
[INFO] [stdout] 13 |     fn prioritize(&self, event: &E) -> P {
[INFO] [stdout]    |                          ^^^^^ help: if this is intentional, prefix it with an underscore: `_event`
[INFO] [stdout]    |
[INFO] [stdout]    = note: `#[warn(unused_variables)]` on by default
[INFO] [stdout] 
[INFO] [stdout] 
[INFO] [stdout] warning: unused variable: `manager`
[INFO] [stdout]    --> src/lib.rs:405:74
[INFO] [stdout]     |
[INFO] [stdout] 405 |         let mut event_machine = event_machine::EventMachine::new(|state, manager| match state {
[INFO] [stdout]     |                                                                          ^^^^^^^ help: if this is intentional, prefix it with an underscore: `_manager`
[INFO] [stdout] 
[INFO] [stdout] 
[INFO] [stdout] warning: fields `suit` and `rank` are never read
[INFO] [stdout]   --> src/lib.rs:39:9
[INFO] [stdout]    |
[INFO] [stdout] 38 |     struct PlayingCard {
[INFO] [stdout]    |            ----------- fields in this struct
[INFO] [stdout] 39 |         suit: Suit,
[INFO] [stdout]    |         ^^^^
[INFO] [stdout] 40 |         rank: Rank,
[INFO] [stdout]    |         ^^^^
[INFO] [stdout]    |
[INFO] [stdout]    = note: `PlayingCard` has derived impls for the traits `Debug` and `Clone`, but these are intentionally ignored during dead code analysis
[INFO] [stdout]    = note: `#[warn(dead_code)]` on by default
[INFO] [stdout] 
[INFO] [stdout] 
[INFO] [stdout] warning: method `shuffle` is never used
[INFO] [stdout]   --> src/lib.rs:82:12
[INFO] [stdout]    |
[INFO] [stdout] 77 |     impl Deck<PlayingCard> {
[INFO] [stdout]    |     ---------------------- method in this implementation
[INFO] [stdout] ...
[INFO] [stdout] 82 |         fn shuffle(&mut self) {
[INFO] [stdout]    |            ^^^^^^^
[INFO] [stdout] 
[INFO] [stdout] 
[INFO] [stderr]     Finished `test` profile [unoptimized + debuginfo] target(s) in 0.91s
[INFO] running `Command { std: "docker" "inspect" "adb7528a15569f60c4d08db959a12710a9c0de8559c01ab190fd945e42b83bbd", kill_on_drop: false }`
[INFO] running `Command { std: "docker" "rm" "-f" "adb7528a15569f60c4d08db959a12710a9c0de8559c01ab190fd945e42b83bbd", kill_on_drop: false }`
[INFO] [stdout] adb7528a15569f60c4d08db959a12710a9c0de8559c01ab190fd945e42b83bbd
[INFO] running `Command { std: "docker" "create" "-v" "/var/lib/crater-agent-workspace/builds/worker-2-tc1/target:/opt/rustwide/target:rw,Z" "-v" "/var/lib/crater-agent-workspace/builds/worker-2-tc1/source:/opt/rustwide/workdir:ro,Z" "-v" "/var/lib/crater-agent-workspace/cargo-home:/opt/rustwide/cargo-home:ro,Z" "-v" "/var/lib/crater-agent-workspace/rustup-home:/opt/rustwide/rustup-home:ro,Z" "-e" "SOURCE_DIR=/opt/rustwide/workdir" "-e" "CARGO_TARGET_DIR=/opt/rustwide/target" "-e" "CARGO_INCREMENTAL=0" "-e" "RUST_BACKTRACE=full" "-e" "RUSTFLAGS=--cap-lints=warn" "-e" "RUSTDOCFLAGS=--cap-lints=warn" "-e" "CARGO_HOME=/opt/rustwide/cargo-home" "-e" "RUSTUP_HOME=/opt/rustwide/rustup-home" "-w" "/opt/rustwide/workdir" "-m" "1610612736" "--user" "0:0" "--network" "none" "ghcr.io/rust-lang/crates-build-env/linux@sha256:f3a9d4ad9d972b27faf3965f35b62e55ba32bbce8f20bc8fe909558a86702fde" "/opt/rustwide/cargo-home/bin/cargo" "+1.83.0" "test" "--frozen", kill_on_drop: false }`
[INFO] [stdout] f14d273fac11c6a75a0840420ca719b1bb6739bbb4b2d6473e35c3a31c4af410
[INFO] running `Command { std: "docker" "start" "-a" "f14d273fac11c6a75a0840420ca719b1bb6739bbb4b2d6473e35c3a31c4af410", kill_on_drop: false }`
[INFO] [stderr] warning: unused import: `std::hash::Hash`
[INFO] [stderr]  --> src/lib.rs:1:5
[INFO] [stderr]   |
[INFO] [stderr] 1 | use std::hash::Hash;
[INFO] [stderr]   |     ^^^^^^^^^^^^^^^
[INFO] [stderr]   |
[INFO] [stderr]   = note: `#[warn(unused_imports)]` on by default
[INFO] [stderr] 
[INFO] [stderr] warning: unused imports: `Rng` and `SeedableRng`
[INFO] [stderr]  --> src/lib.rs:3:12
[INFO] [stderr]   |
[INFO] [stderr] 3 | use rand::{Rng, SeedableRng};
[INFO] [stderr]   |            ^^^  ^^^^^^^^^^^
[INFO] [stderr] 
[INFO] [stderr] warning: unused variable: `event`
[INFO] [stderr]   --> src/event_machine.rs:13:26
[INFO] [stderr]    |
[INFO] [stderr] 13 |     fn prioritize(&self, event: &E) -> P {
[INFO] [stderr]    |                          ^^^^^ help: if this is intentional, prefix it with an underscore: `_event`
[INFO] [stderr]    |
[INFO] [stderr]    = note: `#[warn(unused_variables)]` on by default
[INFO] [stderr] 
[INFO] [stderr] warning: trait `Card` is never used
[INFO] [stderr]  --> src/lib.rs:6:7
[INFO] [stderr]   |
[INFO] [stderr] 6 | trait Card: Clone {}
[INFO] [stderr]   |       ^^^^
[INFO] [stderr]   |
[INFO] [stderr]   = note: `#[warn(dead_code)]` on by default
[INFO] [stderr] 
[INFO] [stderr] warning: trait `Event` is never used
[INFO] [stderr]  --> src/event_machine.rs:5:11
[INFO] [stderr]   |
[INFO] [stderr] 5 | pub trait Event<T: Card> {}
[INFO] [stderr]   |           ^^^^^
[INFO] [stderr] 
[INFO] [stderr] warning: trait `EventState` is never used
[INFO] [stderr]  --> src/event_machine.rs:6:11
[INFO] [stderr]   |
[INFO] [stderr] 6 | pub trait EventState<C: Card, E: Event<C>>:
[INFO] [stderr]   |           ^^^^^^^^^^
[INFO] [stderr] 
[INFO] [stderr] warning: trait `Consumer` is never used
[INFO] [stderr]   --> src/event_machine.rs:11:11
[INFO] [stderr]    |
[INFO] [stderr] 11 | pub trait Consumer<C: Card, E: Event<C>, S: EventState<C, E>, P: ConsumerPriority = DefaultPriority>
[INFO] [stderr]    |           ^^^^^^^^
[INFO] [stderr] 
[INFO] [stderr] warning: trait `ConsumerPriority` is never used
[INFO] [stderr]   --> src/event_machine.rs:19:11
[INFO] [stderr]    |
[INFO] [stderr] 19 | pub trait ConsumerPriority: Default + PartialEq + PartialOrd + Eq + Ord {}
[INFO] [stderr]    |           ^^^^^^^^^^^^^^^^
[INFO] [stderr] 
[INFO] [stderr] warning: struct `EventMachine` is never constructed
[INFO] [stderr]   --> src/event_machine.rs:30:12
[INFO] [stderr]    |
[INFO] [stderr] 30 | pub struct EventMachine<
[INFO] [stderr]    |            ^^^^^^^^^^^^
[INFO] [stderr] 
[INFO] [stderr] warning: associated items `new`, `add_consumer`, `enqueue`, `prioritize_consumers`, `dequeue`, and `run` are never used
[INFO] [stderr]    --> src/event_machine.rs:45:12
[INFO] [stderr]     |
[INFO] [stderr] 44  | impl<C: Card, E: Event<C>, S: EventState<C, E>, P: ConsumerPriority> EventMachine<C, E, S, P> {
[INFO] [stderr]     | --------------------------------------------------------------------------------------------- associated items in this implementation
[INFO] [stderr] 45  |     pub fn new(transition: impl Fn(&S, &Self) -> (Option<S>, Vec<E>) + 'static) -> Self {
[INFO] [stderr]     |            ^^^
[INFO] [stderr] ...
[INFO] [stderr] 57  |     pub fn add_consumer(&mut self, consumer: Box<dyn Consumer<C, E, S, P>>) {
[INFO] [stderr]     |            ^^^^^^^^^^^^
[INFO] [stderr] ...
[INFO] [stderr] 71  |     fn enqueue(&mut self, event: E) {
[INFO] [stderr]     |        ^^^^^^^
[INFO] [stderr] ...
[INFO] [stderr] 81  |     fn prioritize_consumers(&self, event: &E) -> Vec<usize> {
[INFO] [stderr]     |        ^^^^^^^^^^^^^^^^^^^^
[INFO] [stderr] ...
[INFO] [stderr] 94  |     fn dequeue(&mut self) -> Option<E> {
[INFO] [stderr]     |        ^^^^^^^
[INFO] [stderr] ...
[INFO] [stderr] 101 |     pub fn run(&mut self) {
[INFO] [stdout] 
[INFO] [stderr]     |            ^^^
[INFO] [stdout] running 1 test
[INFO] [stderr] 
[INFO] [stderr] warning: unused variable: `manager`
[INFO] [stderr]    --> src/lib.rs:405:74
[INFO] [stderr]     |
[INFO] [stderr] 405 |         let mut event_machine = event_machine::EventMachine::new(|state, manager| match state {
[INFO] [stderr]     |                                                                          ^^^^^^^ help: if this is intentional, prefix it with an underscore: `_manager`
[INFO] [stderr] 
[INFO] [stderr] warning: fields `suit` and `rank` are never read
[INFO] [stderr]   --> src/lib.rs:39:9
[INFO] [stderr]    |
[INFO] [stderr] 38 |     struct PlayingCard {
[INFO] [stderr]    |            ----------- fields in this struct
[INFO] [stderr] 39 |         suit: Suit,
[INFO] [stderr]    |         ^^^^
[INFO] [stderr] 40 |         rank: Rank,
[INFO] [stderr]    |         ^^^^
[INFO] [stderr]    |
[INFO] [stderr]    = note: `PlayingCard` has derived impls for the traits `Debug` and `Clone`, but these are intentionally ignored during dead code analysis
[INFO] [stderr]    = note: `#[warn(dead_code)]` on by default
[INFO] [stderr] 
[INFO] [stderr] warning: method `shuffle` is never used
[INFO] [stderr]   --> src/lib.rs:82:12
[INFO] [stderr]    |
[INFO] [stderr] 77 |     impl Deck<PlayingCard> {
[INFO] [stderr]    |     ---------------------- method in this implementation
[INFO] [stderr] ...
[INFO] [stderr] 82 |         fn shuffle(&mut self) {
[INFO] [stderr]    |            ^^^^^^^
[INFO] [stderr] 
[INFO] [stderr] warning: `cargine` (lib) generated 10 warnings (run `cargo fix --lib -p cargine` to apply 2 suggestions)
[INFO] [stderr] warning: `cargine` (lib test) generated 4 warnings (1 duplicate)
[INFO] [stderr]     Finished `test` profile [unoptimized + debuginfo] target(s) in 0.04s
[INFO] [stderr]      Running unittests src/lib.rs (/opt/rustwide/target/debug/deps/cargine-8d3ef2a3ae938ca3)
[INFO] [stdout] test tests::black_jack ... FAILED
[INFO] [stdout] 
[INFO] [stdout] failures:
[INFO] [stdout] 
[INFO] [stdout] ---- tests::black_jack stdout ----
[INFO] [stdout] Blind: [PlayingCard { suit: Spades, rank: Four }]
[INFO] [stdout] Blind: [PlayingCard { suit: Spades, rank: Four }, PlayingCard { suit: Diamonds, rank: Five }]
[INFO] [stdout] thread 'tests::black_jack' panicked at src/lib.rs:420:9:
[INFO] [stdout] End of test
[INFO] [stdout] stack backtrace:
[INFO] [stdout]    0:     0x5b4061b4a20a - std::backtrace_rs::backtrace::libunwind::trace::h5a5b8284f2d0c266
[INFO] [stdout]                                at /rustc/90b35a6239c3d8bdabc530a6a0816f7ff89a0aaf/library/std/src/../../backtrace/src/backtrace/libunwind.rs:116:5
[INFO] [stdout]    1:     0x5b4061b4a20a - std::backtrace_rs::backtrace::trace_unsynchronized::h76d4f1c9b0b875e3
[INFO] [stdout]                                at /rustc/90b35a6239c3d8bdabc530a6a0816f7ff89a0aaf/library/std/src/../../backtrace/src/backtrace/mod.rs:66:5
[INFO] [stdout]    2:     0x5b4061b4a20a - std::sys::backtrace::_print_fmt::hc4546b8364a537c6
[INFO] [stdout]                                at /rustc/90b35a6239c3d8bdabc530a6a0816f7ff89a0aaf/library/std/src/sys/backtrace.rs:66:9
[INFO] [stdout]    3:     0x5b4061b4a20a - <std::sys::backtrace::BacktraceLock::print::DisplayBacktrace as core::fmt::Display>::fmt::h5b6bd5631a6d1f6b
[INFO] [stdout]                                at /rustc/90b35a6239c3d8bdabc530a6a0816f7ff89a0aaf/library/std/src/sys/backtrace.rs:39:26
[INFO] [stdout]    4:     0x5b4061b6f4e3 - core::fmt::rt::Argument::fmt::h270f6602a2b96f62
[INFO] [stdout]                                at /rustc/90b35a6239c3d8bdabc530a6a0816f7ff89a0aaf/library/core/src/fmt/rt.rs:177:76
[INFO] [stdout]    5:     0x5b4061b6f4e3 - core::fmt::write::h7550c97b06c86515
[INFO] [stdout]                                at /rustc/90b35a6239c3d8bdabc530a6a0816f7ff89a0aaf/library/core/src/fmt/mod.rs:1186:21
[INFO] [stdout]    6:     0x5b4061b473d3 - std::io::Write::write_fmt::h509ff860e5956e5e
[INFO] [stdout]                                at /rustc/90b35a6239c3d8bdabc530a6a0816f7ff89a0aaf/library/std/src/io/mod.rs:1839:15
[INFO] [stdout]    7:     0x5b4061b4a052 - std::sys::backtrace::BacktraceLock::print::h2395ccd2c84ba3aa
[INFO] [stdout]                                at /rustc/90b35a6239c3d8bdabc530a6a0816f7ff89a0aaf/library/std/src/sys/backtrace.rs:42:9
[INFO] [stdout]    8:     0x5b4061b4b66a - std::panicking::default_hook::{{closure}}::he19d4c7230e07961
[INFO] [stdout]                                at /rustc/90b35a6239c3d8bdabc530a6a0816f7ff89a0aaf/library/std/src/panicking.rs:268:22
[INFO] [stdout]    9:     0x5b4061b4b474 - std::panicking::default_hook::hf614597d3c67bbdb
[INFO] [stdout]                                at /rustc/90b35a6239c3d8bdabc530a6a0816f7ff89a0aaf/library/std/src/panicking.rs:292:9
[INFO] [stdout]   10:     0x5b4061ae5249 - <alloc::boxed::Box<F,A> as core::ops::function::Fn<Args>>::call::h39b51ce4599c23d1
[INFO] [stdout]                                at /rustc/90b35a6239c3d8bdabc530a6a0816f7ff89a0aaf/library/alloc/src/boxed.rs:2468:9
[INFO] [stdout]   11:     0x5b4061ae5249 - test::test_main::{{closure}}::he977ae839a582784
[INFO] [stdout]                                at /rustc/90b35a6239c3d8bdabc530a6a0816f7ff89a0aaf/library/test/src/lib.rs:133:21
[INFO] [stdout]   12:     0x5b4061b4bd08 - <alloc::boxed::Box<F,A> as core::ops::function::Fn<Args>>::call::h9455091b6b06f9fb
[INFO] [stdout]                                at /rustc/90b35a6239c3d8bdabc530a6a0816f7ff89a0aaf/library/alloc/src/boxed.rs:2468:9
[INFO] [stdout]   13:     0x5b4061b4bd08 - std::panicking::rust_panic_with_hook::h8942133a8b252070
[INFO] [stdout]                                at /rustc/90b35a6239c3d8bdabc530a6a0816f7ff89a0aaf/library/std/src/panicking.rs:809:13
[INFO] [stdout]   14:     0x5b4061b4ba96 - std::panicking::begin_panic_handler::{{closure}}::hb5f5963570096b29
[INFO] [stdout]                                at /rustc/90b35a6239c3d8bdabc530a6a0816f7ff89a0aaf/library/std/src/panicking.rs:667:13
[INFO] [stdout]   15:     0x5b4061b4a6e9 - std::sys::backtrace::__rust_end_short_backtrace::h6208cedc1922feda
[INFO] [stdout]                                at /rustc/90b35a6239c3d8bdabc530a6a0816f7ff89a0aaf/library/std/src/sys/backtrace.rs:170:18
[INFO] [stdout]   16:     0x5b4061b4b75c - rust_begin_unwind
[INFO] [stdout]                                at /rustc/90b35a6239c3d8bdabc530a6a0816f7ff89a0aaf/library/std/src/panicking.rs:665:5
[INFO] [stdout]   17:     0x5b4061a95010 - core::panicking::panic_fmt::h0c3082644d1bf418
[INFO] [stdout]                                at /rustc/90b35a6239c3d8bdabc530a6a0816f7ff89a0aaf/library/core/src/panicking.rs:74:14
[INFO] [stdout]   18:     0x5b4061aa9937 - cargine::tests::black_jack::h3d91f4839805aca2
[INFO] [stdout]                                at /opt/rustwide/workdir/src/lib.rs:420:9
[INFO] [stdout]   19:     0x5b4061aa9657 - cargine::tests::black_jack::{{closure}}::h288554e9cea91bf7
[INFO] [stdout]                                at /opt/rustwide/workdir/src/lib.rs:402:20
[INFO] [stdout]   20:     0x5b4061aa0b36 - core::ops::function::FnOnce::call_once::hc1be0c3c90a9f435
[INFO] [stdout]                                at /rustc/90b35a6239c3d8bdabc530a6a0816f7ff89a0aaf/library/core/src/ops/function.rs:250:5
[INFO] [stdout]   21:     0x5b4061ae9c0b - core::ops::function::FnOnce::call_once::h109cf8051a59b34e
[INFO] [stdout]                                at /rustc/90b35a6239c3d8bdabc530a6a0816f7ff89a0aaf/library/core/src/ops/function.rs:250:5
[INFO] [stdout]   22:     0x5b4061ae9c0b - test::__rust_begin_short_backtrace::hf4fff89d377446ba
[INFO] [stdout]                                at /rustc/90b35a6239c3d8bdabc530a6a0816f7ff89a0aaf/library/test/src/lib.rs:621:18
[INFO] [stdout]   23:     0x5b4061ae9447 - test::run_test_in_process::{{closure}}::h0e39181dd7ee5a43
[INFO] [stdout]                                at /rustc/90b35a6239c3d8bdabc530a6a0816f7ff89a0aaf/library/test/src/lib.rs:644:60
[INFO] [stdout]   24:     0x5b4061ae9447 - <core::panic::unwind_safe::AssertUnwindSafe<F> as core::ops::function::FnOnce<()>>::call_once::hc5a66a30f0bdfd1f
[INFO] [stdout]                                at /rustc/90b35a6239c3d8bdabc530a6a0816f7ff89a0aaf/library/core/src/panic/unwind_safe.rs:272:9
[INFO] [stdout]   25:     0x5b4061ae9447 - std::panicking::try::do_call::h873b7cf639554a5e
[INFO] [stdout]                                at /rustc/90b35a6239c3d8bdabc530a6a0816f7ff89a0aaf/library/std/src/panicking.rs:557:40
[INFO] [stdout]   26:     0x5b4061ae9447 - std::panicking::try::hdb19862fad9c8bd1
[INFO] [stdout]                                at /rustc/90b35a6239c3d8bdabc530a6a0816f7ff89a0aaf/library/std/src/panicking.rs:520:19
[INFO] [stdout]   27:     0x5b4061ae9447 - std::panic::catch_unwind::h281fe732d236d260
[INFO] [stdout]                                at /rustc/90b35a6239c3d8bdabc530a6a0816f7ff89a0aaf/library/std/src/panic.rs:358:14
[INFO] [stdout]   28:     0x5b4061ae9447 - test::run_test_in_process::h949b6df8457ed338
[INFO] [stdout]                                at /rustc/90b35a6239c3d8bdabc530a6a0816f7ff89a0aaf/library/test/src/lib.rs:644:27
[INFO] [stdout]   29:     0x5b4061ae9447 - test::run_test::{{closure}}::h52c556a6d4740e10
[INFO] [stdout]                                at /rustc/90b35a6239c3d8bdabc530a6a0816f7ff89a0aaf/library/test/src/lib.rs:565:43
[INFO] [stdout]   30:     0x5b4061aae724 - test::run_test::{{closure}}::h4237f6381c45ccb9
[INFO] [stdout]                                at /rustc/90b35a6239c3d8bdabc530a6a0816f7ff89a0aaf/library/test/src/lib.rs:595:41
[INFO] [stdout]   31:     0x5b4061aae724 - std::sys::backtrace::__rust_begin_short_backtrace::h505c97a579eca628
[INFO] [stdout]                                at /rustc/90b35a6239c3d8bdabc530a6a0816f7ff89a0aaf/library/std/src/sys/backtrace.rs:154:18
[INFO] [stdout]   32:     0x5b4061ab1dee - std::thread::Builder::spawn_unchecked_::{{closure}}::{{closure}}::h9e86b2e2bc107ea3
[INFO] [stdout]                                at /rustc/90b35a6239c3d8bdabc530a6a0816f7ff89a0aaf/library/std/src/thread/mod.rs:538:17
[INFO] [stdout]   33:     0x5b4061ab1dee - <core::panic::unwind_safe::AssertUnwindSafe<F> as core::ops::function::FnOnce<()>>::call_once::h8b06ddb275ff4a25
[INFO] [stdout]                                at /rustc/90b35a6239c3d8bdabc530a6a0816f7ff89a0aaf/library/core/src/panic/unwind_safe.rs:272:9
[INFO] [stdout]   34:     0x5b4061ab1dee - std::panicking::try::do_call::hb26ecd7cd9a9355d
[INFO] [stdout]                                at /rustc/90b35a6239c3d8bdabc530a6a0816f7ff89a0aaf/library/std/src/panicking.rs:557:40
[INFO] [stdout]   35:     0x5b4061ab1dee - std::panicking::try::h8ddeca9d705f9069
[INFO] [stdout]                                at /rustc/90b35a6239c3d8bdabc530a6a0816f7ff89a0aaf/library/std/src/panicking.rs:520:19
[INFO] [stdout]   36:     0x5b4061ab1dee - std::panic::catch_unwind::h49e1c33078844c46
[INFO] [stdout]                                at /rustc/90b35a6239c3d8bdabc530a6a0816f7ff89a0aaf/library/std/src/panic.rs:358:14
[INFO] [stdout]   37:     0x5b4061ab1dee - std::thread::Builder::spawn_unchecked_::{{closure}}::h6073db6ff56ad35d
[INFO] [stdout]                                at /rustc/90b35a6239c3d8bdabc530a6a0816f7ff89a0aaf/library/std/src/thread/mod.rs:537:30
[INFO] [stdout]   38:     0x5b4061ab1dee - core::ops::function::FnOnce::call_once{{vtable.shim}}::h2c5a5f3779c774f1
[INFO] [stdout]                                at /rustc/90b35a6239c3d8bdabc530a6a0816f7ff89a0aaf/library/core/src/ops/function.rs:250:5
[INFO] [stdout]   39:     0x5b4061b4fa5b - <alloc::boxed::Box<F,A> as core::ops::function::FnOnce<Args>>::call_once::hf75717d9f28faebf
[INFO] [stdout]                                at /rustc/90b35a6239c3d8bdabc530a6a0816f7ff89a0aaf/library/alloc/src/boxed.rs:2454:9
[INFO] [stdout]   40:     0x5b4061b4fa5b - <alloc::boxed::Box<F,A> as core::ops::function::FnOnce<Args>>::call_once::h7bd883a5f3c5f3c1
[INFO] [stdout]                                at /rustc/90b35a6239c3d8bdabc530a6a0816f7ff89a0aaf/library/alloc/src/boxed.rs:2454:9
[INFO] [stdout]   41:     0x5b4061b4fa5b - std::sys::pal::unix::thread::Thread::new::thread_start::hcc78f3943333fa94
[INFO] [stdout]                                at /rustc/90b35a6239c3d8bdabc530a6a0816f7ff89a0aaf/library/std/src/sys/pal/unix/thread.rs:105:17
[INFO] [stdout]   42:     0x7bde40417ac3 - <unknown>
[INFO] [stdout]   43:     0x7bde404a8a04 - clone
[INFO] [stdout]   44:                0x0 - <unknown>
[INFO] [stdout] 
[INFO] [stdout] 
[INFO] [stdout] failures:
[INFO] [stdout]     tests::black_jack
[INFO] [stdout] 
[INFO] [stdout] test result: FAILED. 0 passed; 1 failed; 0 ignored; 0 measured; 0 filtered out; finished in 0.03s
[INFO] [stdout] 
[INFO] [stderr] error: test failed, to rerun pass `--lib`
[INFO] running `Command { std: "docker" "inspect" "f14d273fac11c6a75a0840420ca719b1bb6739bbb4b2d6473e35c3a31c4af410", kill_on_drop: false }`
[INFO] running `Command { std: "docker" "rm" "-f" "f14d273fac11c6a75a0840420ca719b1bb6739bbb4b2d6473e35c3a31c4af410", kill_on_drop: false }`
[INFO] [stdout] f14d273fac11c6a75a0840420ca719b1bb6739bbb4b2d6473e35c3a31c4af410
