[INFO] cloning repository https://github.com/DeCaelo/aoc-2023-rust
[INFO] running `Command { std: "git" "-c" "credential.helper=" "-c" "credential.helper=/workspace/cargo-home/bin/git-credential-null" "clone" "--bare" "https://github.com/DeCaelo/aoc-2023-rust" "/workspace/cache/git-repos/https%3A%2F%2Fgithub.com%2FDeCaelo%2Faoc-2023-rust", kill_on_drop: false }`
[INFO] [stderr] Cloning into bare repository '/workspace/cache/git-repos/https%3A%2F%2Fgithub.com%2FDeCaelo%2Faoc-2023-rust'...
[INFO] running `Command { std: "git" "rev-parse" "HEAD", kill_on_drop: false }`
[INFO] [stdout] 0578aa82eec509537809a0d025c8da8afd8404a0
[INFO] testing DeCaelo/aoc-2023-rust against beta-2024-12-08 for beta-1.84.0-4-retry
[INFO] running `Command { std: "git" "clone" "/workspace/cache/git-repos/https%3A%2F%2Fgithub.com%2FDeCaelo%2Faoc-2023-rust" "/workspace/builds/worker-7-tc2/source", kill_on_drop: false }`
[INFO] [stderr] Cloning into '/workspace/builds/worker-7-tc2/source'...
[INFO] [stderr] done.
[INFO] validating manifest of git repo https://github.com/DeCaelo/aoc-2023-rust on toolchain beta-2024-12-08
[INFO] running `Command { std: CARGO_HOME="/workspace/cargo-home" RUSTUP_HOME="/workspace/rustup-home" "/workspace/cargo-home/bin/cargo" "+beta-2024-12-08" "metadata" "--manifest-path" "Cargo.toml" "--no-deps", kill_on_drop: false }`
[INFO] started tweaking git repo https://github.com/DeCaelo/aoc-2023-rust
[INFO] finished tweaking git repo https://github.com/DeCaelo/aoc-2023-rust
[INFO] tweaked toml for git repo https://github.com/DeCaelo/aoc-2023-rust written to /workspace/builds/worker-7-tc2/source/Cargo.toml
[INFO] crate git repo https://github.com/DeCaelo/aoc-2023-rust already has a lockfile, it will not be regenerated
[INFO] running `Command { std: CARGO_HOME="/workspace/cargo-home" RUSTUP_HOME="/workspace/rustup-home" "/workspace/cargo-home/bin/cargo" "+beta-2024-12-08" "fetch" "--manifest-path" "Cargo.toml", kill_on_drop: false }`
[INFO] running `Command { std: "docker" "create" "-v" "/var/lib/crater-agent-workspace/builds/worker-7-tc2/target:/opt/rustwide/target:rw,Z" "-v" "/var/lib/crater-agent-workspace/builds/worker-7-tc2/source:/opt/rustwide/workdir:ro,Z" "-v" "/var/lib/crater-agent-workspace/cargo-home:/opt/rustwide/cargo-home:ro,Z" "-v" "/var/lib/crater-agent-workspace/rustup-home:/opt/rustwide/rustup-home:ro,Z" "-e" "SOURCE_DIR=/opt/rustwide/workdir" "-e" "CARGO_TARGET_DIR=/opt/rustwide/target" "-e" "CARGO_HOME=/opt/rustwide/cargo-home" "-e" "RUSTUP_HOME=/opt/rustwide/rustup-home" "-w" "/opt/rustwide/workdir" "-m" "1610612736" "--user" "0:0" "--network" "none" "ghcr.io/rust-lang/crates-build-env/linux@sha256:f3a9d4ad9d972b27faf3965f35b62e55ba32bbce8f20bc8fe909558a86702fde" "/opt/rustwide/cargo-home/bin/cargo" "+beta-2024-12-08" "metadata" "--no-deps" "--format-version=1", kill_on_drop: false }`
[INFO] [stdout] 0a0d26922ee22c30981b199ffda346f7895ed30004b79a1662670e55035bb415
[INFO] running `Command { std: "docker" "start" "-a" "0a0d26922ee22c30981b199ffda346f7895ed30004b79a1662670e55035bb415", kill_on_drop: false }`
[INFO] running `Command { std: "docker" "inspect" "0a0d26922ee22c30981b199ffda346f7895ed30004b79a1662670e55035bb415", kill_on_drop: false }`
[INFO] running `Command { std: "docker" "rm" "-f" "0a0d26922ee22c30981b199ffda346f7895ed30004b79a1662670e55035bb415", kill_on_drop: false }`
[INFO] [stdout] 0a0d26922ee22c30981b199ffda346f7895ed30004b79a1662670e55035bb415
[INFO] running `Command { std: "docker" "create" "-v" "/var/lib/crater-agent-workspace/builds/worker-7-tc2/target:/opt/rustwide/target:rw,Z" "-v" "/var/lib/crater-agent-workspace/builds/worker-7-tc2/source:/opt/rustwide/workdir:ro,Z" "-v" "/var/lib/crater-agent-workspace/cargo-home:/opt/rustwide/cargo-home:ro,Z" "-v" "/var/lib/crater-agent-workspace/rustup-home:/opt/rustwide/rustup-home:ro,Z" "-e" "SOURCE_DIR=/opt/rustwide/workdir" "-e" "CARGO_TARGET_DIR=/opt/rustwide/target" "-e" "CARGO_INCREMENTAL=0" "-e" "RUST_BACKTRACE=full" "-e" "RUSTFLAGS=--cap-lints=warn" "-e" "RUSTDOCFLAGS=--cap-lints=warn" "-e" "CARGO_HOME=/opt/rustwide/cargo-home" "-e" "RUSTUP_HOME=/opt/rustwide/rustup-home" "-w" "/opt/rustwide/workdir" "-m" "1610612736" "--user" "0:0" "--network" "none" "ghcr.io/rust-lang/crates-build-env/linux@sha256:f3a9d4ad9d972b27faf3965f35b62e55ba32bbce8f20bc8fe909558a86702fde" "/opt/rustwide/cargo-home/bin/cargo" "+beta-2024-12-08" "build" "--frozen" "--message-format=json", kill_on_drop: false }`
[INFO] [stdout] 1dc206a9acf414a994f8047ec3d8c8e46837312cdfd0087319dea2530e6aae84
[INFO] running `Command { std: "docker" "start" "-a" "1dc206a9acf414a994f8047ec3d8c8e46837312cdfd0087319dea2530e6aae84", kill_on_drop: false }`
[INFO] [stderr]    Compiling proc-macro2 v1.0.70
[INFO] [stderr]    Compiling memchr v2.6.4
[INFO] [stderr]    Compiling libc v0.2.150
[INFO] [stderr]    Compiling futures-core v0.3.29
[INFO] [stderr]    Compiling rustix v0.38.26
[INFO] [stderr]    Compiling semver v1.0.20
[INFO] [stderr]    Compiling linux-raw-sys v0.4.12
[INFO] [stderr]    Compiling futures-channel v0.3.29
[INFO] [stderr]    Compiling bitflags v2.4.1
[INFO] [stderr]    Compiling futures-task v0.3.29
[INFO] [stderr]    Compiling futures-util v0.3.29
[INFO] [stderr]    Compiling siphasher v0.3.11
[INFO] [stderr]    Compiling futures-sink v0.3.29
[INFO] [stderr]    Compiling slab v0.4.9
[INFO] [stderr]    Compiling futures-io v0.3.29
[INFO] [stderr]    Compiling gimli v0.28.1
[INFO] [stderr]    Compiling rand_core v0.6.4
[INFO] [stderr]    Compiling pin-project-lite v0.2.13
[INFO] [stderr]    Compiling regex-syntax v0.8.2
[INFO] [stderr]    Compiling rand v0.8.5
[INFO] [stderr]    Compiling phf_shared v0.11.2
[INFO] [stderr]    Compiling miniz_oxide v0.7.1
[INFO] [stderr]    Compiling thiserror v1.0.50
[INFO] [stderr]    Compiling rustc-demangle v0.1.23
[INFO] [stderr]    Compiling is_ci v1.1.1
[INFO] [stderr]    Compiling glob v0.3.1
[INFO] [stderr]    Compiling smawk v0.3.2
[INFO] [stderr]    Compiling aho-corasick v1.1.2
[INFO] [stderr]    Compiling object v0.32.1
[INFO] [stderr]    Compiling rustc_version v0.4.0
[INFO] [stderr]    Compiling phf_generator v0.11.2
[INFO] [stderr]    Compiling quote v1.0.33
[INFO] [stderr]    Compiling relative-path v1.9.0
[INFO] [stderr]    Compiling unicode-linebreak v0.1.5
[INFO] [stderr]    Compiling unicode-width v0.1.11
[INFO] [stderr]    Compiling rstest_macros v0.18.2
[INFO] [stderr]    Compiling terminal_size v0.1.17
[INFO] [stderr]    Compiling textwrap v0.15.2
[INFO] [stderr]    Compiling once_cell v1.18.0
[INFO] [stderr]    Compiling owo-colors v3.5.0
[INFO] [stderr]    Compiling futures-timer v3.0.2
[INFO] [stderr]    Compiling nom v7.1.3
[INFO] [stderr]    Compiling syn v2.0.39
[INFO] [stderr]    Compiling cc v1.0.83
[INFO] [stderr]    Compiling is-terminal v0.4.9
[INFO] [stderr]    Compiling supports-hyperlinks v2.1.0
[INFO] [stderr]    Compiling supports-unicode v2.0.0
[INFO] [stderr]    Compiling supports-color v2.1.0
[INFO] [stderr]    Compiling backtrace v0.3.69
[INFO] [stderr]    Compiling regex-automata v0.4.3
[INFO] [stderr]    Compiling addr2line v0.21.0
[INFO] [stderr]    Compiling regex v1.10.2
[INFO] [stderr]    Compiling futures-macro v0.3.29
[INFO] [stderr]    Compiling thiserror-impl v1.0.50
[INFO] [stderr]    Compiling phf_macros v0.11.2
[INFO] [stderr]    Compiling miette-derive v5.10.0
[INFO] [stderr]    Compiling backtrace-ext v0.2.1
[INFO] [stderr]    Compiling phf v0.11.2
[INFO] [stderr]    Compiling miette v5.10.0
[INFO] [stderr]    Compiling futures-executor v0.3.29
[INFO] [stderr]    Compiling futures v0.3.29
[INFO] [stderr]    Compiling rstest v0.18.2
[INFO] [stderr]    Compiling day01 v0.1.0 (/opt/rustwide/workdir/day01)
[INFO] [stderr]    Compiling day02 v0.1.0 (/opt/rustwide/workdir/day02)
[INFO] [stdout] warning: unused variable: `map`
[INFO] [stdout]   --> day02/src/part1.rs:47:9
[INFO] [stdout]    |
[INFO] [stdout] 47 |     let map = BTreeMap::from([("red", 12), ("green", 13), ("blue", 14)]);
[INFO] [stdout]    |         ^^^ help: if this is intentional, prefix it with an underscore: `_map`
[INFO] [stdout]    |
[INFO] [stdout]    = note: `#[warn(unused_variables)]` on by default
[INFO] [stdout] 
[INFO] [stdout] 
[INFO] [stdout] warning: fields `color` and `amount` are never read
[INFO] [stdout]   --> day02/src/part1.rs:14:5
[INFO] [stdout]    |
[INFO] [stdout] 13 | struct Cube<'a> {
[INFO] [stdout]    |        ---- fields in this struct
[INFO] [stdout] 14 |     color: &'a str,
[INFO] [stdout]    |     ^^^^^
[INFO] [stdout] 15 |     amount: u32,
[INFO] [stdout]    |     ^^^^^^
[INFO] [stdout]    |
[INFO] [stdout]    = note: `Cube` has a derived impl for the trait `Debug`, but this is intentionally ignored during dead code analysis
[INFO] [stdout]    = note: `#[warn(dead_code)]` on by default
[INFO] [stdout] 
[INFO] [stdout] 
[INFO] [stdout] warning: fields `id` and `rounds` are never read
[INFO] [stdout]   --> day02/src/part1.rs:20:5
[INFO] [stdout]    |
[INFO] [stdout] 19 | struct Game<'a> {
[INFO] [stdout]    |        ---- fields in this struct
[INFO] [stdout] 20 |     id: &'a str,
[INFO] [stdout]    |     ^^
[INFO] [stdout] 21 |     rounds: Vec<Vec<Cube<'a>>>,
[INFO] [stdout]    |     ^^^^^^
[INFO] [stdout]    |
[INFO] [stdout]    = note: `Game` has a derived impl for the trait `Debug`, but this is intentionally ignored during dead code analysis
[INFO] [stdout] 
[INFO] [stdout] 
[INFO] [stderr]     Finished `dev` profile [unoptimized + debuginfo] target(s) in 23.96s
[INFO] running `Command { std: "docker" "inspect" "1dc206a9acf414a994f8047ec3d8c8e46837312cdfd0087319dea2530e6aae84", kill_on_drop: false }`
[INFO] running `Command { std: "docker" "rm" "-f" "1dc206a9acf414a994f8047ec3d8c8e46837312cdfd0087319dea2530e6aae84", kill_on_drop: false }`
[INFO] [stdout] 1dc206a9acf414a994f8047ec3d8c8e46837312cdfd0087319dea2530e6aae84
[INFO] running `Command { std: "docker" "create" "-v" "/var/lib/crater-agent-workspace/builds/worker-7-tc2/target:/opt/rustwide/target:rw,Z" "-v" "/var/lib/crater-agent-workspace/builds/worker-7-tc2/source:/opt/rustwide/workdir:ro,Z" "-v" "/var/lib/crater-agent-workspace/cargo-home:/opt/rustwide/cargo-home:ro,Z" "-v" "/var/lib/crater-agent-workspace/rustup-home:/opt/rustwide/rustup-home:ro,Z" "-e" "SOURCE_DIR=/opt/rustwide/workdir" "-e" "CARGO_TARGET_DIR=/opt/rustwide/target" "-e" "CARGO_INCREMENTAL=0" "-e" "RUST_BACKTRACE=full" "-e" "RUSTFLAGS=--cap-lints=warn" "-e" "RUSTDOCFLAGS=--cap-lints=warn" "-e" "CARGO_HOME=/opt/rustwide/cargo-home" "-e" "RUSTUP_HOME=/opt/rustwide/rustup-home" "-w" "/opt/rustwide/workdir" "-m" "1610612736" "--user" "0:0" "--network" "none" "ghcr.io/rust-lang/crates-build-env/linux@sha256:f3a9d4ad9d972b27faf3965f35b62e55ba32bbce8f20bc8fe909558a86702fde" "/opt/rustwide/cargo-home/bin/cargo" "+beta-2024-12-08" "test" "--frozen" "--no-run" "--message-format=json", kill_on_drop: false }`
[INFO] [stdout] 33225427dbf8f50a23c3c510b438641ba1bfdd782112bcedb08039196aa48498
[INFO] running `Command { std: "docker" "start" "-a" "33225427dbf8f50a23c3c510b438641ba1bfdd782112bcedb08039196aa48498", kill_on_drop: false }`
[INFO] [stderr]    Compiling day02 v0.1.0 (/opt/rustwide/workdir/day02)
[INFO] [stderr]    Compiling day01 v0.1.0 (/opt/rustwide/workdir/day01)
[INFO] [stdout] warning: unused variable: `map`
[INFO] [stdout]   --> day02/src/part1.rs:47:9
[INFO] [stdout]    |
[INFO] [stdout] 47 |     let map = BTreeMap::from([("red", 12), ("green", 13), ("blue", 14)]);
[INFO] [stdout]    |         ^^^ help: if this is intentional, prefix it with an underscore: `_map`
[INFO] [stdout]    |
[INFO] [stdout]    = note: `#[warn(unused_variables)]` on by default
[INFO] [stdout] 
[INFO] [stdout] 
[INFO] [stdout] warning: fields `color` and `amount` are never read
[INFO] [stdout]   --> day02/src/part1.rs:14:5
[INFO] [stdout]    |
[INFO] [stdout] 13 | struct Cube<'a> {
[INFO] [stdout]    |        ---- fields in this struct
[INFO] [stdout] 14 |     color: &'a str,
[INFO] [stdout]    |     ^^^^^
[INFO] [stdout] 15 |     amount: u32,
[INFO] [stdout]    |     ^^^^^^
[INFO] [stdout]    |
[INFO] [stdout]    = note: `Cube` has a derived impl for the trait `Debug`, but this is intentionally ignored during dead code analysis
[INFO] [stdout]    = note: `#[warn(dead_code)]` on by default
[INFO] [stdout] 
[INFO] [stdout] 
[INFO] [stdout] warning: fields `id` and `rounds` are never read
[INFO] [stdout]   --> day02/src/part1.rs:20:5
[INFO] [stdout]    |
[INFO] [stdout] 19 | struct Game<'a> {
[INFO] [stdout]    |        ---- fields in this struct
[INFO] [stdout] 20 |     id: &'a str,
[INFO] [stdout]    |     ^^
[INFO] [stdout] 21 |     rounds: Vec<Vec<Cube<'a>>>,
[INFO] [stdout]    |     ^^^^^^
[INFO] [stdout]    |
[INFO] [stdout]    = note: `Game` has a derived impl for the trait `Debug`, but this is intentionally ignored during dead code analysis
[INFO] [stdout] 
[INFO] [stdout] 
[INFO] [stdout] warning: unused variable: `map`
[INFO] [stdout]   --> day02/src/part1.rs:47:9
[INFO] [stdout]    |
[INFO] [stdout] 47 |     let map = BTreeMap::from([("red", 12), ("green", 13), ("blue", 14)]);
[INFO] [stdout]    |         ^^^ help: if this is intentional, prefix it with an underscore: `_map`
[INFO] [stdout]    |
[INFO] [stdout]    = note: `#[warn(unused_variables)]` on by default
[INFO] [stdout] 
[INFO] [stdout] 
[INFO] [stdout] warning: fields `color` and `amount` are never read
[INFO] [stdout]   --> day02/src/part1.rs:14:5
[INFO] [stdout]    |
[INFO] [stdout] 13 | struct Cube<'a> {
[INFO] [stdout]    |        ---- fields in this struct
[INFO] [stdout] 14 |     color: &'a str,
[INFO] [stdout]    |     ^^^^^
[INFO] [stdout] 15 |     amount: u32,
[INFO] [stdout]    |     ^^^^^^
[INFO] [stdout]    |
[INFO] [stdout]    = note: `Cube` has a derived impl for the trait `Debug`, but this is intentionally ignored during dead code analysis
[INFO] [stdout]    = note: `#[warn(dead_code)]` on by default
[INFO] [stdout] 
[INFO] [stdout] 
[INFO] [stdout] warning: fields `id` and `rounds` are never read
[INFO] [stdout]   --> day02/src/part1.rs:20:5
[INFO] [stdout]    |
[INFO] [stdout] 19 | struct Game<'a> {
[INFO] [stdout]    |        ---- fields in this struct
[INFO] [stdout] 20 |     id: &'a str,
[INFO] [stdout]    |     ^^
[INFO] [stdout] 21 |     rounds: Vec<Vec<Cube<'a>>>,
[INFO] [stdout]    |     ^^^^^^
[INFO] [stdout]    |
[INFO] [stdout]    = note: `Game` has a derived impl for the trait `Debug`, but this is intentionally ignored during dead code analysis
[INFO] [stdout] 
[INFO] [stdout] 
[INFO] [stderr]     Finished `test` profile [unoptimized + debuginfo] target(s) in 2.17s
[INFO] running `Command { std: "docker" "inspect" "33225427dbf8f50a23c3c510b438641ba1bfdd782112bcedb08039196aa48498", kill_on_drop: false }`
[INFO] running `Command { std: "docker" "rm" "-f" "33225427dbf8f50a23c3c510b438641ba1bfdd782112bcedb08039196aa48498", kill_on_drop: false }`
[INFO] [stdout] 33225427dbf8f50a23c3c510b438641ba1bfdd782112bcedb08039196aa48498
[INFO] running `Command { std: "docker" "create" "-v" "/var/lib/crater-agent-workspace/builds/worker-7-tc2/target:/opt/rustwide/target:rw,Z" "-v" "/var/lib/crater-agent-workspace/builds/worker-7-tc2/source:/opt/rustwide/workdir:ro,Z" "-v" "/var/lib/crater-agent-workspace/cargo-home:/opt/rustwide/cargo-home:ro,Z" "-v" "/var/lib/crater-agent-workspace/rustup-home:/opt/rustwide/rustup-home:ro,Z" "-e" "SOURCE_DIR=/opt/rustwide/workdir" "-e" "CARGO_TARGET_DIR=/opt/rustwide/target" "-e" "CARGO_INCREMENTAL=0" "-e" "RUST_BACKTRACE=full" "-e" "RUSTFLAGS=--cap-lints=warn" "-e" "RUSTDOCFLAGS=--cap-lints=warn" "-e" "CARGO_HOME=/opt/rustwide/cargo-home" "-e" "RUSTUP_HOME=/opt/rustwide/rustup-home" "-w" "/opt/rustwide/workdir" "-m" "1610612736" "--user" "0:0" "--network" "none" "ghcr.io/rust-lang/crates-build-env/linux@sha256:f3a9d4ad9d972b27faf3965f35b62e55ba32bbce8f20bc8fe909558a86702fde" "/opt/rustwide/cargo-home/bin/cargo" "+beta-2024-12-08" "test" "--frozen", kill_on_drop: false }`
[INFO] [stdout] 4a1137043570febbb3cb64570cc2107a499eec9782ce57572f207727ca704fd6
[INFO] running `Command { std: "docker" "start" "-a" "4a1137043570febbb3cb64570cc2107a499eec9782ce57572f207727ca704fd6", kill_on_drop: false }`
[INFO] [stderr] warning: unused variable: `map`
[INFO] [stderr]   --> day02/src/part1.rs:47:9
[INFO] [stderr]    |
[INFO] [stderr] 47 |     let map = BTreeMap::from([("red", 12), ("green", 13), ("blue", 14)]);
[INFO] [stderr]    |         ^^^ help: if this is intentional, prefix it with an underscore: `_map`
[INFO] [stderr]    |
[INFO] [stderr]    = note: `#[warn(unused_variables)]` on by default
[INFO] [stderr] 
[INFO] [stderr] warning: fields `color` and `amount` are never read
[INFO] [stderr]   --> day02/src/part1.rs:14:5
[INFO] [stderr]    |
[INFO] [stderr] 13 | struct Cube<'a> {
[INFO] [stderr]    |        ---- fields in this struct
[INFO] [stderr] 14 |     color: &'a str,
[INFO] [stderr]    |     ^^^^^
[INFO] [stderr] 15 |     amount: u32,
[INFO] [stderr]    |     ^^^^^^
[INFO] [stderr]    |
[INFO] [stderr]    = note: `Cube` has a derived impl for the trait `Debug`, but this is intentionally ignored during dead code analysis
[INFO] [stderr]    = note: `#[warn(dead_code)]` on by default
[INFO] [stderr] 
[INFO] [stderr] warning: fields `id` and `rounds` are never read
[INFO] [stderr]   --> day02/src/part1.rs:20:5
[INFO] [stderr]    |
[INFO] [stderr] 19 | struct Game<'a> {
[INFO] [stderr]    |        ---- fields in this struct
[INFO] [stderr] 20 |     id: &'a str,
[INFO] [stderr]    |     ^^
[INFO] [stderr] 21 |     rounds: Vec<Vec<Cube<'a>>>,
[INFO] [stderr]    |     ^^^^^^
[INFO] [stderr]    |
[INFO] [stderr]    = note: `Game` has a derived impl for the trait `Debug`, but this is intentionally ignored during dead code analysis
[INFO] [stderr] 
[INFO] [stderr] warning: `day02` (lib) generated 3 warnings
[INFO] [stderr] warning: `day02` (lib test) generated 3 warnings (3 duplicates)
[INFO] [stderr]     Finished `test` profile [unoptimized + debuginfo] target(s) in 0.21s
[INFO] [stderr]      Running unittests src/lib.rs (/opt/rustwide/target/debug/deps/day01-1dcebb350f60a3b9)
[INFO] [stdout] 
[INFO] [stdout] running 10 tests
[INFO] [stdout] test part2::tests::line_test::case_1 ... ok
[INFO] [stdout] test part1::tests::test_process ... ok
[INFO] [stdout] test part2::tests::line_test::case_2 ... ok
[INFO] [stdout] test part2::tests::line_test::case_3 ... ok
[INFO] [stdout] test part2::tests::line_test::case_4 ... ok
[INFO] [stdout] test part2::tests::line_test::case_5 ... ok
[INFO] [stdout] test part2::tests::line_test::case_7 ... ok
[INFO] [stdout] test part2::tests::line_test::case_6 ... ok
[INFO] [stdout] test part2::tests::line_test::case_8 ... ok
[INFO] [stdout] test part2::tests::test_process ... ok
[INFO] [stdout] 
[INFO] [stdout] test result: ok. 10 passed; 0 failed; 0 ignored; 0 measured; 0 filtered out; finished in 0.01s
[INFO] [stdout] 
[INFO] [stderr]      Running unittests src/lib.rs (/opt/rustwide/target/debug/deps/day02-ad789e6228eac9ed)
[INFO] [stdout] 
[INFO] [stdout] running 1 test
[INFO] [stdout] test part1::tests::test_process ... FAILED
[INFO] [stdout] 
[INFO] [stdout] failures:
[INFO] [stdout] 
[INFO] [stdout] ---- part1::tests::test_process stdout ----
[INFO] [stdout] [day02/src/part1.rs:49:5] games = (
[INFO] [stdout]     "",
[INFO] [stdout]     [
[INFO] [stdout]         Game {
[INFO] [stdout]             id: "1",
[INFO] [stdout]             rounds: [
[INFO] [stdout]                 [
[INFO] [stdout]                     Cube {
[INFO] [stdout]                         color: "blue",
[INFO] [stdout]                         amount: 3,
[INFO] [stdout]                     },
[INFO] [stdout]                     Cube {
[INFO] [stdout]                         color: "red",
[INFO] [stdout]                         amount: 4,
[INFO] [stdout]                     },
[INFO] [stdout]                 ],
[INFO] [stdout]                 [
[INFO] [stdout]                     Cube {
[INFO] [stdout]                         color: "red",
[INFO] [stdout]                         amount: 1,
[INFO] [stdout]                     },
[INFO] [stdout]                     Cube {
[INFO] [stdout]                         color: "green",
[INFO] [stdout]                         amount: 2,
[INFO] [stdout]                     },
[INFO] [stdout]                     Cube {
[INFO] [stdout]                         color: "blue",
[INFO] [stdout]                         amount: 6,
[INFO] [stdout]                     },
[INFO] [stdout]                 ],
[INFO] [stdout]                 [
[INFO] [stdout]                     Cube {
[INFO] [stdout]                         color: "green",
[INFO] [stdout]                         amount: 2,
[INFO] [stdout]                     },
[INFO] [stdout]                 ],
[INFO] [stdout]             ],
[INFO] [stdout]         },
[INFO] [stdout]         Game {
[INFO] [stdout]             id: "2",
[INFO] [stdout]             rounds: [
[INFO] [stdout]                 [
[INFO] [stdout]                     Cube {
[INFO] [stdout]                         color: "blue",
[INFO] [stdout]                         amount: 1,
[INFO] [stdout]                     },
[INFO] [stdout]                     Cube {
[INFO] [stdout]                         color: "green",
[INFO] [stdout]                         amount: 2,
[INFO] [stdout]                     },
[INFO] [stdout]                 ],
[INFO] [stdout]                 [
[INFO] [stdout]                     Cube {
[INFO] [stdout]                         color: "green",
[INFO] [stdout]                         amount: 3,
[INFO] [stdout]                     },
[INFO] [stdout]                     Cube {
[INFO] [stdout]                         color: "blue",
[INFO] [stdout]                         amount: 4,
[INFO] [stdout]                     },
[INFO] [stdout]                     Cube {
[INFO] [stdout]                         color: "red",
[INFO] [stdout]                         amount: 1,
[INFO] [stdout]                     },
[INFO] [stdout]                 ],
[INFO] [stdout]                 [
[INFO] [stdout]                     Cube {
[INFO] [stdout]                         color: "green",
[INFO] [stdout]                         amount: 1,
[INFO] [stdout]                     },
[INFO] [stdout]                     Cube {
[INFO] [stdout]                         color: "blue",
[INFO] [stdout]                         amount: 1,
[INFO] [stdout]                     },
[INFO] [stderr] error: test failed, to rerun pass `-p day02 --lib`
[INFO] [stdout]                 ],
[INFO] [stdout]             ],
[INFO] [stdout]         },
[INFO] [stdout]         Game {
[INFO] [stdout]             id: "3",
[INFO] [stdout]             rounds: [
[INFO] [stdout]                 [
[INFO] [stdout]                     Cube {
[INFO] [stdout]                         color: "green",
[INFO] [stdout]                         amount: 8,
[INFO] [stdout]                     },
[INFO] [stdout]                     Cube {
[INFO] [stdout]                         color: "blue",
[INFO] [stdout]                         amount: 6,
[INFO] [stdout]                     },
[INFO] [stdout]                     Cube {
[INFO] [stdout]                         color: "red",
[INFO] [stdout]                         amount: 20,
[INFO] [stdout]                     },
[INFO] [stdout]                 ],
[INFO] [stdout]                 [
[INFO] [stdout]                     Cube {
[INFO] [stdout]                         color: "blue",
[INFO] [stdout]                         amount: 5,
[INFO] [stdout]                     },
[INFO] [stdout]                     Cube {
[INFO] [stdout]                         color: "red",
[INFO] [stdout]                         amount: 4,
[INFO] [stdout]                     },
[INFO] [stdout]                     Cube {
[INFO] [stdout]                         color: "green",
[INFO] [stdout]                         amount: 13,
[INFO] [stdout]                     },
[INFO] [stdout]                 ],
[INFO] [stdout]                 [
[INFO] [stdout]                     Cube {
[INFO] [stdout]                         color: "green",
[INFO] [stdout]                         amount: 5,
[INFO] [stdout]                     },
[INFO] [stdout]                     Cube {
[INFO] [stdout]                         color: "red",
[INFO] [stdout]                         amount: 1,
[INFO] [stdout]                     },
[INFO] [stdout]                 ],
[INFO] [stdout]             ],
[INFO] [stdout]         },
[INFO] [stdout]         Game {
[INFO] [stdout]             id: "4",
[INFO] [stdout]             rounds: [
[INFO] [stdout]                 [
[INFO] [stdout]                     Cube {
[INFO] [stdout]                         color: "green",
[INFO] [stdout]                         amount: 1,
[INFO] [stdout]                     },
[INFO] [stdout]                     Cube {
[INFO] [stdout]                         color: "red",
[INFO] [stdout]                         amount: 3,
[INFO] [stdout]                     },
[INFO] [stdout]                     Cube {
[INFO] [stdout]                         color: "blue",
[INFO] [stdout]                         amount: 6,
[INFO] [stdout]                     },
[INFO] [stdout]                 ],
[INFO] [stdout]                 [
[INFO] [stdout]                     Cube {
[INFO] [stdout]                         color: "green",
[INFO] [stdout]                         amount: 3,
[INFO] [stdout]                     },
[INFO] [stdout]                     Cube {
[INFO] [stdout]                         color: "red",
[INFO] [stdout]                         amount: 6,
[INFO] [stdout]                     },
[INFO] [stdout]                 ],
[INFO] [stdout]                 [
[INFO] [stdout]                     Cube {
[INFO] [stdout]                         color: "green",
[INFO] [stdout]                         amount: 3,
[INFO] [stdout]                     },
[INFO] [stdout]                     Cube {
[INFO] [stdout]                         color: "blue",
[INFO] [stdout]                         amount: 15,
[INFO] [stdout]                     },
[INFO] [stdout]                     Cube {
[INFO] [stdout]                         color: "red",
[INFO] [stdout]                         amount: 14,
[INFO] [stdout]                     },
[INFO] [stdout]                 ],
[INFO] [stdout]             ],
[INFO] [stdout]         },
[INFO] [stdout]         Game {
[INFO] [stdout]             id: "5",
[INFO] [stdout]             rounds: [
[INFO] [stdout]                 [
[INFO] [stdout]                     Cube {
[INFO] [stdout]                         color: "red",
[INFO] [stdout]                         amount: 6,
[INFO] [stdout]                     },
[INFO] [stdout]                     Cube {
[INFO] [stdout]                         color: "blue",
[INFO] [stdout]                         amount: 1,
[INFO] [stdout]                     },
[INFO] [stdout]                     Cube {
[INFO] [stdout]                         color: "green",
[INFO] [stdout]                         amount: 3,
[INFO] [stdout]                     },
[INFO] [stdout]                 ],
[INFO] [stdout]                 [
[INFO] [stdout]                     Cube {
[INFO] [stdout]                         color: "blue",
[INFO] [stdout]                         amount: 2,
[INFO] [stdout]                     },
[INFO] [stdout]                     Cube {
[INFO] [stdout]                         color: "red",
[INFO] [stdout]                         amount: 1,
[INFO] [stdout]                     },
[INFO] [stdout]                     Cube {
[INFO] [stdout]                         color: "green",
[INFO] [stdout]                         amount: 2,
[INFO] [stdout]                     },
[INFO] [stdout]                 ],
[INFO] [stdout]             ],
[INFO] [stdout]         },
[INFO] [stdout]     ],
[INFO] [stdout] )
[INFO] [stdout] thread 'part1::tests::test_process' panicked at day02/src/part1.rs:64:9:
[INFO] [stdout] assertion `left == right` failed
[INFO] [stdout]   left: "8"
[INFO] [stdout]  right: ""
[INFO] [stdout] stack backtrace:
[INFO] [stdout]    0:     0x5a0b3e8aef0a - std::backtrace_rs::backtrace::libunwind::trace::h8810477743020387
[INFO] [stdout]                                at /rustc/202008a1b8de96d2e5b6bc02d379db03a877d34d/library/std/src/../../backtrace/src/backtrace/libunwind.rs:116:5
[INFO] [stdout]    1:     0x5a0b3e8aef0a - std::backtrace_rs::backtrace::trace_unsynchronized::h3aa55355dd6c54a6
[INFO] [stdout]                                at /rustc/202008a1b8de96d2e5b6bc02d379db03a877d34d/library/std/src/../../backtrace/src/backtrace/mod.rs:66:5
[INFO] [stdout]    2:     0x5a0b3e8aef0a - std::sys::backtrace::_print_fmt::h8588b0f62410823f
[INFO] [stdout]                                at /rustc/202008a1b8de96d2e5b6bc02d379db03a877d34d/library/std/src/sys/backtrace.rs:66:9
[INFO] [stdout]    3:     0x5a0b3e8aef0a - <std::sys::backtrace::BacktraceLock::print::DisplayBacktrace as core::fmt::Display>::fmt::h98c26ac25ffe89bb
[INFO] [stdout]                                at /rustc/202008a1b8de96d2e5b6bc02d379db03a877d34d/library/std/src/sys/backtrace.rs:39:26
[INFO] [stdout]    4:     0x5a0b3e8d5503 - core::fmt::rt::Argument::fmt::hf95377f4aebd453b
[INFO] [stdout]                                at /rustc/202008a1b8de96d2e5b6bc02d379db03a877d34d/library/core/src/fmt/rt.rs:177:76
[INFO] [stdout]    5:     0x5a0b3e8d5503 - core::fmt::write::h0dd5f6e2238c7982
[INFO] [stdout]                                at /rustc/202008a1b8de96d2e5b6bc02d379db03a877d34d/library/core/src/fmt/mod.rs:1189:21
[INFO] [stdout]    6:     0x5a0b3e8ac0a3 - std::io::Write::write_fmt::h03bb0ca26e6faf8c
[INFO] [stdout]                                at /rustc/202008a1b8de96d2e5b6bc02d379db03a877d34d/library/std/src/io/mod.rs:1884:15
[INFO] [stdout]    7:     0x5a0b3e8aed52 - std::sys::backtrace::BacktraceLock::print::h5c19c1c038ee186d
[INFO] [stdout]                                at /rustc/202008a1b8de96d2e5b6bc02d379db03a877d34d/library/std/src/sys/backtrace.rs:42:9
[INFO] [stdout]    8:     0x5a0b3e8b038d - std::panicking::default_hook::{{closure}}::h77172f079a1fcb13
[INFO] [stdout]                                at /rustc/202008a1b8de96d2e5b6bc02d379db03a877d34d/library/std/src/panicking.rs:268:22
[INFO] [stdout]    9:     0x5a0b3e8b0197 - std::panicking::default_hook::he5f8e3b203ccddba
[INFO] [stdout]                                at /rustc/202008a1b8de96d2e5b6bc02d379db03a877d34d/library/std/src/panicking.rs:292:9
[INFO] [stdout]   10:     0x5a0b3e8001d7 - <alloc::boxed::Box<F,A> as core::ops::function::Fn<Args>>::call::h7a3c7b4a1ae77f2f
[INFO] [stdout]                                at /rustc/202008a1b8de96d2e5b6bc02d379db03a877d34d/library/alloc/src/boxed.rs:1986:9
[INFO] [stdout]   11:     0x5a0b3e8001d7 - test::test_main::{{closure}}::hf0d3b69ae9b353d1
[INFO] [stdout]                                at /rustc/202008a1b8de96d2e5b6bc02d379db03a877d34d/library/test/src/lib.rs:134:21
[INFO] [stdout]   12:     0x5a0b3e8b0a38 - <alloc::boxed::Box<F,A> as core::ops::function::Fn<Args>>::call::h6332e82e7b189abd
[INFO] [stdout]                                at /rustc/202008a1b8de96d2e5b6bc02d379db03a877d34d/library/alloc/src/boxed.rs:1986:9
[INFO] [stdout]   13:     0x5a0b3e8b0a38 - std::panicking::rust_panic_with_hook::h53863d4e9018df39
[INFO] [stdout]                                at /rustc/202008a1b8de96d2e5b6bc02d379db03a877d34d/library/std/src/panicking.rs:809:13
[INFO] [stdout]   14:     0x5a0b3e8b07fa - std::panicking::begin_panic_handler::{{closure}}::h67280e6fa0757873
[INFO] [stdout]                                at /rustc/202008a1b8de96d2e5b6bc02d379db03a877d34d/library/std/src/panicking.rs:674:13
[INFO] [stdout]   15:     0x5a0b3e8af3e9 - std::sys::backtrace::__rust_end_short_backtrace::h1dac3f54d6fbbeb2
[INFO] [stdout]                                at /rustc/202008a1b8de96d2e5b6bc02d379db03a877d34d/library/std/src/sys/backtrace.rs:170:18
[INFO] [stdout]   16:     0x5a0b3e8b048c - rust_begin_unwind
[INFO] [stdout]                                at /rustc/202008a1b8de96d2e5b6bc02d379db03a877d34d/library/std/src/panicking.rs:665:5
[INFO] [stdout]   17:     0x5a0b3e7afbb0 - core::panicking::panic_fmt::h6792bd1b2bf01041
[INFO] [stdout]                                at /rustc/202008a1b8de96d2e5b6bc02d379db03a877d34d/library/core/src/panicking.rs:76:14
[INFO] [stdout]   18:     0x5a0b3e7aff7b - core::panicking::assert_failed_inner::hf2c17e6d30928787
[INFO] [stdout]   19:     0x5a0b3e7b9f8d - core::panicking::assert_failed::h99cdbd15026519a1
[INFO] [stdout]                                at /rustc/202008a1b8de96d2e5b6bc02d379db03a877d34d/library/core/src/panicking.rs:373:5
[INFO] [stdout]   20:     0x5a0b3e7bc312 - day02::part1::tests::test_process::h9c0442fe2168dd6f
[INFO] [stdout]                                at /opt/rustwide/workdir/day02/src/part1.rs:64:9
[INFO] [stdout]   21:     0x5a0b3e7bc1b7 - day02::part1::tests::test_process::{{closure}}::h1aca02971eb48d37
[INFO] [stdout]                                at /opt/rustwide/workdir/day02/src/part1.rs:58:26
[INFO] [stdout]   22:     0x5a0b3e7c2a76 - core::ops::function::FnOnce::call_once::h4524ffea7b9ecb9d
[INFO] [stdout]                                at /rustc/202008a1b8de96d2e5b6bc02d379db03a877d34d/library/core/src/ops/function.rs:250:5
[INFO] [stdout]   23:     0x5a0b3e804cfb - core::ops::function::FnOnce::call_once::h871bf86719ec9aa4
[INFO] [stdout]                                at /rustc/202008a1b8de96d2e5b6bc02d379db03a877d34d/library/core/src/ops/function.rs:250:5
[INFO] [stdout]   24:     0x5a0b3e804cfb - test::__rust_begin_short_backtrace::h2167df1e2b7d76fd
[INFO] [stdout]                                at /rustc/202008a1b8de96d2e5b6bc02d379db03a877d34d/library/test/src/lib.rs:632:18
[INFO] [stdout]   25:     0x5a0b3e8046e8 - test::run_test_in_process::{{closure}}::h15d92f75a3adfb79
[INFO] [stdout]                                at /rustc/202008a1b8de96d2e5b6bc02d379db03a877d34d/library/test/src/lib.rs:655:60
[INFO] [stdout]   26:     0x5a0b3e8046e8 - <core::panic::unwind_safe::AssertUnwindSafe<F> as core::ops::function::FnOnce<()>>::call_once::hb6c8955835a8dbbb
[INFO] [stdout]                                at /rustc/202008a1b8de96d2e5b6bc02d379db03a877d34d/library/core/src/panic/unwind_safe.rs:272:9
[INFO] [stdout]   27:     0x5a0b3e8046e8 - std::panicking::try::do_call::hc79d0fc888a0bd30
[INFO] [stdout]                                at /rustc/202008a1b8de96d2e5b6bc02d379db03a877d34d/library/std/src/panicking.rs:557:40
[INFO] [stdout]   28:     0x5a0b3e8046e8 - std::panicking::try::hb8a7878e3a8589d6
[INFO] [stdout]                                at /rustc/202008a1b8de96d2e5b6bc02d379db03a877d34d/library/std/src/panicking.rs:520:19
[INFO] [stdout]   29:     0x5a0b3e8046e8 - std::panic::catch_unwind::hb8e4600ff0ff5cfa
[INFO] [stdout]                                at /rustc/202008a1b8de96d2e5b6bc02d379db03a877d34d/library/std/src/panic.rs:358:14
[INFO] [stdout]   30:     0x5a0b3e8046e8 - test::run_test_in_process::hc2900b0b18688dd6
[INFO] [stdout]                                at /rustc/202008a1b8de96d2e5b6bc02d379db03a877d34d/library/test/src/lib.rs:655:27
[INFO] [stdout]   31:     0x5a0b3e8046e8 - test::run_test::{{closure}}::hac2a9cb07be3d48d
[INFO] [stdout]                                at /rustc/202008a1b8de96d2e5b6bc02d379db03a877d34d/library/test/src/lib.rs:576:43
[INFO] [stdout]   32:     0x5a0b3e7c818a - test::run_test::{{closure}}::h4a5b729e66a38cd8
[INFO] [stdout]                                at /rustc/202008a1b8de96d2e5b6bc02d379db03a877d34d/library/test/src/lib.rs:606:41
[INFO] [stdout]   33:     0x5a0b3e7c818a - std::sys::backtrace::__rust_begin_short_backtrace::h0496fb742492f573
[INFO] [stdout]                                at /rustc/202008a1b8de96d2e5b6bc02d379db03a877d34d/library/std/src/sys/backtrace.rs:154:18
[INFO] [stdout]   34:     0x5a0b3e7cbb04 - std::thread::Builder::spawn_unchecked_::{{closure}}::{{closure}}::hbb6d257c550a54bd
[INFO] [stdout]                                at /rustc/202008a1b8de96d2e5b6bc02d379db03a877d34d/library/std/src/thread/mod.rs:561:17
[INFO] [stdout]   35:     0x5a0b3e7cbb04 - <core::panic::unwind_safe::AssertUnwindSafe<F> as core::ops::function::FnOnce<()>>::call_once::h46696fe4a6832328
[INFO] [stdout]                                at /rustc/202008a1b8de96d2e5b6bc02d379db03a877d34d/library/core/src/panic/unwind_safe.rs:272:9
[INFO] [stdout]   36:     0x5a0b3e7cbb04 - std::panicking::try::do_call::h2625a51b667bfb64
[INFO] [stdout]                                at /rustc/202008a1b8de96d2e5b6bc02d379db03a877d34d/library/std/src/panicking.rs:557:40
[INFO] [stdout]   37:     0x5a0b3e7cbb04 - std::panicking::try::hb956a59a1973aa4c
[INFO] [stdout]                                at /rustc/202008a1b8de96d2e5b6bc02d379db03a877d34d/library/std/src/panicking.rs:520:19
[INFO] [stdout]   38:     0x5a0b3e7cbb04 - std::panic::catch_unwind::h64f3b9d1067ef6a0
[INFO] [stdout]                                at /rustc/202008a1b8de96d2e5b6bc02d379db03a877d34d/library/std/src/panic.rs:358:14
[INFO] [stdout]   39:     0x5a0b3e7cbb04 - std::thread::Builder::spawn_unchecked_::{{closure}}::h42b2841295b6c0b2
[INFO] [stdout]                                at /rustc/202008a1b8de96d2e5b6bc02d379db03a877d34d/library/std/src/thread/mod.rs:559:30
[INFO] [stdout]   40:     0x5a0b3e7cbb04 - core::ops::function::FnOnce::call_once{{vtable.shim}}::h6127de71b8124639
[INFO] [stdout]                                at /rustc/202008a1b8de96d2e5b6bc02d379db03a877d34d/library/core/src/ops/function.rs:250:5
[INFO] [stdout]   41:     0x5a0b3e8b497b - <alloc::boxed::Box<F,A> as core::ops::function::FnOnce<Args>>::call_once::h42f0ba71002a1b2c
[INFO] [stdout]                                at /rustc/202008a1b8de96d2e5b6bc02d379db03a877d34d/library/alloc/src/boxed.rs:1972:9
[INFO] [stdout]   42:     0x5a0b3e8b497b - <alloc::boxed::Box<F,A> as core::ops::function::FnOnce<Args>>::call_once::had9e47d7a3dcecb8
[INFO] [stdout]                                at /rustc/202008a1b8de96d2e5b6bc02d379db03a877d34d/library/alloc/src/boxed.rs:1972:9
[INFO] [stdout]   43:     0x5a0b3e8b497b - std::sys::pal::unix::thread::Thread::new::thread_start::h48cf765408f6f5f2
[INFO] [stdout]                                at /rustc/202008a1b8de96d2e5b6bc02d379db03a877d34d/library/std/src/sys/pal/unix/thread.rs:105:17
[INFO] [stdout]   44:     0x7bd999d65ac3 - <unknown>
[INFO] [stdout]   45:     0x7bd999df6a04 - clone
[INFO] [stdout]   46:                0x0 - <unknown>
[INFO] [stdout] 
[INFO] [stdout] 
[INFO] [stdout] failures:
[INFO] [stdout]     part1::tests::test_process
[INFO] [stdout] 
[INFO] [stdout] test result: FAILED. 0 passed; 1 failed; 0 ignored; 0 measured; 0 filtered out; finished in 0.03s
[INFO] [stdout] 
[INFO] running `Command { std: "docker" "inspect" "4a1137043570febbb3cb64570cc2107a499eec9782ce57572f207727ca704fd6", kill_on_drop: false }`
[INFO] running `Command { std: "docker" "rm" "-f" "4a1137043570febbb3cb64570cc2107a499eec9782ce57572f207727ca704fd6", kill_on_drop: false }`
[INFO] [stdout] 4a1137043570febbb3cb64570cc2107a499eec9782ce57572f207727ca704fd6
