[INFO] cloning repository https://github.com/Dawid33/nn
[INFO] running `Command { std: "git" "-c" "credential.helper=" "-c" "credential.helper=/workspace/cargo-home/bin/git-credential-null" "clone" "--bare" "https://github.com/Dawid33/nn" "/workspace/cache/git-repos/https%3A%2F%2Fgithub.com%2FDawid33%2Fnn", kill_on_drop: false }`
[INFO] [stderr] Cloning into bare repository '/workspace/cache/git-repos/https%3A%2F%2Fgithub.com%2FDawid33%2Fnn'...
[INFO] running `Command { std: "git" "rev-parse" "HEAD", kill_on_drop: false }`
[INFO] [stdout] 4c08ead265e494d2ad4b7210b3246c566ff5701a
[INFO] testing Dawid33/nn against beta-2024-12-08 for beta-1.84.0-4-retry
[INFO] running `Command { std: "git" "clone" "/workspace/cache/git-repos/https%3A%2F%2Fgithub.com%2FDawid33%2Fnn" "/workspace/builds/worker-4-tc2/source", kill_on_drop: false }`
[INFO] [stderr] Cloning into '/workspace/builds/worker-4-tc2/source'...
[INFO] [stderr] done.
[INFO] validating manifest of git repo https://github.com/Dawid33/nn on toolchain beta-2024-12-08
[INFO] running `Command { std: CARGO_HOME="/workspace/cargo-home" RUSTUP_HOME="/workspace/rustup-home" "/workspace/cargo-home/bin/cargo" "+beta-2024-12-08" "metadata" "--manifest-path" "Cargo.toml" "--no-deps", kill_on_drop: false }`
[INFO] started tweaking git repo https://github.com/Dawid33/nn
[INFO] finished tweaking git repo https://github.com/Dawid33/nn
[INFO] tweaked toml for git repo https://github.com/Dawid33/nn written to /workspace/builds/worker-4-tc2/source/Cargo.toml
[INFO] crate git repo https://github.com/Dawid33/nn already has a lockfile, it will not be regenerated
[INFO] running `Command { std: CARGO_HOME="/workspace/cargo-home" RUSTUP_HOME="/workspace/rustup-home" "/workspace/cargo-home/bin/cargo" "+beta-2024-12-08" "fetch" "--manifest-path" "Cargo.toml", kill_on_drop: false }`
[INFO] running `Command { std: "docker" "create" "-v" "/var/lib/crater-agent-workspace/builds/worker-4-tc2/target:/opt/rustwide/target:rw,Z" "-v" "/var/lib/crater-agent-workspace/builds/worker-4-tc2/source:/opt/rustwide/workdir:ro,Z" "-v" "/var/lib/crater-agent-workspace/cargo-home:/opt/rustwide/cargo-home:ro,Z" "-v" "/var/lib/crater-agent-workspace/rustup-home:/opt/rustwide/rustup-home:ro,Z" "-e" "SOURCE_DIR=/opt/rustwide/workdir" "-e" "CARGO_TARGET_DIR=/opt/rustwide/target" "-e" "CARGO_HOME=/opt/rustwide/cargo-home" "-e" "RUSTUP_HOME=/opt/rustwide/rustup-home" "-w" "/opt/rustwide/workdir" "-m" "1610612736" "--user" "0:0" "--network" "none" "ghcr.io/rust-lang/crates-build-env/linux@sha256:f3a9d4ad9d972b27faf3965f35b62e55ba32bbce8f20bc8fe909558a86702fde" "/opt/rustwide/cargo-home/bin/cargo" "+beta-2024-12-08" "metadata" "--no-deps" "--format-version=1", kill_on_drop: false }`
[INFO] [stdout] 9670822f60ee501986da876032685a32cd80e87c53278d95c6cdc779e13608b2
[INFO] running `Command { std: "docker" "start" "-a" "9670822f60ee501986da876032685a32cd80e87c53278d95c6cdc779e13608b2", kill_on_drop: false }`
[INFO] running `Command { std: "docker" "inspect" "9670822f60ee501986da876032685a32cd80e87c53278d95c6cdc779e13608b2", kill_on_drop: false }`
[INFO] running `Command { std: "docker" "rm" "-f" "9670822f60ee501986da876032685a32cd80e87c53278d95c6cdc779e13608b2", kill_on_drop: false }`
[INFO] [stdout] 9670822f60ee501986da876032685a32cd80e87c53278d95c6cdc779e13608b2
[INFO] running `Command { std: "docker" "create" "-v" "/var/lib/crater-agent-workspace/builds/worker-4-tc2/target:/opt/rustwide/target:rw,Z" "-v" "/var/lib/crater-agent-workspace/builds/worker-4-tc2/source:/opt/rustwide/workdir:ro,Z" "-v" "/var/lib/crater-agent-workspace/cargo-home:/opt/rustwide/cargo-home:ro,Z" "-v" "/var/lib/crater-agent-workspace/rustup-home:/opt/rustwide/rustup-home:ro,Z" "-e" "SOURCE_DIR=/opt/rustwide/workdir" "-e" "CARGO_TARGET_DIR=/opt/rustwide/target" "-e" "CARGO_INCREMENTAL=0" "-e" "RUST_BACKTRACE=full" "-e" "RUSTFLAGS=--cap-lints=warn" "-e" "RUSTDOCFLAGS=--cap-lints=warn" "-e" "CARGO_HOME=/opt/rustwide/cargo-home" "-e" "RUSTUP_HOME=/opt/rustwide/rustup-home" "-w" "/opt/rustwide/workdir" "-m" "1610612736" "--user" "0:0" "--network" "none" "ghcr.io/rust-lang/crates-build-env/linux@sha256:f3a9d4ad9d972b27faf3965f35b62e55ba32bbce8f20bc8fe909558a86702fde" "/opt/rustwide/cargo-home/bin/cargo" "+beta-2024-12-08" "build" "--frozen" "--message-format=json", kill_on_drop: false }`
[INFO] [stdout] 2caeb783dce5570adfa8cc5ddef4f2597f5b06f50839d8e60e869cb85d092193
[INFO] running `Command { std: "docker" "start" "-a" "2caeb783dce5570adfa8cc5ddef4f2597f5b06f50839d8e60e869cb85d092193", kill_on_drop: false }`
[INFO] [stderr]    Compiling proc-macro2 v1.0.79
[INFO] [stderr]    Compiling serde v1.0.197
[INFO] [stderr]    Compiling libc v0.2.153
[INFO] [stderr]    Compiling num-traits v0.2.17
[INFO] [stderr]    Compiling num-integer v0.1.45
[INFO] [stderr]    Compiling indexmap v2.2.5
[INFO] [stderr]    Compiling num-bigint v0.4.4
[INFO] [stderr]    Compiling winnow v0.6.5
[INFO] [stderr]    Compiling memchr v2.7.1
[INFO] [stderr]    Compiling ryu v1.0.17
[INFO] [stderr]    Compiling simple-error v0.3.0
[INFO] [stderr]    Compiling log v0.4.21
[INFO] [stderr]    Compiling dot v0.1.4
[INFO] [stderr]    Compiling csv-core v0.1.11
[INFO] [stderr]    Compiling quote v1.0.35
[INFO] [stderr]    Compiling syn v2.0.52
[INFO] [stderr]    Compiling getrandom v0.2.11
[INFO] [stderr]    Compiling rand_core v0.6.4
[INFO] [stderr]    Compiling rand_chacha v0.3.1
[INFO] [stderr]    Compiling rand v0.8.5
[INFO] [stderr]    Compiling serde_derive v1.0.197
[INFO] [stderr]    Compiling serde_spanned v0.6.5
[INFO] [stderr]    Compiling toml_datetime v0.6.5
[INFO] [stderr]    Compiling csv v1.3.0
[INFO] [stderr]    Compiling toml_edit v0.22.7
[INFO] [stderr]    Compiling toml v0.8.11
[INFO] [stderr]    Compiling nn v0.1.0 (/opt/rustwide/workdir)
[INFO] [stdout] warning: unused imports: `collections::BTreeMap` and `process::Termination`
[INFO] [stdout]  --> src/main.rs:4:11
[INFO] [stdout]   |
[INFO] [stdout] 4 | use std::{collections::BTreeMap, process::Termination};
[INFO] [stdout]   |           ^^^^^^^^^^^^^^^^^^^^^  ^^^^^^^^^^^^^^^^^^^^
[INFO] [stdout]   |
[INFO] [stdout]   = note: `#[warn(unused_imports)]` on by default
[INFO] [stdout] 
[INFO] [stdout] 
[INFO] [stdout] warning: unused import: `log::warn`
[INFO] [stdout]  --> src/main.rs:7:5
[INFO] [stdout]   |
[INFO] [stdout] 7 | use log::warn;
[INFO] [stdout]   |     ^^^^^^^^^
[INFO] [stdout] 
[INFO] [stdout] 
[INFO] [stdout] warning: unused import: `std::fs::File`
[INFO] [stdout]  --> src/graph.rs:7:5
[INFO] [stdout]   |
[INFO] [stdout] 7 | use std::fs::File;
[INFO] [stdout]   |     ^^^^^^^^^^^^^
[INFO] [stdout] 
[INFO] [stdout] 
[INFO] [stdout] warning: unused import: `self`
[INFO] [stdout]  --> src/mlp.rs:4:15
[INFO] [stdout]   |
[INFO] [stdout] 4 | use std::io::{self, Write};
[INFO] [stdout]   |               ^^^^
[INFO] [stdout] 
[INFO] [stdout] 
[INFO] [stdout] warning: unused import: `path::PathBuf`
[INFO] [stdout]  --> src/mlp.rs:5:45
[INFO] [stdout]   |
[INFO] [stdout] 5 | use std::{collections::VecDeque, iter::zip, path::PathBuf};
[INFO] [stdout]   |                                             ^^^^^^^^^^^^^
[INFO] [stdout] 
[INFO] [stdout] 
[INFO] [stdout] warning: unused variable: `output_weighted_input`
[INFO] [stdout]    --> src/mlp.rs:252:13
[INFO] [stdout]     |
[INFO] [stdout] 252 |         let output_weighted_input = inner_weighted_input
[INFO] [stdout]     |             ^^^^^^^^^^^^^^^^^^^^^ help: if this is intentional, prefix it with an underscore: `_output_weighted_input`
[INFO] [stdout]     |
[INFO] [stdout]     = note: `#[warn(unused_variables)]` on by default
[INFO] [stdout] 
[INFO] [stdout] 
[INFO] [stdout] warning: unused variable: `e`
[INFO] [stdout]    --> src/mlp.rs:405:13
[INFO] [stdout]     |
[INFO] [stdout] 405 |         for e in 0..epochs {
[INFO] [stdout]     |             ^ help: if this is intentional, prefix it with an underscore: `_e`
[INFO] [stdout] 
[INFO] [stdout] 
[INFO] [stdout] warning: unused variable: `b`
[INFO] [stdout]    --> src/mlp.rs:451:21
[INFO] [stdout]     |
[INFO] [stdout] 451 |             let mut b = String::new();
[INFO] [stdout]     |                     ^ help: if this is intentional, prefix it with an underscore: `_b`
[INFO] [stdout] 
[INFO] [stdout] 
[INFO] [stdout] warning: variable does not need to be mutable
[INFO] [stdout]    --> src/mlp.rs:451:17
[INFO] [stdout]     |
[INFO] [stdout] 451 |             let mut b = String::new();
[INFO] [stdout]     |                 ----^
[INFO] [stdout]     |                 |
[INFO] [stdout]     |                 help: remove this `mut`
[INFO] [stdout]     |
[INFO] [stdout]     = note: `#[warn(unused_mut)]` on by default
[INFO] [stdout] 
[INFO] [stdout] 
[INFO] [stdout] warning: field `learning_rate` is never read
[INFO] [stdout]   --> src/main.rs:17:5
[INFO] [stdout]    |
[INFO] [stdout] 16 | struct Params {
[INFO] [stdout]    |        ------ field in this struct
[INFO] [stdout] 17 |     learning_rate: Vec<f64>,
[INFO] [stdout]    |     ^^^^^^^^^^^^^
[INFO] [stdout]    |
[INFO] [stdout]    = note: `#[warn(dead_code)]` on by default
[INFO] [stdout] 
[INFO] [stdout] 
[INFO] [stdout] warning: fields `name` and `params` are never read
[INFO] [stdout]   --> src/main.rs:21:5
[INFO] [stdout]    |
[INFO] [stdout] 20 | struct Dataset {
[INFO] [stdout]    |        ------- fields in this struct
[INFO] [stdout] 21 |     name: String,
[INFO] [stdout]    |     ^^^^
[INFO] [stdout] 22 |     data: Vec<(Vec<f64>, Vec<f64>)>,
[INFO] [stdout] 23 |     params: Params,
[INFO] [stdout]    |     ^^^^^^
[INFO] [stdout] 
[INFO] [stdout] 
[INFO] [stdout] warning: function `read_graph` is never used
[INFO] [stdout]    --> src/graph.rs:110:8
[INFO] [stdout]     |
[INFO] [stdout] 110 | pub fn read_graph(path: PathBuf) -> Graph {
[INFO] [stdout]     |        ^^^^^^^^^^
[INFO] [stdout] 
[INFO] [stdout] 
[INFO] [stdout] warning: function `print_matrix` is never used
[INFO] [stdout]    --> src/graph.rs:460:8
[INFO] [stdout]     |
[INFO] [stdout] 460 | pub fn print_matrix(m: &Vec<Vec<u8>>) {
[INFO] [stdout]     |        ^^^^^^^^^^^^
[INFO] [stdout] 
[INFO] [stdout] 
[INFO] [stdout] warning: function `dumpln` is never used
[INFO] [stdout]   --> src/mlp.rs:12:4
[INFO] [stdout]    |
[INFO] [stdout] 12 | fn dumpln(s: &str) {
[INFO] [stdout]    |    ^^^^^^
[INFO] [stdout] 
[INFO] [stdout] 
[INFO] [stdout] warning: function `dumplnresult` is never used
[INFO] [stdout]   --> src/mlp.rs:21:4
[INFO] [stdout]    |
[INFO] [stdout] 21 | fn dumplnresult(s: &str) {
[INFO] [stdout]    |    ^^^^^^^^^^^^
[INFO] [stdout] 
[INFO] [stdout] 
[INFO] [stdout] warning: field `learning_rate` is never read
[INFO] [stdout]   --> src/mlp.rs:37:9
[INFO] [stdout]    |
[INFO] [stdout] 33 | struct Perceptron {
[INFO] [stdout]    |        ---------- field in this struct
[INFO] [stdout] ...
[INFO] [stdout] 37 |     pub learning_rate: f64,
[INFO] [stdout]    |         ^^^^^^^^^^^^^
[INFO] [stdout]    |
[INFO] [stdout]    = note: `Perceptron` has derived impls for the traits `Debug` and `Clone`, but these are intentionally ignored during dead code analysis
[INFO] [stdout] 
[INFO] [stdout] 
[INFO] [stdout] warning: function `linear` is never used
[INFO] [stdout]   --> src/mlp.rs:49:8
[INFO] [stdout]    |
[INFO] [stdout] 49 | pub fn linear(x: f64) -> f64 {
[INFO] [stdout]    |        ^^^^^^
[INFO] [stdout] 
[INFO] [stdout] 
[INFO] [stdout] warning: function `linear_deriv` is never used
[INFO] [stdout]   --> src/mlp.rs:57:8
[INFO] [stdout]    |
[INFO] [stdout] 57 | pub fn linear_deriv(x: f64) -> f64 {
[INFO] [stdout]    |        ^^^^^^^^^^^^
[INFO] [stdout] 
[INFO] [stdout] 
[INFO] [stdout] warning: method `train` is never used
[INFO] [stdout]    --> src/mlp.rs:101:12
[INFO] [stdout]     |
[INFO] [stdout] 65  | impl Perceptron {
[INFO] [stdout]     | --------------- method in this implementation
[INFO] [stdout] ...
[INFO] [stdout] 101 |     pub fn train(&mut self, input: &[f64], expected_output: f64) {
[INFO] [stdout]     |            ^^^^^
[INFO] [stdout] 
[INFO] [stdout] 
[INFO] [stdout] warning: methods `predict` and `dump_weights` are never used
[INFO] [stdout]    --> src/mlp.rs:484:12
[INFO] [stdout]     |
[INFO] [stdout] 237 | impl MLP {
[INFO] [stdout]     | -------- methods in this implementation
[INFO] [stdout] ...
[INFO] [stdout] 484 |     pub fn predict(&mut self, input: &[f64]) -> Vec<f64> {
[INFO] [stdout]     |            ^^^^^^^
[INFO] [stdout] ...
[INFO] [stdout] 489 |     pub fn dump_weights(&self) {
[INFO] [stdout]     |            ^^^^^^^^^^^^
[INFO] [stdout] 
[INFO] [stdout] 
[INFO] [stderr]     Finished `dev` profile [unoptimized + debuginfo] target(s) in 32.93s
[INFO] running `Command { std: "docker" "inspect" "2caeb783dce5570adfa8cc5ddef4f2597f5b06f50839d8e60e869cb85d092193", kill_on_drop: false }`
[INFO] running `Command { std: "docker" "rm" "-f" "2caeb783dce5570adfa8cc5ddef4f2597f5b06f50839d8e60e869cb85d092193", kill_on_drop: false }`
[INFO] [stdout] 2caeb783dce5570adfa8cc5ddef4f2597f5b06f50839d8e60e869cb85d092193
[INFO] running `Command { std: "docker" "create" "-v" "/var/lib/crater-agent-workspace/builds/worker-4-tc2/target:/opt/rustwide/target:rw,Z" "-v" "/var/lib/crater-agent-workspace/builds/worker-4-tc2/source:/opt/rustwide/workdir:ro,Z" "-v" "/var/lib/crater-agent-workspace/cargo-home:/opt/rustwide/cargo-home:ro,Z" "-v" "/var/lib/crater-agent-workspace/rustup-home:/opt/rustwide/rustup-home:ro,Z" "-e" "SOURCE_DIR=/opt/rustwide/workdir" "-e" "CARGO_TARGET_DIR=/opt/rustwide/target" "-e" "CARGO_INCREMENTAL=0" "-e" "RUST_BACKTRACE=full" "-e" "RUSTFLAGS=--cap-lints=warn" "-e" "RUSTDOCFLAGS=--cap-lints=warn" "-e" "CARGO_HOME=/opt/rustwide/cargo-home" "-e" "RUSTUP_HOME=/opt/rustwide/rustup-home" "-w" "/opt/rustwide/workdir" "-m" "1610612736" "--user" "0:0" "--network" "none" "ghcr.io/rust-lang/crates-build-env/linux@sha256:f3a9d4ad9d972b27faf3965f35b62e55ba32bbce8f20bc8fe909558a86702fde" "/opt/rustwide/cargo-home/bin/cargo" "+beta-2024-12-08" "test" "--frozen" "--no-run" "--message-format=json", kill_on_drop: false }`
[INFO] [stdout] 39ec4bf3419f88022f8171faecb2d4dd5049e75158f295bf4f52f7ab9a89d735
[INFO] running `Command { std: "docker" "start" "-a" "39ec4bf3419f88022f8171faecb2d4dd5049e75158f295bf4f52f7ab9a89d735", kill_on_drop: false }`
[INFO] [stderr]    Compiling nn v0.1.0 (/opt/rustwide/workdir)
[INFO] [stdout] warning: unused imports: `collections::BTreeMap` and `process::Termination`
[INFO] [stdout]  --> src/main.rs:4:11
[INFO] [stdout]   |
[INFO] [stdout] 4 | use std::{collections::BTreeMap, process::Termination};
[INFO] [stdout]   |           ^^^^^^^^^^^^^^^^^^^^^  ^^^^^^^^^^^^^^^^^^^^
[INFO] [stdout]   |
[INFO] [stdout]   = note: `#[warn(unused_imports)]` on by default
[INFO] [stdout] 
[INFO] [stdout] 
[INFO] [stdout] warning: unused import: `log::warn`
[INFO] [stdout]  --> src/main.rs:7:5
[INFO] [stdout]   |
[INFO] [stdout] 7 | use log::warn;
[INFO] [stdout]   |     ^^^^^^^^^
[INFO] [stdout] 
[INFO] [stdout] 
[INFO] [stdout] warning: unused import: `std::fs::File`
[INFO] [stdout]  --> src/graph.rs:7:5
[INFO] [stdout]   |
[INFO] [stdout] 7 | use std::fs::File;
[INFO] [stdout]   |     ^^^^^^^^^^^^^
[INFO] [stdout] 
[INFO] [stdout] 
[INFO] [stdout] warning: unused import: `self`
[INFO] [stdout]  --> src/mlp.rs:4:15
[INFO] [stdout]   |
[INFO] [stdout] 4 | use std::io::{self, Write};
[INFO] [stdout]   |               ^^^^
[INFO] [stdout] 
[INFO] [stdout] 
[INFO] [stdout] warning: unused import: `path::PathBuf`
[INFO] [stdout]  --> src/mlp.rs:5:45
[INFO] [stdout]   |
[INFO] [stdout] 5 | use std::{collections::VecDeque, iter::zip, path::PathBuf};
[INFO] [stdout]   |                                             ^^^^^^^^^^^^^
[INFO] [stdout] 
[INFO] [stdout] 
[INFO] [stdout] warning: unused variable: `output_weighted_input`
[INFO] [stdout]    --> src/mlp.rs:252:13
[INFO] [stdout]     |
[INFO] [stdout] 252 |         let output_weighted_input = inner_weighted_input
[INFO] [stdout]     |             ^^^^^^^^^^^^^^^^^^^^^ help: if this is intentional, prefix it with an underscore: `_output_weighted_input`
[INFO] [stdout]     |
[INFO] [stdout]     = note: `#[warn(unused_variables)]` on by default
[INFO] [stdout] 
[INFO] [stdout] 
[INFO] [stdout] warning: unused variable: `e`
[INFO] [stdout]    --> src/mlp.rs:405:13
[INFO] [stdout]     |
[INFO] [stdout] 405 |         for e in 0..epochs {
[INFO] [stdout]     |             ^ help: if this is intentional, prefix it with an underscore: `_e`
[INFO] [stdout] 
[INFO] [stdout] 
[INFO] [stdout] warning: unused variable: `b`
[INFO] [stdout]    --> src/mlp.rs:451:21
[INFO] [stdout]     |
[INFO] [stdout] 451 |             let mut b = String::new();
[INFO] [stdout]     |                     ^ help: if this is intentional, prefix it with an underscore: `_b`
[INFO] [stdout] 
[INFO] [stdout] 
[INFO] [stdout] warning: variable does not need to be mutable
[INFO] [stdout]    --> src/mlp.rs:451:17
[INFO] [stdout]     |
[INFO] [stdout] 451 |             let mut b = String::new();
[INFO] [stdout]     |                 ----^
[INFO] [stdout]     |                 |
[INFO] [stdout]     |                 help: remove this `mut`
[INFO] [stdout]     |
[INFO] [stdout]     = note: `#[warn(unused_mut)]` on by default
[INFO] [stdout] 
[INFO] [stdout] 
[INFO] [stdout] warning: field `learning_rate` is never read
[INFO] [stdout]   --> src/main.rs:17:5
[INFO] [stdout]    |
[INFO] [stdout] 16 | struct Params {
[INFO] [stdout]    |        ------ field in this struct
[INFO] [stdout] 17 |     learning_rate: Vec<f64>,
[INFO] [stdout]    |     ^^^^^^^^^^^^^
[INFO] [stdout]    |
[INFO] [stdout]    = note: `#[warn(dead_code)]` on by default
[INFO] [stdout] 
[INFO] [stdout] 
[INFO] [stdout] warning: fields `name` and `params` are never read
[INFO] [stdout]   --> src/main.rs:21:5
[INFO] [stdout]    |
[INFO] [stdout] 20 | struct Dataset {
[INFO] [stdout]    |        ------- fields in this struct
[INFO] [stdout] 21 |     name: String,
[INFO] [stdout]    |     ^^^^
[INFO] [stdout] 22 |     data: Vec<(Vec<f64>, Vec<f64>)>,
[INFO] [stdout] 23 |     params: Params,
[INFO] [stdout]    |     ^^^^^^
[INFO] [stdout] 
[INFO] [stdout] 
[INFO] [stdout] warning: function `read_graph` is never used
[INFO] [stdout]    --> src/graph.rs:110:8
[INFO] [stdout]     |
[INFO] [stdout] 110 | pub fn read_graph(path: PathBuf) -> Graph {
[INFO] [stdout]     |        ^^^^^^^^^^
[INFO] [stdout] 
[INFO] [stdout] 
[INFO] [stdout] warning: function `print_matrix` is never used
[INFO] [stdout]    --> src/graph.rs:460:8
[INFO] [stdout]     |
[INFO] [stdout] 460 | pub fn print_matrix(m: &Vec<Vec<u8>>) {
[INFO] [stdout]     |        ^^^^^^^^^^^^
[INFO] [stdout] 
[INFO] [stdout] 
[INFO] [stdout] warning: function `dumpln` is never used
[INFO] [stdout]   --> src/mlp.rs:12:4
[INFO] [stdout]    |
[INFO] [stdout] 12 | fn dumpln(s: &str) {
[INFO] [stdout]    |    ^^^^^^
[INFO] [stdout] 
[INFO] [stdout] 
[INFO] [stdout] warning: function `dumplnresult` is never used
[INFO] [stdout]   --> src/mlp.rs:21:4
[INFO] [stdout]    |
[INFO] [stdout] 21 | fn dumplnresult(s: &str) {
[INFO] [stdout]    |    ^^^^^^^^^^^^
[INFO] [stdout] 
[INFO] [stdout] 
[INFO] [stdout] warning: function `linear_deriv` is never used
[INFO] [stdout]   --> src/mlp.rs:57:8
[INFO] [stdout]    |
[INFO] [stdout] 57 | pub fn linear_deriv(x: f64) -> f64 {
[INFO] [stdout]    |        ^^^^^^^^^^^^
[INFO] [stdout] 
[INFO] [stdout] 
[INFO] [stdout] warning: method `dump_weights` is never used
[INFO] [stdout]    --> src/mlp.rs:489:12
[INFO] [stdout]     |
[INFO] [stdout] 237 | impl MLP {
[INFO] [stdout]     | -------- method in this implementation
[INFO] [stdout] ...
[INFO] [stdout] 489 |     pub fn dump_weights(&self) {
[INFO] [stdout]     |            ^^^^^^^^^^^^
[INFO] [stdout] 
[INFO] [stdout] 
[INFO] [stderr]     Finished `test` profile [unoptimized + debuginfo] target(s) in 1.77s
[INFO] running `Command { std: "docker" "inspect" "39ec4bf3419f88022f8171faecb2d4dd5049e75158f295bf4f52f7ab9a89d735", kill_on_drop: false }`
[INFO] running `Command { std: "docker" "rm" "-f" "39ec4bf3419f88022f8171faecb2d4dd5049e75158f295bf4f52f7ab9a89d735", kill_on_drop: false }`
[INFO] [stdout] 39ec4bf3419f88022f8171faecb2d4dd5049e75158f295bf4f52f7ab9a89d735
[INFO] running `Command { std: "docker" "create" "-v" "/var/lib/crater-agent-workspace/builds/worker-4-tc2/target:/opt/rustwide/target:rw,Z" "-v" "/var/lib/crater-agent-workspace/builds/worker-4-tc2/source:/opt/rustwide/workdir:ro,Z" "-v" "/var/lib/crater-agent-workspace/cargo-home:/opt/rustwide/cargo-home:ro,Z" "-v" "/var/lib/crater-agent-workspace/rustup-home:/opt/rustwide/rustup-home:ro,Z" "-e" "SOURCE_DIR=/opt/rustwide/workdir" "-e" "CARGO_TARGET_DIR=/opt/rustwide/target" "-e" "CARGO_INCREMENTAL=0" "-e" "RUST_BACKTRACE=full" "-e" "RUSTFLAGS=--cap-lints=warn" "-e" "RUSTDOCFLAGS=--cap-lints=warn" "-e" "CARGO_HOME=/opt/rustwide/cargo-home" "-e" "RUSTUP_HOME=/opt/rustwide/rustup-home" "-w" "/opt/rustwide/workdir" "-m" "1610612736" "--user" "0:0" "--network" "none" "ghcr.io/rust-lang/crates-build-env/linux@sha256:f3a9d4ad9d972b27faf3965f35b62e55ba32bbce8f20bc8fe909558a86702fde" "/opt/rustwide/cargo-home/bin/cargo" "+beta-2024-12-08" "test" "--frozen", kill_on_drop: false }`
[INFO] [stdout] 2df15da565b25fe60a13c919ee3a6297602c44d45e0b0a335c959468d80e8863
[INFO] running `Command { std: "docker" "start" "-a" "2df15da565b25fe60a13c919ee3a6297602c44d45e0b0a335c959468d80e8863", kill_on_drop: false }`
[INFO] [stderr] warning: unused imports: `collections::BTreeMap` and `process::Termination`
[INFO] [stderr]  --> src/main.rs:4:11
[INFO] [stderr]   |
[INFO] [stderr] 4 | use std::{collections::BTreeMap, process::Termination};
[INFO] [stderr]   |           ^^^^^^^^^^^^^^^^^^^^^  ^^^^^^^^^^^^^^^^^^^^
[INFO] [stderr]   |
[INFO] [stderr]   = note: `#[warn(unused_imports)]` on by default
[INFO] [stderr] 
[INFO] [stderr] warning: unused import: `log::warn`
[INFO] [stderr]  --> src/main.rs:7:5
[INFO] [stderr]   |
[INFO] [stderr] 7 | use log::warn;
[INFO] [stderr]   |     ^^^^^^^^^
[INFO] [stderr] 
[INFO] [stderr] warning: unused import: `std::fs::File`
[INFO] [stderr]  --> src/graph.rs:7:5
[INFO] [stderr]   |
[INFO] [stderr] 7 | use std::fs::File;
[INFO] [stderr]   |     ^^^^^^^^^^^^^
[INFO] [stderr] 
[INFO] [stderr] warning: unused import: `self`
[INFO] [stderr]  --> src/mlp.rs:4:15
[INFO] [stderr]   |
[INFO] [stderr] 4 | use std::io::{self, Write};
[INFO] [stderr]   |               ^^^^
[INFO] [stderr] 
[INFO] [stderr] warning: unused import: `path::PathBuf`
[INFO] [stderr]  --> src/mlp.rs:5:45
[INFO] [stderr]   |
[INFO] [stderr] 5 | use std::{collections::VecDeque, iter::zip, path::PathBuf};
[INFO] [stderr]   |                                             ^^^^^^^^^^^^^
[INFO] [stderr] 
[INFO] [stderr] warning: unused variable: `output_weighted_input`
[INFO] [stderr]    --> src/mlp.rs:252:13
[INFO] [stderr]     |
[INFO] [stderr] 252 |         let output_weighted_input = inner_weighted_input
[INFO] [stderr]     |             ^^^^^^^^^^^^^^^^^^^^^ help: if this is intentional, prefix it with an underscore: `_output_weighted_input`
[INFO] [stderr]     |
[INFO] [stderr]     = note: `#[warn(unused_variables)]` on by default
[INFO] [stderr] 
[INFO] [stderr] warning: unused variable: `e`
[INFO] [stderr]    --> src/mlp.rs:405:13
[INFO] [stderr]     |
[INFO] [stderr] 405 |         for e in 0..epochs {
[INFO] [stderr]     |             ^ help: if this is intentional, prefix it with an underscore: `_e`
[INFO] [stderr] 
[INFO] [stderr] warning: unused variable: `b`
[INFO] [stderr]    --> src/mlp.rs:451:21
[INFO] [stderr]     |
[INFO] [stderr] 451 |             let mut b = String::new();
[INFO] [stderr]     |                     ^ help: if this is intentional, prefix it with an underscore: `_b`
[INFO] [stderr] 
[INFO] [stderr] warning: variable does not need to be mutable
[INFO] [stderr]    --> src/mlp.rs:451:17
[INFO] [stderr]     |
[INFO] [stderr] 451 |             let mut b = String::new();
[INFO] [stderr]     |                 ----^
[INFO] [stderr]     |                 |
[INFO] [stderr]     |                 help: remove this `mut`
[INFO] [stderr]     |
[INFO] [stderr]     = note: `#[warn(unused_mut)]` on by default
[INFO] [stderr] 
[INFO] [stderr] warning: field `learning_rate` is never read
[INFO] [stderr]   --> src/main.rs:17:5
[INFO] [stderr]    |
[INFO] [stderr] 16 | struct Params {
[INFO] [stderr]    |        ------ field in this struct
[INFO] [stderr] 17 |     learning_rate: Vec<f64>,
[INFO] [stderr]    |     ^^^^^^^^^^^^^
[INFO] [stderr]    |
[INFO] [stderr]    = note: `#[warn(dead_code)]` on by default
[INFO] [stderr] 
[INFO] [stderr] warning: fields `name` and `params` are never read
[INFO] [stderr]   --> src/main.rs:21:5
[INFO] [stderr]    |
[INFO] [stderr] 20 | struct Dataset {
[INFO] [stderr]    |        ------- fields in this struct
[INFO] [stderr] 21 |     name: String,
[INFO] [stderr]    |     ^^^^
[INFO] [stderr] 22 |     data: Vec<(Vec<f64>, Vec<f64>)>,
[INFO] [stderr] 23 |     params: Params,
[INFO] [stderr]    |     ^^^^^^
[INFO] [stderr] 
[INFO] [stderr] warning: function `read_graph` is never used
[INFO] [stderr]    --> src/graph.rs:110:8
[INFO] [stderr]     |
[INFO] [stderr] 110 | pub fn read_graph(path: PathBuf) -> Graph {
[INFO] [stderr]     |        ^^^^^^^^^^
[INFO] [stderr] 
[INFO] [stderr] warning: function `print_matrix` is never used
[INFO] [stderr]    --> src/graph.rs:460:8
[INFO] [stderr]     |
[INFO] [stderr] 460 | pub fn print_matrix(m: &Vec<Vec<u8>>) {
[INFO] [stderr]     |        ^^^^^^^^^^^^
[INFO] [stderr] 
[INFO] [stderr] warning: function `dumpln` is never used
[INFO] [stderr]   --> src/mlp.rs:12:4
[INFO] [stderr]    |
[INFO] [stderr] 12 | fn dumpln(s: &str) {
[INFO] [stderr]    |    ^^^^^^
[INFO] [stderr] 
[INFO] [stderr] warning: function `dumplnresult` is never used
[INFO] [stderr]   --> src/mlp.rs:21:4
[INFO] [stderr]    |
[INFO] [stderr] 21 | fn dumplnresult(s: &str) {
[INFO] [stderr]    |    ^^^^^^^^^^^^
[INFO] [stderr] 
[INFO] [stderr] warning: function `linear_deriv` is never used
[INFO] [stderr]   --> src/mlp.rs:57:8
[INFO] [stderr]    |
[INFO] [stderr] 57 | pub fn linear_deriv(x: f64) -> f64 {
[INFO] [stderr]    |        ^^^^^^^^^^^^
[INFO] [stderr] 
[INFO] [stderr] warning: method `dump_weights` is never used
[INFO] [stderr]    --> src/mlp.rs:489:12
[INFO] [stderr]     |
[INFO] [stderr] 237 | impl MLP {
[INFO] [stderr]     | -------- method in this implementation
[INFO] [stderr] ...
[INFO] [stderr] 489 |     pub fn dump_weights(&self) {
[INFO] [stderr]     |            ^^^^^^^^^^^^
[INFO] [stderr] 
[INFO] [stderr] warning: `nn` (bin "nn" test) generated 17 warnings (run `cargo fix --bin "nn" --tests` to apply 6 suggestions)
[INFO] [stderr]     Finished `test` profile [unoptimized + debuginfo] target(s) in 0.05s
[INFO] [stderr]      Running unittests src/main.rs (/opt/rustwide/target/debug/deps/nn-29a0d839906b99d9)
[INFO] [stdout] 
[INFO] [stdout] running 3 tests
[INFO] [stdout] test mlp::unit_tests::test_perceptron_or ... FAILED
[INFO] [stdout] test mlp::unit_tests::test_perceptron_and ... FAILED
[INFO] [stdout] test mlp::unit_tests::test_xor ... FAILED
[INFO] [stdout] 
[INFO] [stdout] failures:
[INFO] [stdout] 
[INFO] [stdout] ---- mlp::unit_tests::test_perceptron_or stdout ----
[INFO] [stdout] thread 'mlp::unit_tests::test_perceptron_or' panicked at src/mlp.rs:605:9:
[INFO] [stdout] assertion `left == right` failed
[INFO] [stdout]   left: 0.5
[INFO] [stdout]  right: 0.0
[INFO] [stdout] stack backtrace:
[INFO] [stdout]    0:     0x62cb3d6af72a - std::backtrace_rs::backtrace::libunwind::trace::h8810477743020387
[INFO] [stdout]                                at /rustc/202008a1b8de96d2e5b6bc02d379db03a877d34d/library/std/src/../../backtrace/src/backtrace/libunwind.rs:116:5
[INFO] [stdout]    1:     0x62cb3d6af72a - std::backtrace_rs::backtrace::trace_unsynchronized::h3aa55355dd6c54a6
[INFO] [stdout]                                at /rustc/202008a1b8de96d2e5b6bc02d379db03a877d34d/library/std/src/../../backtrace/src/backtrace/mod.rs:66:5
[INFO] [stdout]    2:     0x62cb3d6af72a - std::sys::backtrace::_print_fmt::h8588b0f62410823f
[INFO] [stdout]                                at /rustc/202008a1b8de96d2e5b6bc02d379db03a877d34d/library/std/src/sys/backtrace.rs:66:9
[INFO] [stdout]    3:     0x62cb3d6af72a - <std::sys::backtrace::BacktraceLock::print::DisplayBacktrace as core::fmt::Display>::fmt::h98c26ac25ffe89bb
[INFO] [stdout]                                at /rustc/202008a1b8de96d2e5b6bc02d379db03a877d34d/library/std/src/sys/backtrace.rs:39:26
[INFO] [stdout]    4:     0x62cb3d6d55e3 - core::fmt::rt::Argument::fmt::hf95377f4aebd453b
[INFO] [stdout]                                at /rustc/202008a1b8de96d2e5b6bc02d379db03a877d34d/library/core/src/fmt/rt.rs:177:76
[INFO] [stdout]    5:     0x62cb3d6d55e3 - core::fmt::write::h0dd5f6e2238c7982
[INFO] [stdout]                                at /rustc/202008a1b8de96d2e5b6bc02d379db03a877d34d/library/core/src/fmt/mod.rs:1189:21
[INFO] [stdout]    6:     0x62cb3d6ac883 - std::io::Write::write_fmt::h03bb0ca26e6faf8c
[INFO] [stdout]                                at /rustc/202008a1b8de96d2e5b6bc02d379db03a877d34d/library/std/src/io/mod.rs:1884:15
[INFO] [stdout]    7:     0x62cb3d6af572 - std::sys::backtrace::BacktraceLock::print::h5c19c1c038ee186d
[INFO] [stdout]                                at /rustc/202008a1b8de96d2e5b6bc02d379db03a877d34d/library/std/src/sys/backtrace.rs:42:9
[INFO] [stdout]    8:     0x62cb3d6b0bad - std::panicking::default_hook::{{closure}}::h77172f079a1fcb13
[INFO] [stdout]                                at /rustc/202008a1b8de96d2e5b6bc02d379db03a877d34d/library/std/src/panicking.rs:268:22
[INFO] [stdout]    9:     0x62cb3d6b09b7 - std::panicking::default_hook::he5f8e3b203ccddba
[INFO] [stdout]                                at /rustc/202008a1b8de96d2e5b6bc02d379db03a877d34d/library/std/src/panicking.rs:292:9
[INFO] [stdout]   10:     0x62cb3d62e1f7 - <alloc::boxed::Box<F,A> as core::ops::function::Fn<Args>>::call::h7a3c7b4a1ae77f2f
[INFO] [stdout]                                at /rustc/202008a1b8de96d2e5b6bc02d379db03a877d34d/library/alloc/src/boxed.rs:1986:9
[INFO] [stdout]   11:     0x62cb3d62e1f7 - test::test_main::{{closure}}::hf0d3b69ae9b353d1
[INFO] [stdout]                                at /rustc/202008a1b8de96d2e5b6bc02d379db03a877d34d/library/test/src/lib.rs:134:21
[INFO] [stdout]   12:     0x62cb3d6b1258 - <alloc::boxed::Box<F,A> as core::ops::function::Fn<Args>>::call::h6332e82e7b189abd
[INFO] [stdout]                                at /rustc/202008a1b8de96d2e5b6bc02d379db03a877d34d/library/alloc/src/boxed.rs:1986:9
[INFO] [stdout]   13:     0x62cb3d6b1258 - std::panicking::rust_panic_with_hook::h53863d4e9018df39
[INFO] [stdout]                                at /rustc/202008a1b8de96d2e5b6bc02d379db03a877d34d/library/std/src/panicking.rs:809:13
[INFO] [stdout]   14:     0x62cb3d6b101a - std::panicking::begin_panic_handler::{{closure}}::h67280e6fa0757873
[INFO] [stdout]                                at /rustc/202008a1b8de96d2e5b6bc02d379db03a877d34d/library/std/src/panicking.rs:674:13
[INFO] [stdout]   15:     0x62cb3d6afc09 - std::sys::backtrace::__rust_end_short_backtrace::h1dac3f54d6fbbeb2
[INFO] [stdout]                                at /rustc/202008a1b8de96d2e5b6bc02d379db03a877d34d/library/std/src/sys/backtrace.rs:170:18
[INFO] [stdout]   16:     0x62cb3d6b0cac - rust_begin_unwind
[INFO] [stdout]                                at /rustc/202008a1b8de96d2e5b6bc02d379db03a877d34d/library/std/src/panicking.rs:665:5
[INFO] [stdout]   17:     0x62cb3d5d8070 - core::panicking::panic_fmt::h6792bd1b2bf01041
[INFO] [stdout]                                at /rustc/202008a1b8de96d2e5b6bc02d379db03a877d34d/library/core/src/panicking.rs:76:14
[INFO] [stdout]   18:     0x62cb3d5d843b - core::panicking::assert_failed_inner::hf2c17e6d30928787
[INFO] [stdout]   19:     0x62cb3d5e9c68 - core::panicking::assert_failed::hc554ef94d4a88401
[INFO] [stdout]                                at /rustc/202008a1b8de96d2e5b6bc02d379db03a877d34d/library/core/src/panicking.rs:373:5
[INFO] [stdout]   20:     0x62cb3d5ed409 - nn::mlp::unit_tests::test_perceptron_or::h9a84762321aa6729
[INFO] [stdout]                                at /opt/rustwide/workdir/src/mlp.rs:605:9
[INFO] [stdout]   21:     0x62cb3d5ed317 - nn::mlp::unit_tests::test_perceptron_or::{{closure}}::h2ee2e82d86886910
[INFO] [stdout]                                at /opt/rustwide/workdir/src/mlp.rs:597:28
[INFO] [stdout]   22:     0x62cb3d5ee2f6 - core::ops::function::FnOnce::call_once::h1432f7336349c22a
[INFO] [stdout]                                at /rustc/202008a1b8de96d2e5b6bc02d379db03a877d34d/library/core/src/ops/function.rs:250:5
[INFO] [stdout]   23:     0x62cb3d632d1b - core::ops::function::FnOnce::call_once::h871bf86719ec9aa4
[INFO] [stdout]                                at /rustc/202008a1b8de96d2e5b6bc02d379db03a877d34d/library/core/src/ops/function.rs:250:5
[INFO] [stdout]   24:     0x62cb3d632d1b - test::__rust_begin_short_backtrace::h2167df1e2b7d76fd
[INFO] [stdout]                                at /rustc/202008a1b8de96d2e5b6bc02d379db03a877d34d/library/test/src/lib.rs:632:18
[INFO] [stdout]   25:     0x62cb3d632708 - test::run_test_in_process::{{closure}}::h15d92f75a3adfb79
[INFO] [stdout]                                at /rustc/202008a1b8de96d2e5b6bc02d379db03a877d34d/library/test/src/lib.rs:655:60
[INFO] [stdout]   26:     0x62cb3d632708 - <core::panic::unwind_safe::AssertUnwindSafe<F> as core::ops::function::FnOnce<()>>::call_once::hb6c8955835a8dbbb
[INFO] [stdout]                                at /rustc/202008a1b8de96d2e5b6bc02d379db03a877d34d/library/core/src/panic/unwind_safe.rs:272:9
[INFO] [stdout]   27:     0x62cb3d632708 - std::panicking::try::do_call::hc79d0fc888a0bd30
[INFO] [stdout]                                at /rustc/202008a1b8de96d2e5b6bc02d379db03a877d34d/library/std/src/panicking.rs:557:40
[INFO] [stdout]   28:     0x62cb3d632708 - std::panicking::try::hb8a7878e3a8589d6
[INFO] [stdout]                                at /rustc/202008a1b8de96d2e5b6bc02d379db03a877d34d/library/std/src/panicking.rs:520:19
[INFO] [stdout]   29:     0x62cb3d632708 - std::panic::catch_unwind::hb8e4600ff0ff5cfa
[INFO] [stdout]                                at /rustc/202008a1b8de96d2e5b6bc02d379db03a877d34d/library/std/src/panic.rs:358:14
[INFO] [stdout]   30:     0x62cb3d632708 - test::run_test_in_process::hc2900b0b18688dd6
[INFO] [stdout]                                at /rustc/202008a1b8de96d2e5b6bc02d379db03a877d34d/library/test/src/lib.rs:655:27
[INFO] [stdout]   31:     0x62cb3d632708 - test::run_test::{{closure}}::hac2a9cb07be3d48d
[INFO] [stdout]                                at /rustc/202008a1b8de96d2e5b6bc02d379db03a877d34d/library/test/src/lib.rs:576:43
[INFO] [stdout]   32:     0x62cb3d5f61aa - test::run_test::{{closure}}::h4a5b729e66a38cd8
[INFO] [stdout]                                at /rustc/202008a1b8de96d2e5b6bc02d379db03a877d34d/library/test/src/lib.rs:606:41
[INFO] [stdout]   33:     0x62cb3d5f61aa - std::sys::backtrace::__rust_begin_short_backtrace::h0496fb742492f573
[INFO] [stdout]                                at /rustc/202008a1b8de96d2e5b6bc02d379db03a877d34d/library/std/src/sys/backtrace.rs:154:18
[INFO] [stdout]   34:     0x62cb3d5f9b24 - std::thread::Builder::spawn_unchecked_::{{closure}}::{{closure}}::hbb6d257c550a54bd
[INFO] [stdout]                                at /rustc/202008a1b8de96d2e5b6bc02d379db03a877d34d/library/std/src/thread/mod.rs:561:17
[INFO] [stdout]   35:     0x62cb3d5f9b24 - <core::panic::unwind_safe::AssertUnwindSafe<F> as core::ops::function::FnOnce<()>>::call_once::h46696fe4a6832328
[INFO] [stdout]                                at /rustc/202008a1b8de96d2e5b6bc02d379db03a877d34d/library/core/src/panic/unwind_safe.rs:272:9
[INFO] [stdout]   36:     0x62cb3d5f9b24 - std::panicking::try::do_call::h2625a51b667bfb64
[INFO] [stdout]                                at /rustc/202008a1b8de96d2e5b6bc02d379db03a877d34d/library/std/src/panicking.rs:557:40
[INFO] [stdout]   37:     0x62cb3d5f9b24 - std::panicking::try::hb956a59a1973aa4c
[INFO] [stdout]                                at /rustc/202008a1b8de96d2e5b6bc02d379db03a877d34d/library/std/src/panicking.rs:520:19
[INFO] [stdout]   38:     0x62cb3d5f9b24 - std::panic::catch_unwind::h64f3b9d1067ef6a0
[INFO] [stdout]                                at /rustc/202008a1b8de96d2e5b6bc02d379db03a877d34d/library/std/src/panic.rs:358:14
[INFO] [stdout]   39:     0x62cb3d5f9b24 - std::thread::Builder::spawn_unchecked_::{{closure}}::h42b2841295b6c0b2
[INFO] [stdout]                                at /rustc/202008a1b8de96d2e5b6bc02d379db03a877d34d/library/std/src/thread/mod.rs:559:30
[INFO] [stdout]   40:     0x62cb3d5f9b24 - core::ops::function::FnOnce::call_once{{vtable.shim}}::h6127de71b8124639
[INFO] [stdout]                                at /rustc/202008a1b8de96d2e5b6bc02d379db03a877d34d/library/core/src/ops/function.rs:250:5
[INFO] [stdout]   41:     0x62cb3d6b519b - <alloc::boxed::Box<F,A> as core::ops::function::FnOnce<Args>>::call_once::h42f0ba71002a1b2c
[INFO] [stdout]                                at /rustc/202008a1b8de96d2e5b6bc02d379db03a877d34d/library/alloc/src/boxed.rs:1972:9
[INFO] [stdout]   42:     0x62cb3d6b519b - <alloc::boxed::Box<F,A> as core::ops::function::FnOnce<Args>>::call_once::had9e47d7a3dcecb8
[INFO] [stdout]                                at /rustc/202008a1b8de96d2e5b6bc02d379db03a877d34d/library/alloc/src/boxed.rs:1972:9
[INFO] [stdout]   43:     0x62cb3d6b519b - std::sys::pal::unix::thread::Thread::new::thread_start::h48cf765408f6f5f2
[INFO] [stdout]                                at /rustc/202008a1b8de96d2e5b6bc02d379db03a877d34d/library/std/src/sys/pal/unix/thread.rs:105:17
[INFO] [stdout]   44:     0x7e0fef6dcac3 - <unknown>
[INFO] [stdout]   45:     0x7e0fef76da04 - clone
[INFO] [stdout]   46:                0x0 - <unknown>
[INFO] [stdout] 
[INFO] [stdout] ---- mlp::unit_tests::test_perceptron_and stdout ----
[INFO] [stdout] thread 'mlp::unit_tests::test_perceptron_and' panicked at src/mlp.rs:590:9:
[INFO] [stdout] assertion `left == right` failed
[INFO] [stdout]   left: 0.5
[INFO] [stdout]  right: 0.0
[INFO] [stdout] stack backtrace:
[INFO] [stdout]    0:     0x62cb3d6af72a - std::backtrace_rs::backtrace::libunwind::trace::h8810477743020387
[INFO] [stdout]                                at /rustc/202008a1b8de96d2e5b6bc02d379db03a877d34d/library/std/src/../../backtrace/src/backtrace/libunwind.rs:116:5
[INFO] [stdout]    1:     0x62cb3d6af72a - std::backtrace_rs::backtrace::trace_unsynchronized::h3aa55355dd6c54a6
[INFO] [stdout]                                at /rustc/202008a1b8de96d2e5b6bc02d379db03a877d34d/library/std/src/../../backtrace/src/backtrace/mod.rs:66:5
[INFO] [stdout]    2:     0x62cb3d6af72a - std::sys::backtrace::_print_fmt::h8588b0f62410823f
[INFO] [stdout]                                at /rustc/202008a1b8de96d2e5b6bc02d379db03a877d34d/library/std/src/sys/backtrace.rs:66:9
[INFO] [stdout]    3:     0x62cb3d6af72a - <std::sys::backtrace::BacktraceLock::print::DisplayBacktrace as core::fmt::Display>::fmt::h98c26ac25ffe89bb
[INFO] [stdout]                                at /rustc/202008a1b8de96d2e5b6bc02d379db03a877d34d/library/std/src/sys/backtrace.rs:39:26
[INFO] [stdout]    4:     0x62cb3d6d55e3 - core::fmt::rt::Argument::fmt::hf95377f4aebd453b
[INFO] [stdout]                                at /rustc/202008a1b8de96d2e5b6bc02d379db03a877d34d/library/core/src/fmt/rt.rs:177:76
[INFO] [stdout]    5:     0x62cb3d6d55e3 - core::fmt::write::h0dd5f6e2238c7982
[INFO] [stdout]                                at /rustc/202008a1b8de96d2e5b6bc02d379db03a877d34d/library/core/src/fmt/mod.rs:1189:21
[INFO] [stdout]    6:     0x62cb3d6ac883 - std::io::Write::write_fmt::h03bb0ca26e6faf8c
[INFO] [stdout]                                at /rustc/202008a1b8de96d2e5b6bc02d379db03a877d34d/library/std/src/io/mod.rs:1884:15
[INFO] [stdout]    7:     0x62cb3d6af572 - std::sys::backtrace::BacktraceLock::print::h5c19c1c038ee186d
[INFO] [stdout]                                at /rustc/202008a1b8de96d2e5b6bc02d379db03a877d34d/library/std/src/sys/backtrace.rs:42:9
[INFO] [stdout]    8:     0x62cb3d6b0bad - std::panicking::default_hook::{{closure}}::h77172f079a1fcb13
[INFO] [stdout]                                at /rustc/202008a1b8de96d2e5b6bc02d379db03a877d34d/library/std/src/panicking.rs:268:22
[INFO] [stdout]    9:     0x62cb3d6b09b7 - std::panicking::default_hook::he5f8e3b203ccddba
[INFO] [stdout]                                at /rustc/202008a1b8de96d2e5b6bc02d379db03a877d34d/library/std/src/panicking.rs:292:9
[INFO] [stdout]   10:     0x62cb3d62e1f7 - <alloc::boxed::Box<F,A> as core::ops::function::Fn<Args>>::call::h7a3c7b4a1ae77f2f
[INFO] [stdout]                                at /rustc/202008a1b8de96d2e5b6bc02d379db03a877d34d/library/alloc/src/boxed.rs:1986:9
[INFO] [stdout]   11:     0x62cb3d62e1f7 - test::test_main::{{closure}}::hf0d3b69ae9b353d1
[INFO] [stdout]                                at /rustc/202008a1b8de96d2e5b6bc02d379db03a877d34d/library/test/src/lib.rs:134:21
[INFO] [stdout]   12:     0x62cb3d6b1258 - <alloc::boxed::Box<F,A> as core::ops::function::Fn<Args>>::call::h6332e82e7b189abd
[INFO] [stdout]                                at /rustc/202008a1b8de96d2e5b6bc02d379db03a877d34d/library/alloc/src/boxed.rs:1986:9
[INFO] [stdout]   13:     0x62cb3d6b1258 - std::panicking::rust_panic_with_hook::h53863d4e9018df39
[INFO] [stdout]                                at /rustc/202008a1b8de96d2e5b6bc02d379db03a877d34d/library/std/src/panicking.rs:809:13
[INFO] [stdout]   14:     0x62cb3d6b101a - std::panicking::begin_panic_handler::{{closure}}::h67280e6fa0757873
[INFO] [stdout]                                at /rustc/202008a1b8de96d2e5b6bc02d379db03a877d34d/library/std/src/panicking.rs:674:13
[INFO] [stdout]   15:     0x62cb3d6afc09 - std::sys::backtrace::__rust_end_short_backtrace::h1dac3f54d6fbbeb2
[INFO] [stdout]                                at /rustc/202008a1b8de96d2e5b6bc02d379db03a877d34d/library/std/src/sys/backtrace.rs:170:18
[INFO] [stdout]   16:     0x62cb3d6b0cac - rust_begin_unwind
[INFO] [stdout]                                at /rustc/202008a1b8de96d2e5b6bc02d379db03a877d34d/library/std/src/panicking.rs:665:5
[INFO] [stdout]   17:     0x62cb3d5d8070 - core::panicking::panic_fmt::h6792bd1b2bf01041
[INFO] [stdout]                                at /rustc/202008a1b8de96d2e5b6bc02d379db03a877d34d/library/core/src/panicking.rs:76:14
[INFO] [stdout]   18:     0x62cb3d5d843b - core::panicking::assert_failed_inner::hf2c17e6d30928787
[INFO] [stdout]   19:     0x62cb3d5e9c68 - core::panicking::assert_failed::hc554ef94d4a88401
[INFO] [stdout]                                at /rustc/202008a1b8de96d2e5b6bc02d379db03a877d34d/library/core/src/panicking.rs:373:5
[INFO] [stdout]   20:     0x62cb3d5ed0d9 - nn::mlp::unit_tests::test_perceptron_and::h655cad2b049c2996
[INFO] [stdout]                                at /opt/rustwide/workdir/src/mlp.rs:590:9
[INFO] [stdout]   21:     0x62cb3d5ecfe7 - nn::mlp::unit_tests::test_perceptron_and::{{closure}}::h2823172a404c80f3
[INFO] [stdout]                                at /opt/rustwide/workdir/src/mlp.rs:582:29
[INFO] [stdout]   22:     0x62cb3d5ee2b6 - core::ops::function::FnOnce::call_once::h053d67143e1328f0
[INFO] [stdout]                                at /rustc/202008a1b8de96d2e5b6bc02d379db03a877d34d/library/core/src/ops/function.rs:250:5
[INFO] [stdout]   23:     0x62cb3d632d1b - core::ops::function::FnOnce::call_once::h871bf86719ec9aa4
[INFO] [stdout]                                at /rustc/202008a1b8de96d2e5b6bc02d379db03a877d34d/library/core/src/ops/function.rs:250:5
[INFO] [stdout]   24:     0x62cb3d632d1b - test::__rust_begin_short_backtrace::h2167df1e2b7d76fd
[INFO] [stdout]                                at /rustc/202008a1b8de96d2e5b6bc02d379db03a877d34d/library/test/src/lib.rs:632:18
[INFO] [stdout]   25:     0x62cb3d632708 - test::run_test_in_process::{{closure}}::h15d92f75a3adfb79
[INFO] [stdout]                                at /rustc/202008a1b8de96d2e5b6bc02d379db03a877d34d/library/test/src/lib.rs:655:60
[INFO] [stdout]   26:     0x62cb3d632708 - <core::panic::unwind_safe::AssertUnwindSafe<F> as core::ops::function::FnOnce<()>>::call_once::hb6c8955835a8dbbb
[INFO] [stdout]                                at /rustc/202008a1b8de96d2e5b6bc02d379db03a877d34d/library/core/src/panic/unwind_safe.rs:272:9
[INFO] [stdout]   27:     0x62cb3d632708 - std::panicking::try::do_call::hc79d0fc888a0bd30
[INFO] [stdout]                                at /rustc/202008a1b8de96d2e5b6bc02d379db03a877d34d/library/std/src/panicking.rs:557:40
[INFO] [stdout]   28:     0x62cb3d632708 - std::panicking::try::hb8a7878e3a8589d6
[INFO] [stdout]                                at /rustc/202008a1b8de96d2e5b6bc02d379db03a877d34d/library/std/src/panicking.rs:520:19
[INFO] [stdout]   29:     0x62cb3d632708 - std::panic::catch_unwind::hb8e4600ff0ff5cfa
[INFO] [stdout]                                at /rustc/202008a1b8de96d2e5b6bc02d379db03a877d34d/library/std/src/panic.rs:358:14
[INFO] [stdout]   30:     0x62cb3d632708 - test::run_test_in_process::hc2900b0b18688dd6
[INFO] [stdout]                                at /rustc/202008a1b8de96d2e5b6bc02d379db03a877d34d/library/test/src/lib.rs:655:27
[INFO] [stdout]   31:     0x62cb3d632708 - test::run_test::{{closure}}::hac2a9cb07be3d48d
[INFO] [stdout]                                at /rustc/202008a1b8de96d2e5b6bc02d379db03a877d34d/library/test/src/lib.rs:576:43
[INFO] [stdout]   32:     0x62cb3d5f61aa - test::run_test::{{closure}}::h4a5b729e66a38cd8
[INFO] [stdout]                                at /rustc/202008a1b8de96d2e5b6bc02d379db03a877d34d/library/test/src/lib.rs:606:41
[INFO] [stdout]   33:     0x62cb3d5f61aa - std::sys::backtrace::__rust_begin_short_backtrace::h0496fb742492f573
[INFO] [stdout]                                at /rustc/202008a1b8de96d2e5b6bc02d379db03a877d34d/library/std/src/sys/backtrace.rs:154:18
[INFO] [stdout]   34:     0x62cb3d5f9b24 - std::thread::Builder::spawn_unchecked_::{{closure}}::{{closure}}::hbb6d257c550a54bd
[INFO] [stdout]                                at /rustc/202008a1b8de96d2e5b6bc02d379db03a877d34d/library/std/src/thread/mod.rs:561:17
[INFO] [stdout]   35:     0x62cb3d5f9b24 - <core::panic::unwind_safe::AssertUnwindSafe<F> as core::ops::function::FnOnce<()>>::call_once::h46696fe4a6832328
[INFO] [stdout]                                at /rustc/202008a1b8de96d2e5b6bc02d379db03a877d34d/library/core/src/panic/unwind_safe.rs:272:9
[INFO] [stdout]   36:     0x62cb3d5f9b24 - std::panicking::try::do_call::h2625a51b667bfb64
[INFO] [stdout]                                at /rustc/202008a1b8de96d2e5b6bc02d379db03a877d34d/library/std/src/panicking.rs:557:40
[INFO] [stdout]   37:     0x62cb3d5f9b24 - std::panicking::try::hb956a59a1973aa4c
[INFO] [stdout]                                at /rustc/202008a1b8de96d2e5b6bc02d379db03a877d34d/library/std/src/panicking.rs:520:19
[INFO] [stdout]   38:     0x62cb3d5f9b24 - std::panic::catch_unwind::h64f3b9d1067ef6a0
[INFO] [stdout]                                at /rustc/202008a1b8de96d2e5b6bc02d379db03a877d34d/library/std/src/panic.rs:358:14
[INFO] [stdout]   39:     0x62cb3d5f9b24 - std::thread::Builder::spawn_unchecked_::{{closure}}::h42b2841295b6c0b2
[INFO] [stdout]                                at /rustc/202008a1b8de96d2e5b6bc02d379db03a877d34d/library/std/src/thread/mod.rs:559:30
[INFO] [stdout]   40:     0x62cb3d5f9b24 - core::ops::function::FnOnce::call_once{{vtable.shim}}::h6127de71b8124639
[INFO] [stdout]                                at /rustc/202008a1b8de96d2e5b6bc02d379db03a877d34d/library/core/src/ops/function.rs:250:5
[INFO] [stdout]   41:     0x62cb3d6b519b - <alloc::boxed::Box<F,A> as core::ops::function::FnOnce<Args>>::call_once::h42f0ba71002a1b2c
[INFO] [stdout]                                at /rustc/202008a1b8de96d2e5b6bc02d379db03a877d34d/library/alloc/src/boxed.rs:1972:9
[INFO] [stdout]   42:     0x62cb3d6b519b - <alloc::boxed::Box<F,A> as core::ops::function::FnOnce<Args>>::call_once::had9e47d7a3dcecb8
[INFO] [stdout]                                at /rustc/202008a1b8de96d2e5b6bc02d379db03a877d34d/library/alloc/src/boxed.rs:1972:9
[INFO] [stdout]   43:     0x62cb3d6b519b - std::sys::pal::unix::thread::Thread::new::thread_start::h48cf765408f6f5f2
[INFO] [stdout]                                at /rustc/202008a1b8de96d2e5b6bc02d379db03a877d34d/library/std/src/sys/pal/unix/thread.rs:105:17
[INFO] [stdout]   44:     0x7e0fef6dcac3 - <unknown>
[INFO] [stdout]   45:     0x7e0fef76da04 - clone
[INFO] [stdout]   46:                0x0 - <unknown>
[INFO] [stdout] 
[INFO] [stdout] ---- mlp::unit_tests::test_xor stdout ----
[INFO] [stdout] input: [0.0, 0.0], expected: [0.0], output: [0.7317837312984011]
[INFO] [stdout] input: [0.0, 1.0], expected: [1.0], output: [0.7617152412125126]
[INFO] [stdout] input: [1.0, 0.0], expected: [1.0], output: [0.7437019963256241]
[INFO] [stdout] input: [1.0, 1.0], expected: [0.0], output: [0.7704189133475051]
[INFO] [stdout] thread 'mlp::unit_tests::test_xor' panicked at src/mlp.rs:558:9:
[INFO] [stdout] assertion `left == right` failed
[INFO] [stdout]   left: [0.0]
[INFO] [stdout]  right: [0.7317837312984011]
[INFO] [stdout] stack backtrace:
[INFO] [stdout]    0:     0x62cb3d6af72a - std::backtrace_rs::backtrace::libunwind::trace::h8810477743020387
[INFO] [stdout]                                at /rustc/202008a1b8de96d2e5b6bc02d379db03a877d34d/library/std/src/../../backtrace/src/backtrace/libunwind.rs:116:5
[INFO] [stdout]    1:     0x62cb3d6af72a - std::backtrace_rs::backtrace::trace_unsynchronized::h3aa55355dd6c54a6
[INFO] [stdout]                                at /rustc/202008a1b8de96d2e5b6bc02d379db03a877d34d/library/std/src/../../backtrace/src/backtrace/mod.rs:66:5
[INFO] [stdout]    2:     0x62cb3d6af72a - std::sys::backtrace::_print_fmt::h8588b0f62410823f
[INFO] [stdout]                                at /rustc/202008a1b8de96d2e5b6bc02d379db03a877d34d/library/std/src/sys/backtrace.rs:66:9
[INFO] [stdout]    3:     0x62cb3d6af72a - <std::sys::backtrace::BacktraceLock::print::DisplayBacktrace as core::fmt::Display>::fmt::h98c26ac25ffe89bb
[INFO] [stdout]                                at /rustc/202008a1b8de96d2e5b6bc02d379db03a877d34d/library/std/src/sys/backtrace.rs:39:26
[INFO] [stdout]    4:     0x62cb3d6d55e3 - core::fmt::rt::Argument::fmt::hf95377f4aebd453b
[INFO] [stdout]                                at /rustc/202008a1b8de96d2e5b6bc02d379db03a877d34d/library/core/src/fmt/rt.rs:177:76
[INFO] [stdout]    5:     0x62cb3d6d55e3 - core::fmt::write::h0dd5f6e2238c7982
[INFO] [stdout]                                at /rustc/202008a1b8de96d2e5b6bc02d379db03a877d34d/library/core/src/fmt/mod.rs:1189:21
[INFO] [stdout]    6:     0x62cb3d6ac883 - std::io::Write::write_fmt::h03bb0ca26e6faf8c
[INFO] [stdout]                                at /rustc/202008a1b8de96d2e5b6bc02d379db03a877d34d/library/std/src/io/mod.rs:1884:15
[INFO] [stdout]    7:     0x62cb3d6af572 - std::sys::backtrace::BacktraceLock::print::h5c19c1c038ee186d
[INFO] [stdout]                                at /rustc/202008a1b8de96d2e5b6bc02d379db03a877d34d/library/std/src/sys/backtrace.rs:42:9
[INFO] [stdout]    8:     0x62cb3d6b0bad - std::panicking::default_hook::{{closure}}::h77172f079a1fcb13
[INFO] [stdout]                                at /rustc/202008a1b8de96d2e5b6bc02d379db03a877d34d/library/std/src/panicking.rs:268:22
[INFO] [stdout]    9:     0x62cb3d6b09b7 - std::panicking::default_hook::he5f8e3b203ccddba
[INFO] [stdout]                                at /rustc/202008a1b8de96d2e5b6bc02d379db03a877d34d/library/std/src/panicking.rs:292:9
[INFO] [stdout]   10:     0x62cb3d62e1f7 - <alloc::boxed::Box<F,A> as core::ops::function::Fn<Args>>::call::h7a3c7b4a1ae77f2f
[INFO] [stdout]                                at /rustc/202008a1b8de96d2e5b6bc02d379db03a877d34d/library/alloc/src/boxed.rs:1986:9
[INFO] [stdout]   11:     0x62cb3d62e1f7 - test::test_main::{{closure}}::hf0d3b69ae9b353d1
[INFO] [stdout]                                at /rustc/202008a1b8de96d2e5b6bc02d379db03a877d34d/library/test/src/lib.rs:134:21
[INFO] [stdout]   12:     0x62cb3d6b1258 - <alloc::boxed::Box<F,A> as core::ops::function::Fn<Args>>::call::h6332e82e7b189abd
[INFO] [stdout]                                at /rustc/202008a1b8de96d2e5b6bc02d379db03a877d34d/library/alloc/src/boxed.rs:1986:9
[INFO] [stdout]   13:     0x62cb3d6b1258 - std::panicking::rust_panic_with_hook::h53863d4e9018df39
[INFO] [stdout]                                at /rustc/202008a1b8de96d2e5b6bc02d379db03a877d34d/library/std/src/panicking.rs:809:13
[INFO] [stdout]   14:     0x62cb3d6b101a - std::panicking::begin_panic_handler::{{closure}}::h67280e6fa0757873
[INFO] [stdout]                                at /rustc/202008a1b8de96d2e5b6bc02d379db03a877d34d/library/std/src/panicking.rs:674:13
[INFO] [stdout]   15:     0x62cb3d6afc09 - std::sys::backtrace::__rust_end_short_backtrace::h1dac3f54d6fbbeb2
[INFO] [stdout]                                at /rustc/202008a1b8de96d2e5b6bc02d379db03a877d34d/library/std/src/sys/backtrace.rs:170:18
[INFO] [stdout]   16:     0x62cb3d6b0cac - rust_begin_unwind
[INFO] [stdout]                                at /rustc/202008a1b8de96d2e5b6bc02d379db03a877d34d/library/std/src/panicking.rs:665:5
[INFO] [stdout]   17:     0x62cb3d5d8070 - core::panicking::panic_fmt::h6792bd1b2bf01041
[INFO] [stdout]                                at /rustc/202008a1b8de96d2e5b6bc02d379db03a877d34d/library/core/src/panicking.rs:76:14
[INFO] [stdout]   18:     0x62cb3d5d843b - core::panicking::assert_failed_inner::hf2c17e6d30928787
[INFO] [stdout]   19:     0x62cb3d5e9c2a - core::panicking::assert_failed::h3f3bd4bacee5add8
[INFO] [stdout]                                at /rustc/202008a1b8de96d2e5b6bc02d379db03a877d34d/library/core/src/panicking.rs:373:5
[INFO] [stdout]   20:     0x62cb3d5ecd33 - nn::mlp::unit_tests::test_xor::hc0f689316adaf02f
[INFO] [stdout]                                at /opt/rustwide/workdir/src/mlp.rs:558:9
[INFO] [stdout]   21:     0x62cb3d5ebd67 - nn::mlp::unit_tests::test_xor::{{closure}}::h89d7acb1c2e35bf2
[INFO] [stdout]                                at /opt/rustwide/workdir/src/mlp.rs:504:18
[INFO] [stdout]   22:     0x62cb3d5ee426 - core::ops::function::FnOnce::call_once::hb8aa59be039657e1
[INFO] [stdout]                                at /rustc/202008a1b8de96d2e5b6bc02d379db03a877d34d/library/core/src/ops/function.rs:250:5
[INFO] [stdout]   23:     0x62cb3d632d1b - core::ops::function::FnOnce::call_once::h871bf86719ec9aa4
[INFO] [stdout]                                at /rustc/202008a1b8de96d2e5b6bc02d379db03a877d34d/library/core/src/ops/function.rs:250:5
[INFO] [stdout]   24:     0x62cb3d632d1b - test::__rust_begin_short_backtrace::h2167df1e2b7d76fd
[INFO] [stdout]                                at /rustc/202008a1b8de96d2e5b6bc02d379db03a877d34d/library/test/src/lib.rs:632:18
[INFO] [stdout]   25:     0x62cb3d632708 - test::run_test_in_process::{{closure}}::h15d92f75a3adfb79
[INFO] [stdout]                                at /rustc/202008a1b8de96d2e5b6bc02d379db03a877d34d/library/test/src/lib.rs:655:60
[INFO] [stdout]   26:     0x62cb3d632708 - <core::panic::unwind_safe::AssertUnwindSafe<F> as core::ops::function::FnOnce<()>>::call_once::hb6c8955835a8dbbb
[INFO] [stdout]                                at /rustc/202008a1b8de96d2e5b6bc02d379db03a877d34d/library/core/src/panic/unwind_safe.rs:272:9
[INFO] [stdout]   27:     0x62cb3d632708 - std::panicking::try::do_call::hc79d0fc888a0bd30
[INFO] [stdout]                                at /rustc/202008a1b8de96d2e5b6bc02d379db03a877d34d/library/std/src/panicking.rs:557:40
[INFO] [stdout]   28:     0x62cb3d632708 - std::panicking::try::hb8a7878e3a8589d6
[INFO] [stdout]                                at /rustc/202008a1b8de96d2e5b6bc02d379db03a877d34d/library/std/src/panicking.rs:520:19
[INFO] [stdout]   29:     0x62cb3d632708 - std::panic::catch_unwind::hb8e4600ff0ff5cfa
[INFO] [stdout]                                at /rustc/202008a1b8de96d2e5b6bc02d379db03a877d34d/library/std/src/panic.rs:358:14
[INFO] [stdout]   30:     0x62cb3d632708 - test::run_test_in_process::hc2900b0b18688dd6
[INFO] [stdout]                                at /rustc/202008a1b8de96d2e5b6bc02d379db03a877d34d/library/test/src/lib.rs:655:27
[INFO] [stdout]   31:     0x62cb3d632708 - test::run_test::{{closure}}::hac2a9cb07be3d48d
[INFO] [stdout]                                at /rustc/202008a1b8de96d2e5b6bc02d379db03a877d34d/library/test/src/lib.rs:576:43
[INFO] [stdout]   32:     0x62cb3d5f61aa - test::run_test::{{closure}}::h4a5b729e66a38cd8
[INFO] [stdout]                                at /rustc/202008a1b8de96d2e5b6bc02d379db03a877d34d/library/test/src/lib.rs:606:41
[INFO] [stdout]   33:     0x62cb3d5f61aa - std::sys::backtrace::__rust_begin_short_backtrace::h0496fb742492f573
[INFO] [stdout]                                at /rustc/202008a1b8de96d2e5b6bc02d379db03a877d34d/library/std/src/sys/backtrace.rs:154:18
[INFO] [stdout]   34:     0x62cb3d5f9b24 - std::thread::Builder::spawn_unchecked_::{{closure}}::{{closure}}::hbb6d257c550a54bd
[INFO] [stdout]                                at /rustc/202008a1b8de96d2e5b6bc02d379db03a877d34d/library/std/src/thread/mod.rs:561:17
[INFO] [stdout]   35:     0x62cb3d5f9b24 - <core::panic::unwind_safe::AssertUnwindSafe<F> as core::ops::function::FnOnce<()>>::call_once::h46696fe4a6832328
[INFO] [stdout]                                at /rustc/202008a1b8de96d2e5b6bc02d379db03a877d34d/library/core/src/panic/unwind_safe.rs:272:9
[INFO] [stdout]   36:     0x62cb3d5f9b24 - std::panicking::try::do_call::h2625a51b667bfb64
[INFO] [stdout]                                at /rustc/202008a1b8de96d2e5b6bc02d379db03a877d34d/library/std/src/panicking.rs:557:40
[INFO] [stdout]   37:     0x62cb3d5f9b24 - std::panicking::try::hb956a59a1973aa4c
[INFO] [stdout]                                at /rustc/202008a1b8de96d2e5b6bc02d379db03a877d34d/library/std/src/panicking.rs:520:19
[INFO] [stdout]   38:     0x62cb3d5f9b24 - std::panic::catch_unwind::h64f3b9d1067ef6a0
[INFO] [stdout]                                at /rustc/202008a1b8de96d2e5b6bc02d379db03a877d34d/library/std/src/panic.rs:358:14
[INFO] [stdout]   39:     0x62cb3d5f9b24 - std::thread::Builder::spawn_unchecked_::{{closure}}::h42b2841295b6c0b2
[INFO] [stdout]                                at /rustc/202008a1b8de96d2e5b6bc02d379db03a877d34d/library/std/src/thread/mod.rs:559:30
[INFO] [stdout]   40:     0x62cb3d5f9b24 - core::ops::function::FnOnce::call_once{{vtable.shim}}::h6127de71b8124639
[INFO] [stdout]                                at /rustc/202008a1b8de96d2e5b6bc02d379db03a877d34d/library/core/src/ops/function.rs:250:5
[INFO] [stdout]   41:     0x62cb3d6b519b - <alloc::boxed::Box<F,A> as core::ops::function::FnOnce<Args>>::call_once::h42f0ba71002a1b2c
[INFO] [stdout]                                at /rustc/202008a1b8de96d2e5b6bc02d379db03a877d34d/library/alloc/src/boxed.rs:1972:9
[INFO] [stdout]   42:     0x62cb3d6b519b - <alloc::boxed::Box<F,A> as core::ops::function::FnOnce<Args>>::call_once::had9e47d7a3dcecb8
[INFO] [stdout]                                at /rustc/202008a1b8de96d2e5b6bc02d379db03a877d34d/library/alloc/src/boxed.rs:1972:9
[INFO] [stdout]   43:     0x62cb3d6b519b - std::sys::pal::unix::thread::Thread::new::thread_start::h48cf765408f6f5f2
[INFO] [stdout]                                at /rustc/202008a1b8de96d2e5b6bc02d379db03a877d34d/library/std/src/sys/pal/unix/thread.rs:105:17
[INFO] [stdout]   44:     0x7e0fef6dcac3 - <unknown>
[INFO] [stdout]   45:     0x7e0fef76da04 - clone
[INFO] [stdout]   46:                0x0 - <unknown>
[INFO] [stdout] 
[INFO] [stdout] 
[INFO] [stdout] failures:
[INFO] [stdout]     mlp::unit_tests::test_perceptron_and
[INFO] [stdout]     mlp::unit_tests::test_perceptron_or
[INFO] [stdout]     mlp::unit_tests::test_xor
[INFO] [stdout] 
[INFO] [stdout] test result: FAILED. 0 passed; 3 failed; 0 ignored; 0 measured; 0 filtered out; finished in 0.03s
[INFO] [stdout] 
[INFO] [stderr] error: test failed, to rerun pass `--bin nn`
[INFO] running `Command { std: "docker" "inspect" "2df15da565b25fe60a13c919ee3a6297602c44d45e0b0a335c959468d80e8863", kill_on_drop: false }`
[INFO] running `Command { std: "docker" "rm" "-f" "2df15da565b25fe60a13c919ee3a6297602c44d45e0b0a335c959468d80e8863", kill_on_drop: false }`
[INFO] [stdout] 2df15da565b25fe60a13c919ee3a6297602c44d45e0b0a335c959468d80e8863
