[INFO] cloning repository https://github.com/DanielT/pdb
[INFO] running `Command { std: "git" "-c" "credential.helper=" "-c" "credential.helper=/workspace/cargo-home/bin/git-credential-null" "clone" "--bare" "https://github.com/DanielT/pdb" "/workspace/cache/git-repos/https%3A%2F%2Fgithub.com%2FDanielT%2Fpdb", kill_on_drop: false }`
[INFO] [stderr] Cloning into bare repository '/workspace/cache/git-repos/https%3A%2F%2Fgithub.com%2FDanielT%2Fpdb'...
[INFO] running `Command { std: "git" "rev-parse" "HEAD", kill_on_drop: false }`
[INFO] [stdout] 384c1651ebe1d54c61f0005963185911b15fa147
[INFO] testing DanielT/pdb against 1.83.0 for beta-1.84.0-4-retry
[INFO] running `Command { std: "git" "clone" "/workspace/cache/git-repos/https%3A%2F%2Fgithub.com%2FDanielT%2Fpdb" "/workspace/builds/worker-4-tc1/source", kill_on_drop: false }`
[INFO] [stderr] Cloning into '/workspace/builds/worker-4-tc1/source'...
[INFO] [stderr] done.
[INFO] validating manifest of git repo https://github.com/DanielT/pdb on toolchain 1.83.0
[INFO] running `Command { std: CARGO_HOME="/workspace/cargo-home" RUSTUP_HOME="/workspace/rustup-home" "/workspace/cargo-home/bin/cargo" "+1.83.0" "metadata" "--manifest-path" "Cargo.toml" "--no-deps", kill_on_drop: false }`
[INFO] started tweaking git repo https://github.com/DanielT/pdb
[INFO] finished tweaking git repo https://github.com/DanielT/pdb
[INFO] tweaked toml for git repo https://github.com/DanielT/pdb written to /workspace/builds/worker-4-tc1/source/Cargo.toml
[INFO] crate git repo https://github.com/DanielT/pdb already has a lockfile, it will not be regenerated
[INFO] running `Command { std: CARGO_HOME="/workspace/cargo-home" RUSTUP_HOME="/workspace/rustup-home" "/workspace/cargo-home/bin/cargo" "+1.83.0" "fetch" "--manifest-path" "Cargo.toml", kill_on_drop: false }`
[INFO] [stderr]  Downloading crates ...
[INFO] [stderr]   Downloaded scroll v0.12.0
[INFO] running `Command { std: "docker" "create" "-v" "/var/lib/crater-agent-workspace/builds/worker-4-tc1/target:/opt/rustwide/target:rw,Z" "-v" "/var/lib/crater-agent-workspace/builds/worker-4-tc1/source:/opt/rustwide/workdir:ro,Z" "-v" "/var/lib/crater-agent-workspace/cargo-home:/opt/rustwide/cargo-home:ro,Z" "-v" "/var/lib/crater-agent-workspace/rustup-home:/opt/rustwide/rustup-home:ro,Z" "-e" "SOURCE_DIR=/opt/rustwide/workdir" "-e" "CARGO_TARGET_DIR=/opt/rustwide/target" "-e" "CARGO_HOME=/opt/rustwide/cargo-home" "-e" "RUSTUP_HOME=/opt/rustwide/rustup-home" "-w" "/opt/rustwide/workdir" "-m" "1610612736" "--user" "0:0" "--network" "none" "ghcr.io/rust-lang/crates-build-env/linux@sha256:f3a9d4ad9d972b27faf3965f35b62e55ba32bbce8f20bc8fe909558a86702fde" "/opt/rustwide/cargo-home/bin/cargo" "+1.83.0" "metadata" "--no-deps" "--format-version=1", kill_on_drop: false }`
[INFO] [stdout] a1db537c146b3a741c6c59243b8fdbf10e3b4b810af3e422541fcfe317ae8d15
[INFO] running `Command { std: "docker" "start" "-a" "a1db537c146b3a741c6c59243b8fdbf10e3b4b810af3e422541fcfe317ae8d15", kill_on_drop: false }`
[INFO] running `Command { std: "docker" "inspect" "a1db537c146b3a741c6c59243b8fdbf10e3b4b810af3e422541fcfe317ae8d15", kill_on_drop: false }`
[INFO] running `Command { std: "docker" "rm" "-f" "a1db537c146b3a741c6c59243b8fdbf10e3b4b810af3e422541fcfe317ae8d15", kill_on_drop: false }`
[INFO] [stdout] a1db537c146b3a741c6c59243b8fdbf10e3b4b810af3e422541fcfe317ae8d15
[INFO] running `Command { std: "docker" "create" "-v" "/var/lib/crater-agent-workspace/builds/worker-4-tc1/target:/opt/rustwide/target:rw,Z" "-v" "/var/lib/crater-agent-workspace/builds/worker-4-tc1/source:/opt/rustwide/workdir:ro,Z" "-v" "/var/lib/crater-agent-workspace/cargo-home:/opt/rustwide/cargo-home:ro,Z" "-v" "/var/lib/crater-agent-workspace/rustup-home:/opt/rustwide/rustup-home:ro,Z" "-e" "SOURCE_DIR=/opt/rustwide/workdir" "-e" "CARGO_TARGET_DIR=/opt/rustwide/target" "-e" "CARGO_INCREMENTAL=0" "-e" "RUST_BACKTRACE=full" "-e" "RUSTFLAGS=--cap-lints=warn" "-e" "RUSTDOCFLAGS=--cap-lints=warn" "-e" "CARGO_HOME=/opt/rustwide/cargo-home" "-e" "RUSTUP_HOME=/opt/rustwide/rustup-home" "-w" "/opt/rustwide/workdir" "-m" "1610612736" "--user" "0:0" "--network" "none" "ghcr.io/rust-lang/crates-build-env/linux@sha256:f3a9d4ad9d972b27faf3965f35b62e55ba32bbce8f20bc8fe909558a86702fde" "/opt/rustwide/cargo-home/bin/cargo" "+1.83.0" "build" "--frozen" "--message-format=json", kill_on_drop: false }`
[INFO] [stdout] 77018ad1d4d62ee3be477e38e42ecdef8674ac0ac28c387c56eeac4ee1dff565
[INFO] running `Command { std: "docker" "start" "-a" "77018ad1d4d62ee3be477e38e42ecdef8674ac0ac28c387c56eeac4ee1dff565", kill_on_drop: false }`
[INFO] [stderr]    Compiling uuid v1.8.0
[INFO] [stderr]    Compiling fallible-iterator v0.3.0
[INFO] [stderr]    Compiling scroll v0.12.0
[INFO] [stderr]    Compiling pdb2 v0.9.2 (/opt/rustwide/workdir)
[INFO] [stderr]     Finished `dev` profile [unoptimized + debuginfo] target(s) in 5.10s
[INFO] running `Command { std: "docker" "inspect" "77018ad1d4d62ee3be477e38e42ecdef8674ac0ac28c387c56eeac4ee1dff565", kill_on_drop: false }`
[INFO] running `Command { std: "docker" "rm" "-f" "77018ad1d4d62ee3be477e38e42ecdef8674ac0ac28c387c56eeac4ee1dff565", kill_on_drop: false }`
[INFO] [stdout] 77018ad1d4d62ee3be477e38e42ecdef8674ac0ac28c387c56eeac4ee1dff565
[INFO] running `Command { std: "docker" "create" "-v" "/var/lib/crater-agent-workspace/builds/worker-4-tc1/target:/opt/rustwide/target:rw,Z" "-v" "/var/lib/crater-agent-workspace/builds/worker-4-tc1/source:/opt/rustwide/workdir:ro,Z" "-v" "/var/lib/crater-agent-workspace/cargo-home:/opt/rustwide/cargo-home:ro,Z" "-v" "/var/lib/crater-agent-workspace/rustup-home:/opt/rustwide/rustup-home:ro,Z" "-e" "SOURCE_DIR=/opt/rustwide/workdir" "-e" "CARGO_TARGET_DIR=/opt/rustwide/target" "-e" "CARGO_INCREMENTAL=0" "-e" "RUST_BACKTRACE=full" "-e" "RUSTFLAGS=--cap-lints=warn" "-e" "RUSTDOCFLAGS=--cap-lints=warn" "-e" "CARGO_HOME=/opt/rustwide/cargo-home" "-e" "RUSTUP_HOME=/opt/rustwide/rustup-home" "-w" "/opt/rustwide/workdir" "-m" "1610612736" "--user" "0:0" "--network" "none" "ghcr.io/rust-lang/crates-build-env/linux@sha256:f3a9d4ad9d972b27faf3965f35b62e55ba32bbce8f20bc8fe909558a86702fde" "/opt/rustwide/cargo-home/bin/cargo" "+1.83.0" "test" "--frozen" "--no-run" "--message-format=json", kill_on_drop: false }`
[INFO] [stdout] 793eebbcaa949ee1392534f5dd55cd98c7facc278e43dda6af9360c6c0672828
[INFO] running `Command { std: "docker" "start" "-a" "793eebbcaa949ee1392534f5dd55cd98c7facc278e43dda6af9360c6c0672828", kill_on_drop: false }`
[INFO] [stderr]    Compiling unicode-width v0.1.13
[INFO] [stderr]    Compiling getopts v0.2.21
[INFO] [stderr]    Compiling pdb2 v0.9.2 (/opt/rustwide/workdir)
[INFO] [stderr]     Finished `test` profile [unoptimized + debuginfo] target(s) in 9.35s
[INFO] running `Command { std: "docker" "inspect" "793eebbcaa949ee1392534f5dd55cd98c7facc278e43dda6af9360c6c0672828", kill_on_drop: false }`
[INFO] running `Command { std: "docker" "rm" "-f" "793eebbcaa949ee1392534f5dd55cd98c7facc278e43dda6af9360c6c0672828", kill_on_drop: false }`
[INFO] [stdout] 793eebbcaa949ee1392534f5dd55cd98c7facc278e43dda6af9360c6c0672828
[INFO] running `Command { std: "docker" "create" "-v" "/var/lib/crater-agent-workspace/builds/worker-4-tc1/target:/opt/rustwide/target:rw,Z" "-v" "/var/lib/crater-agent-workspace/builds/worker-4-tc1/source:/opt/rustwide/workdir:ro,Z" "-v" "/var/lib/crater-agent-workspace/cargo-home:/opt/rustwide/cargo-home:ro,Z" "-v" "/var/lib/crater-agent-workspace/rustup-home:/opt/rustwide/rustup-home:ro,Z" "-e" "SOURCE_DIR=/opt/rustwide/workdir" "-e" "CARGO_TARGET_DIR=/opt/rustwide/target" "-e" "CARGO_INCREMENTAL=0" "-e" "RUST_BACKTRACE=full" "-e" "RUSTFLAGS=--cap-lints=warn" "-e" "RUSTDOCFLAGS=--cap-lints=warn" "-e" "CARGO_HOME=/opt/rustwide/cargo-home" "-e" "RUSTUP_HOME=/opt/rustwide/rustup-home" "-w" "/opt/rustwide/workdir" "-m" "1610612736" "--user" "0:0" "--network" "none" "ghcr.io/rust-lang/crates-build-env/linux@sha256:f3a9d4ad9d972b27faf3965f35b62e55ba32bbce8f20bc8fe909558a86702fde" "/opt/rustwide/cargo-home/bin/cargo" "+1.83.0" "test" "--frozen", kill_on_drop: false }`
[INFO] [stdout] 9bbbaa0e7d9e7a2c85db34a08b752d71d65d4e759d8e5d4c25d3a45a24aae19b
[INFO] running `Command { std: "docker" "start" "-a" "9bbbaa0e7d9e7a2c85db34a08b752d71d65d4e759d8e5d4c25d3a45a24aae19b", kill_on_drop: false }`
[INFO] [stderr]     Finished `test` profile [unoptimized + debuginfo] target(s) in 0.02s
[INFO] [stderr]      Running unittests src/lib.rs (/opt/rustwide/target/debug/deps/pdb2-51ab7d87543e084b)
[INFO] [stdout] 
[INFO] [stdout] running 92 tests
[INFO] [stdout] test common::tests::cast_aligned::test_cast_unaligned ... ok
[INFO] [stdout] test common::tests::cast_aligned::test_cast_wrong_size ... ok
[INFO] [stdout] test common::tests::newtypes::test_format_newtype ... ok
[INFO] [stdout] test common::tests::newtypes::test_debug_newtype ... ok
[INFO] [stdout] test common::tests::cast_aligned::test_cast_aligned ... ok
[INFO] [stdout] test common::tests::parse_buffer::test_parse_i32 ... ok
[INFO] [stdout] test common::tests::parse_buffer::test_parse_u16 ... ok
[INFO] [stdout] test common::tests::parse_buffer::test_parse_u32 ... ok
[INFO] [stdout] test common::tests::parse_buffer::test_parse_u64 ... ok
[INFO] [stdout] test common::tests::parse_buffer::test_seek ... ok
[INFO] [stdout] test common::tests::parse_buffer::test_parse_u8 ... ok
[INFO] [stdout] test dbi::tests::test_dbi_extra_streams ... ok
[INFO] [stdout] test common::tests::newtypes::test_pread ... ok
[INFO] [stdout] test modi::c13::tests::test_parse_cross_section_imports ... ok
[INFO] [stdout] test modi::c13::tests::test_parse_inlinee_lines ... ok
[INFO] [stdout] test common::tests::parse_buffer::test_parse_cstring ... ok
[INFO] [stdout] test framedata::tests::test_old_frame_data ... ok
[INFO] [stdout] test modi::c13::tests::test_debug_lines_block_header ... ok
[INFO] [stdout] test modi::c13::tests::test_inlinee_lines ... ok
[INFO] [stdout] test modi::c13::tests::test_iter_cross_module_exports ... ok
[INFO] [stdout] test modi::c13::tests::test_inlinee_lines_length ... ok
[INFO] [stdout] test modi::c13::tests::test_raw_cross_scope_export ... ok
[INFO] [stdout] test modi::c13::tests::test_iter_lines ... ok
[INFO] [stdout] test modi::c13::tests::test_lines_for_symbol ... ok
[INFO] [stdout] test modi::c13::tests::test_line_number_header ... ok
[INFO] [stdout] test modi::c13::tests::test_lines_for_symbol_asm ... ok
[INFO] [stdout] test common::tests::parse_buffer::test_parse_u8_pascal_string ... ok
[INFO] [stdout] test common::tests::parse_buffer::test_parse_buffer_align ... ok
[INFO] [stdout] test common::tests::cast_aligned::test_cast_empty ... ok
[INFO] [stdout] test modi::c13::tests::test_resolve_cross_module_import ... ok
[INFO] [stdout] test modi::c13::tests::test_resolve_cross_module_import2 ... ok
[INFO] [stdout] test modi::c13::tests::test_resolve_cross_module_ref ... ok
[INFO] [stdout] test msf::page_list::tests::test_push ... ok
[INFO] [stdout] test msf::page_list::tests::push_overflow ... ok
[INFO] [stdout] test msf::page_list::tests::test_truncate ... ok
[INFO] [stdout] test msf::tests::header::test_pages_needed_to_store ... ok
[INFO] [stdout] test omap::tests::test_get_virtual_address ... ok
[INFO] [stdout] test msf::tests::header::test_small_file_unrecognized_file_format ... ok
[INFO] [stdout] test modi::c13::tests::test_parse_inlinee_lines_with_files ... ok
[INFO] [stdout] test msf::tests::header::test_validate_page_number ... ok
[INFO] [stdout] test omap::tests::test_omap_record ... ok
[INFO] [stdout] test pe::tests::test_section_characteristics ... ok
[INFO] [stdout] test pe::tests::test_image_section_header ... ok
[INFO] [stdout] test pe::tests::test_section_characteristics_alignment ... ok
[INFO] [stdout] test modi::c13::tests::test_column_number_header ... ok
[INFO] [stdout] test framedata::tests::test_new_frame_data ... ok
[INFO] [stdout] test pe::tests::test_section_characteristics_nopad ... ok
[INFO] [stdout] test source::tests::read_view::test_basic_reading ... ok
[INFO] [stdout] test source::tests::read_view::test_discontinuous_reading ... ok
[INFO] [stdout] test source::tests::read_view::test_duplicate_reading ... ok
[INFO] [stdout] test source::tests::read_view::test_eof_reading ... ok
[INFO] [stdout] test symbol::annotations::test_binary_annotation_iter ... ok
[INFO] [stdout] test symbol::tests::parsing::kind_0006 ... ok
[INFO] [stdout] test symbol::tests::parsing::kind_1012 ... ok
[INFO] [stdout] test symbol::tests::parsing::kind_1102 ... ok
[INFO] [stdout] test symbol::tests::parsing::kind_1103 ... ok
[INFO] [stdout] test symbol::tests::parsing::kind_1107 ... ok
[INFO] [stdout] test symbol::tests::parsing::kind_1106 ... ok
[INFO] [stdout] test symbol::tests::parsing::kind_110c ... ok
[INFO] [stdout] test symbol::tests::parsing::kind_1110 ... ok
[INFO] [stdout] test symbol::tests::parsing::kind_1108 ... ok
[INFO] [stdout] test symbol::tests::parsing::kind_1111 ... ok
[INFO] [stdout] test symbol::tests::parsing::kind_1105 ... ok
[INFO] [stdout] test symbol::tests::parsing::kind_1116 ... ok
[INFO] [stdout] test symbol::tests::parsing::kind_1124 ... ok
[INFO] [stdout] test symbol::tests::parsing::kind_1125 ... ok
[INFO] [stdout] test symbol::tests::parsing::kind_1127 ... ok
[INFO] [stdout] test symbol::tests::parsing::kind_112c ... ok
[INFO] [stdout] test symbol::tests::parsing::kind_1132 ... ok
[INFO] [stdout] test symbol::tests::iterator::test_skip_to ... ok
[INFO] [stdout] test symbol::tests::parsing::kind_110e ... ok
[INFO] [stdout] test symbol::tests::parsing::kind_1101 ... ok
[INFO] [stdout] test symbol::tests::parsing::kind_110f ... ok
[INFO] [stdout] test symbol::tests::parsing::kind_1137 ... ok
[INFO] [stdout] test symbol::tests::parsing::kind_113c ... ok
[INFO] [stdout] test symbol::tests::parsing::kind_113e ... ok
[INFO] [stdout] test symbol::tests::parsing::kind_1141 ... ok
[INFO] [stdout] test symbol::tests::parsing::kind_114c ... ok
[INFO] [stdout] test symbol::tests::parsing::kind_114d ... ok
[INFO] [stdout] test symbol::tests::parsing::kind_114e ... ok
[INFO] [stdout] test symbol::tests::parsing::kind_1159 ... ok
[INFO] [stdout] test symbol::tests::parsing::kind_115a ... ok
[INFO] [stdout] test symbol::tests::parsing::kind_115e ... ok
[INFO] [stdout] test symbol::tests::parsing::kind_1168 ... ok
[INFO] [stdout] test tpi::data::kind_1609 ... ok
[INFO] [stdout] test symbol::tests::parsing::kind_1139 ... ok
[INFO] [stdout] test symbol::tests::parsing::kind_113a ... ok
[INFO] [stdout] test symbol::tests::iterator::test_iter ... ok
[INFO] [stdout] test strings::tests::test_string_table_header ... ok
[INFO] [stdout] test symbol::tests::iterator::test_seek ... ok
[INFO] [stdout] test symbol::tests::parsing::kind_110d ... ok
[INFO] [stdout] test msf::page_list::tests::test_push_after_truncate - should panic ... ok
[INFO] [stdout] 
[INFO] [stdout] test result: ok. 92 passed; 0 failed; 0 ignored; 0 measured; 0 filtered out; finished in 0.08s
[INFO] [stdout] 
[INFO] [stderr]      Running tests/debug_information.rs (/opt/rustwide/target/debug/deps/debug_information-f0c621e112b38085)
[INFO] [stdout] 
[INFO] [stdout] running 1 test
[INFO] [stderr]      Running tests/id_information.rs (/opt/rustwide/target/debug/deps/id_information-9ec47c2952f2bc6d)
[INFO] [stdout] test pdb_info ... ok
[INFO] [stdout] 
[INFO] [stdout] test result: ok. 1 passed; 0 failed; 0 ignored; 0 measured; 0 filtered out; finished in 0.01s
[INFO] [stdout] 
[INFO] [stdout] 
[INFO] [stdout] running 1 test
[INFO] [stderr] error: test failed, to rerun pass `--test id_information`
[INFO] [stdout] test test_missing_ipi ... FAILED
[INFO] [stdout] 
[INFO] [stdout] failures:
[INFO] [stdout] 
[INFO] [stdout] ---- test_missing_ipi stdout ----
[INFO] [stdout] thread 'test_missing_ipi' panicked at tests/id_information.rs:9:31:
[INFO] [stdout] missing fixtures, please run scripts/download from the root: Os { code: 2, kind: NotFound, message: "No such file or directory" }
[INFO] [stdout] stack backtrace:
[INFO] [stdout]    0:     0x57a34af0b14a - std::backtrace_rs::backtrace::libunwind::trace::h5a5b8284f2d0c266
[INFO] [stdout]                                at /rustc/90b35a6239c3d8bdabc530a6a0816f7ff89a0aaf/library/std/src/../../backtrace/src/backtrace/libunwind.rs:116:5
[INFO] [stdout]    1:     0x57a34af0b14a - std::backtrace_rs::backtrace::trace_unsynchronized::h76d4f1c9b0b875e3
[INFO] [stdout]                                at /rustc/90b35a6239c3d8bdabc530a6a0816f7ff89a0aaf/library/std/src/../../backtrace/src/backtrace/mod.rs:66:5
[INFO] [stdout]    2:     0x57a34af0b14a - std::sys::backtrace::_print_fmt::hc4546b8364a537c6
[INFO] [stdout]                                at /rustc/90b35a6239c3d8bdabc530a6a0816f7ff89a0aaf/library/std/src/sys/backtrace.rs:66:9
[INFO] [stdout]    3:     0x57a34af0b14a - <std::sys::backtrace::BacktraceLock::print::DisplayBacktrace as core::fmt::Display>::fmt::h5b6bd5631a6d1f6b
[INFO] [stdout]                                at /rustc/90b35a6239c3d8bdabc530a6a0816f7ff89a0aaf/library/std/src/sys/backtrace.rs:39:26
[INFO] [stdout]    4:     0x57a34af30aa3 - core::fmt::rt::Argument::fmt::h270f6602a2b96f62
[INFO] [stdout]                                at /rustc/90b35a6239c3d8bdabc530a6a0816f7ff89a0aaf/library/core/src/fmt/rt.rs:177:76
[INFO] [stdout]    5:     0x57a34af30aa3 - core::fmt::write::h7550c97b06c86515
[INFO] [stdout]                                at /rustc/90b35a6239c3d8bdabc530a6a0816f7ff89a0aaf/library/core/src/fmt/mod.rs:1186:21
[INFO] [stdout]    6:     0x57a34af08313 - std::io::Write::write_fmt::h509ff860e5956e5e
[INFO] [stdout]                                at /rustc/90b35a6239c3d8bdabc530a6a0816f7ff89a0aaf/library/std/src/io/mod.rs:1839:15
[INFO] [stdout]    7:     0x57a34af0af92 - std::sys::backtrace::BacktraceLock::print::h2395ccd2c84ba3aa
[INFO] [stdout]                                at /rustc/90b35a6239c3d8bdabc530a6a0816f7ff89a0aaf/library/std/src/sys/backtrace.rs:42:9
[INFO] [stdout]    8:     0x57a34af0c5aa - std::panicking::default_hook::{{closure}}::he19d4c7230e07961
[INFO] [stdout]                                at /rustc/90b35a6239c3d8bdabc530a6a0816f7ff89a0aaf/library/std/src/panicking.rs:268:22
[INFO] [stdout]    9:     0x57a34af0c3b4 - std::panicking::default_hook::hf614597d3c67bbdb
[INFO] [stdout]                                at /rustc/90b35a6239c3d8bdabc530a6a0816f7ff89a0aaf/library/std/src/panicking.rs:292:9
[INFO] [stdout]   10:     0x57a34aecf609 - <alloc::boxed::Box<F,A> as core::ops::function::Fn<Args>>::call::h39b51ce4599c23d1
[INFO] [stdout]                                at /rustc/90b35a6239c3d8bdabc530a6a0816f7ff89a0aaf/library/alloc/src/boxed.rs:2468:9
[INFO] [stdout]   11:     0x57a34aecf609 - test::test_main::{{closure}}::he977ae839a582784
[INFO] [stdout]                                at /rustc/90b35a6239c3d8bdabc530a6a0816f7ff89a0aaf/library/test/src/lib.rs:133:21
[INFO] [stdout]   12:     0x57a34af0cc48 - <alloc::boxed::Box<F,A> as core::ops::function::Fn<Args>>::call::h9455091b6b06f9fb
[INFO] [stdout]                                at /rustc/90b35a6239c3d8bdabc530a6a0816f7ff89a0aaf/library/alloc/src/boxed.rs:2468:9
[INFO] [stdout]   13:     0x57a34af0cc48 - std::panicking::rust_panic_with_hook::h8942133a8b252070
[INFO] [stdout]                                at /rustc/90b35a6239c3d8bdabc530a6a0816f7ff89a0aaf/library/std/src/panicking.rs:809:13
[INFO] [stdout]   14:     0x57a34af0ca0a - std::panicking::begin_panic_handler::{{closure}}::hb5f5963570096b29
[INFO] [stdout]                                at /rustc/90b35a6239c3d8bdabc530a6a0816f7ff89a0aaf/library/std/src/panicking.rs:674:13
[INFO] [stdout]   15:     0x57a34af0b629 - std::sys::backtrace::__rust_end_short_backtrace::h6208cedc1922feda
[INFO] [stdout]                                at /rustc/90b35a6239c3d8bdabc530a6a0816f7ff89a0aaf/library/std/src/sys/backtrace.rs:170:18
[INFO] [stdout]   16:     0x57a34af0c69c - rust_begin_unwind
[INFO] [stdout]                                at /rustc/90b35a6239c3d8bdabc530a6a0816f7ff89a0aaf/library/std/src/panicking.rs:665:5
[INFO] [stdout]   17:     0x57a34ae89b20 - core::panicking::panic_fmt::h0c3082644d1bf418
[INFO] [stdout]                                at /rustc/90b35a6239c3d8bdabc530a6a0816f7ff89a0aaf/library/core/src/panicking.rs:74:14
[INFO] [stdout]   18:     0x57a34ae89ec6 - core::result::unwrap_failed::hd20b4aa073bda1e2
[INFO] [stdout]                                at /rustc/90b35a6239c3d8bdabc530a6a0816f7ff89a0aaf/library/core/src/result.rs:1700:5
[INFO] [stdout]   19:     0x57a34ae8be6d - core::result::Result<T,E>::expect::h746e2f4c1f1688b2
[INFO] [stdout]                                at /rustc/90b35a6239c3d8bdabc530a6a0816f7ff89a0aaf/library/core/src/result.rs:1061:23
[INFO] [stdout]   20:     0x57a34ae96eac - id_information::open_file::he9fda2958dd1ee37
[INFO] [stdout]                                at /opt/rustwide/workdir/tests/id_information.rs:9:5
[INFO] [stdout]   21:     0x57a34ae96efc - id_information::test_missing_ipi::h12fc992f0cbef9c1
[INFO] [stdout]                                at /opt/rustwide/workdir/tests/id_information.rs:14:29
[INFO] [stdout]   22:     0x57a34ae96ed7 - id_information::test_missing_ipi::{{closure}}::ha767d8cd4726e124
[INFO] [stdout]                                at /opt/rustwide/workdir/tests/id_information.rs:13:22
[INFO] [stdout]   23:     0x57a34ae8b3c6 - core::ops::function::FnOnce::call_once::h5bc51c460fe417ea
[INFO] [stdout]                                at /rustc/90b35a6239c3d8bdabc530a6a0816f7ff89a0aaf/library/core/src/ops/function.rs:250:5
[INFO] [stdout]   24:     0x57a34aed3fcb - core::ops::function::FnOnce::call_once::h109cf8051a59b34e
[INFO] [stdout]                                at /rustc/90b35a6239c3d8bdabc530a6a0816f7ff89a0aaf/library/core/src/ops/function.rs:250:5
[INFO] [stdout]   25:     0x57a34aed3fcb - test::__rust_begin_short_backtrace::hf4fff89d377446ba
[INFO] [stdout]                                at /rustc/90b35a6239c3d8bdabc530a6a0816f7ff89a0aaf/library/test/src/lib.rs:621:18
[INFO] [stdout]   26:     0x57a34aed3807 - test::run_test_in_process::{{closure}}::h0e39181dd7ee5a43
[INFO] [stdout]                                at /rustc/90b35a6239c3d8bdabc530a6a0816f7ff89a0aaf/library/test/src/lib.rs:644:60
[INFO] [stdout]   27:     0x57a34aed3807 - <core::panic::unwind_safe::AssertUnwindSafe<F> as core::ops::function::FnOnce<()>>::call_once::hc5a66a30f0bdfd1f
[INFO] [stdout]                                at /rustc/90b35a6239c3d8bdabc530a6a0816f7ff89a0aaf/library/core/src/panic/unwind_safe.rs:272:9
[INFO] [stdout]   28:     0x57a34aed3807 - std::panicking::try::do_call::h873b7cf639554a5e
[INFO] [stdout]                                at /rustc/90b35a6239c3d8bdabc530a6a0816f7ff89a0aaf/library/std/src/panicking.rs:557:40
[INFO] [stdout]   29:     0x57a34aed3807 - std::panicking::try::hdb19862fad9c8bd1
[INFO] [stdout]                                at /rustc/90b35a6239c3d8bdabc530a6a0816f7ff89a0aaf/library/std/src/panicking.rs:520:19
[INFO] [stdout]   30:     0x57a34aed3807 - std::panic::catch_unwind::h281fe732d236d260
[INFO] [stdout]                                at /rustc/90b35a6239c3d8bdabc530a6a0816f7ff89a0aaf/library/std/src/panic.rs:358:14
[INFO] [stdout]   31:     0x57a34aed3807 - test::run_test_in_process::h949b6df8457ed338
[INFO] [stdout]                                at /rustc/90b35a6239c3d8bdabc530a6a0816f7ff89a0aaf/library/test/src/lib.rs:644:27
[INFO] [stdout]   32:     0x57a34aed3807 - test::run_test::{{closure}}::h52c556a6d4740e10
[INFO] [stdout]                                at /rustc/90b35a6239c3d8bdabc530a6a0816f7ff89a0aaf/library/test/src/lib.rs:565:43
[INFO] [stdout]   33:     0x57a34ae98ae4 - test::run_test::{{closure}}::h4237f6381c45ccb9
[INFO] [stdout]                                at /rustc/90b35a6239c3d8bdabc530a6a0816f7ff89a0aaf/library/test/src/lib.rs:595:41
[INFO] [stdout]   34:     0x57a34ae98ae4 - std::sys::backtrace::__rust_begin_short_backtrace::h505c97a579eca628
[INFO] [stdout]                                at /rustc/90b35a6239c3d8bdabc530a6a0816f7ff89a0aaf/library/std/src/sys/backtrace.rs:154:18
[INFO] [stdout]   35:     0x57a34ae9c1ae - std::thread::Builder::spawn_unchecked_::{{closure}}::{{closure}}::h9e86b2e2bc107ea3
[INFO] [stdout]                                at /rustc/90b35a6239c3d8bdabc530a6a0816f7ff89a0aaf/library/std/src/thread/mod.rs:538:17
[INFO] [stdout]   36:     0x57a34ae9c1ae - <core::panic::unwind_safe::AssertUnwindSafe<F> as core::ops::function::FnOnce<()>>::call_once::h8b06ddb275ff4a25
[INFO] [stdout]                                at /rustc/90b35a6239c3d8bdabc530a6a0816f7ff89a0aaf/library/core/src/panic/unwind_safe.rs:272:9
[INFO] [stdout]   37:     0x57a34ae9c1ae - std::panicking::try::do_call::hb26ecd7cd9a9355d
[INFO] [stdout]                                at /rustc/90b35a6239c3d8bdabc530a6a0816f7ff89a0aaf/library/std/src/panicking.rs:557:40
[INFO] [stdout]   38:     0x57a34ae9c1ae - std::panicking::try::h8ddeca9d705f9069
[INFO] [stdout]                                at /rustc/90b35a6239c3d8bdabc530a6a0816f7ff89a0aaf/library/std/src/panicking.rs:520:19
[INFO] [stdout]   39:     0x57a34ae9c1ae - std::panic::catch_unwind::h49e1c33078844c46
[INFO] [stdout]                                at /rustc/90b35a6239c3d8bdabc530a6a0816f7ff89a0aaf/library/std/src/panic.rs:358:14
[INFO] [stdout]   40:     0x57a34ae9c1ae - std::thread::Builder::spawn_unchecked_::{{closure}}::h6073db6ff56ad35d
[INFO] [stdout]                                at /rustc/90b35a6239c3d8bdabc530a6a0816f7ff89a0aaf/library/std/src/thread/mod.rs:537:30
[INFO] [stdout]   41:     0x57a34ae9c1ae - core::ops::function::FnOnce::call_once{{vtable.shim}}::h2c5a5f3779c774f1
[INFO] [stdout]                                at /rustc/90b35a6239c3d8bdabc530a6a0816f7ff89a0aaf/library/core/src/ops/function.rs:250:5
[INFO] [stdout]   42:     0x57a34af10eab - <alloc::boxed::Box<F,A> as core::ops::function::FnOnce<Args>>::call_once::hf75717d9f28faebf
[INFO] [stdout]                                at /rustc/90b35a6239c3d8bdabc530a6a0816f7ff89a0aaf/library/alloc/src/boxed.rs:2454:9
[INFO] [stdout]   43:     0x57a34af10eab - <alloc::boxed::Box<F,A> as core::ops::function::FnOnce<Args>>::call_once::h7bd883a5f3c5f3c1
[INFO] [stdout]                                at /rustc/90b35a6239c3d8bdabc530a6a0816f7ff89a0aaf/library/alloc/src/boxed.rs:2454:9
[INFO] [stdout]   44:     0x57a34af10eab - std::sys::pal::unix::thread::Thread::new::thread_start::hcc78f3943333fa94
[INFO] [stdout]                                at /rustc/90b35a6239c3d8bdabc530a6a0816f7ff89a0aaf/library/std/src/sys/pal/unix/thread.rs:105:17
[INFO] [stdout]   45:     0x773cccb3dac3 - <unknown>
[INFO] [stdout]   46:     0x773cccbcea04 - clone
[INFO] [stdout]   47:                0x0 - <unknown>
[INFO] [stdout] 
[INFO] [stdout] 
[INFO] [stdout] failures:
[INFO] [stdout]     test_missing_ipi
[INFO] [stdout] 
[INFO] [stdout] test result: FAILED. 0 passed; 1 failed; 0 ignored; 0 measured; 0 filtered out; finished in 0.05s
[INFO] [stdout] 
[INFO] running `Command { std: "docker" "inspect" "9bbbaa0e7d9e7a2c85db34a08b752d71d65d4e759d8e5d4c25d3a45a24aae19b", kill_on_drop: false }`
[INFO] running `Command { std: "docker" "rm" "-f" "9bbbaa0e7d9e7a2c85db34a08b752d71d65d4e759d8e5d4c25d3a45a24aae19b", kill_on_drop: false }`
[INFO] [stdout] 9bbbaa0e7d9e7a2c85db34a08b752d71d65d4e759d8e5d4c25d3a45a24aae19b
