[INFO] cloning repository https://github.com/DaniPopes/uniswap-rs
[INFO] running `Command { std: "git" "-c" "credential.helper=" "-c" "credential.helper=/workspace/cargo-home/bin/git-credential-null" "clone" "--bare" "https://github.com/DaniPopes/uniswap-rs" "/workspace/cache/git-repos/https%3A%2F%2Fgithub.com%2FDaniPopes%2Funiswap-rs", kill_on_drop: false }`
[INFO] [stderr] Cloning into bare repository '/workspace/cache/git-repos/https%3A%2F%2Fgithub.com%2FDaniPopes%2Funiswap-rs'...
[INFO] running `Command { std: "git" "rev-parse" "HEAD", kill_on_drop: false }`
[INFO] [stdout] d71a1562243a91b14012c987d8bdd6e244e8b674
[INFO] testing DaniPopes/uniswap-rs against 1.83.0 for beta-1.84.0-4-retry
[INFO] running `Command { std: "git" "clone" "/workspace/cache/git-repos/https%3A%2F%2Fgithub.com%2FDaniPopes%2Funiswap-rs" "/workspace/builds/worker-6-tc1/source", kill_on_drop: false }`
[INFO] [stderr] Cloning into '/workspace/builds/worker-6-tc1/source'...
[INFO] [stderr] done.
[INFO] validating manifest of git repo https://github.com/DaniPopes/uniswap-rs on toolchain 1.83.0
[INFO] running `Command { std: CARGO_HOME="/workspace/cargo-home" RUSTUP_HOME="/workspace/rustup-home" "/workspace/cargo-home/bin/cargo" "+1.83.0" "metadata" "--manifest-path" "Cargo.toml" "--no-deps", kill_on_drop: false }`
[INFO] started tweaking git repo https://github.com/DaniPopes/uniswap-rs
[INFO] finished tweaking git repo https://github.com/DaniPopes/uniswap-rs
[INFO] tweaked toml for git repo https://github.com/DaniPopes/uniswap-rs written to /workspace/builds/worker-6-tc1/source/Cargo.toml
[INFO] running `Command { std: CARGO_HOME="/workspace/cargo-home" RUSTUP_HOME="/workspace/rustup-home" "/workspace/cargo-home/bin/cargo" "+1.83.0" "generate-lockfile" "--manifest-path" "Cargo.toml", kill_on_drop: false }`
[INFO] [stderr]     Updating crates.io index
[INFO] [stderr]      Locking 325 packages to latest compatible versions
[INFO] [stderr]       Adding ethers v1.0.2 (available: v2.0.14)
[INFO] [stderr]       Adding ethers-contract v1.0.2 (available: v2.0.14)
[INFO] [stderr]       Adding ethers-contract-abigen v1.0.2 (available: v2.0.14)
[INFO] [stderr]       Adding ethers-core v1.0.2 (available: v2.0.14)
[INFO] [stderr]       Adding ethers-middleware v1.0.2 (available: v2.0.14)
[INFO] [stderr]       Adding ethers-providers v1.0.2 (available: v2.0.14)
[INFO] [stderr]       Adding ethers-signers v1.0.2 (available: v2.0.14)
[INFO] [stderr]       Adding thiserror v1.0.69 (available: v2.0.7)
[INFO] running `Command { std: CARGO_HOME="/workspace/cargo-home" RUSTUP_HOME="/workspace/rustup-home" "/workspace/cargo-home/bin/cargo" "+1.83.0" "fetch" "--manifest-path" "Cargo.toml", kill_on_drop: false }`
[INFO] [stderr]  Downloading crates ...
[INFO] [stderr]   Downloaded scale-info-derive v2.11.6
[INFO] [stderr]   Downloaded cargo-platform v0.1.9
[INFO] [stderr]   Downloaded scale-info v2.11.6
[INFO] [stderr]   Downloaded impl-trait-for-tuples v0.2.3
[INFO] running `Command { std: "docker" "create" "-v" "/var/lib/crater-agent-workspace/builds/worker-6-tc1/target:/opt/rustwide/target:rw,Z" "-v" "/var/lib/crater-agent-workspace/builds/worker-6-tc1/source:/opt/rustwide/workdir:ro,Z" "-v" "/var/lib/crater-agent-workspace/cargo-home:/opt/rustwide/cargo-home:ro,Z" "-v" "/var/lib/crater-agent-workspace/rustup-home:/opt/rustwide/rustup-home:ro,Z" "-e" "SOURCE_DIR=/opt/rustwide/workdir" "-e" "CARGO_TARGET_DIR=/opt/rustwide/target" "-e" "CARGO_HOME=/opt/rustwide/cargo-home" "-e" "RUSTUP_HOME=/opt/rustwide/rustup-home" "-w" "/opt/rustwide/workdir" "-m" "1610612736" "--user" "0:0" "--network" "none" "ghcr.io/rust-lang/crates-build-env/linux@sha256:f3a9d4ad9d972b27faf3965f35b62e55ba32bbce8f20bc8fe909558a86702fde" "/opt/rustwide/cargo-home/bin/cargo" "+1.83.0" "metadata" "--no-deps" "--format-version=1", kill_on_drop: false }`
[INFO] [stdout] 81d385bbc518ff6a69d94af84e0cea4376d5df834ad1868a63fc94cdda06f433
[INFO] running `Command { std: "docker" "start" "-a" "81d385bbc518ff6a69d94af84e0cea4376d5df834ad1868a63fc94cdda06f433", kill_on_drop: false }`
[INFO] running `Command { std: "docker" "inspect" "81d385bbc518ff6a69d94af84e0cea4376d5df834ad1868a63fc94cdda06f433", kill_on_drop: false }`
[INFO] running `Command { std: "docker" "rm" "-f" "81d385bbc518ff6a69d94af84e0cea4376d5df834ad1868a63fc94cdda06f433", kill_on_drop: false }`
[INFO] [stdout] 81d385bbc518ff6a69d94af84e0cea4376d5df834ad1868a63fc94cdda06f433
[INFO] running `Command { std: "docker" "create" "-v" "/var/lib/crater-agent-workspace/builds/worker-6-tc1/target:/opt/rustwide/target:rw,Z" "-v" "/var/lib/crater-agent-workspace/builds/worker-6-tc1/source:/opt/rustwide/workdir:ro,Z" "-v" "/var/lib/crater-agent-workspace/cargo-home:/opt/rustwide/cargo-home:ro,Z" "-v" "/var/lib/crater-agent-workspace/rustup-home:/opt/rustwide/rustup-home:ro,Z" "-e" "SOURCE_DIR=/opt/rustwide/workdir" "-e" "CARGO_TARGET_DIR=/opt/rustwide/target" "-e" "CARGO_INCREMENTAL=0" "-e" "RUST_BACKTRACE=full" "-e" "RUSTFLAGS=--cap-lints=warn" "-e" "RUSTDOCFLAGS=--cap-lints=warn" "-e" "CARGO_HOME=/opt/rustwide/cargo-home" "-e" "RUSTUP_HOME=/opt/rustwide/rustup-home" "-w" "/opt/rustwide/workdir" "-m" "1610612736" "--user" "0:0" "--network" "none" "ghcr.io/rust-lang/crates-build-env/linux@sha256:f3a9d4ad9d972b27faf3965f35b62e55ba32bbce8f20bc8fe909558a86702fde" "/opt/rustwide/cargo-home/bin/cargo" "+1.83.0" "build" "--frozen" "--message-format=json", kill_on_drop: false }`
[INFO] [stdout] 3d97c677060bf6ad0a65ce346738775dc5526f731169fa8f2861050d0b8722dc
[INFO] running `Command { std: "docker" "start" "-a" "3d97c677060bf6ad0a65ce346738775dc5526f731169fa8f2861050d0b8722dc", kill_on_drop: false }`
[INFO] [stderr]    Compiling proc-macro2 v1.0.92
[INFO] [stderr]    Compiling unicode-ident v1.0.14
[INFO] [stderr]    Compiling libc v0.2.168
[INFO] [stderr]    Compiling serde v1.0.216
[INFO] [stderr]    Compiling hashbrown v0.15.2
[INFO] [stderr]    Compiling equivalent v1.0.1
[INFO] [stderr]    Compiling typenum v1.17.0
[INFO] [stderr]    Compiling version_check v0.9.5
[INFO] [stderr]    Compiling memchr v2.7.4
[INFO] [stderr]    Compiling shlex v1.3.0
[INFO] [stderr]    Compiling syn v1.0.109
[INFO] [stderr]    Compiling itoa v1.0.14
[INFO] [stderr]    Compiling once_cell v1.20.2
[INFO] [stderr]    Compiling autocfg v1.4.0
[INFO] [stderr]    Compiling subtle v2.6.1
[INFO] [stderr]    Compiling toml_datetime v0.6.8
[INFO] [stderr]    Compiling winnow v0.6.20
[INFO] [stderr]    Compiling cc v1.2.4
[INFO] [stderr]    Compiling pin-project-lite v0.2.15
[INFO] [stderr]    Compiling crunchy v0.2.2
[INFO] [stderr]    Compiling static_assertions v1.1.0
[INFO] [stderr]    Compiling stable_deref_trait v1.2.0
[INFO] [stderr]    Compiling rustc-hex v2.1.0
[INFO] [stderr]    Compiling spin v0.9.8
[INFO] [stderr]    Compiling byte-slice-cast v1.2.2
[INFO] [stderr]    Compiling untrusted v0.9.0
[INFO] [stderr]    Compiling arrayvec v0.7.6
[INFO] [stderr]    Compiling futures-core v0.3.31
[INFO] [stderr]    Compiling hex v0.4.3
[INFO] [stderr]    Compiling writeable v0.5.5
[INFO] [stderr]    Compiling generic-array v0.14.7
[INFO] [stderr]    Compiling byteorder v1.5.0
[INFO] [stderr]    Compiling tiny-keccak v2.0.2
[INFO] [stderr]    Compiling litemap v0.7.4
[INFO] [stderr]    Compiling zeroize v1.8.1
[INFO] [stderr]    Compiling slab v0.4.9
[INFO] [stderr]    Compiling ryu v1.0.18
[INFO] [stderr]    Compiling futures-io v0.3.31
[INFO] [stderr]    Compiling indexmap v2.7.0
[INFO] [stderr]    Compiling futures-sink v0.3.31
[INFO] [stderr]    Compiling futures-task v0.3.31
[INFO] [stderr]    Compiling tracing-core v0.1.33
[INFO] [stderr]    Compiling thiserror v1.0.69
[INFO] [stderr]    Compiling httparse v1.9.5
[INFO] [stderr]    Compiling icu_locid_transform_data v1.5.0
[INFO] [stderr]    Compiling log v0.4.22
[INFO] [stderr]    Compiling const-oid v0.9.6
[INFO] [stderr]    Compiling icu_properties_data v1.5.0
[INFO] [stderr]    Compiling quote v1.0.37
[INFO] [stderr]    Compiling der v0.6.1
[INFO] [stderr]    Compiling utf8_iter v1.0.4
[INFO] [stderr]    Compiling tracing v0.1.41
[INFO] [stderr]    Compiling utf16_iter v1.0.5
[INFO] [stderr]    Compiling base64ct v1.6.0
[INFO] [stderr]    Compiling icu_normalizer_data v1.5.0
[INFO] [stderr]    Compiling write16 v1.0.0
[INFO] [stderr]    Compiling smallvec v1.13.2
[INFO] [stderr]    Compiling syn v2.0.90
[INFO] [stderr]    Compiling aho-corasick v1.1.3
[INFO] [stderr]    Compiling try-lock v0.2.5
[INFO] [stderr]    Compiling cpufeatures v0.2.16
[INFO] [stderr]    Compiling percent-encoding v2.3.1
[INFO] [stderr]    Compiling rustls v0.21.12
[INFO] [stderr]    Compiling regex-syntax v0.8.5
[INFO] [stderr]    Compiling want v0.3.1
[INFO] [stderr]    Compiling futures-channel v0.3.31
[INFO] [stderr]    Compiling form_urlencoded v1.2.1
[INFO] [stderr]    Compiling httpdate v1.0.3
[INFO] [stderr]    Compiling base16ct v0.1.1
[INFO] [stderr]    Compiling getrandom v0.2.15
[INFO] [stderr]    Compiling socket2 v0.5.8
[INFO] [stderr]    Compiling mio v1.0.3
[INFO] [stderr]    Compiling camino v1.1.9
[INFO] [stderr]    Compiling rustversion v1.0.18
[INFO] [stderr]    Compiling tower-service v0.3.3
[INFO] [stderr]    Compiling rand_core v0.6.4
[INFO] [stderr]    Compiling semver v1.0.24
[INFO] [stderr]    Compiling keccak v0.1.5
[INFO] [stderr]    Compiling block-buffer v0.10.4
[INFO] [stderr]    Compiling crypto-common v0.1.6
[INFO] [stderr]    Compiling num-traits v0.2.19
[INFO] [stderr]    Compiling digest v0.10.7
[INFO] [stderr]    Compiling crypto-bigint v0.4.9
[INFO] [stderr]    Compiling ring v0.17.8
[INFO] [stderr]    Compiling ff v0.12.1
[INFO] [stderr]    Compiling toml_edit v0.22.22
[INFO] [stderr]    Compiling uint v0.9.5
[INFO] [stderr]    Compiling group v0.12.1
[INFO] [stderr]    Compiling hmac v0.12.1
[INFO] [stderr]    Compiling spki v0.6.0
[INFO] [stderr]    Compiling sha3 v0.10.8
[INFO] [stderr]    Compiling signature v1.6.4
[INFO] [stderr]    Compiling pkcs8 v0.9.0
[INFO] [stderr]    Compiling sha2 v0.10.8
[INFO] [stderr]    Compiling serde_json v1.0.133
[INFO] [stderr]    Compiling sec1 v0.3.0
[INFO] [stderr]    Compiling base64 v0.21.7
[INFO] [stderr]    Compiling ring v0.16.20
[INFO] [stderr]    Compiling rfc6979 v0.3.1
[INFO] [stderr]    Compiling futures-util v0.3.31
[INFO] [stderr]    Compiling encoding_rs v0.8.35
[INFO] [stderr]    Compiling webpki-roots v0.25.4
[INFO] [stderr]    Compiling elliptic-curve v0.12.3
[INFO] [stderr]    Compiling rustls-pemfile v1.0.4
[INFO] [stderr]    Compiling chrono v0.4.39
[INFO] [stderr]    Compiling ecdsa v0.14.8
[INFO] [stderr]    Compiling unicode-xid v0.2.6
[INFO] [stderr]    Compiling ipnet v2.10.1
[INFO] [stderr]    Compiling eyre v0.6.12
[INFO] [stderr]    Compiling indenter v0.3.3
[INFO] [stderr]    Compiling spin v0.5.2
[INFO] [stderr]    Compiling rustls v0.20.9
[INFO] [stderr]    Compiling untrusted v0.7.1
[INFO] [stderr]    Compiling k256 v0.11.6
[INFO] [stderr]    Compiling lazy_static v1.5.0
[INFO] [stderr]    Compiling walkdir v2.5.0
[INFO] [stderr]    Compiling dunce v1.0.5
[INFO] [stderr]    Compiling regex-automata v0.4.9
[INFO] [stderr]    Compiling sha-1 v0.10.1
[INFO] [stderr]    Compiling base64 v0.13.1
[INFO] [stderr]    Compiling proc-macro-crate v3.2.0
[INFO] [stderr]    Compiling fxhash v0.2.1
[INFO] [stderr]    Compiling futures-timer v3.0.3
[INFO] [stderr]    Compiling hashers v1.0.1
[INFO] [stderr]    Compiling synstructure v0.13.1
[INFO] [stderr]    Compiling regex v1.11.1
[INFO] [stderr]    Compiling parity-scale-codec-derive v3.6.12
[INFO] [stderr]    Compiling strum_macros v0.24.3
[INFO] [stderr]    Compiling rlp-derive v0.1.0
[INFO] [stderr]    Compiling serde_derive v1.0.216
[INFO] [stderr]    Compiling zerocopy-derive v0.7.35
[INFO] [stderr]    Compiling zerofrom-derive v0.1.5
[INFO] [stderr]    Compiling yoke-derive v0.7.5
[INFO] [stderr]    Compiling zerovec-derive v0.10.3
[INFO] [stderr]    Compiling impl-trait-for-tuples v0.2.3
[INFO] [stderr]    Compiling derive_more-impl v1.0.0
[INFO] [stderr]    Compiling displaydoc v0.2.5
[INFO] [stderr]    Compiling scale-info-derive v2.11.6
[INFO] [stderr]    Compiling icu_provider_macros v1.5.0
[INFO] [stderr]    Compiling sct v0.7.1
[INFO] [stderr]    Compiling thiserror-impl v1.0.69
[INFO] [stderr]    Compiling zerocopy v0.7.35
[INFO] [stderr]    Compiling rustls-webpki v0.101.7
[INFO] [stderr]    Compiling auto_impl v1.2.0
[INFO] [stderr]    Compiling futures-macro v0.3.31
[INFO] [stderr]    Compiling strum v0.24.1
[INFO] [stderr]    Compiling webpki v0.22.4
[INFO] [stderr]    Compiling ppv-lite86 v0.2.20
[INFO] [stderr]    Compiling derive_more v1.0.0
[INFO] [stderr]    Compiling zerofrom v0.1.5
[INFO] [stderr]    Compiling Inflector v0.11.4
[INFO] [stderr]    Compiling pin-project-internal v1.1.7
[INFO] [stderr]    Compiling async-trait v0.1.83
[INFO] [stderr]    Compiling yoke v0.7.5
[INFO] [stderr]    Compiling rand_chacha v0.3.1
[INFO] [stderr]    Compiling webpki-roots v0.22.6
[INFO] [stderr]    Compiling zerovec v0.10.4
[INFO] [stderr]    Compiling rand v0.8.5
[INFO] [stderr]    Compiling fixed-hash v0.8.0
[INFO] [stderr]    Compiling pin-project v1.1.7
[INFO] [stderr]    Compiling tracing-futures v0.2.5
[INFO] [stderr]    Compiling tinystr v0.7.6
[INFO] [stderr]    Compiling icu_collections v1.5.0
[INFO] [stderr]    Compiling icu_locid v1.5.0
[INFO] [stderr]    Compiling icu_provider v1.5.0
[INFO] [stderr]    Compiling icu_locid_transform v1.5.0
[INFO] [stderr]    Compiling icu_properties v1.5.1
[INFO] [stderr]    Compiling bytes v1.9.0
[INFO] [stderr]    Compiling parity-scale-codec v3.6.12
[INFO] [stderr]    Compiling impl-serde v0.4.0
[INFO] [stderr]    Compiling cargo-platform v0.1.9
[INFO] [stderr]    Compiling serde_urlencoded v0.7.1
[INFO] [stderr]    Compiling toml v0.5.11
[INFO] [stderr]    Compiling rlp v0.5.2
[INFO] [stderr]    Compiling tokio v1.42.0
[INFO] [stderr]    Compiling http v0.2.12
[INFO] [stderr]    Compiling open-fastrlp-derive v0.1.1
[INFO] [stderr]    Compiling impl-rlp v0.3.0
[INFO] [stderr]    Compiling scale-info v2.11.6
[INFO] [stderr]    Compiling impl-codec v0.6.0
[INFO] [stderr]    Compiling cargo_metadata v0.15.4
[INFO] [stderr]    Compiling http-body v0.4.6
[INFO] [stderr]    Compiling ethbloom v0.13.0
[INFO] [stderr]    Compiling primitive-types v0.12.2
[INFO] [stderr]    Compiling icu_normalizer v1.5.0
[INFO] [stderr]    Compiling idna_adapter v1.2.0
[INFO] [stderr]    Compiling idna v1.0.3
[INFO] [stderr]    Compiling ethereum-types v0.14.1
[INFO] [stderr]    Compiling url v2.5.4
[INFO] [stderr]    Compiling open-fastrlp v0.1.4
[INFO] [stderr]    Compiling ethabi v18.0.0
[INFO] [stderr]    Compiling tungstenite v0.17.3
[INFO] [stderr]    Compiling ethers-core v1.0.2
[INFO] [stderr]    Compiling tokio-util v0.7.13
[INFO] [stderr]    Compiling tokio-rustls v0.24.1
[INFO] [stderr]    Compiling tokio-rustls v0.23.4
[INFO] [stderr]    Compiling tokio-tungstenite v0.17.2
[INFO] [stderr]    Compiling h2 v0.3.26
[INFO] [stderr]    Compiling hyper v0.14.31
[INFO] [stderr]    Compiling hyper-rustls v0.24.2
[INFO] [stderr]    Compiling reqwest v0.11.27
[INFO] [stderr]    Compiling ethers-providers v1.0.2
[INFO] [stderr]    Compiling ethers-contract-abigen v1.0.2
[INFO] [stderr]    Compiling uniswap-rs v0.4.0 (/opt/rustwide/workdir)
[INFO] [stderr]    Compiling ethers-contract-derive v1.0.2
[INFO] [stderr]    Compiling ethers-contract v1.0.2
[INFO] [stderr] warning: uniswap-rs@0.4.0: uniswap-rs/build.rs: Failed to build bindings: Cannot build bindings without rustfmt nightly.
[INFO] [stderr]     Finished `dev` profile [unoptimized + debuginfo] target(s) in 2m 24s
[INFO] running `Command { std: "docker" "inspect" "3d97c677060bf6ad0a65ce346738775dc5526f731169fa8f2861050d0b8722dc", kill_on_drop: false }`
[INFO] running `Command { std: "docker" "rm" "-f" "3d97c677060bf6ad0a65ce346738775dc5526f731169fa8f2861050d0b8722dc", kill_on_drop: false }`
[INFO] [stdout] 3d97c677060bf6ad0a65ce346738775dc5526f731169fa8f2861050d0b8722dc
[INFO] running `Command { std: "docker" "create" "-v" "/var/lib/crater-agent-workspace/builds/worker-6-tc1/target:/opt/rustwide/target:rw,Z" "-v" "/var/lib/crater-agent-workspace/builds/worker-6-tc1/source:/opt/rustwide/workdir:ro,Z" "-v" "/var/lib/crater-agent-workspace/cargo-home:/opt/rustwide/cargo-home:ro,Z" "-v" "/var/lib/crater-agent-workspace/rustup-home:/opt/rustwide/rustup-home:ro,Z" "-e" "SOURCE_DIR=/opt/rustwide/workdir" "-e" "CARGO_TARGET_DIR=/opt/rustwide/target" "-e" "CARGO_INCREMENTAL=0" "-e" "RUST_BACKTRACE=full" "-e" "RUSTFLAGS=--cap-lints=warn" "-e" "RUSTDOCFLAGS=--cap-lints=warn" "-e" "CARGO_HOME=/opt/rustwide/cargo-home" "-e" "RUSTUP_HOME=/opt/rustwide/rustup-home" "-w" "/opt/rustwide/workdir" "-m" "1610612736" "--user" "0:0" "--network" "none" "ghcr.io/rust-lang/crates-build-env/linux@sha256:f3a9d4ad9d972b27faf3965f35b62e55ba32bbce8f20bc8fe909558a86702fde" "/opt/rustwide/cargo-home/bin/cargo" "+1.83.0" "test" "--frozen" "--no-run" "--message-format=json", kill_on_drop: false }`
[INFO] [stdout] b12ed7bd08f242648ad02a83538d9bb9c66dde7b762c93ad84a548593d4765bb
[INFO] running `Command { std: "docker" "start" "-a" "b12ed7bd08f242648ad02a83538d9bb9c66dde7b762c93ad84a548593d4765bb", kill_on_drop: false }`
[INFO] [stderr]    Compiling syn v1.0.109
[INFO] [stderr]    Compiling hex v0.4.3
[INFO] [stderr]    Compiling sha2 v0.10.8
[INFO] [stderr]    Compiling tokio-macros v2.4.0
[INFO] [stderr]    Compiling sha3 v0.10.8
[INFO] [stderr]    Compiling tokio v1.42.0
[INFO] [stderr]    Compiling futures-task v0.3.31
[INFO] [stderr]    Compiling elliptic-curve v0.12.3
[INFO] [stderr]    Compiling tracing-attributes v0.1.28
[INFO] [stderr]    Compiling tracing v0.1.41
[INFO] [stderr]    Compiling generic-array v0.12.4
[INFO] [stderr]    Compiling futures-util v0.3.31
[INFO] [stderr]    Compiling uint v0.9.5
[INFO] [stderr]    Compiling ecdsa v0.14.8
[INFO] [stderr]    Compiling unicode-segmentation v1.12.0
[INFO] [stderr]    Compiling byte-tools v0.3.1
[INFO] [stderr]    Compiling block-padding v0.1.5
[INFO] [stderr]    Compiling inout v0.1.3
[INFO] [stderr]    Compiling block-buffer v0.7.3
[INFO] [stderr]    Compiling digest v0.8.1
[INFO] [stderr]    Compiling fake-simd v0.1.2
[INFO] [stderr]    Compiling opaque-debug v0.2.3
[INFO] [stderr]    Compiling k256 v0.11.6
[INFO] [stderr]    Compiling password-hash v0.4.2
[INFO] [stderr]    Compiling cipher v0.4.4
[INFO] [stderr]    Compiling sha2 v0.8.2
[INFO] [stderr]    Compiling base58 v0.1.0
[INFO] [stderr]    Compiling ripemd v0.1.3
[INFO] [stderr]    Compiling blake2 v0.10.6
[INFO] [stderr]    Compiling convert_case v0.6.0
[INFO] [stderr]    Compiling base58check v0.1.0
[INFO] [stderr]    Compiling proc-macro-error-attr v1.0.4
[INFO] [stderr]    Compiling pbkdf2 v0.11.0
[INFO] [stderr]    Compiling bech32 v0.7.3
[INFO] [stderr]    Compiling base64 v0.12.3
[INFO] [stderr]    Compiling salsa20 v0.10.2
[INFO] [stderr]    Compiling proc-macro-error v1.0.4
[INFO] [stderr]    Compiling bincode v1.3.3
[INFO] [stderr]    Compiling radium v0.3.0
[INFO] [stderr]    Compiling either v1.13.0
[INFO] [stderr]    Compiling bs58 v0.4.0
[INFO] [stderr]    Compiling scrypt v0.10.0
[INFO] [stderr]    Compiling aes v0.8.4
[INFO] [stderr]    Compiling ctr v0.9.2
[INFO] [stderr]    Compiling coins-core v0.7.0
[INFO] [stderr]    Compiling bitvec v0.17.4
[INFO] [stderr]    Compiling uuid v0.8.2
[INFO] [stderr]    Compiling serde-aux v4.5.0
[INFO] [stderr]    Compiling futures-locks v0.7.1
[INFO] [stderr]    Compiling instant v0.1.13
[INFO] [stderr]    Compiling coins-bip32 v0.7.0
[INFO] [stderr]    Compiling eth-keystore v0.5.0
[INFO] [stderr]    Compiling coins-bip39 v0.7.0
[INFO] [stderr]    Compiling tracing-futures v0.2.5
[INFO] [stderr]    Compiling parity-scale-codec-derive v3.6.12
[INFO] [stderr]    Compiling open-fastrlp-derive v0.1.1
[INFO] [stderr]    Compiling strum_macros v0.24.3
[INFO] [stderr]    Compiling rlp-derive v0.1.0
[INFO] [stderr]    Compiling auto_impl v0.5.0
[INFO] [stderr]    Compiling tokio-util v0.7.13
[INFO] [stderr]    Compiling tokio-rustls v0.24.1
[INFO] [stderr]    Compiling tokio-rustls v0.23.4
[INFO] [stderr]    Compiling tokio-tungstenite v0.17.2
[INFO] [stderr]    Compiling h2 v0.3.26
[INFO] [stderr]    Compiling strum v0.24.1
[INFO] [stderr]    Compiling parity-scale-codec v3.6.12
[INFO] [stderr]    Compiling impl-codec v0.6.0
[INFO] [stderr]    Compiling scale-info v2.11.6
[INFO] [stderr]    Compiling hyper v0.14.31
[INFO] [stderr]    Compiling primitive-types v0.12.2
[INFO] [stderr]    Compiling ethbloom v0.13.0
[INFO] [stderr]    Compiling ethereum-types v0.14.1
[INFO] [stderr]    Compiling ethabi v18.0.0
[INFO] [stderr]    Compiling open-fastrlp v0.1.4
[INFO] [stderr]    Compiling hyper-rustls v0.24.2
[INFO] [stderr]    Compiling ethers-core v1.0.2
[INFO] [stderr]    Compiling reqwest v0.11.27
[INFO] [stderr]    Compiling ethers-contract-abigen v1.0.2
[INFO] [stderr]    Compiling ethers-providers v1.0.2
[INFO] [stderr]    Compiling ethers-etherscan v1.0.2
[INFO] [stderr]    Compiling ethers-signers v1.0.2
[INFO] [stderr]    Compiling ethers-contract-derive v1.0.2
[INFO] [stderr]    Compiling uniswap-rs v0.4.0 (/opt/rustwide/workdir)
[INFO] [stderr]    Compiling ethers-contract v1.0.2
[INFO] [stderr] warning: uniswap-rs@0.4.0: uniswap-rs/build.rs: Failed to build bindings: Cannot build bindings without rustfmt nightly.
[INFO] [stderr]    Compiling ethers-middleware v1.0.2
[INFO] [stderr]     Finished `test` profile [unoptimized + debuginfo] target(s) in 1m 51s
[INFO] running `Command { std: "docker" "inspect" "b12ed7bd08f242648ad02a83538d9bb9c66dde7b762c93ad84a548593d4765bb", kill_on_drop: false }`
[INFO] running `Command { std: "docker" "rm" "-f" "b12ed7bd08f242648ad02a83538d9bb9c66dde7b762c93ad84a548593d4765bb", kill_on_drop: false }`
[INFO] [stdout] b12ed7bd08f242648ad02a83538d9bb9c66dde7b762c93ad84a548593d4765bb
[INFO] running `Command { std: "docker" "create" "-v" "/var/lib/crater-agent-workspace/builds/worker-6-tc1/target:/opt/rustwide/target:rw,Z" "-v" "/var/lib/crater-agent-workspace/builds/worker-6-tc1/source:/opt/rustwide/workdir:ro,Z" "-v" "/var/lib/crater-agent-workspace/cargo-home:/opt/rustwide/cargo-home:ro,Z" "-v" "/var/lib/crater-agent-workspace/rustup-home:/opt/rustwide/rustup-home:ro,Z" "-e" "SOURCE_DIR=/opt/rustwide/workdir" "-e" "CARGO_TARGET_DIR=/opt/rustwide/target" "-e" "CARGO_INCREMENTAL=0" "-e" "RUST_BACKTRACE=full" "-e" "RUSTFLAGS=--cap-lints=warn" "-e" "RUSTDOCFLAGS=--cap-lints=warn" "-e" "CARGO_HOME=/opt/rustwide/cargo-home" "-e" "RUSTUP_HOME=/opt/rustwide/rustup-home" "-w" "/opt/rustwide/workdir" "-m" "1610612736" "--user" "0:0" "--network" "none" "ghcr.io/rust-lang/crates-build-env/linux@sha256:f3a9d4ad9d972b27faf3965f35b62e55ba32bbce8f20bc8fe909558a86702fde" "/opt/rustwide/cargo-home/bin/cargo" "+1.83.0" "test" "--frozen", kill_on_drop: false }`
[INFO] [stdout] 0d56ae2f501d89cbe270064117a11489cf07b7553ef1fad8ee167cb9d3c215e9
[INFO] running `Command { std: "docker" "start" "-a" "0d56ae2f501d89cbe270064117a11489cf07b7553ef1fad8ee167cb9d3c215e9", kill_on_drop: false }`
[INFO] [stderr] warning: uniswap-rs@0.4.0: uniswap-rs/build.rs: Failed to build bindings: Cannot build bindings without rustfmt nightly.
[INFO] [stderr]     Finished `test` profile [unoptimized + debuginfo] target(s) in 0.76s
[INFO] [stderr]      Running unittests src/lib.rs (/opt/rustwide/target/debug/deps/uniswap_rs-a2d33139aa09c57a)
[INFO] [stdout] 
[INFO] [stdout] running 24 tests
[INFO] [stdout] test common::token::tests::metadata ... ignored, async test
[INFO] [stdout] test dex::tests::can_swap_infinite_slippage ... ignored, async test
[INFO] [stdout] test dex::tests::can_swap_no_slippage ... ignored, async test
[INFO] [stdout] test dex::tests::can_swap_slippage ... ignored, async test
[INFO] [stdout] test protocol::protocol_type::tests::test_versions ... ok
[INFO] [stdout] test contracts::addresses::tests::test_addresses ... ok
[INFO] [stdout] test v2::library::tests::can_get_amount ... ignored, async test
[INFO] [stdout] test v2::library::tests::can_get_amounts ... ignored, async test
[INFO] [stdout] test universal_router::command::tests::test_command_encoding ... ok
[INFO] [stdout] test contracts::addresses::tests::test_contracts ... ok
[INFO] [stdout] test v2::library::tests::can_get_reserves ... ignored, async test
[INFO] [stdout] test common::token::tests::test_fmt ... ok
[INFO] [stdout] test v2::library::tests::can_get_reserves_multi ... ignored, async test
[INFO] [stdout] test dex::tests::test_path_eq ... ok
[INFO] [stdout] test universal_router::tests::test_builder ... ok
[INFO] [stdout] test v2::library::tests::can_get_pair_for ... ok
[INFO] [stdout] test v2::library::tests::can_quote_async ... ignored, async test
[INFO] [stdout] test v2::library::tests::can_quote ... ok
[INFO] [stdout] test protocol::protocol_type::tests::test_addresses ... ok
[INFO] [stdout] test common::call::tests::test_transmute ... ok
[INFO] [stdout] test common::call::tests::test_transmute_zst ... ok
[INFO] [stdout] test v2::pair::tests::test_sync ... ignored, async test
[INFO] [stdout] test v2::library::tests::can_sort_tokens ... ok
[INFO] [stdout] test v2::pair::tests::test_parsing ... ok
[INFO] [stdout] 
[INFO] [stdout] test result: ok. 14 passed; 0 failed; 10 ignored; 0 measured; 0 filtered out; finished in 0.02s
[INFO] [stdout] 
[INFO] [stderr]    Doc-tests uniswap_rs
[INFO] [stdout] 
[INFO] [stdout] running 5 tests
[INFO] [stdout] test src/universal_router/mod.rs - universal_router::UniversalRouter (line 48) ... ok
[INFO] [stdout] test src/common/call.rs - common::call::CallExt::change_output (line 73) ... ok
[INFO] [stdout] test src/universal_router/mod.rs - universal_router::UniversalRouter<M>::call (line 205) ... FAILED
[INFO] [stdout] test src/universal_router/mod.rs - universal_router::UniversalRouter<M>::add_command (line 154) ... ok
[INFO] [stdout] test src/universal_router/mod.rs - universal_router::UniversalRouter<M>::add_command_from_bindings (line 126) ... ok
[INFO] [stdout] 
[INFO] [stdout] failures:
[INFO] [stdout] 
[INFO] [stdout] ---- src/universal_router/mod.rs - universal_router::UniversalRouter<M>::call (line 205) stdout ----
[INFO] [stdout] error: linking with `cc` failed: exit status: 1
[INFO] [stdout]   |
[INFO] [stdout]   = note: LC_ALL="C" PATH="/opt/rustwide/rustup-home/toolchains/1.83.0-x86_64-unknown-linux-gnu/lib/rustlib/x86_64-unknown-linux-gnu/bin:/opt/rustwide/cargo-home/bin:/usr/local/sbin:/usr/local/bin:/usr/sbin:/usr/bin:/sbin:/bin" VSLANG="1033" "cc" "-m64" "/tmp/rustceXoXtG/symbols.o" "/tmp/rustdoctestgFECUk/rust_out.rust_out.cb03291d53e4e161-cgu.0.rcgu.o" "/tmp/rustdoctestgFECUk/rust_out.1s7umcihpz0t7nkz1uc2ifee9.rcgu.o" "-Wl,--as-needed" "-Wl,-Bstatic" "/opt/rustwide/target/debug/deps/libuniswap_rs-53c339f24401373c.rlib" "/opt/rustwide/target/debug/deps/libethers_contract-9efec8fe2a4a32ee.rlib" "/opt/rustwide/target/debug/deps/libethers_contract_abigen-202e8d51d8ea352d.rlib" "/opt/rustwide/target/debug/deps/libwalkdir-1dd1923acd2c1bf5.rlib" "/opt/rustwide/target/debug/deps/libsame_file-5669399e58eccd84.rlib" "/opt/rustwide/target/debug/deps/libdunce-909eb1c78b6939c6.rlib" "/opt/rustwide/target/debug/deps/libtoml-70324751dd6ba9c4.rlib" "/opt/rustwide/target/debug/deps/libinflector-6f2a31b09815bdf4.rlib" "/opt/rustwide/target/debug/deps/liblazy_static-977f75dcedc2f7be.rlib" "/opt/rustwide/target/debug/deps/libeyre-2f57d340909f35d8.rlib" "/opt/rustwide/target/debug/deps/libindenter-111f849807d2fc7d.rlib" "/opt/rustwide/target/debug/deps/libethers_providers-8cf498e7ca14d485.rlib" "/opt/rustwide/target/debug/deps/libtokio_tungstenite-cedb0159aedb42d4.rlib" "/opt/rustwide/target/debug/deps/libwebpki_roots-d01cffbd7c902fe9.rlib" "/opt/rustwide/target/debug/deps/libtokio_rustls-1da012e0cdd1f760.rlib" "/opt/rustwide/target/debug/deps/libtungstenite-7a2f2f7046a0289b.rlib" "/opt/rustwide/target/debug/deps/libbase64-ae8327474e664153.rlib" "/opt/rustwide/target/debug/deps/librustls-88865bc831c8a331.rlib" "/opt/rustwide/target/debug/deps/libwebpki-115974b8c8e111f8.rlib" "/opt/rustwide/target/debug/deps/libring-4534ab0ed3ece0b1.rlib" "/opt/rustwide/target/debug/deps/libspin-d28cf5365beac357.rlib" "/opt/rustwide/target/debug/deps/libuntrusted-719bc02a0a33c5a5.rlib" "/opt/rustwide/target/debug/deps/libutf8-6651985623c0c0fd.rlib" "/opt/rustwide/target/debug/deps/libsha1-ce1da3b107d01b75.rlib" "/opt/rustwide/target/debug/deps/libfutures_timer-7ba65e3faa7d6a1b.rlib" "/opt/rustwide/target/debug/deps/libtracing_futures-8cd54cbc524b96d0.rlib" "/opt/rustwide/target/debug/deps/libpin_project-c611634b1b4dd385.rlib" "/opt/rustwide/target/debug/deps/libreqwest-a0529cc56756344a.rlib" "/opt/rustwide/target/debug/deps/librustls_pemfile-b4469f59e1b4f2e0.rlib" "/opt/rustwide/target/debug/deps/libhyper_rustls-4f6b9e482ad2c325.rlib" "/opt/rustwide/target/debug/deps/libwebpki_roots-e45b3a27e6745b08.rlib" "/opt/rustwide/target/debug/deps/libbase64-c3b18b0672582aa9.rlib" "/opt/rustwide/target/debug/deps/libipnet-8bcb02e74b665020.rlib" "/opt/rustwide/target/debug/deps/libtokio_rustls-1cba5f01ba5c28fe.rlib" "/opt/rustwide/target/debug/deps/libserde_urlencoded-40ed0ca32caf4f0f.rlib" "/opt/rustwide/target/debug/deps/libmime-566b615028bbb9d4.rlib" "/opt/rustwide/target/debug/deps/libencoding_rs-769073f1aea0b84b.rlib" "/opt/rustwide/target/debug/deps/librustls-0b33b45442963a10.rlib" "/opt/rustwide/target/debug/deps/libsct-a69504541a5cefd9.rlib" "/opt/rustwide/target/debug/deps/libwebpki-5d23587ea9a2094a.rlib" "/opt/rustwide/target/debug/deps/libring-22c84e95288e71f8.rlib" "/opt/rustwide/target/debug/deps/libspin-cd45c3153bc4c74f.rlib" "/opt/rustwide/target/debug/deps/libuntrusted-7588d7e252ced9d0.rlib" "/opt/rustwide/target/debug/deps/libhyper-34629de979921796.rlib" "/opt/rustwide/target/debug/deps/libwant-3f13e9c0d2560241.rlib" "/opt/rustwide/target/debug/deps/libtry_lock-f3f4362ed4ca7e4a.rlib" "/opt/rustwide/target/debug/deps/libhttparse-63cb856626cec0ca.rlib" "/opt/rustwide/target/debug/deps/libh2-f5875334680b2ee7.rlib" "/opt/rustwide/target/debug/deps/libindexmap-10fc62c8bb74c388.rlib" "/opt/rustwide/target/debug/deps/libequivalent-4d5cfde55792e26d.rlib" "/opt/rustwide/target/debug/deps/libhashbrown-62cdb64ce3ed52bb.rlib" "/opt/rustwide/target/debug/deps/libtokio_util-06a1458c597e395a.rlib" "/opt/rustwide/target/debug/deps/libtower_service-153488c259ad6c35.rlib" "/opt/rustwide/target/debug/deps/libtracing-da11d78360ca8d90.rlib" "/opt/rustwide/target/debug/deps/libtracing_core-9b2ef5bfdc695f2a.rlib" "/opt/rustwide/target/debug/deps/libfutures_channel-46d54cad4c5c024e.rlib" "/opt/rustwide/target/debug/deps/libtokio-8c6481a3c30ab9bf.rlib" "/opt/rustwide/target/debug/deps/libsocket2-cca1afe887309ed0.rlib" "/opt/rustwide/target/debug/deps/libmio-c1a951770e75a1cc.rlib" "/opt/rustwide/target/debug/deps/libsync_wrapper-7e107893d08c1041.rlib" "/opt/rustwide/target/debug/deps/libhttp_body-1d6f98c466e32379.rlib" "/opt/rustwide/target/debug/deps/liblog-2579a5a2dbce8c4d.rlib" "/opt/rustwide/target/debug/deps/libfutures_util-4514f91b92e115fb.rlib" "/opt/rustwide/target/debug/deps/libfutures_io-306100ebd700a899.rlib" "/opt/rustwide/target/debug/deps/libslab-083dd68e0bc19c95.rlib" "/opt/rustwide/target/debug/deps/libpin_project_lite-be51d264b86b6c5b.rlib" "/opt/rustwide/target/debug/deps/libfutures_sink-140504a081023950.rlib" "/opt/rustwide/target/debug/deps/libfutures_task-2ffc53f948131279.rlib" "/opt/rustwide/target/debug/deps/libpin_utils-6bd6355de79f98af.rlib" "/opt/rustwide/target/debug/deps/libfutures_core-6acc1f6b4df0dd33.rlib" "/opt/rustwide/target/debug/deps/liburl-cf797913e55ebec6.rlib" "/opt/rustwide/target/debug/deps/libidna-6c6d2a26c4759f38.rlib" "/opt/rustwide/target/debug/deps/libidna_adapter-e281ed65b66cbc63.rlib" "/opt/rustwide/target/debug/deps/libicu_normalizer-eb7953f92cc509b5.rlib" "/opt/rustwide/target/debug/deps/libicu_normalizer_data-762e61f43eae08c2.rlib" "/opt/rustwide/target/debug/deps/libwrite16-85fd16f27fd45657.rlib" "/opt/rustwide/target/debug/deps/libutf8_iter-fbf995b92c341ba3.rlib" "/opt/rustwide/target/debug/deps/libutf16_iter-83f8708e12b6535a.rlib" "/opt/rustwide/target/debug/deps/libsmallvec-01f95b0ceff06af9.rlib" "/opt/rustwide/target/debug/deps/libicu_properties-d54819221b6a7820.rlib" "/opt/rustwide/target/debug/deps/libicu_properties_data-52a01acc947e4a6d.rlib" "/opt/rustwide/target/debug/deps/libicu_locid_transform-873b74f48cddb238.rlib" "/opt/rustwide/target/debug/deps/libicu_locid_transform_data-38f8208716c2d35a.rlib" "/opt/rustwide/target/debug/deps/libicu_collections-9cabdd9cb472882a.rlib" "/opt/rustwide/target/debug/deps/libicu_provider-1b43c243fac90745.rlib" "/opt/rustwide/target/debug/deps/libicu_locid-12cf16df434b95ce.rlib" "/opt/rustwide/target/debug/deps/liblitemap-a0ca3b3971bb4be7.rlib" "/opt/rustwide/target/debug/deps/libtinystr-bf3c1ae2cb7b24a0.rlib" "/opt/rustwide/target/debug/deps/libzerovec-f1b53508bff0a6e3.rlib" "/opt/rustwide/target/debug/deps/libwriteable-c63e282ed55b92df.rlib" "/opt/rustwide/target/debug/deps/libyoke-e882dccf9c869fe0.rlib" "/opt/rustwide/target/debug/deps/libzerofrom-b6dd8bab93fc433e.rlib" "/opt/rustwide/target/debug/deps/libstable_deref_trait-3602560bab1848e8.rlib" "/opt/rustwide/target/debug/deps/libform_urlencoded-533db7122d3ddfc5.rlib" "/opt/rustwide/target/debug/deps/libpercent_encoding-88cba40a7181d984.rlib" "/opt/rustwide/target/debug/deps/libhttp-4c35bb180528e444.rlib" "/opt/rustwide/target/debug/deps/libfnv-b4bd047f342dff07.rlib" "/opt/rustwide/target/debug/deps/libethers_core-5947c18b06555581.rlib" "/opt/rustwide/target/debug/deps/libcargo_metadata-c1546572a94203e8.rlib" "/opt/rustwide/target/debug/deps/libcargo_platform-043ffbc635233ba2.rlib" "/opt/rustwide/target/debug/deps/libsemver-ae8ffdd61b060bb6.rlib" "/opt/rustwide/target/debug/deps/libcamino-9a36094b4735682a.rlib" "/opt/rustwide/target/debug/deps/libunicode_xid-7a316b7d06f2b2a2.rlib" "/opt/rustwide/target/debug/deps/libstrum-f2b62cd177d59ec3.rlib" "/opt/rustwide/target/debug/deps/libk256-5f9140bebcd1494b.rlib" "/opt/rustwide/target/debug/deps/libsha2-0dfdf7f2267796ce.rlib" "/opt/rustwide/target/debug/deps/libcpufeatures-9ef920896d0c969a.rlib" "/opt/rustwide/target/debug/deps/libecdsa-52f2480f1dfafcd0.rlib" "/opt/rustwide/target/debug/deps/librfc6979-fe3b0b7a1894e29f.rlib" "/opt/rustwide/target/debug/deps/libhmac-20320f6e3a8a1b6a.rlib" "/opt/rustwide/target/debug/deps/libsignature-39c25a7bc0a40766.rlib" "/opt/rustwide/target/debug/deps/libelliptic_curve-970652935901fe59.rlib" "/opt/rustwide/target/debug/deps/libsec1-1ab07c9f4be74a9d.rlib" "/opt/rustwide/target/debug/deps/libpkcs8-ebfdc8b258770a12.rlib" "/opt/rustwide/target/debug/deps/libspki-9a5a9f6489d5347c.rlib" "/opt/rustwide/target/debug/deps/libder-2cfd69d17c506273.rlib" "/opt/rustwide/target/debug/deps/libconst_oid-101706bfd026e31e.rlib" "/opt/rustwide/target/debug/deps/libbase16ct-490c635093b77b66.rlib" "/opt/rustwide/target/debug/deps/libgroup-bd46327e69d4b06d.rlib" "/opt/rustwide/target/debug/deps/libff-074f0328972c9628.rlib" "/opt/rustwide/target/debug/deps/libcrypto_bigint-3399c9b79f9feba9.rlib" "/opt/rustwide/target/debug/deps/libzeroize-2f2642ea550ae970.rlib" "/opt/rustwide/target/debug/deps/libchrono-a87832a8ac213af3.rlib" "/opt/rustwide/target/debug/deps/libnum_traits-e0ed76299063a97d.rlib" "/opt/rustwide/target/debug/deps/libsyn-b8b9d3ebcce4fb0c.rlib" "/opt/rustwide/target/debug/deps/libquote-5aae06973d1479d2.rlib" "/opt/rustwide/target/debug/deps/libproc_macro2-2f42fe115b49d460.rlib" "/opt/rustwide/target/debug/deps/libunicode_ident-fd3aa6049a7e9b09.rlib" "/opt/rustwide/rustup-home/toolchains/1.83.0-x86_64-unknown-linux-gnu/lib/rustlib/x86_64-unknown-linux-gnu/lib/libproc_macro-a2fc9021817a412b.rlib" "/opt/rustwide/target/debug/deps/libconvert_case-675eaf95039128b6.rlib" "/opt/rustwide/target/debug/deps/libunicode_segmentation-e2ab372fbd4616e0.rlib" "/opt/rustwide/target/debug/deps/libopen_fastrlp-34eb34079e314030.rlib" "/opt/rustwide/target/debug/deps/libethabi-bdde7bf8b9167bc6.rlib" "/opt/rustwide/target/debug/deps/libregex-d95b326e6b6c6daa.rlib" "/opt/rustwide/target/debug/deps/libregex_automata-fb68867d3d4723af.rlib" "/opt/rustwide/target/debug/deps/libaho_corasick-ca3c2ec2e6ffa0c6.rlib" "/opt/rustwide/target/debug/deps/libregex_syntax-155e812807b49638.rlib" "/opt/rustwide/target/debug/deps/libserde_json-cdabbe636921bc22.rlib" "/opt/rustwide/target/debug/deps/libmemchr-a61794c77f52d343.rlib" "/opt/rustwide/target/debug/deps/libitoa-e8776415c5fe0047.rlib" "/opt/rustwide/target/debug/deps/libryu-bba83beca99dd7c0.rlib" "/opt/rustwide/target/debug/deps/libethereum_types-a7217d42f4906a5a.rlib" "/opt/rustwide/target/debug/deps/libethbloom-db018ce2e1c6dad1.rlib" "/opt/rustwide/target/debug/deps/libtiny_keccak-1fca43e4734370ce.rlib" "/opt/rustwide/target/debug/deps/libprimitive_types-6bf341723798cf89.rlib" "/opt/rustwide/target/debug/deps/libscale_info-22249a9d01d7288a.rlib" "/opt/rustwide/target/debug/deps/libderive_more-ee518cc0bab6ec2a.rlib" "/opt/rustwide/target/debug/deps/libimpl_serde-ce9e4b12f7a2d177.rlib" "/opt/rustwide/target/debug/deps/libimpl_rlp-72eb97a86fa4f873.rlib" "/opt/rustwide/target/debug/deps/librlp-523434e3616c1fb9.rlib" "/opt/rustwide/target/debug/deps/libbytes-acb7d4d458d0b5ef.rlib" "/opt/rustwide/target/debug/deps/libimpl_codec-5070835a90ebb899.rlib" "/opt/rustwide/target/debug/deps/libparity_scale_codec-c128fe85044fdfd2.rlib" "/opt/rustwide/target/debug/deps/libarrayvec-dcbc86b9b46e39a1.rlib" "/opt/rustwide/target/debug/deps/libbyte_slice_cast-bc85ce8c6f387ef8.rlib" "/opt/rustwide/target/debug/deps/libfixed_hash-5e2f9dadc27dfb6c.rlib" "/opt/rustwide/target/debug/deps/librand-032b9a5cfbfb804c.rlib" "/opt/rustwide/target/debug/deps/librand_chacha-ca525f818ef6371c.rlib" "/opt/rustwide/target/debug/deps/libppv_lite86-6dc7e9aa3da1a50b.rlib" "/opt/rustwide/target/debug/deps/libzerocopy-c26a098a8fe065bf.rlib" "/opt/rustwide/target/debug/deps/librand_core-1f8e996801df326c.rlib" "/opt/rustwide/target/debug/deps/libgetrandom-21e7353a01032e9e.rlib" "/opt/rustwide/target/debug/deps/liblibc-48c07cb418e82d02.rlib" "/opt/rustwide/target/debug/deps/libcfg_if-8217498f8667ada9.rlib" "/opt/rustwide/target/debug/deps/librustc_hex-00df1cbcf9bb24f5.rlib" "/opt/rustwide/target/debug/deps/libonce_cell-6f631f2a5f71cecc.rlib" "/opt/rustwide/target/debug/deps/libsha3-120bdab6697df60b.rlib" "/opt/rustwide/target/debug/deps/libkeccak-54781c238219136d.rlib" "/opt/rustwide/target/debug/deps/libdigest-b73d605808a7d210.rlib" "/opt/rustwide/target/debug/deps/libsubtle-2ce88af28e4b2441.rlib" "/opt/rustwide/target/debug/deps/libblock_buffer-b33225e8228c539f.rlib" "/opt/rustwide/target/debug/deps/libcrypto_common-51e69f872257e8d4.rlib" "/opt/rustwide/target/debug/deps/libgeneric_array-96b5f8b414fbdd75.rlib" "/opt/rustwide/target/debug/deps/libtypenum-f8bcce2b4da82a7e.rlib" "/opt/rustwide/target/debug/deps/libuint-84ac3fa592a25c1f.rlib" "/opt/rustwide/target/debug/deps/libcrunchy-08f4843c0a638580.rlib" "/opt/rustwide/target/debug/deps/libstatic_assertions-3e50e277f96a204d.rlib" "/opt/rustwide/target/debug/deps/libhex-72ec0daf2bf2906b.rlib" "/opt/rustwide/target/debug/deps/libbyteorder-f47bc0e1adee4793.rlib" "/opt/rustwide/target/debug/deps/libthiserror-8cd4e54bfbb30de9.rlib" "/opt/rustwide/target/debug/deps/libserde-188f88206978fb02.rlib" "/opt/rustwide/rustup-home/toolchains/1.83.0-x86_64-unknown-linux-gnu/lib/rustlib/x86_64-unknown-linux-gnu/lib/libstd-ca74a2d9c5166d9f.rlib" "/opt/rustwide/rustup-home/toolchains/1.83.0-x86_64-unknown-linux-gnu/lib/rustlib/x86_64-unknown-linux-gnu/lib/libpanic_unwind-e31ab23316ed5080.rlib" "/opt/rustwide/rustup-home/toolchains/1.83.0-x86_64-unknown-linux-gnu/lib/rustlib/x86_64-unknown-linux-gnu/lib/libobject-27dc4aa955912662.rlib" "/opt/rustwide/rustup-home/toolchains/1.83.0-x86_64-unknown-linux-gnu/lib/rustlib/x86_64-unknown-linux-gnu/lib/libmemchr-bd0d6cccce077b99.rlib" "/opt/rustwide/rustup-home/toolchains/1.83.0-x86_64-unknown-linux-gnu/lib/rustlib/x86_64-unknown-linux-gnu/lib/libaddr2line-8d001680935b5e3c.rlib" "/opt/rustwide/rustup-home/toolchains/1.83.0-x86_64-unknown-linux-gnu/lib/rustlib/x86_64-unknown-linux-gnu/lib/libgimli-ba8ce71964f984f4.rlib" "/opt/rustwide/rustup-home/toolchains/1.83.0-x86_64-unknown-linux-gnu/lib/rustlib/x86_64-unknown-linux-gnu/lib/librustc_demangle-99a73526abcec14b.rlib" "/opt/rustwide/rustup-home/toolchains/1.83.0-x86_64-unknown-linux-gnu/lib/rustlib/x86_64-unknown-linux-gnu/lib/libstd_detect-63ac0d22cff92579.rlib" "/opt/rustwide/rustup-home/toolchains/1.83.0-x86_64-unknown-linux-gnu/lib/rustlib/x86_64-unknown-linux-gnu/lib/libhashbrown-9057355c92c922d5.rlib" "/opt/rustwide/rustup-home/toolchains/1.83.0-x86_64-unknown-linux-gnu/lib/rustlib/x86_64-unknown-linux-gnu/lib/librustc_std_workspace_alloc-358be9bc1f6bab04.rlib" "/opt/rustwide/rustup-home/toolchains/1.83.0-x86_64-unknown-linux-gnu/lib/rustlib/x86_64-unknown-linux-gnu/lib/libminiz_oxide-aca15549d5bff974.rlib" "/opt/rustwide/rustup-home/toolchains/1.83.0-x86_64-unknown-linux-gnu/lib/rustlib/x86_64-unknown-linux-gnu/lib/libadler-8251d2cef7072448.rlib" "/opt/rustwide/rustup-home/toolchains/1.83.0-x86_64-unknown-linux-gnu/lib/rustlib/x86_64-unknown-linux-gnu/lib/libunwind-7d50b86011c66411.rlib" "/opt/rustwide/rustup-home/toolchains/1.83.0-x86_64-unknown-linux-gnu/lib/rustlib/x86_64-unknown-linux-gnu/lib/libcfg_if-51ea098fce5006bf.rlib" "/opt/rustwide/rustup-home/toolchains/1.83.0-x86_64-unknown-linux-gnu/lib/rustlib/x86_64-unknown-linux-gnu/lib/liblibc-5a14e0d0b712e731.rlib" "/opt/rustwide/rustup-home/toolchains/1.83.0-x86_64-unknown-linux-gnu/lib/rustlib/x86_64-unknown-linux-gnu/lib/liballoc-8b83dbf3a7b8f999.rlib" "/opt/rustwide/rustup-home/toolchains/1.83.0-x86_64-unknown-linux-gnu/lib/rustlib/x86_64-unknown-linux-gnu/lib/librustc_std_workspace_core-c6fd227bdc7b39ff.rlib" "/opt/rustwide/rustup-home/toolchains/1.83.0-x86_64-unknown-linux-gnu/lib/rustlib/x86_64-unknown-linux-gnu/lib/libcore-959d3389fa3da8a5.rlib" "/opt/rustwide/rustup-home/toolchains/1.83.0-x86_64-unknown-linux-gnu/lib/rustlib/x86_64-unknown-linux-gnu/lib/libcompiler_builtins-abe05db089cc2c62.rlib" "-Wl,-Bdynamic" "-lgcc_s" "-lutil" "-lrt" "-lpthread" "-lm" "-ldl" "-lc" "-Wl,--eh-frame-hdr" "-Wl,-z,noexecstack" "-L" "/opt/rustwide/target/debug/build/ring-bf075f87466b64ce/out" "-L" "/opt/rustwide/target/debug/build/ring-d4c7707bd1b240a8/out" "-L" "/opt/rustwide/rustup-home/toolchains/1.83.0-x86_64-unknown-linux-gnu/lib/rustlib/x86_64-unknown-linux-gnu/lib" "-o" "/tmp/rustdoctestgFECUk/rust_out" "-Wl,--gc-sections" "-pie" "-Wl,-z,relro,-z,now" "-nodefaultlibs"
[INFO] [stdout]   = note: collect2: fatal error: ld terminated with signal 9 [Killed]
[INFO] [stdout]           compilation terminated.
[INFO] [stdout]           
[INFO] [stdout] 
[INFO] [stdout] error: aborting due to 1 previous error
[INFO] [stdout] 
[INFO] [stdout] Couldn't compile the test.
[INFO] [stdout] 
[INFO] [stdout] failures:
[INFO] [stdout]     src/universal_router/mod.rs - universal_router::UniversalRouter<M>::call (line 205)
[INFO] [stdout] 
[INFO] [stdout] test result: FAILED. 4 passed; 1 failed; 0 ignored; 0 measured; 0 filtered out; finished in 13.82s
[INFO] [stdout] 
[INFO] [stderr] error: doctest failed, to rerun pass `--doc`
[INFO] running `Command { std: "docker" "inspect" "0d56ae2f501d89cbe270064117a11489cf07b7553ef1fad8ee167cb9d3c215e9", kill_on_drop: false }`
[INFO] running `Command { std: "docker" "rm" "-f" "0d56ae2f501d89cbe270064117a11489cf07b7553ef1fad8ee167cb9d3c215e9", kill_on_drop: false }`
[INFO] [stdout] 0d56ae2f501d89cbe270064117a11489cf07b7553ef1fad8ee167cb9d3c215e9
