[INFO] cloning repository https://github.com/DaimaoPPK/EZModpacker
[INFO] running `Command { std: "git" "-c" "credential.helper=" "-c" "credential.helper=/workspace/cargo-home/bin/git-credential-null" "clone" "--bare" "https://github.com/DaimaoPPK/EZModpacker" "/workspace/cache/git-repos/https%3A%2F%2Fgithub.com%2FDaimaoPPK%2FEZModpacker", kill_on_drop: false }`
[INFO] [stderr] Cloning into bare repository '/workspace/cache/git-repos/https%3A%2F%2Fgithub.com%2FDaimaoPPK%2FEZModpacker'...
[INFO] running `Command { std: "git" "rev-parse" "HEAD", kill_on_drop: false }`
[INFO] [stdout] 42922e23fbd5327861d4067321f939123c017189
[INFO] testing DaimaoPPK/EZModpacker against beta-2024-12-08 for beta-1.84.0-4-retry
[INFO] running `Command { std: "git" "clone" "/workspace/cache/git-repos/https%3A%2F%2Fgithub.com%2FDaimaoPPK%2FEZModpacker" "/workspace/builds/worker-0-tc2/source", kill_on_drop: false }`
[INFO] [stderr] Cloning into '/workspace/builds/worker-0-tc2/source'...
[INFO] [stderr] done.
[INFO] validating manifest of git repo https://github.com/DaimaoPPK/EZModpacker on toolchain beta-2024-12-08
[INFO] running `Command { std: CARGO_HOME="/workspace/cargo-home" RUSTUP_HOME="/workspace/rustup-home" "/workspace/cargo-home/bin/cargo" "+beta-2024-12-08" "metadata" "--manifest-path" "Cargo.toml" "--no-deps", kill_on_drop: false }`
[INFO] started tweaking git repo https://github.com/DaimaoPPK/EZModpacker
[INFO] finished tweaking git repo https://github.com/DaimaoPPK/EZModpacker
[INFO] tweaked toml for git repo https://github.com/DaimaoPPK/EZModpacker written to /workspace/builds/worker-0-tc2/source/Cargo.toml
[INFO] crate git repo https://github.com/DaimaoPPK/EZModpacker already has a lockfile, it will not be regenerated
[INFO] running `Command { std: CARGO_HOME="/workspace/cargo-home" RUSTUP_HOME="/workspace/rustup-home" "/workspace/cargo-home/bin/cargo" "+beta-2024-12-08" "fetch" "--manifest-path" "Cargo.toml", kill_on_drop: false }`
[INFO] running `Command { std: "docker" "create" "-v" "/var/lib/crater-agent-workspace/builds/worker-0-tc2/target:/opt/rustwide/target:rw,Z" "-v" "/var/lib/crater-agent-workspace/builds/worker-0-tc2/source:/opt/rustwide/workdir:ro,Z" "-v" "/var/lib/crater-agent-workspace/cargo-home:/opt/rustwide/cargo-home:ro,Z" "-v" "/var/lib/crater-agent-workspace/rustup-home:/opt/rustwide/rustup-home:ro,Z" "-e" "SOURCE_DIR=/opt/rustwide/workdir" "-e" "CARGO_TARGET_DIR=/opt/rustwide/target" "-e" "CARGO_HOME=/opt/rustwide/cargo-home" "-e" "RUSTUP_HOME=/opt/rustwide/rustup-home" "-w" "/opt/rustwide/workdir" "-m" "1610612736" "--user" "0:0" "--network" "none" "ghcr.io/rust-lang/crates-build-env/linux@sha256:f3a9d4ad9d972b27faf3965f35b62e55ba32bbce8f20bc8fe909558a86702fde" "/opt/rustwide/cargo-home/bin/cargo" "+beta-2024-12-08" "metadata" "--no-deps" "--format-version=1", kill_on_drop: false }`
[INFO] [stdout] 8e82cd17419d6d2030cabc81180757b3e6b4e30a9f0f6b55270a7afa3573ed49
[INFO] running `Command { std: "docker" "start" "-a" "8e82cd17419d6d2030cabc81180757b3e6b4e30a9f0f6b55270a7afa3573ed49", kill_on_drop: false }`
[INFO] running `Command { std: "docker" "inspect" "8e82cd17419d6d2030cabc81180757b3e6b4e30a9f0f6b55270a7afa3573ed49", kill_on_drop: false }`
[INFO] running `Command { std: "docker" "rm" "-f" "8e82cd17419d6d2030cabc81180757b3e6b4e30a9f0f6b55270a7afa3573ed49", kill_on_drop: false }`
[INFO] [stdout] 8e82cd17419d6d2030cabc81180757b3e6b4e30a9f0f6b55270a7afa3573ed49
[INFO] running `Command { std: "docker" "create" "-v" "/var/lib/crater-agent-workspace/builds/worker-0-tc2/target:/opt/rustwide/target:rw,Z" "-v" "/var/lib/crater-agent-workspace/builds/worker-0-tc2/source:/opt/rustwide/workdir:ro,Z" "-v" "/var/lib/crater-agent-workspace/cargo-home:/opt/rustwide/cargo-home:ro,Z" "-v" "/var/lib/crater-agent-workspace/rustup-home:/opt/rustwide/rustup-home:ro,Z" "-e" "SOURCE_DIR=/opt/rustwide/workdir" "-e" "CARGO_TARGET_DIR=/opt/rustwide/target" "-e" "CARGO_INCREMENTAL=0" "-e" "RUST_BACKTRACE=full" "-e" "RUSTFLAGS=--cap-lints=warn" "-e" "RUSTDOCFLAGS=--cap-lints=warn" "-e" "CARGO_HOME=/opt/rustwide/cargo-home" "-e" "RUSTUP_HOME=/opt/rustwide/rustup-home" "-w" "/opt/rustwide/workdir" "-m" "1610612736" "--user" "0:0" "--network" "none" "ghcr.io/rust-lang/crates-build-env/linux@sha256:f3a9d4ad9d972b27faf3965f35b62e55ba32bbce8f20bc8fe909558a86702fde" "/opt/rustwide/cargo-home/bin/cargo" "+beta-2024-12-08" "build" "--frozen" "--message-format=json", kill_on_drop: false }`
[INFO] [stdout] 4f6b2923d2df01e27ce2ddbf8e4415163caae334467845944587f45507dbf00a
[INFO] running `Command { std: "docker" "start" "-a" "4f6b2923d2df01e27ce2ddbf8e4415163caae334467845944587f45507dbf00a", kill_on_drop: false }`
[INFO] [stderr]    Compiling cc v1.0.71
[INFO] [stderr]    Compiling libc v0.2.103
[INFO] [stderr]    Compiling untrusted v0.7.1
[INFO] [stderr]    Compiling spin v0.5.2
[INFO] [stderr]    Compiling once_cell v1.8.0
[INFO] [stderr]    Compiling proc-macro2 v1.0.30
[INFO] [stderr]    Compiling log v0.4.14
[INFO] [stderr]    Compiling unicode-xid v0.2.2
[INFO] [stderr]    Compiling ucd-trie v0.1.3
[INFO] [stderr]    Compiling syn v1.0.80
[INFO] [stderr]    Compiling cfg-if v1.0.0
[INFO] [stderr]    Compiling minreq v2.4.2
[INFO] [stderr]    Compiling maplit v1.0.2
[INFO] [stderr]    Compiling base64 v0.13.0
[INFO] [stderr]    Compiling lazy_static v1.4.0
[INFO] [stderr]    Compiling punycode v0.4.1
[INFO] [stderr]    Compiling pest v2.1.3
[INFO] [stderr]    Compiling pest_meta v2.1.3
[INFO] [stderr]    Compiling quote v1.0.10
[INFO] [stderr]    Compiling ring v0.16.20
[INFO] [stderr]    Compiling pest_generator v2.1.3
[INFO] [stderr]    Compiling webpki v0.21.4
[INFO] [stderr]    Compiling sct v0.6.1
[INFO] [stderr]    Compiling pest_derive v2.1.0
[INFO] [stderr]    Compiling rustls v0.19.1
[INFO] [stderr]    Compiling webpki-roots v0.18.0
[INFO] [stderr]    Compiling evildownloader v0.1.0 (https://github.com/DaimaoPPK/EvilDownloader?branch=main#35c2a723)
[INFO] [stderr]    Compiling ezmodpacker v0.1.0 (/opt/rustwide/workdir)
[INFO] [stderr]     Finished `dev` profile [unoptimized + debuginfo] target(s) in 17.32s
[INFO] running `Command { std: "docker" "inspect" "4f6b2923d2df01e27ce2ddbf8e4415163caae334467845944587f45507dbf00a", kill_on_drop: false }`
[INFO] running `Command { std: "docker" "rm" "-f" "4f6b2923d2df01e27ce2ddbf8e4415163caae334467845944587f45507dbf00a", kill_on_drop: false }`
[INFO] [stdout] 4f6b2923d2df01e27ce2ddbf8e4415163caae334467845944587f45507dbf00a
[INFO] running `Command { std: "docker" "create" "-v" "/var/lib/crater-agent-workspace/builds/worker-0-tc2/target:/opt/rustwide/target:rw,Z" "-v" "/var/lib/crater-agent-workspace/builds/worker-0-tc2/source:/opt/rustwide/workdir:ro,Z" "-v" "/var/lib/crater-agent-workspace/cargo-home:/opt/rustwide/cargo-home:ro,Z" "-v" "/var/lib/crater-agent-workspace/rustup-home:/opt/rustwide/rustup-home:ro,Z" "-e" "SOURCE_DIR=/opt/rustwide/workdir" "-e" "CARGO_TARGET_DIR=/opt/rustwide/target" "-e" "CARGO_INCREMENTAL=0" "-e" "RUST_BACKTRACE=full" "-e" "RUSTFLAGS=--cap-lints=warn" "-e" "RUSTDOCFLAGS=--cap-lints=warn" "-e" "CARGO_HOME=/opt/rustwide/cargo-home" "-e" "RUSTUP_HOME=/opt/rustwide/rustup-home" "-w" "/opt/rustwide/workdir" "-m" "1610612736" "--user" "0:0" "--network" "none" "ghcr.io/rust-lang/crates-build-env/linux@sha256:f3a9d4ad9d972b27faf3965f35b62e55ba32bbce8f20bc8fe909558a86702fde" "/opt/rustwide/cargo-home/bin/cargo" "+beta-2024-12-08" "test" "--frozen" "--no-run" "--message-format=json", kill_on_drop: false }`
[INFO] [stdout] 5a3d80132f0cadaf660d805170ccf7774452d31e92fd76fb89b46c2f75ca5dae
[INFO] running `Command { std: "docker" "start" "-a" "5a3d80132f0cadaf660d805170ccf7774452d31e92fd76fb89b46c2f75ca5dae", kill_on_drop: false }`
[INFO] [stderr]    Compiling ezmodpacker v0.1.0 (/opt/rustwide/workdir)
[INFO] [stderr]     Finished `test` profile [unoptimized + debuginfo] target(s) in 0.69s
[INFO] running `Command { std: "docker" "inspect" "5a3d80132f0cadaf660d805170ccf7774452d31e92fd76fb89b46c2f75ca5dae", kill_on_drop: false }`
[INFO] running `Command { std: "docker" "rm" "-f" "5a3d80132f0cadaf660d805170ccf7774452d31e92fd76fb89b46c2f75ca5dae", kill_on_drop: false }`
[INFO] [stdout] 5a3d80132f0cadaf660d805170ccf7774452d31e92fd76fb89b46c2f75ca5dae
[INFO] running `Command { std: "docker" "create" "-v" "/var/lib/crater-agent-workspace/builds/worker-0-tc2/target:/opt/rustwide/target:rw,Z" "-v" "/var/lib/crater-agent-workspace/builds/worker-0-tc2/source:/opt/rustwide/workdir:ro,Z" "-v" "/var/lib/crater-agent-workspace/cargo-home:/opt/rustwide/cargo-home:ro,Z" "-v" "/var/lib/crater-agent-workspace/rustup-home:/opt/rustwide/rustup-home:ro,Z" "-e" "SOURCE_DIR=/opt/rustwide/workdir" "-e" "CARGO_TARGET_DIR=/opt/rustwide/target" "-e" "CARGO_INCREMENTAL=0" "-e" "RUST_BACKTRACE=full" "-e" "RUSTFLAGS=--cap-lints=warn" "-e" "RUSTDOCFLAGS=--cap-lints=warn" "-e" "CARGO_HOME=/opt/rustwide/cargo-home" "-e" "RUSTUP_HOME=/opt/rustwide/rustup-home" "-w" "/opt/rustwide/workdir" "-m" "1610612736" "--user" "0:0" "--network" "none" "ghcr.io/rust-lang/crates-build-env/linux@sha256:f3a9d4ad9d972b27faf3965f35b62e55ba32bbce8f20bc8fe909558a86702fde" "/opt/rustwide/cargo-home/bin/cargo" "+beta-2024-12-08" "test" "--frozen", kill_on_drop: false }`
[INFO] [stdout] 105491858b50fbd495fa20a20bf203fb6714135647c68278ece5692e1165abd7
[INFO] running `Command { std: "docker" "start" "-a" "105491858b50fbd495fa20a20bf203fb6714135647c68278ece5692e1165abd7", kill_on_drop: false }`
[INFO] [stderr]     Finished `test` profile [unoptimized + debuginfo] target(s) in 0.05s
[INFO] [stderr]      Running unittests src/lib.rs (/opt/rustwide/target/debug/deps/ezmodpacker-b40dc73c5aeb0a56)
[INFO] [stdout] 
[INFO] [stdout] running 0 tests
[INFO] [stdout] 
[INFO] [stdout] test result: ok. 0 passed; 0 failed; 0 ignored; 0 measured; 0 filtered out; finished in 0.00s
[INFO] [stdout] 
[INFO] [stderr]      Running unittests src/main.rs (/opt/rustwide/target/debug/deps/ezmodpacker-ab10d8d474e1cab2)
[INFO] [stdout] 
[INFO] [stdout] running 0 tests
[INFO] [stdout] 
[INFO] [stdout] test result: ok. 0 passed; 0 failed; 0 ignored; 0 measured; 0 filtered out; finished in 0.00s
[INFO] [stdout] 
[INFO] [stderr]    Doc-tests ezmodpacker
[INFO] [stdout] 
[INFO] [stdout] running 2 tests
[INFO] [stdout] test src/operations.rs - operations::Interpreter::eval (line 50) ... FAILED
[INFO] [stdout] test src/parser.rs - parser::parse (line 22) ... FAILED
[INFO] [stdout] 
[INFO] [stdout] failures:
[INFO] [stdout] 
[INFO] [stdout] ---- src/operations.rs - operations::Interpreter::eval (line 50) stdout ----
[INFO] [stdout] error[E0433]: failed to resolve: use of undeclared crate or module `parser`
[INFO] [stdout]  --> src/operations.rs:51:11
[INFO] [stdout]   |
[INFO] [stdout] 3 | let ast = parser::parse(file_content).unwrap();
[INFO] [stdout]   |           ^^^^^^ use of undeclared crate or module `parser`
[INFO] [stdout]   |
[INFO] [stdout] help: consider importing this module
[INFO] [stdout]   |
[INFO] [stdout] 2 + use ezmodpacker::parser;
[INFO] [stdout]   |
[INFO] [stdout] 
[INFO] [stdout] error[E0425]: cannot find value `file_content` in this scope
[INFO] [stdout]  --> src/operations.rs:51:25
[INFO] [stdout]   |
[INFO] [stdout] 3 | let ast = parser::parse(file_content).unwrap();
[INFO] [stdout]   |                         ^^^^^^^^^^^^ not found in this scope
[INFO] [stdout] 
[INFO] [stdout] error[E0433]: failed to resolve: use of undeclared crate or module `operations`
[INFO] [stdout]  --> src/operations.rs:52:23
[INFO] [stdout]   |
[INFO] [stdout] 4 | let mut interpreter = operations::Interpreter::new();
[INFO] [stdout]   |                       ^^^^^^^^^^ use of undeclared crate or module `operations`
[INFO] [stdout]   |
[INFO] [stdout] help: consider importing this struct
[INFO] [stdout]   |
[INFO] [stdout] 2 + use ezmodpacker::operations::Interpreter;
[INFO] [stdout]   |
[INFO] [stdout] help: if you import `Interpreter`, refer to it directly
[INFO] [stdout]   |
[INFO] [stdout] 4 - let mut interpreter = operations::Interpreter::new();
[INFO] [stdout] 4 + let mut interpreter = Interpreter::new();
[INFO] [stdout]   |
[INFO] [stdout] 
[INFO] [stdout] error: aborting due to 3 previous errors
[INFO] [stdout] 
[INFO] [stdout] Some errors have detailed explanations: E0425, E0433.
[INFO] [stdout] For more information about an error, try `rustc --explain E0425`.
[INFO] [stdout] Couldn't compile the test.
[INFO] [stdout] ---- src/parser.rs - parser::parse (line 22) stdout ----
[INFO] [stdout] error[E0433]: failed to resolve: use of undeclared crate or module `fs`
[INFO] [stdout]  --> src/parser.rs:27:16
[INFO] [stdout]   |
[INFO] [stdout] 8 |     let file = fs::read_to_string(arg)
[INFO] [stdout]   |                ^^ use of undeclared crate or module `fs`
[INFO] [stdout]   |
[INFO] [stdout] help: consider importing this module
[INFO] [stdout]   |
[INFO] [stdout] 2 + use std::fs;
[INFO] [stdout]   |
[INFO] [stdout] 
[INFO] [stdout] error[E0425]: cannot find function `parse` in this scope
[INFO] [stdout]   --> src/parser.rs:29:5
[INFO] [stdout]    |
[INFO] [stdout] 10 |     parse(parser::parse(file));
[INFO] [stdout]    |     ^^^^^ not found in this scope
[INFO] [stdout]    |
[INFO] [stdout] help: consider importing this function
[INFO] [stdout]    |
[INFO] [stdout] 2  + use ezmodpacker::parser::parse;
[INFO] [stdout]    |
[INFO] [stdout] 
[INFO] [stdout] error: aborting due to 2 previous errors
[INFO] [stdout] 
[INFO] [stdout] Some errors have detailed explanations: E0425, E0433.
[INFO] [stdout] For more information about an error, try `rustc --explain E0425`.
[INFO] [stdout] Couldn't compile the test.
[INFO] [stdout] 
[INFO] [stdout] failures:
[INFO] [stdout]     src/operations.rs - operations::Interpreter::eval (line 50)
[INFO] [stdout]     src/parser.rs - parser::parse (line 22)
[INFO] [stdout] 
[INFO] [stdout] test result: FAILED. 0 passed; 2 failed; 0 ignored; 0 measured; 0 filtered out; finished in 0.10s
[INFO] [stdout] 
[INFO] [stderr] error: doctest failed, to rerun pass `--doc`
[INFO] running `Command { std: "docker" "inspect" "105491858b50fbd495fa20a20bf203fb6714135647c68278ece5692e1165abd7", kill_on_drop: false }`
[INFO] running `Command { std: "docker" "rm" "-f" "105491858b50fbd495fa20a20bf203fb6714135647c68278ece5692e1165abd7", kill_on_drop: false }`
[INFO] [stdout] 105491858b50fbd495fa20a20bf203fb6714135647c68278ece5692e1165abd7
