[INFO] cloning repository https://github.com/DNYFZR/rs-geospatial
[INFO] running `Command { std: "git" "-c" "credential.helper=" "-c" "credential.helper=/workspace/cargo-home/bin/git-credential-null" "clone" "--bare" "https://github.com/DNYFZR/rs-geospatial" "/workspace/cache/git-repos/https%3A%2F%2Fgithub.com%2FDNYFZR%2Frs-geospatial", kill_on_drop: false }`
[INFO] [stderr] Cloning into bare repository '/workspace/cache/git-repos/https%3A%2F%2Fgithub.com%2FDNYFZR%2Frs-geospatial'...
[INFO] running `Command { std: "git" "rev-parse" "HEAD", kill_on_drop: false }`
[INFO] [stdout] ee1e5ab36fceec9845bb739bb1c33cf37c400525
[INFO] testing DNYFZR/rs-geospatial against beta-2024-12-08 for beta-1.84.0-4-retry
[INFO] running `Command { std: "git" "clone" "/workspace/cache/git-repos/https%3A%2F%2Fgithub.com%2FDNYFZR%2Frs-geospatial" "/workspace/builds/worker-4-tc2/source", kill_on_drop: false }`
[INFO] [stderr] Cloning into '/workspace/builds/worker-4-tc2/source'...
[INFO] [stderr] done.
[INFO] validating manifest of git repo https://github.com/DNYFZR/rs-geospatial on toolchain beta-2024-12-08
[INFO] running `Command { std: CARGO_HOME="/workspace/cargo-home" RUSTUP_HOME="/workspace/rustup-home" "/workspace/cargo-home/bin/cargo" "+beta-2024-12-08" "metadata" "--manifest-path" "Cargo.toml" "--no-deps", kill_on_drop: false }`
[INFO] started tweaking git repo https://github.com/DNYFZR/rs-geospatial
[INFO] finished tweaking git repo https://github.com/DNYFZR/rs-geospatial
[INFO] tweaked toml for git repo https://github.com/DNYFZR/rs-geospatial written to /workspace/builds/worker-4-tc2/source/Cargo.toml
[INFO] crate git repo https://github.com/DNYFZR/rs-geospatial already has a lockfile, it will not be regenerated
[INFO] running `Command { std: CARGO_HOME="/workspace/cargo-home" RUSTUP_HOME="/workspace/rustup-home" "/workspace/cargo-home/bin/cargo" "+beta-2024-12-08" "fetch" "--manifest-path" "Cargo.toml", kill_on_drop: false }`
[INFO] running `Command { std: "docker" "create" "-v" "/var/lib/crater-agent-workspace/builds/worker-4-tc2/target:/opt/rustwide/target:rw,Z" "-v" "/var/lib/crater-agent-workspace/builds/worker-4-tc2/source:/opt/rustwide/workdir:ro,Z" "-v" "/var/lib/crater-agent-workspace/cargo-home:/opt/rustwide/cargo-home:ro,Z" "-v" "/var/lib/crater-agent-workspace/rustup-home:/opt/rustwide/rustup-home:ro,Z" "-e" "SOURCE_DIR=/opt/rustwide/workdir" "-e" "CARGO_TARGET_DIR=/opt/rustwide/target" "-e" "CARGO_HOME=/opt/rustwide/cargo-home" "-e" "RUSTUP_HOME=/opt/rustwide/rustup-home" "-w" "/opt/rustwide/workdir" "-m" "1610612736" "--user" "0:0" "--network" "none" "ghcr.io/rust-lang/crates-build-env/linux@sha256:f3a9d4ad9d972b27faf3965f35b62e55ba32bbce8f20bc8fe909558a86702fde" "/opt/rustwide/cargo-home/bin/cargo" "+beta-2024-12-08" "metadata" "--no-deps" "--format-version=1", kill_on_drop: false }`
[INFO] [stdout] 67ca04f4a27be61ca40d673195620d0b47cd9930521ab92a40b3a7d5c8257dc3
[INFO] running `Command { std: "docker" "start" "-a" "67ca04f4a27be61ca40d673195620d0b47cd9930521ab92a40b3a7d5c8257dc3", kill_on_drop: false }`
[INFO] running `Command { std: "docker" "inspect" "67ca04f4a27be61ca40d673195620d0b47cd9930521ab92a40b3a7d5c8257dc3", kill_on_drop: false }`
[INFO] running `Command { std: "docker" "rm" "-f" "67ca04f4a27be61ca40d673195620d0b47cd9930521ab92a40b3a7d5c8257dc3", kill_on_drop: false }`
[INFO] [stdout] 67ca04f4a27be61ca40d673195620d0b47cd9930521ab92a40b3a7d5c8257dc3
[INFO] running `Command { std: "docker" "create" "-v" "/var/lib/crater-agent-workspace/builds/worker-4-tc2/target:/opt/rustwide/target:rw,Z" "-v" "/var/lib/crater-agent-workspace/builds/worker-4-tc2/source:/opt/rustwide/workdir:ro,Z" "-v" "/var/lib/crater-agent-workspace/cargo-home:/opt/rustwide/cargo-home:ro,Z" "-v" "/var/lib/crater-agent-workspace/rustup-home:/opt/rustwide/rustup-home:ro,Z" "-e" "SOURCE_DIR=/opt/rustwide/workdir" "-e" "CARGO_TARGET_DIR=/opt/rustwide/target" "-e" "CARGO_INCREMENTAL=0" "-e" "RUST_BACKTRACE=full" "-e" "RUSTFLAGS=--cap-lints=warn" "-e" "RUSTDOCFLAGS=--cap-lints=warn" "-e" "CARGO_HOME=/opt/rustwide/cargo-home" "-e" "RUSTUP_HOME=/opt/rustwide/rustup-home" "-w" "/opt/rustwide/workdir" "-m" "1610612736" "--user" "0:0" "--network" "none" "ghcr.io/rust-lang/crates-build-env/linux@sha256:f3a9d4ad9d972b27faf3965f35b62e55ba32bbce8f20bc8fe909558a86702fde" "/opt/rustwide/cargo-home/bin/cargo" "+beta-2024-12-08" "build" "--frozen" "--message-format=json", kill_on_drop: false }`
[INFO] [stdout] 837317153ec61da02bfb54e36cdc52b10f9696a521b199e710e801cc18cc127b
[INFO] running `Command { std: "docker" "start" "-a" "837317153ec61da02bfb54e36cdc52b10f9696a521b199e710e801cc18cc127b", kill_on_drop: false }`
[INFO] [stderr]    Compiling proc-macro2 v1.0.89
[INFO] [stderr]    Compiling shlex v1.3.0
[INFO] [stderr]    Compiling pkg-config v0.3.31
[INFO] [stderr]    Compiling version_check v0.9.5
[INFO] [stderr]    Compiling stable_deref_trait v1.2.0
[INFO] [stderr]    Compiling once_cell v1.20.2
[INFO] [stderr]    Compiling byteorder v1.5.0
[INFO] [stderr]    Compiling smallvec v1.13.2
[INFO] [stderr]    Compiling vcpkg v0.2.15
[INFO] [stderr]    Compiling typenum v1.17.0
[INFO] [stderr]    Compiling itoa v1.0.13
[INFO] [stderr]    Compiling libm v0.2.11
[INFO] [stderr]    Compiling crossbeam-utils v0.8.20
[INFO] [stderr]    Compiling serde v1.0.215
[INFO] [stderr]    Compiling bytes v1.8.0
[INFO] [stderr]    Compiling jobserver v0.1.32
[INFO] [stderr]    Compiling pin-project-lite v0.2.15
[INFO] [stderr]    Compiling num-traits v0.2.19
[INFO] [stderr]    Compiling futures-core v0.3.31
[INFO] [stderr]    Compiling slab v0.4.9
[INFO] [stderr]    Compiling litemap v0.7.4
[INFO] [stderr]    Compiling futures-sink v0.3.31
[INFO] [stderr]    Compiling writeable v0.5.5
[INFO] [stderr]    Compiling socket2 v0.5.7
[INFO] [stderr]    Compiling mio v1.0.2
[INFO] [stderr]    Compiling fnv v1.0.7
[INFO] [stderr]    Compiling rayon-core v1.12.1
[INFO] [stderr]    Compiling cc v1.2.1
[INFO] [stderr]    Compiling generic-array v0.14.7
[INFO] [stderr]    Compiling bitflags v2.6.0
[INFO] [stderr]    Compiling either v1.13.0
[INFO] [stderr]    Compiling ahash v0.8.11
[INFO] [stderr]    Compiling http v1.1.0
[INFO] [stderr]    Compiling heapless v0.8.0
[INFO] [stderr]    Compiling hashbrown v0.15.1
[INFO] [stderr]    Compiling equivalent v1.0.1
[INFO] [stderr]    Compiling icu_locid_transform_data v1.5.0
[INFO] [stderr]    Compiling tokio v1.41.1
[INFO] [stderr]    Compiling hash32 v0.3.1
[INFO] [stderr]    Compiling tracing-core v0.1.33
[INFO] [stderr]    Compiling foreign-types-shared v0.1.1
[INFO] [stderr]    Compiling icu_properties_data v1.5.0
[INFO] [stderr]    Compiling futures-task v0.3.31
[INFO] [stderr]    Compiling crossbeam-epoch v0.9.18
[INFO] [stderr]    Compiling pin-utils v0.1.0
[INFO] [stderr]    Compiling futures-io v0.3.31
[INFO] [stderr]    Compiling httparse v1.9.5
[INFO] [stderr]    Compiling openssl v0.10.68
[INFO] [stderr]    Compiling thiserror v1.0.69
[INFO] [stderr]    Compiling tracing v0.1.40
[INFO] [stderr]    Compiling quote v1.0.37
[INFO] [stderr]    Compiling futures-util v0.3.31
[INFO] [stderr]    Compiling crossbeam-deque v0.8.5
[INFO] [stderr]    Compiling foreign-types v0.3.2
[INFO] [stderr]    Compiling icu_normalizer_data v1.5.0
[INFO] [stderr]    Compiling subtle v2.6.1
[INFO] [stderr]    Compiling syn v2.0.87
[INFO] [stderr]    Compiling try-lock v0.2.5
[INFO] [stderr]    Compiling utf16_iter v1.0.5
[INFO] [stderr]    Compiling native-tls v0.2.12
[INFO] [stderr]    Compiling write16 v1.0.0
[INFO] [stderr]    Compiling utf8_iter v1.0.4
[INFO] [stderr]    Compiling atomic-waker v1.1.2
[INFO] [stderr]    Compiling allocator-api2 v0.2.20
[INFO] [stderr]    Compiling want v0.3.1
[INFO] [stderr]    Compiling futures-channel v0.3.31
[INFO] [stderr]    Compiling getrandom v0.2.15
[INFO] [stderr]    Compiling zstd-safe v7.2.1
[INFO] [stderr]    Compiling indexmap v2.6.0
[INFO] [stderr]    Compiling http-body v1.0.1
[INFO] [stderr]    Compiling percent-encoding v2.3.1
[INFO] [stderr]    Compiling openssl-probe v0.1.5
[INFO] [stderr]    Compiling serde_json v1.0.133
[INFO] [stderr]    Compiling rand_core v0.6.4
[INFO] [stderr]    Compiling crc32fast v1.4.2
[INFO] [stderr]    Compiling rustix v0.38.41
[INFO] [stderr]    Compiling tower-service v0.3.3
[INFO] [stderr]    Compiling form_urlencoded v1.2.1
[INFO] [stderr]    Compiling thiserror v2.0.3
[INFO] [stderr]    Compiling crypto-common v0.1.6
[INFO] [stderr]    Compiling block-buffer v0.10.4
[INFO] [stderr]    Compiling rstar v0.12.2
[INFO] [stderr]    Compiling rayon v1.10.0
[INFO] [stderr]    Compiling approx v0.5.1
[INFO] [stderr]    Compiling inout v0.1.3
[INFO] [stderr]    Compiling crc-catalog v2.4.0
[INFO] [stderr]    Compiling adler2 v2.0.0
[INFO] [stderr]    Compiling digest v0.10.7
[INFO] [stderr]    Compiling cpufeatures v0.2.15
[INFO] [stderr]    Compiling powerfmt v0.2.0
[INFO] [stderr]    Compiling miniz_oxide v0.8.0
[INFO] [stderr]    Compiling cipher v0.4.4
[INFO] [stderr]    Compiling crc v3.2.1
[INFO] [stderr]    Compiling itertools v0.11.0
[INFO] [stderr]    Compiling openssl-sys v0.9.104
[INFO] [stderr]    Compiling zstd-sys v2.0.13+zstd.1.5.6
[INFO] [stderr]    Compiling bzip2-sys v0.1.11+1.0.8
[INFO] [stderr]    Compiling libsqlite3-sys v0.30.1
[INFO] [stderr]    Compiling hmac v0.12.1
[INFO] [stderr]    Compiling deranged v0.3.11
[INFO] [stderr]    Compiling linux-raw-sys v0.4.14
[INFO] [stderr]    Compiling bumpalo v3.16.0
[INFO] [stderr]    Compiling i_tree v0.8.3
[INFO] [stderr]    Compiling zip v2.2.1
[INFO] [stderr]    Compiling num-conv v0.1.0
[INFO] [stderr]    Compiling simd-adler32 v0.3.7
[INFO] [stderr]    Compiling rustls-pki-types v1.10.0
[INFO] [stderr]    Compiling lockfree-object-pool v0.1.6
[INFO] [stderr]    Compiling i_key_sort v0.2.0
[INFO] [stderr]    Compiling robust v1.1.0
[INFO] [stderr]    Compiling geozero v0.14.0
[INFO] [stderr]    Compiling time-core v0.1.2
[INFO] [stderr]    Compiling zopfli v0.8.1
[INFO] [stderr]    Compiling rustls-pemfile v2.2.0
[INFO] [stderr]    Compiling flate2 v1.0.35
[INFO] [stderr]    Compiling lzma-rs v0.3.0
[INFO] [stderr]    Compiling time v0.3.36
[INFO] [stderr]    Compiling pbkdf2 v0.12.2
[INFO] [stderr]    Compiling aes v0.8.4
[INFO] [stderr]    Compiling sha1 v0.10.6
[INFO] [stderr]    Compiling geographiclib-rs v0.2.4
[INFO] [stderr]    Compiling bzip2 v0.4.4
[INFO] [stderr]    Compiling sync_wrapper v1.0.2
[INFO] [stderr]    Compiling encoding_rs v0.8.35
[INFO] [stderr]    Compiling earcutr v0.4.3
[INFO] [stderr]    Compiling scroll v0.11.0
[INFO] [stderr]    Compiling constant_time_eq v0.3.1
[INFO] [stderr]    Compiling mime v0.3.17
[INFO] [stderr]    Compiling ipnet v2.10.1
[INFO] [stderr]    Compiling base64 v0.22.1
[INFO] [stderr]    Compiling fallible-streaming-iterator v0.1.9
[INFO] [stderr]    Compiling float_next_after v1.0.0
[INFO] [stderr]    Compiling fastrand v2.2.0
[INFO] [stderr]    Compiling fallible-iterator v0.3.0
[INFO] [stderr]    Compiling deflate64 v0.1.9
[INFO] [stderr]    Compiling crs-definitions v0.3.0
[INFO] [stderr]    Compiling geo-types v0.7.14
[INFO] [stderr]    Compiling http-body-util v0.1.2
[INFO] [stderr]    Compiling tempfile v3.14.0
[INFO] [stderr]    Compiling synstructure v0.13.1
[INFO] [stderr]    Compiling tokio-util v0.7.12
[INFO] [stderr]    Compiling h2 v0.4.7
[INFO] [stderr]    Compiling zerofrom-derive v0.1.5
[INFO] [stderr]    Compiling yoke-derive v0.7.5
[INFO] [stderr]    Compiling zerovec-derive v0.10.3
[INFO] [stderr]    Compiling displaydoc v0.2.5
[INFO] [stderr]    Compiling zerocopy-derive v0.7.35
[INFO] [stderr]    Compiling serde_derive v1.0.215
[INFO] [stderr]    Compiling icu_provider_macros v1.5.0
[INFO] [stderr]    Compiling openssl-macros v0.1.1
[INFO] [stderr]    Compiling thiserror-impl v1.0.69
[INFO] [stderr]    Compiling zeroize_derive v1.4.2
[INFO] [stderr]    Compiling thiserror-impl v2.0.3
[INFO] [stderr]    Compiling zeroize v1.8.1
[INFO] [stderr]    Compiling zerocopy v0.7.35
[INFO] [stderr]    Compiling zerofrom v0.1.5
[INFO] [stderr]    Compiling yoke v0.7.5
[INFO] [stderr]    Compiling wkt v0.11.1
[INFO] [stderr]    Compiling proj4rs v0.1.5
[INFO] [stderr]    Compiling zerovec v0.10.4
[INFO] [stderr]    Compiling ppv-lite86 v0.2.20
[INFO] [stderr]    Compiling hashbrown v0.14.5
[INFO] [stderr]    Compiling zstd v0.13.2
[INFO] [stderr]    Compiling rand_chacha v0.3.1
[INFO] [stderr]    Compiling rand v0.8.5
[INFO] [stderr]    Compiling spade v2.12.1
[INFO] [stderr]    Compiling hashlink v0.9.1
[INFO] [stderr]    Compiling tinystr v0.7.6
[INFO] [stderr]    Compiling icu_collections v1.5.0
[INFO] [stderr]    Compiling hyper v1.5.1
[INFO] [stderr]    Compiling icu_locid v1.5.0
[INFO] [stderr]    Compiling icu_provider v1.5.0
[INFO] [stderr]    Compiling hyper-util v0.1.10
[INFO] [stderr]    Compiling icu_locid_transform v1.5.0
[INFO] [stderr]    Compiling tokio-native-tls v0.3.1
[INFO] [stderr]    Compiling icu_properties v1.5.1
[INFO] [stderr]    Compiling hyper-tls v0.6.0
[INFO] [stderr]    Compiling i_float v1.3.1
[INFO] [stderr]    Compiling serde_urlencoded v0.7.1
[INFO] [stderr]    Compiling i_shape v1.3.1
[INFO] [stderr]    Compiling i_overlay v1.7.4
[INFO] [stderr]    Compiling icu_normalizer v1.5.0
[INFO] [stderr]    Compiling geojson v0.24.1
[INFO] [stderr]    Compiling rusqlite v0.32.1
[INFO] [stderr]    Compiling geo v0.29.2
[INFO] [stderr]    Compiling idna_adapter v1.2.0
[INFO] [stderr]    Compiling idna v1.0.3
[INFO] [stderr]    Compiling url v2.5.4
[INFO] [stderr]    Compiling reqwest v0.12.9
[INFO] [stderr]    Compiling rs-geospatial v0.4.1 (/opt/rustwide/workdir)
[INFO] [stdout] warning: multiple fields are never read
[INFO] [stdout]   --> src/bathing_waters.rs:12:9
[INFO] [stdout]    |
[INFO] [stdout] 11 | pub struct Points {
[INFO] [stdout]    |            ------ fields in this struct
[INFO] [stdout] 12 |     pub object_id:i64,
[INFO] [stdout]    |         ^^^^^^^^^
[INFO] [stdout] 13 |     pub shape:Point,
[INFO] [stdout] 14 |     pub bw_id:String,
[INFO] [stdout]    |         ^^^^^
[INFO] [stdout] 15 |     pub description:String,
[INFO] [stdout] 16 |     pub year:i64,
[INFO] [stdout]    |         ^^^^
[INFO] [stdout] 17 |     pub current:String,
[INFO] [stdout]    |         ^^^^^^^
[INFO] [stdout] 18 |     pub class_id:String,
[INFO] [stdout]    |         ^^^^^^^^
[INFO] [stdout] 19 |     pub class_description:String,
[INFO] [stdout]    |         ^^^^^^^^^^^^^^^^^
[INFO] [stdout] 20 |     pub bw_url:String,
[INFO] [stdout]    |         ^^^^^^
[INFO] [stdout]    |
[INFO] [stdout]    = note: `Points` has a derived impl for the trait `Debug`, but this is intentionally ignored during dead code analysis
[INFO] [stdout]    = note: `#[warn(dead_code)]` on by default
[INFO] [stdout] 
[INFO] [stdout] 
[INFO] [stdout] warning: multiple fields are never read
[INFO] [stdout]    --> src/bathing_waters.rs:113:9
[INFO] [stdout]     |
[INFO] [stdout] 112 | pub struct Polygons {
[INFO] [stdout]     |            -------- fields in this struct
[INFO] [stdout] 113 |     pub object_id:i64,
[INFO] [stdout]     |         ^^^^^^^^^
[INFO] [stdout] 114 |     pub shape:MultiPolygon,
[INFO] [stdout] 115 |     pub bw_id:String,
[INFO] [stdout]     |         ^^^^^
[INFO] [stdout] 116 |     pub description:String,
[INFO] [stdout] 117 |     pub year:i64,
[INFO] [stdout]     |         ^^^^
[INFO] [stdout] 118 |     pub current:String,
[INFO] [stdout]     |         ^^^^^^^
[INFO] [stdout] 119 |     pub class_id:String,
[INFO] [stdout]     |         ^^^^^^^^
[INFO] [stdout] 120 |     pub class_description:String,
[INFO] [stdout]     |         ^^^^^^^^^^^^^^^^^
[INFO] [stdout] 121 |     pub bw_url:String,
[INFO] [stdout]     |         ^^^^^^
[INFO] [stdout]     |
[INFO] [stdout]     = note: `Polygons` has a derived impl for the trait `Debug`, but this is intentionally ignored during dead code analysis
[INFO] [stdout] 
[INFO] [stdout] 
[INFO] [stderr]     Finished `dev` profile [unoptimized + debuginfo] target(s) in 50.80s
[INFO] running `Command { std: "docker" "inspect" "837317153ec61da02bfb54e36cdc52b10f9696a521b199e710e801cc18cc127b", kill_on_drop: false }`
[INFO] running `Command { std: "docker" "rm" "-f" "837317153ec61da02bfb54e36cdc52b10f9696a521b199e710e801cc18cc127b", kill_on_drop: false }`
[INFO] [stdout] 837317153ec61da02bfb54e36cdc52b10f9696a521b199e710e801cc18cc127b
[INFO] running `Command { std: "docker" "create" "-v" "/var/lib/crater-agent-workspace/builds/worker-4-tc2/target:/opt/rustwide/target:rw,Z" "-v" "/var/lib/crater-agent-workspace/builds/worker-4-tc2/source:/opt/rustwide/workdir:ro,Z" "-v" "/var/lib/crater-agent-workspace/cargo-home:/opt/rustwide/cargo-home:ro,Z" "-v" "/var/lib/crater-agent-workspace/rustup-home:/opt/rustwide/rustup-home:ro,Z" "-e" "SOURCE_DIR=/opt/rustwide/workdir" "-e" "CARGO_TARGET_DIR=/opt/rustwide/target" "-e" "CARGO_INCREMENTAL=0" "-e" "RUST_BACKTRACE=full" "-e" "RUSTFLAGS=--cap-lints=warn" "-e" "RUSTDOCFLAGS=--cap-lints=warn" "-e" "CARGO_HOME=/opt/rustwide/cargo-home" "-e" "RUSTUP_HOME=/opt/rustwide/rustup-home" "-w" "/opt/rustwide/workdir" "-m" "1610612736" "--user" "0:0" "--network" "none" "ghcr.io/rust-lang/crates-build-env/linux@sha256:f3a9d4ad9d972b27faf3965f35b62e55ba32bbce8f20bc8fe909558a86702fde" "/opt/rustwide/cargo-home/bin/cargo" "+beta-2024-12-08" "test" "--frozen" "--no-run" "--message-format=json", kill_on_drop: false }`
[INFO] [stdout] 6b52a963e6356f266085fa64972d5467235a7ebe5afdb6d10ee7439b7e12575f
[INFO] running `Command { std: "docker" "start" "-a" "6b52a963e6356f266085fa64972d5467235a7ebe5afdb6d10ee7439b7e12575f", kill_on_drop: false }`
[INFO] [stderr]    Compiling rs-geospatial v0.4.1 (/opt/rustwide/workdir)
[INFO] [stdout] warning: multiple fields are never read
[INFO] [stdout]   --> src/bathing_waters.rs:12:9
[INFO] [stdout]    |
[INFO] [stdout] 11 | pub struct Points {
[INFO] [stdout]    |            ------ fields in this struct
[INFO] [stdout] 12 |     pub object_id:i64,
[INFO] [stdout]    |         ^^^^^^^^^
[INFO] [stdout] 13 |     pub shape:Point,
[INFO] [stdout] 14 |     pub bw_id:String,
[INFO] [stdout]    |         ^^^^^
[INFO] [stdout] 15 |     pub description:String,
[INFO] [stdout] 16 |     pub year:i64,
[INFO] [stdout]    |         ^^^^
[INFO] [stdout] 17 |     pub current:String,
[INFO] [stdout]    |         ^^^^^^^
[INFO] [stdout] 18 |     pub class_id:String,
[INFO] [stdout]    |         ^^^^^^^^
[INFO] [stdout] 19 |     pub class_description:String,
[INFO] [stdout]    |         ^^^^^^^^^^^^^^^^^
[INFO] [stdout] 20 |     pub bw_url:String,
[INFO] [stdout]    |         ^^^^^^
[INFO] [stdout]    |
[INFO] [stdout]    = note: `Points` has a derived impl for the trait `Debug`, but this is intentionally ignored during dead code analysis
[INFO] [stdout]    = note: `#[warn(dead_code)]` on by default
[INFO] [stdout] 
[INFO] [stdout] 
[INFO] [stdout] warning: multiple fields are never read
[INFO] [stdout]    --> src/bathing_waters.rs:113:9
[INFO] [stdout]     |
[INFO] [stdout] 112 | pub struct Polygons {
[INFO] [stdout]     |            -------- fields in this struct
[INFO] [stdout] 113 |     pub object_id:i64,
[INFO] [stdout]     |         ^^^^^^^^^
[INFO] [stdout] 114 |     pub shape:MultiPolygon,
[INFO] [stdout] 115 |     pub bw_id:String,
[INFO] [stdout]     |         ^^^^^
[INFO] [stdout] 116 |     pub description:String,
[INFO] [stdout] 117 |     pub year:i64,
[INFO] [stdout]     |         ^^^^
[INFO] [stdout] 118 |     pub current:String,
[INFO] [stdout]     |         ^^^^^^^
[INFO] [stdout] 119 |     pub class_id:String,
[INFO] [stdout]     |         ^^^^^^^^
[INFO] [stdout] 120 |     pub class_description:String,
[INFO] [stdout]     |         ^^^^^^^^^^^^^^^^^
[INFO] [stdout] 121 |     pub bw_url:String,
[INFO] [stdout]     |         ^^^^^^
[INFO] [stdout]     |
[INFO] [stdout]     = note: `Polygons` has a derived impl for the trait `Debug`, but this is intentionally ignored during dead code analysis
[INFO] [stdout] 
[INFO] [stdout] 
[INFO] [stderr]     Finished `test` profile [unoptimized + debuginfo] target(s) in 3.31s
[INFO] running `Command { std: "docker" "inspect" "6b52a963e6356f266085fa64972d5467235a7ebe5afdb6d10ee7439b7e12575f", kill_on_drop: false }`
[INFO] running `Command { std: "docker" "rm" "-f" "6b52a963e6356f266085fa64972d5467235a7ebe5afdb6d10ee7439b7e12575f", kill_on_drop: false }`
[INFO] [stdout] 6b52a963e6356f266085fa64972d5467235a7ebe5afdb6d10ee7439b7e12575f
[INFO] running `Command { std: "docker" "create" "-v" "/var/lib/crater-agent-workspace/builds/worker-4-tc2/target:/opt/rustwide/target:rw,Z" "-v" "/var/lib/crater-agent-workspace/builds/worker-4-tc2/source:/opt/rustwide/workdir:ro,Z" "-v" "/var/lib/crater-agent-workspace/cargo-home:/opt/rustwide/cargo-home:ro,Z" "-v" "/var/lib/crater-agent-workspace/rustup-home:/opt/rustwide/rustup-home:ro,Z" "-e" "SOURCE_DIR=/opt/rustwide/workdir" "-e" "CARGO_TARGET_DIR=/opt/rustwide/target" "-e" "CARGO_INCREMENTAL=0" "-e" "RUST_BACKTRACE=full" "-e" "RUSTFLAGS=--cap-lints=warn" "-e" "RUSTDOCFLAGS=--cap-lints=warn" "-e" "CARGO_HOME=/opt/rustwide/cargo-home" "-e" "RUSTUP_HOME=/opt/rustwide/rustup-home" "-w" "/opt/rustwide/workdir" "-m" "1610612736" "--user" "0:0" "--network" "none" "ghcr.io/rust-lang/crates-build-env/linux@sha256:f3a9d4ad9d972b27faf3965f35b62e55ba32bbce8f20bc8fe909558a86702fde" "/opt/rustwide/cargo-home/bin/cargo" "+beta-2024-12-08" "test" "--frozen", kill_on_drop: false }`
[INFO] [stdout] 5fa3a827b1625be96e4c5cbfab8a600291a51261844088df4a7ecfdec296d9af
[INFO] running `Command { std: "docker" "start" "-a" "5fa3a827b1625be96e4c5cbfab8a600291a51261844088df4a7ecfdec296d9af", kill_on_drop: false }`
[INFO] [stderr] warning: multiple fields are never read
[INFO] [stderr]   --> src/bathing_waters.rs:12:9
[INFO] [stderr]    |
[INFO] [stderr] 11 | pub struct Points {
[INFO] [stderr]    |            ------ fields in this struct
[INFO] [stderr] 12 |     pub object_id:i64,
[INFO] [stderr]    |         ^^^^^^^^^
[INFO] [stderr] 13 |     pub shape:Point,
[INFO] [stderr] 14 |     pub bw_id:String,
[INFO] [stderr]    |         ^^^^^
[INFO] [stderr] 15 |     pub description:String,
[INFO] [stderr] 16 |     pub year:i64,
[INFO] [stderr]    |         ^^^^
[INFO] [stderr] 17 |     pub current:String,
[INFO] [stderr]    |         ^^^^^^^
[INFO] [stderr] 18 |     pub class_id:String,
[INFO] [stderr]    |         ^^^^^^^^
[INFO] [stderr] 19 |     pub class_description:String,
[INFO] [stderr]    |         ^^^^^^^^^^^^^^^^^
[INFO] [stderr] 20 |     pub bw_url:String,
[INFO] [stderr]    |         ^^^^^^
[INFO] [stderr]    |
[INFO] [stderr]    = note: `Points` has a derived impl for the trait `Debug`, but this is intentionally ignored during dead code analysis
[INFO] [stderr]    = note: `#[warn(dead_code)]` on by default
[INFO] [stderr] 
[INFO] [stderr] warning: multiple fields are never read
[INFO] [stderr]    --> src/bathing_waters.rs:113:9
[INFO] [stderr]     |
[INFO] [stderr] 112 | pub struct Polygons {
[INFO] [stderr]     |            -------- fields in this struct
[INFO] [stderr] 113 |     pub object_id:i64,
[INFO] [stderr]     |         ^^^^^^^^^
[INFO] [stderr] 114 |     pub shape:MultiPolygon,
[INFO] [stderr] 115 |     pub bw_id:String,
[INFO] [stderr]     |         ^^^^^
[INFO] [stderr] 116 |     pub description:String,
[INFO] [stderr] 117 |     pub year:i64,
[INFO] [stderr]     |         ^^^^
[INFO] [stderr] 118 |     pub current:String,
[INFO] [stderr]     |         ^^^^^^^
[INFO] [stderr] 119 |     pub class_id:String,
[INFO] [stderr]     |         ^^^^^^^^
[INFO] [stderr] 120 |     pub class_description:String,
[INFO] [stderr]     |         ^^^^^^^^^^^^^^^^^
[INFO] [stderr] 121 |     pub bw_url:String,
[INFO] [stderr]     |         ^^^^^^
[INFO] [stderr]     |
[INFO] [stderr]     = note: `Polygons` has a derived impl for the trait `Debug`, but this is intentionally ignored during dead code analysis
[INFO] [stderr] 
[INFO] [stderr] warning: `rs-geospatial` (bin "rs-geospatial" test) generated 2 warnings
[INFO] [stderr]     Finished `test` profile [unoptimized + debuginfo] target(s) in 0.18s
[INFO] [stderr]      Running unittests src/main.rs (/opt/rustwide/target/debug/deps/rs_geospatial-be25b547a61bd381)
[INFO] [stdout] 
[INFO] [stdout] running 7 tests
[INFO] [stdout] test spatial::test_find_closest_point ... ok
[INFO] [stdout] test spatial::test_point_distance ... ok
[INFO] [stdout] test spatial::test_update_point_crs ... ok
[INFO] [stdout] test spatial::test_point_to_polygon_distance ... ok
[INFO] [stdout] test spatial::test_polygon_distance ... ok
[INFO] [stdout] test utils::test_unzip ... FAILED
[INFO] [stdout] test spatial::test_update_poly_crs ... FAILED
[INFO] [stdout] 
[INFO] [stdout] failures:
[INFO] [stdout] 
[INFO] [stdout] ---- utils::test_unzip stdout ----
[INFO] [stdout] thread 'utils::test_unzip' panicked at src/utils.rs:9:39:
[INFO] [stdout] Failed to open zipfile: Os { code: 2, kind: NotFound, message: "No such file or directory" }
[INFO] [stdout] stack backtrace:
[INFO] [stdout]    0:     0x5c9cf64b2fca - std::backtrace_rs::backtrace::libunwind::trace::h8810477743020387
[INFO] [stdout]                                at /rustc/202008a1b8de96d2e5b6bc02d379db03a877d34d/library/std/src/../../backtrace/src/backtrace/libunwind.rs:116:5
[INFO] [stdout]    1:     0x5c9cf64b2fca - std::backtrace_rs::backtrace::trace_unsynchronized::h3aa55355dd6c54a6
[INFO] [stdout]                                at /rustc/202008a1b8de96d2e5b6bc02d379db03a877d34d/library/std/src/../../backtrace/src/backtrace/mod.rs:66:5
[INFO] [stdout]    2:     0x5c9cf64b2fca - std::sys::backtrace::_print_fmt::h8588b0f62410823f
[INFO] [stdout]                                at /rustc/202008a1b8de96d2e5b6bc02d379db03a877d34d/library/std/src/sys/backtrace.rs:66:9
[INFO] [stdout]    3:     0x5c9cf64b2fca - <std::sys::backtrace::BacktraceLock::print::DisplayBacktrace as core::fmt::Display>::fmt::h98c26ac25ffe89bb
[INFO] [stdout]                                at /rustc/202008a1b8de96d2e5b6bc02d379db03a877d34d/library/std/src/sys/backtrace.rs:39:26
[INFO] [stdout]    4:     0x5c9cf64dab23 - core::fmt::rt::Argument::fmt::hf95377f4aebd453b
[INFO] [stdout]                                at /rustc/202008a1b8de96d2e5b6bc02d379db03a877d34d/library/core/src/fmt/rt.rs:177:76
[INFO] [stdout]    5:     0x5c9cf64dab23 - core::fmt::write::h0dd5f6e2238c7982
[INFO] [stdout]                                at /rustc/202008a1b8de96d2e5b6bc02d379db03a877d34d/library/core/src/fmt/mod.rs:1189:21
[INFO] [stdout]    6:     0x5c9cf64afef3 - std::io::Write::write_fmt::h03bb0ca26e6faf8c
[INFO] [stdout]                                at /rustc/202008a1b8de96d2e5b6bc02d379db03a877d34d/library/std/src/io/mod.rs:1884:15
[INFO] [stdout]    7:     0x5c9cf64b2e12 - std::sys::backtrace::BacktraceLock::print::h5c19c1c038ee186d
[INFO] [stdout]                                at /rustc/202008a1b8de96d2e5b6bc02d379db03a877d34d/library/std/src/sys/backtrace.rs:42:9
[INFO] [stdout]    8:     0x5c9cf64b444d - std::panicking::default_hook::{{closure}}::h77172f079a1fcb13
[INFO] [stdout]                                at /rustc/202008a1b8de96d2e5b6bc02d379db03a877d34d/library/std/src/panicking.rs:268:22
[INFO] [stdout]    9:     0x5c9cf64b4257 - std::panicking::default_hook::he5f8e3b203ccddba
[INFO] [stdout]                                at /rustc/202008a1b8de96d2e5b6bc02d379db03a877d34d/library/std/src/panicking.rs:292:9
[INFO] [stdout]   10:     0x5c9cf6343d57 - <alloc::boxed::Box<F,A> as core::ops::function::Fn<Args>>::call::h7a3c7b4a1ae77f2f
[INFO] [stdout]                                at /rustc/202008a1b8de96d2e5b6bc02d379db03a877d34d/library/alloc/src/boxed.rs:1986:9
[INFO] [stdout]   11:     0x5c9cf6343d57 - test::test_main::{{closure}}::hf0d3b69ae9b353d1
[INFO] [stdout]                                at /rustc/202008a1b8de96d2e5b6bc02d379db03a877d34d/library/test/src/lib.rs:134:21
[INFO] [stdout]   12:     0x5c9cf64b4af8 - <alloc::boxed::Box<F,A> as core::ops::function::Fn<Args>>::call::h6332e82e7b189abd
[INFO] [stdout]                                at /rustc/202008a1b8de96d2e5b6bc02d379db03a877d34d/library/alloc/src/boxed.rs:1986:9
[INFO] [stdout]   13:     0x5c9cf64b4af8 - std::panicking::rust_panic_with_hook::h53863d4e9018df39
[INFO] [stdout]                                at /rustc/202008a1b8de96d2e5b6bc02d379db03a877d34d/library/std/src/panicking.rs:809:13
[INFO] [stdout]   14:     0x5c9cf64b48ba - std::panicking::begin_panic_handler::{{closure}}::h67280e6fa0757873
[INFO] [stdout]                                at /rustc/202008a1b8de96d2e5b6bc02d379db03a877d34d/library/std/src/panicking.rs:674:13
[INFO] [stdout]   15:     0x5c9cf64b34a9 - std::sys::backtrace::__rust_end_short_backtrace::h1dac3f54d6fbbeb2
[INFO] [stdout]                                at /rustc/202008a1b8de96d2e5b6bc02d379db03a877d34d/library/std/src/sys/backtrace.rs:170:18
[INFO] [stdout]   16:     0x5c9cf64b454c - rust_begin_unwind
[INFO] [stdout]                                at /rustc/202008a1b8de96d2e5b6bc02d379db03a877d34d/library/std/src/panicking.rs:665:5
[INFO] [stdout]   17:     0x5c9cf62d91a0 - core::panicking::panic_fmt::h6792bd1b2bf01041
[INFO] [stdout]                                at /rustc/202008a1b8de96d2e5b6bc02d379db03a877d34d/library/core/src/panicking.rs:76:14
[INFO] [stdout]   18:     0x5c9cf62d9626 - core::result::unwrap_failed::h05e0602ed34287c5
[INFO] [stdout]                                at /rustc/202008a1b8de96d2e5b6bc02d379db03a877d34d/library/core/src/result.rs:1699:5
[INFO] [stdout]   19:     0x5c9cf62fe53d - core::result::Result<T,E>::expect::hcecceffbaea6bbb4
[INFO] [stdout]                                at /rustc/202008a1b8de96d2e5b6bc02d379db03a877d34d/library/core/src/result.rs:1061:23
[INFO] [stdout]   20:     0x5c9cf62e1988 - rs_geospatial::utils::unzip::h55921d869e17a04e
[INFO] [stdout]                                at /opt/rustwide/workdir/src/utils.rs:9:14
[INFO] [stdout]   21:     0x5c9cf62e2780 - rs_geospatial::utils::test_unzip::h1860c63733e6abf4
[INFO] [stdout]                                at /opt/rustwide/workdir/src/utils.rs:58:1
[INFO] [stdout]   22:     0x5c9cf62e2467 - rs_geospatial::utils::test_unzip::{{closure}}::hce164d943b86beaf
[INFO] [stdout]                                at /opt/rustwide/workdir/src/utils.rs:42:16
[INFO] [stdout]   23:     0x5c9cf62f5ac6 - core::ops::function::FnOnce::call_once::h238f033bacbd0016
[INFO] [stdout]                                at /rustc/202008a1b8de96d2e5b6bc02d379db03a877d34d/library/core/src/ops/function.rs:250:5
[INFO] [stdout]   24:     0x5c9cf634887b - core::ops::function::FnOnce::call_once::h871bf86719ec9aa4
[INFO] [stdout]                                at /rustc/202008a1b8de96d2e5b6bc02d379db03a877d34d/library/core/src/ops/function.rs:250:5
[INFO] [stdout]   25:     0x5c9cf634887b - test::__rust_begin_short_backtrace::h2167df1e2b7d76fd
[INFO] [stdout]                                at /rustc/202008a1b8de96d2e5b6bc02d379db03a877d34d/library/test/src/lib.rs:632:18
[INFO] [stdout]   26:     0x5c9cf6348268 - test::run_test_in_process::{{closure}}::h15d92f75a3adfb79
[INFO] [stdout]                                at /rustc/202008a1b8de96d2e5b6bc02d379db03a877d34d/library/test/src/lib.rs:655:60
[INFO] [stdout]   27:     0x5c9cf6348268 - <core::panic::unwind_safe::AssertUnwindSafe<F> as core::ops::function::FnOnce<()>>::call_once::hb6c8955835a8dbbb
[INFO] [stdout]                                at /rustc/202008a1b8de96d2e5b6bc02d379db03a877d34d/library/core/src/panic/unwind_safe.rs:272:9
[INFO] [stdout]   28:     0x5c9cf6348268 - std::panicking::try::do_call::hc79d0fc888a0bd30
[INFO] [stdout]                                at /rustc/202008a1b8de96d2e5b6bc02d379db03a877d34d/library/std/src/panicking.rs:557:40
[INFO] [stdout]   29:     0x5c9cf6348268 - std::panicking::try::hb8a7878e3a8589d6
[INFO] [stdout]                                at /rustc/202008a1b8de96d2e5b6bc02d379db03a877d34d/library/std/src/panicking.rs:520:19
[INFO] [stdout]   30:     0x5c9cf6348268 - std::panic::catch_unwind::hb8e4600ff0ff5cfa
[INFO] [stdout]                                at /rustc/202008a1b8de96d2e5b6bc02d379db03a877d34d/library/std/src/panic.rs:358:14
[INFO] [stdout]   31:     0x5c9cf6348268 - test::run_test_in_process::hc2900b0b18688dd6
[INFO] [stdout]                                at /rustc/202008a1b8de96d2e5b6bc02d379db03a877d34d/library/test/src/lib.rs:655:27
[INFO] [stdout]   32:     0x5c9cf6348268 - test::run_test::{{closure}}::hac2a9cb07be3d48d
[INFO] [stdout]                                at /rustc/202008a1b8de96d2e5b6bc02d379db03a877d34d/library/test/src/lib.rs:576:43
[INFO] [stdout]   33:     0x5c9cf630bd0a - test::run_test::{{closure}}::h4a5b729e66a38cd8
[INFO] [stdout]                                at /rustc/202008a1b8de96d2e5b6bc02d379db03a877d34d/library/test/src/lib.rs:606:41
[INFO] [stdout]   34:     0x5c9cf630bd0a - std::sys::backtrace::__rust_begin_short_backtrace::h0496fb742492f573
[INFO] [stdout]                                at /rustc/202008a1b8de96d2e5b6bc02d379db03a877d34d/library/std/src/sys/backtrace.rs:154:18
[INFO] [stdout]   35:     0x5c9cf630f684 - std::thread::Builder::spawn_unchecked_::{{closure}}::{{closure}}::hbb6d257c550a54bd
[INFO] [stdout]                                at /rustc/202008a1b8de96d2e5b6bc02d379db03a877d34d/library/std/src/thread/mod.rs:561:17
[INFO] [stdout]   36:     0x5c9cf630f684 - <core::panic::unwind_safe::AssertUnwindSafe<F> as core::ops::function::FnOnce<()>>::call_once::h46696fe4a6832328
[INFO] [stdout]                                at /rustc/202008a1b8de96d2e5b6bc02d379db03a877d34d/library/core/src/panic/unwind_safe.rs:272:9
[INFO] [stdout]   37:     0x5c9cf630f684 - std::panicking::try::do_call::h2625a51b667bfb64
[INFO] [stdout]                                at /rustc/202008a1b8de96d2e5b6bc02d379db03a877d34d/library/std/src/panicking.rs:557:40
[INFO] [stdout]   38:     0x5c9cf630f684 - std::panicking::try::hb956a59a1973aa4c
[INFO] [stdout]                                at /rustc/202008a1b8de96d2e5b6bc02d379db03a877d34d/library/std/src/panicking.rs:520:19
[INFO] [stdout]   39:     0x5c9cf630f684 - std::panic::catch_unwind::h64f3b9d1067ef6a0
[INFO] [stdout]                                at /rustc/202008a1b8de96d2e5b6bc02d379db03a877d34d/library/std/src/panic.rs:358:14
[INFO] [stdout]   40:     0x5c9cf630f684 - std::thread::Builder::spawn_unchecked_::{{closure}}::h42b2841295b6c0b2
[INFO] [stdout]                                at /rustc/202008a1b8de96d2e5b6bc02d379db03a877d34d/library/std/src/thread/mod.rs:559:30
[INFO] [stdout]   41:     0x5c9cf630f684 - core::ops::function::FnOnce::call_once{{vtable.shim}}::h6127de71b8124639
[INFO] [stdout]                                at /rustc/202008a1b8de96d2e5b6bc02d379db03a877d34d/library/core/src/ops/function.rs:250:5
[INFO] [stdout]   42:     0x5c9cf64b94fb - <alloc::boxed::Box<F,A> as core::ops::function::FnOnce<Args>>::call_once::h42f0ba71002a1b2c
[INFO] [stdout]                                at /rustc/202008a1b8de96d2e5b6bc02d379db03a877d34d/library/alloc/src/boxed.rs:1972:9
[INFO] [stdout]   43:     0x5c9cf64b94fb - <alloc::boxed::Box<F,A> as core::ops::function::FnOnce<Args>>::call_once::had9e47d7a3dcecb8
[INFO] [stdout]                                at /rustc/202008a1b8de96d2e5b6bc02d379db03a877d34d/library/alloc/src/boxed.rs:1972:9
[INFO] [stdout]   44:     0x5c9cf64b94fb - std::sys::pal::unix::thread::Thread::new::thread_start::h48cf765408f6f5f2
[INFO] [stdout]                                at /rustc/202008a1b8de96d2e5b6bc02d379db03a877d34d/library/std/src/sys/pal/unix/thread.rs:105:17
[INFO] [stdout]   45:     0x7ccc281c4ac3 - <unknown>
[INFO] [stdout]   46:     0x7ccc28255a04 - clone
[INFO] [stdout]   47:                0x0 - <unknown>
[INFO] [stdout] 
[INFO] [stdout] ---- spatial::test_update_poly_crs stdout ----
[INFO] [stdout] thread 'spatial::test_update_poly_crs' panicked at src/spatial.rs:118:3:
[INFO] [stdout] assertion `left == right` failed
[INFO] [stdout]   left: Polygon { exterior: LineString([Coord { x: -7.557261484156533, y: 49.76730596444806 }, Coord { x: -7.5572628663338755, y: 49.76730589884599 }, Coord { x: -7.557264248511213, y: 49.767305833243896 }, Coord { x: -7.557261484156533, y: 49.76730596444806 }]), interiors: [] }
[INFO] [stdout]  right: Polygon { exterior: LineString([Coord { x: -7.557261484156532, y: 49.767305964448056 }, Coord { x: -7.5572628663338755, y: 49.76730589884599 }, Coord { x: -7.557264248511213, y: 49.767305833243896 }, Coord { x: -7.557261484156532, y: 49.767305964448056 }]), interiors: [] }
[INFO] [stdout] stack backtrace:
[INFO] [stdout]    0:     0x5c9cf64b2fca - std::backtrace_rs::backtrace::libunwind::trace::h8810477743020387
[INFO] [stdout]                                at /rustc/202008a1b8de96d2e5b6bc02d379db03a877d34d/library/std/src/../../backtrace/src/backtrace/libunwind.rs:116:5
[INFO] [stdout]    1:     0x5c9cf64b2fca - std::backtrace_rs::backtrace::trace_unsynchronized::h3aa55355dd6c54a6
[INFO] [stdout]                                at /rustc/202008a1b8de96d2e5b6bc02d379db03a877d34d/library/std/src/../../backtrace/src/backtrace/mod.rs:66:5
[INFO] [stdout]    2:     0x5c9cf64b2fca - std::sys::backtrace::_print_fmt::h8588b0f62410823f
[INFO] [stdout]                                at /rustc/202008a1b8de96d2e5b6bc02d379db03a877d34d/library/std/src/sys/backtrace.rs:66:9
[INFO] [stdout]    3:     0x5c9cf64b2fca - <std::sys::backtrace::BacktraceLock::print::DisplayBacktrace as core::fmt::Display>::fmt::h98c26ac25ffe89bb
[INFO] [stdout]                                at /rustc/202008a1b8de96d2e5b6bc02d379db03a877d34d/library/std/src/sys/backtrace.rs:39:26
[INFO] [stdout]    4:     0x5c9cf64dab23 - core::fmt::rt::Argument::fmt::hf95377f4aebd453b
[INFO] [stdout]                                at /rustc/202008a1b8de96d2e5b6bc02d379db03a877d34d/library/core/src/fmt/rt.rs:177:76
[INFO] [stdout]    5:     0x5c9cf64dab23 - core::fmt::write::h0dd5f6e2238c7982
[INFO] [stdout]                                at /rustc/202008a1b8de96d2e5b6bc02d379db03a877d34d/library/core/src/fmt/mod.rs:1189:21
[INFO] [stdout]    6:     0x5c9cf64afef3 - std::io::Write::write_fmt::h03bb0ca26e6faf8c
[INFO] [stdout]                                at /rustc/202008a1b8de96d2e5b6bc02d379db03a877d34d/library/std/src/io/mod.rs:1884:15
[INFO] [stdout]    7:     0x5c9cf64b2e12 - std::sys::backtrace::BacktraceLock::print::h5c19c1c038ee186d
[INFO] [stdout]                                at /rustc/202008a1b8de96d2e5b6bc02d379db03a877d34d/library/std/src/sys/backtrace.rs:42:9
[INFO] [stdout]    8:     0x5c9cf64b444d - std::panicking::default_hook::{{closure}}::h77172f079a1fcb13
[INFO] [stdout]                                at /rustc/202008a1b8de96d2e5b6bc02d379db03a877d34d/library/std/src/panicking.rs:268:22
[INFO] [stdout]    9:     0x5c9cf64b4257 - std::panicking::default_hook::he5f8e3b203ccddba
[INFO] [stdout]                                at /rustc/202008a1b8de96d2e5b6bc02d379db03a877d34d/library/std/src/panicking.rs:292:9
[INFO] [stdout]   10:     0x5c9cf6343d57 - <alloc::boxed::Box<F,A> as core::ops::function::Fn<Args>>::call::h7a3c7b4a1ae77f2f
[INFO] [stdout]                                at /rustc/202008a1b8de96d2e5b6bc02d379db03a877d34d/library/alloc/src/boxed.rs:1986:9
[INFO] [stdout]   11:     0x5c9cf6343d57 - test::test_main::{{closure}}::hf0d3b69ae9b353d1
[INFO] [stdout]                                at /rustc/202008a1b8de96d2e5b6bc02d379db03a877d34d/library/test/src/lib.rs:134:21
[INFO] [stdout]   12:     0x5c9cf64b4af8 - <alloc::boxed::Box<F,A> as core::ops::function::Fn<Args>>::call::h6332e82e7b189abd
[INFO] [stdout]                                at /rustc/202008a1b8de96d2e5b6bc02d379db03a877d34d/library/alloc/src/boxed.rs:1986:9
[INFO] [stdout]   13:     0x5c9cf64b4af8 - std::panicking::rust_panic_with_hook::h53863d4e9018df39
[INFO] [stdout]                                at /rustc/202008a1b8de96d2e5b6bc02d379db03a877d34d/library/std/src/panicking.rs:809:13
[INFO] [stdout]   14:     0x5c9cf64b48ba - std::panicking::begin_panic_handler::{{closure}}::h67280e6fa0757873
[INFO] [stdout]                                at /rustc/202008a1b8de96d2e5b6bc02d379db03a877d34d/library/std/src/panicking.rs:674:13
[INFO] [stdout]   15:     0x5c9cf64b34a9 - std::sys::backtrace::__rust_end_short_backtrace::h1dac3f54d6fbbeb2
[INFO] [stdout]                                at /rustc/202008a1b8de96d2e5b6bc02d379db03a877d34d/library/std/src/sys/backtrace.rs:170:18
[INFO] [stdout]   16:     0x5c9cf64b454c - rust_begin_unwind
[INFO] [stdout]                                at /rustc/202008a1b8de96d2e5b6bc02d379db03a877d34d/library/std/src/panicking.rs:665:5
[INFO] [stdout]   17:     0x5c9cf62d91a0 - core::panicking::panic_fmt::h6792bd1b2bf01041
[INFO] [stdout]                                at /rustc/202008a1b8de96d2e5b6bc02d379db03a877d34d/library/core/src/panicking.rs:76:14
[INFO] [stdout]   18:     0x5c9cf62d95a4 - core::panicking::assert_failed_inner::hf2c17e6d30928787
[INFO] [stdout]   19:     0x5c9cf62e9107 - core::panicking::assert_failed::h82f5b76cccb8e991
[INFO] [stdout]                                at /rustc/202008a1b8de96d2e5b6bc02d379db03a877d34d/library/core/src/panicking.rs:373:5
[INFO] [stdout]   20:     0x5c9cf62f98a6 - rs_geospatial::spatial::test_update_poly_crs::hcfbed1e398c765be
[INFO] [stdout]                                at /opt/rustwide/workdir/src/spatial.rs:118:3
[INFO] [stdout]   21:     0x5c9cf62f94b7 - rs_geospatial::spatial::test_update_poly_crs::{{closure}}::h2f63e859a0c9a6af
[INFO] [stdout]                                at /opt/rustwide/workdir/src/spatial.rs:93:26
[INFO] [stdout]   22:     0x5c9cf62f5b86 - core::ops::function::FnOnce::call_once::h54f701b314281ae3
[INFO] [stdout]                                at /rustc/202008a1b8de96d2e5b6bc02d379db03a877d34d/library/core/src/ops/function.rs:250:5
[INFO] [stdout]   23:     0x5c9cf634887b - core::ops::function::FnOnce::call_once::h871bf86719ec9aa4
[INFO] [stdout]                                at /rustc/202008a1b8de96d2e5b6bc02d379db03a877d34d/library/core/src/ops/function.rs:250:5
[INFO] [stdout]   24:     0x5c9cf634887b - test::__rust_begin_short_backtrace::h2167df1e2b7d76fd
[INFO] [stdout]                                at /rustc/202008a1b8de96d2e5b6bc02d379db03a877d34d/library/test/src/lib.rs:632:18
[INFO] [stdout]   25:     0x5c9cf6348268 - test::run_test_in_process::{{closure}}::h15d92f75a3adfb79
[INFO] [stdout]                                at /rustc/202008a1b8de96d2e5b6bc02d379db03a877d34d/library/test/src/lib.rs:655:60
[INFO] [stdout]   26:     0x5c9cf6348268 - <core::panic::unwind_safe::AssertUnwindSafe<F> as core::ops::function::FnOnce<()>>::call_once::hb6c8955835a8dbbb
[INFO] [stdout]                                at /rustc/202008a1b8de96d2e5b6bc02d379db03a877d34d/library/core/src/panic/unwind_safe.rs:272:9
[INFO] [stdout]   27:     0x5c9cf6348268 - std::panicking::try::do_call::hc79d0fc888a0bd30
[INFO] [stdout]                                at /rustc/202008a1b8de96d2e5b6bc02d379db03a877d34d/library/std/src/panicking.rs:557:40
[INFO] [stdout]   28:     0x5c9cf6348268 - std::panicking::try::hb8a7878e3a8589d6
[INFO] [stdout]                                at /rustc/202008a1b8de96d2e5b6bc02d379db03a877d34d/library/std/src/panicking.rs:520:19
[INFO] [stdout]   29:     0x5c9cf6348268 - std::panic::catch_unwind::hb8e4600ff0ff5cfa
[INFO] [stdout]                                at /rustc/202008a1b8de96d2e5b6bc02d379db03a877d34d/library/std/src/panic.rs:358:14
[INFO] [stdout]   30:     0x5c9cf6348268 - test::run_test_in_process::hc2900b0b18688dd6
[INFO] [stdout]                                at /rustc/202008a1b8de96d2e5b6bc02d379db03a877d34d/library/test/src/lib.rs:655:27
[INFO] [stdout]   31:     0x5c9cf6348268 - test::run_test::{{closure}}::hac2a9cb07be3d48d
[INFO] [stdout]                                at /rustc/202008a1b8de96d2e5b6bc02d379db03a877d34d/library/test/src/lib.rs:576:43
[INFO] [stdout]   32:     0x5c9cf630bd0a - test::run_test::{{closure}}::h4a5b729e66a38cd8
[INFO] [stdout]                                at /rustc/202008a1b8de96d2e5b6bc02d379db03a877d34d/library/test/src/lib.rs:606:41
[INFO] [stdout]   33:     0x5c9cf630bd0a - std::sys::backtrace::__rust_begin_short_backtrace::h0496fb742492f573
[INFO] [stdout]                                at /rustc/202008a1b8de96d2e5b6bc02d379db03a877d34d/library/std/src/sys/backtrace.rs:154:18
[INFO] [stdout]   34:     0x5c9cf630f684 - std::thread::Builder::spawn_unchecked_::{{closure}}::{{closure}}::hbb6d257c550a54bd
[INFO] [stdout]                                at /rustc/202008a1b8de96d2e5b6bc02d379db03a877d34d/library/std/src/thread/mod.rs:561:17
[INFO] [stdout]   35:     0x5c9cf630f684 - <core::panic::unwind_safe::AssertUnwindSafe<F> as core::ops::function::FnOnce<()>>::call_once::h46696fe4a6832328
[INFO] [stdout]                                at /rustc/202008a1b8de96d2e5b6bc02d379db03a877d34d/library/core/src/panic/unwind_safe.rs:272:9
[INFO] [stdout]   36:     0x5c9cf630f684 - std::panicking::try::do_call::h2625a51b667bfb64
[INFO] [stdout]                                at /rustc/202008a1b8de96d2e5b6bc02d379db03a877d34d/library/std/src/panicking.rs:557:40
[INFO] [stdout]   37:     0x5c9cf630f684 - std::panicking::try::hb956a59a1973aa4c
[INFO] [stdout]                                at /rustc/202008a1b8de96d2e5b6bc02d379db03a877d34d/library/std/src/panicking.rs:520:19
[INFO] [stdout]   38:     0x5c9cf630f684 - std::panic::catch_unwind::h64f3b9d1067ef6a0
[INFO] [stdout]                                at /rustc/202008a1b8de96d2e5b6bc02d379db03a877d34d/library/std/src/panic.rs:358:14
[INFO] [stdout]   39:     0x5c9cf630f684 - std::thread::Builder::spawn_unchecked_::{{closure}}::h42b2841295b6c0b2
[INFO] [stdout]                                at /rustc/202008a1b8de96d2e5b6bc02d379db03a877d34d/library/std/src/thread/mod.rs:559:30
[INFO] [stdout]   40:     0x5c9cf630f684 - core::ops::function::FnOnce::call_once{{vtable.shim}}::h6127de71b8124639
[INFO] [stdout]                                at /rustc/202008a1b8de96d2e5b6bc02d379db03a877d34d/library/core/src/ops/function.rs:250:5
[INFO] [stdout]   41:     0x5c9cf64b94fb - <alloc::boxed::Box<F,A> as core::ops::function::FnOnce<Args>>::call_once::h42f0ba71002a1b2c
[INFO] [stdout]                                at /rustc/202008a1b8de96d2e5b6bc02d379db03a877d34d/library/alloc/src/boxed.rs:1972:9
[INFO] [stdout]   42:     0x5c9cf64b94fb - <alloc::boxed::Box<F,A> as core::ops::function::FnOnce<Args>>::call_once::had9e47d7a3dcecb8
[INFO] [stdout]                                at /rustc/202008a1b8de96d2e5b6bc02d379db03a877d34d/library/alloc/src/boxed.rs:1972:9
[INFO] [stdout]   43:     0x5c9cf64b94fb - std::sys::pal::unix::thread::Thread::new::thread_start::h48cf765408f6f5f2
[INFO] [stdout]                                at /rustc/202008a1b8de96d2e5b6bc02d379db03a877d34d/library/std/src/sys/pal/unix/thread.rs:105:17
[INFO] [stdout]   44:     0x7ccc281c4ac3 - <unknown>
[INFO] [stdout]   45:     0x7ccc28255a04 - clone
[INFO] [stdout]   46:                0x0 - <unknown>
[INFO] [stdout] 
[INFO] [stdout] 
[INFO] [stdout] failures:
[INFO] [stdout]     spatial::test_update_poly_crs
[INFO] [stdout]     utils::test_unzip
[INFO] [stdout] 
[INFO] [stdout] test result: FAILED. 5 passed; 2 failed; 0 ignored; 0 measured; 0 filtered out; finished in 0.07s
[INFO] [stdout] 
[INFO] [stderr] error: test failed, to rerun pass `--bin rs-geospatial`
[INFO] running `Command { std: "docker" "inspect" "5fa3a827b1625be96e4c5cbfab8a600291a51261844088df4a7ecfdec296d9af", kill_on_drop: false }`
[INFO] running `Command { std: "docker" "rm" "-f" "5fa3a827b1625be96e4c5cbfab8a600291a51261844088df4a7ecfdec296d9af", kill_on_drop: false }`
[INFO] [stdout] 5fa3a827b1625be96e4c5cbfab8a600291a51261844088df4a7ecfdec296d9af
