[INFO] cloning repository https://github.com/DAOForce/ParachuteDrop-LightClient
[INFO] running `Command { std: "git" "-c" "credential.helper=" "-c" "credential.helper=/workspace/cargo-home/bin/git-credential-null" "clone" "--bare" "https://github.com/DAOForce/ParachuteDrop-LightClient" "/workspace/cache/git-repos/https%3A%2F%2Fgithub.com%2FDAOForce%2FParachuteDrop-LightClient", kill_on_drop: false }`
[INFO] [stderr] Cloning into bare repository '/workspace/cache/git-repos/https%3A%2F%2Fgithub.com%2FDAOForce%2FParachuteDrop-LightClient'...
[INFO] running `Command { std: "git" "rev-parse" "HEAD", kill_on_drop: false }`
[INFO] [stdout] 9bee81c50e890a150dc58bcf811394d4c9fcf466
[INFO] testing DAOForce/ParachuteDrop-LightClient against 1.83.0 for beta-1.84.0-4-retry
[INFO] running `Command { std: "git" "clone" "/workspace/cache/git-repos/https%3A%2F%2Fgithub.com%2FDAOForce%2FParachuteDrop-LightClient" "/workspace/builds/worker-6-tc1/source", kill_on_drop: false }`
[INFO] [stderr] Cloning into '/workspace/builds/worker-6-tc1/source'...
[INFO] [stderr] done.
[INFO] validating manifest of git repo https://github.com/DAOForce/ParachuteDrop-LightClient on toolchain 1.83.0
[INFO] running `Command { std: CARGO_HOME="/workspace/cargo-home" RUSTUP_HOME="/workspace/rustup-home" "/workspace/cargo-home/bin/cargo" "+1.83.0" "metadata" "--manifest-path" "Cargo.toml" "--no-deps", kill_on_drop: false }`
[INFO] started tweaking git repo https://github.com/DAOForce/ParachuteDrop-LightClient
[INFO] finished tweaking git repo https://github.com/DAOForce/ParachuteDrop-LightClient
[INFO] tweaked toml for git repo https://github.com/DAOForce/ParachuteDrop-LightClient written to /workspace/builds/worker-6-tc1/source/Cargo.toml
[INFO] crate git repo https://github.com/DAOForce/ParachuteDrop-LightClient already has a lockfile, it will not be regenerated
[INFO] running `Command { std: CARGO_HOME="/workspace/cargo-home" RUSTUP_HOME="/workspace/rustup-home" "/workspace/cargo-home/bin/cargo" "+1.83.0" "fetch" "--manifest-path" "Cargo.toml", kill_on_drop: false }`
[INFO] [stderr]     Updating crates.io index
[INFO] [stderr]     Updating git repository `https://github.com/cosmos/ibc-proto-rs`
[INFO] [stderr]  Downloading crates ...
[INFO] [stderr]   Downloaded ethereum-types v0.12.1
[INFO] [stderr]   Downloaded prost-build v0.11.5
[INFO] [stderr]   Downloaded ethbloom v0.11.1
[INFO] [stderr]   Downloaded prost-derive v0.11.5
[INFO] [stderr]   Downloaded jsonrpc-core-client v18.0.0
[INFO] [stderr]   Downloaded subtle-encoding v0.5.1
[INFO] [stderr]   Downloaded serde_bytes v0.11.8
[INFO] [stderr]   Downloaded tendermint-proto v0.27.0
[INFO] [stderr]   Downloaded flex-error v0.4.4
[INFO] [stderr]   Downloaded jsonrpc-pubsub v18.0.0
[INFO] [stderr]   Downloaded protobuf-support v3.2.0
[INFO] [stderr]   Downloaded protobuf-codegen-pure v2.28.0
[INFO] [stderr]   Downloaded cosmos-sdk-proto v0.16.0
[INFO] [stderr]   Downloaded prettyplease v0.1.22
[INFO] [stderr]   Downloaded axum v0.6.1
[INFO] [stderr]   Downloaded axum-core v0.3.0
[INFO] [stderr]   Downloaded tendermint-proto v0.28.0
[INFO] [stderr]   Downloaded protobuf v3.2.0
[INFO] [stderr]   Downloaded jsonrpc-client-transports v18.0.0
[INFO] [stderr]   Downloaded protobuf-codegen v2.28.0
[INFO] [stderr]   Downloaded ethabi v16.0.0
[INFO] [stderr]   Downloaded prost v0.11.5
[INFO] [stderr]   Downloaded rustix v0.36.5
[INFO] [stderr]   Downloaded prost-types v0.11.5
[INFO] [stderr]   Downloaded web3 v0.18.0
[INFO] running `Command { std: "docker" "create" "-v" "/var/lib/crater-agent-workspace/builds/worker-6-tc1/target:/opt/rustwide/target:rw,Z" "-v" "/var/lib/crater-agent-workspace/builds/worker-6-tc1/source:/opt/rustwide/workdir:ro,Z" "-v" "/var/lib/crater-agent-workspace/cargo-home:/opt/rustwide/cargo-home:ro,Z" "-v" "/var/lib/crater-agent-workspace/rustup-home:/opt/rustwide/rustup-home:ro,Z" "-e" "SOURCE_DIR=/opt/rustwide/workdir" "-e" "CARGO_TARGET_DIR=/opt/rustwide/target" "-e" "CARGO_HOME=/opt/rustwide/cargo-home" "-e" "RUSTUP_HOME=/opt/rustwide/rustup-home" "-w" "/opt/rustwide/workdir" "-m" "1610612736" "--user" "0:0" "--network" "none" "ghcr.io/rust-lang/crates-build-env/linux@sha256:f3a9d4ad9d972b27faf3965f35b62e55ba32bbce8f20bc8fe909558a86702fde" "/opt/rustwide/cargo-home/bin/cargo" "+1.83.0" "metadata" "--no-deps" "--format-version=1", kill_on_drop: false }`
[INFO] [stdout] d788c54677ad0a65cb26665748a1e4cbec601d9b170444fa35da053287f58370
[INFO] running `Command { std: "docker" "start" "-a" "d788c54677ad0a65cb26665748a1e4cbec601d9b170444fa35da053287f58370", kill_on_drop: false }`
[INFO] running `Command { std: "docker" "inspect" "d788c54677ad0a65cb26665748a1e4cbec601d9b170444fa35da053287f58370", kill_on_drop: false }`
[INFO] running `Command { std: "docker" "rm" "-f" "d788c54677ad0a65cb26665748a1e4cbec601d9b170444fa35da053287f58370", kill_on_drop: false }`
[INFO] [stdout] d788c54677ad0a65cb26665748a1e4cbec601d9b170444fa35da053287f58370
[INFO] running `Command { std: "docker" "create" "-v" "/var/lib/crater-agent-workspace/builds/worker-6-tc1/target:/opt/rustwide/target:rw,Z" "-v" "/var/lib/crater-agent-workspace/builds/worker-6-tc1/source:/opt/rustwide/workdir:ro,Z" "-v" "/var/lib/crater-agent-workspace/cargo-home:/opt/rustwide/cargo-home:ro,Z" "-v" "/var/lib/crater-agent-workspace/rustup-home:/opt/rustwide/rustup-home:ro,Z" "-e" "SOURCE_DIR=/opt/rustwide/workdir" "-e" "CARGO_TARGET_DIR=/opt/rustwide/target" "-e" "CARGO_INCREMENTAL=0" "-e" "RUST_BACKTRACE=full" "-e" "RUSTFLAGS=--cap-lints=warn" "-e" "RUSTDOCFLAGS=--cap-lints=warn" "-e" "CARGO_HOME=/opt/rustwide/cargo-home" "-e" "RUSTUP_HOME=/opt/rustwide/rustup-home" "-w" "/opt/rustwide/workdir" "-m" "1610612736" "--user" "0:0" "--network" "none" "ghcr.io/rust-lang/crates-build-env/linux@sha256:f3a9d4ad9d972b27faf3965f35b62e55ba32bbce8f20bc8fe909558a86702fde" "/opt/rustwide/cargo-home/bin/cargo" "+1.83.0" "build" "--frozen" "--message-format=json", kill_on_drop: false }`
[INFO] [stdout] 9d2a87211c17429f0f7f3cfbdb4f85fa3640c888e7808db3aa95eca560deb09e
[INFO] running `Command { std: "docker" "start" "-a" "9d2a87211c17429f0f7f3cfbdb4f85fa3640c888e7808db3aa95eca560deb09e", kill_on_drop: false }`
[INFO] [stderr]    Compiling proc-macro2 v1.0.49
[INFO] [stderr]    Compiling quote v1.0.23
[INFO] [stderr]    Compiling unicode-ident v1.0.6
[INFO] [stderr]    Compiling syn v1.0.107
[INFO] [stderr]    Compiling libc v0.2.139
[INFO] [stderr]    Compiling serde_derive v1.0.151
[INFO] [stderr]    Compiling serde v1.0.151
[INFO] [stderr]    Compiling pin-project-lite v0.2.9
[INFO] [stderr]    Compiling memchr v2.5.0
[INFO] [stderr]    Compiling log v0.4.17
[INFO] [stderr]    Compiling futures-core v0.3.25
[INFO] [stderr]    Compiling once_cell v1.16.0
[INFO] [stderr]    Compiling itoa v1.0.5
[INFO] [stderr]    Compiling smallvec v1.10.0
[INFO] [stderr]    Compiling lock_api v0.4.9
[INFO] [stderr]    Compiling scopeguard v1.1.0
[INFO] [stderr]    Compiling futures-sink v0.3.25
[INFO] [stderr]    Compiling slab v0.4.7
[INFO] [stderr]    Compiling parking_lot_core v0.9.5
[INFO] [stderr]    Compiling futures-task v0.3.25
[INFO] [stderr]    Compiling futures-channel v0.3.25
[INFO] [stderr]    Compiling futures-util v0.3.25
[INFO] [stderr]    Compiling futures-io v0.3.25
[INFO] [stderr]    Compiling tokio v1.23.0
[INFO] [stderr]    Compiling futures v0.1.31
[INFO] [stderr]    Compiling pin-utils v0.1.0
[INFO] [stderr]    Compiling version_check v0.9.4
[INFO] [stderr]    Compiling fnv v1.0.7
[INFO] [stderr]    Compiling ppv-lite86 v0.2.17
[INFO] [stderr]    Compiling tracing-core v0.1.30
[INFO] [stderr]    Compiling bitflags v1.3.2
[INFO] [stderr]    Compiling typenum v1.16.0
[INFO] [stderr]    Compiling indexmap v1.9.2
[INFO] [stderr]    Compiling hashbrown v0.12.3
[INFO] [stderr]    Compiling httparse v1.8.0
[INFO] [stderr]    Compiling generic-array v0.14.6
[INFO] [stderr]    Compiling tinyvec_macros v0.1.0
[INFO] [stderr]    Compiling thiserror v1.0.38
[INFO] [stderr]    Compiling percent-encoding v2.2.0
[INFO] [stderr]    Compiling tinyvec v1.6.0
[INFO] [stderr]    Compiling tower-service v0.3.2
[INFO] [stderr]    Compiling rustversion v1.0.11
[INFO] [stderr]    Compiling pkg-config v0.3.26
[INFO] [stderr]    Compiling httpdate v1.0.2
[INFO] [stderr]    Compiling unicode-bidi v0.3.8
[INFO] [stderr]    Compiling paste v1.0.11
[INFO] [stderr]    Compiling try-lock v0.2.3
[INFO] [stderr]    Compiling jobserver v0.1.25
[INFO] [stderr]    Compiling unicode-normalization v0.1.22
[INFO] [stderr]    Compiling anyhow v1.0.68
[INFO] [stderr]    Compiling ryu v1.0.12
[INFO] [stderr]    Compiling serde_json v1.0.91
[INFO] [stderr]    Compiling mime v0.3.16
[INFO] [stderr]    Compiling cc v1.0.78
[INFO] [stderr]    Compiling want v0.3.0
[INFO] [stderr]    Compiling num_cpus v1.15.0
[INFO] [stderr]    Compiling socket2 v0.4.7
[INFO] [stderr]    Compiling mio v0.8.5
[INFO] [stderr]    Compiling signal-hook-registry v1.4.0
[INFO] [stderr]    Compiling getrandom v0.2.8
[INFO] [stderr]    Compiling either v1.8.0
[INFO] [stderr]    Compiling crunchy v0.2.2
[INFO] [stderr]    Compiling base64 v0.13.1
[INFO] [stderr]    Compiling radium v0.6.2
[INFO] [stderr]    Compiling parking_lot v0.12.1
[INFO] [stderr]    Compiling rand_core v0.6.4
[INFO] [stderr]    Compiling itertools v0.10.5
[INFO] [stderr]    Compiling rustc-hex v2.1.0
[INFO] [stderr]    Compiling openssl v0.10.45
[INFO] [stderr]    Compiling foreign-types-shared v0.1.1
[INFO] [stderr]    Compiling getrandom v0.1.16
[INFO] [stderr]    Compiling time-core v0.1.0
[INFO] [stderr]    Compiling foreign-types v0.3.2
[INFO] [stderr]    Compiling rand_chacha v0.3.1
[INFO] [stderr]    Compiling cpufeatures v0.2.5
[INFO] [stderr]    Compiling tower-layer v0.3.2
[INFO] [stderr]    Compiling time-macros v0.2.6
[INFO] [stderr]    Compiling async-trait v0.1.60
[INFO] [stderr]    Compiling byteorder v1.4.3
[INFO] [stderr]    Compiling wyz v0.2.0
[INFO] [stderr]    Compiling funty v1.1.0
[INFO] [stderr]    Compiling tap v1.0.1
[INFO] [stderr]    Compiling static_assertions v1.1.0
[INFO] [stderr]    Compiling native-tls v0.2.11
[INFO] [stderr]    Compiling axum-core v0.3.0
[INFO] [stderr]    Compiling aho-corasick v0.7.20
[INFO] [stderr]    Compiling openssl-sys v0.9.80
[INFO] [stderr]    Compiling zstd-sys v2.0.4+zstd.1.5.2
[INFO] [stderr]    Compiling form_urlencoded v1.1.0
[INFO] [stderr]    Compiling num-traits v0.2.15
[INFO] [stderr]    Compiling block-buffer v0.10.3
[INFO] [stderr]    Compiling rand v0.8.5
[INFO] [stderr]    Compiling crypto-common v0.1.6
[INFO] [stderr]    Compiling convert_case v0.4.0
[INFO] [stderr]    Compiling openssl-probe v0.1.5
[INFO] [stderr]    Compiling parking_lot_core v0.8.6
[INFO] [stderr]    Compiling encoding_rs v0.8.31
[INFO] [stderr]    Compiling block-padding v0.2.1
[INFO] [stderr]    Compiling regex-syntax v0.6.28
[INFO] [stderr]    Compiling tiny-keccak v2.0.2
[INFO] [stderr]    Compiling byte-slice-cast v1.2.2
[INFO] [stderr]    Compiling bitvec v0.20.4
[INFO] [stderr]    Compiling arrayvec v0.7.2
[INFO] [stderr]    Compiling matches v0.1.9
[INFO] [stderr]    Compiling block-buffer v0.9.0
[INFO] [stderr]    Compiling digest v0.10.6
[INFO] [stderr]    Compiling rand_core v0.5.1
[INFO] [stderr]    Compiling digest v0.9.0
[INFO] [stderr]    Compiling idna v0.3.0
[INFO] [stderr]    Compiling axum v0.6.1
[INFO] [stderr]    Compiling fixed-hash v0.7.0
[INFO] [stderr]    Compiling instant v0.1.12
[INFO] [stderr]    Compiling crc32fast v1.3.2
[INFO] [stderr]    Compiling bytes v1.3.0
[INFO] [stderr]    Compiling hex v0.4.3
[INFO] [stderr]    Compiling http-range-header v0.3.0
[INFO] [stderr]    Compiling opaque-debug v0.3.0
[INFO] [stderr]    Compiling io-lifetimes v1.0.3
[INFO] [stderr]    Compiling zeroize v1.5.7
[INFO] [stderr]    Compiling alloc-no-stdlib v2.0.4
[INFO] [stderr]    Compiling zstd-safe v5.0.2+zstd.1.5.2
[INFO] [stderr]    Compiling local-waker v0.1.3
[INFO] [stderr]    Compiling subtle-encoding v0.5.1
[INFO] [stderr]    Compiling alloc-stdlib v0.2.2
[INFO] [stderr]    Compiling url v2.3.1
[INFO] [stderr]    Compiling time v0.3.17
[INFO] [stderr]    Compiling uint v0.9.5
[INFO] [stderr]    Compiling rand_chacha v0.2.2
[INFO] [stderr]    Compiling sha1 v0.10.5
[INFO] [stderr]    Compiling secp256k1-sys v0.4.2
[INFO] [stderr]    Compiling flex-error v0.4.4
[INFO] [stderr]    Compiling ahash v0.7.6
[INFO] [stderr]    Compiling rustix v0.36.5
[INFO] [stderr]    Compiling adler v1.0.2
[INFO] [stderr]    Compiling toml v0.5.10
[INFO] [stderr]    Compiling matchit v0.7.0
[INFO] [stderr]    Compiling sync_wrapper v0.1.1
[INFO] [stderr]    Compiling tracing v0.1.37
[INFO] [stderr]    Compiling miniz_oxide v0.6.2
[INFO] [stderr]    Compiling rand v0.7.3
[INFO] [stderr]    Compiling parking_lot v0.11.2
[INFO] [stderr]    Compiling brotli-decompressor v2.3.2
[INFO] [stderr]    Compiling actix-utils v3.0.1
[INFO] [stderr]    Compiling http v0.2.8
[INFO] [stderr]    Compiling bytestring v1.2.0
[INFO] [stderr]    Compiling idna v0.1.5
[INFO] [stderr]    Compiling actix-service v2.0.2
[INFO] [stderr]    Compiling cookie v0.16.2
[INFO] [stderr]    Compiling linux-raw-sys v0.1.4
[INFO] [stderr]    Compiling regex v1.7.0
[INFO] [stderr]    Compiling percent-encoding v1.0.1
[INFO] [stderr]    Compiling keccak v0.1.3
[INFO] [stderr]    Compiling lazy_static v1.4.0
[INFO] [stderr]    Compiling flate2 v1.0.25
[INFO] [stderr]    Compiling sha3 v0.9.1
[INFO] [stderr]    Compiling url v1.7.2
[INFO] [stderr]    Compiling sha-1 v0.9.8
[INFO] [stderr]    Compiling protobuf v3.2.0
[INFO] [stderr]    Compiling language-tags v0.3.2
[INFO] [stderr]    Compiling ipnet v2.7.0
[INFO] [stderr]    Compiling idna v0.2.3
[INFO] [stderr]    Compiling brotli v3.3.4
[INFO] [stderr]    Compiling actix-router v0.5.1
[INFO] [stderr]    Compiling futures-timer v3.0.2
[INFO] [stderr]    Compiling heck v0.4.0
[INFO] [stderr]    Compiling termcolor v1.1.3
[INFO] [stderr]    Compiling humantime v2.1.0
[INFO] [stderr]    Compiling base64 v0.21.0
[INFO] [stderr]    Compiling strum v0.24.1
[INFO] [stderr]    Compiling json v0.12.4
[INFO] [stderr]    Compiling is-terminal v0.4.2
[INFO] [stderr]    Compiling env_logger v0.10.0
[INFO] [stderr]    Compiling futures-macro v0.3.25
[INFO] [stderr]    Compiling tokio-macros v1.8.2
[INFO] [stderr]    Compiling tracing-attributes v0.1.23
[INFO] [stderr]    Compiling thiserror-impl v1.0.38
[INFO] [stderr]    Compiling pin-project-internal v1.0.12
[INFO] [stderr]    Compiling prost-derive v0.11.5
[INFO] [stderr]    Compiling openssl-macros v0.1.0
[INFO] [stderr]    Compiling impl-trait-for-tuples v0.2.2
[INFO] [stderr]    Compiling derive_more v0.99.17
[INFO] [stderr]    Compiling num-derive v0.3.3
[INFO] [stderr]    Compiling async-stream-impl v0.3.3
[INFO] [stderr]    Compiling proc-macro-crate v1.2.1
[INFO] [stderr]    Compiling secp256k1 v0.21.3
[INFO] [stderr]    Compiling async-stream v0.3.3
[INFO] [stderr]    Compiling parity-scale-codec-derive v2.3.1
[INFO] [stderr]    Compiling protobuf-support v3.2.0
[INFO] [stderr]    Compiling pin-project v1.0.12
[INFO] [stderr]    Compiling actix-web-codegen v4.1.0
[INFO] [stderr]    Compiling actix-macros v0.2.3
[INFO] [stderr]    Compiling strum_macros v0.24.3
[INFO] [stderr]    Compiling tracing-futures v0.2.5
[INFO] [stderr]    Compiling futures-executor v0.3.25
[INFO] [stderr]    Compiling local-channel v0.1.3
[INFO] [stderr]    Compiling zstd v0.11.2+zstd.1.5.2
[INFO] [stderr]    Compiling futures v0.3.25
[INFO] [stderr]    Compiling parity-scale-codec v2.3.1
[INFO] [stderr]    Compiling impl-serde v0.3.2
[INFO] [stderr]    Compiling serde_bytes v0.11.8
[INFO] [stderr]    Compiling serde_urlencoded v0.7.1
[INFO] [stderr]    Compiling rlp v0.5.2
[INFO] [stderr]    Compiling prost v0.11.5
[INFO] [stderr]    Compiling soketto v0.7.1
[INFO] [stderr]    Compiling impl-rlp v0.3.0
[INFO] [stderr]    Compiling impl-codec v0.5.1
[INFO] [stderr]    Compiling ethbloom v0.11.1
[INFO] [stderr]    Compiling primitive-types v0.10.1
[INFO] [stderr]    Compiling prost-types v0.11.5
[INFO] [stderr]    Compiling http-body v0.4.5
[INFO] [stderr]    Compiling headers-core v0.2.0
[INFO] [stderr]    Compiling headers v0.3.8
[INFO] [stderr]    Compiling jsonrpc-core v18.0.0
[INFO] [stderr]    Compiling ethereum-types v0.12.1
[INFO] [stderr]    Compiling tendermint-proto v0.28.0
[INFO] [stderr]    Compiling tendermint-proto v0.27.0
[INFO] [stderr]    Compiling jsonrpc-pubsub v18.0.0
[INFO] [stderr]    Compiling ethabi v16.0.0
[INFO] [stderr]    Compiling jsonrpc-client-transports v18.0.0
[INFO] [stderr]    Compiling jsonrpc-core-client v18.0.0
[INFO] [stderr]    Compiling tokio-util v0.7.4
[INFO] [stderr]    Compiling tokio-stream v0.1.11
[INFO] [stderr]    Compiling tokio-io-timeout v1.2.0
[INFO] [stderr]    Compiling tokio-native-tls v0.3.0
[INFO] [stderr]    Compiling actix-rt v2.7.0
[INFO] [stderr]    Compiling tokio-util v0.6.10
[INFO] [stderr]    Compiling web3-async-native-tls v0.4.0
[INFO] [stderr]    Compiling actix-server v2.1.1
[INFO] [stderr]    Compiling h2 v0.3.15
[INFO] [stderr]    Compiling tower v0.4.13
[INFO] [stderr]    Compiling actix-codec v0.5.0
[INFO] [stderr]    Compiling tower-http v0.3.5
[INFO] [stderr]    Compiling hyper v0.14.23
[INFO] [stderr]    Compiling actix-http v3.2.2
[INFO] [stderr]    Compiling actix-web v4.2.1
[INFO] [stderr]    Compiling hyper-timeout v0.4.1
[INFO] [stderr]    Compiling hyper-tls v0.5.0
[INFO] [stderr]    Compiling reqwest v0.11.13
[INFO] [stderr]    Compiling web3 v0.18.0
[INFO] [stderr]    Compiling tonic v0.8.3
[INFO] [stderr]    Compiling ibc-proto v0.24.0 (https://github.com/cosmos/ibc-proto-rs?branch=main#7d695f48)
[INFO] [stderr]    Compiling cosmos-sdk-proto v0.16.0
[INFO] [stderr]    Compiling parachutedrop-rust-server v0.0.1 (/opt/rustwide/workdir)
[INFO] [stdout] warning: unused import: `crate::http::error::HTTPError`
[INFO] [stdout]  --> src/client/factory.rs:1:5
[INFO] [stdout]   |
[INFO] [stdout] 1 | use crate::http::error::HTTPError;
[INFO] [stdout]   |     ^^^^^^^^^^^^^^^^^^^^^^^^^^^^^
[INFO] [stdout]   |
[INFO] [stdout]   = note: `#[warn(unused_imports)]` on by default
[INFO] [stdout] 
[INFO] [stdout] 
[INFO] [stdout] warning: unused imports: `QueryAllBalancesRequest`, `QueryBalanceRequest`, and `QueryBalanceResponse`
[INFO] [stdout]  --> src/client/factory.rs:5:32
[INFO] [stdout]   |
[INFO] [stdout] 5 |     query_client::QueryClient, QueryAllBalancesRequest, QueryBalanceRequest, QueryBalanceResponse,
[INFO] [stdout]   |                                ^^^^^^^^^^^^^^^^^^^^^^^  ^^^^^^^^^^^^^^^^^^^  ^^^^^^^^^^^^^^^^^^^^
[INFO] [stdout] 
[INFO] [stdout] 
[INFO] [stdout] warning: unused import: `ibc_proto::ibc::core::channel::v1::Channel`
[INFO] [stdout]  --> src/client/factory.rs:7:5
[INFO] [stdout]   |
[INFO] [stdout] 7 | use ibc_proto::ibc::core::channel::v1::Channel;
[INFO] [stdout]   |     ^^^^^^^^^^^^^^^^^^^^^^^^^^^^^^^^^^^^^^^^^^
[INFO] [stdout] 
[INFO] [stdout] 
[INFO] [stdout] warning: unused import: `Error`
[INFO] [stdout]  --> src/client/factory.rs:8:23
[INFO] [stdout]   |
[INFO] [stdout] 8 | use reqwest::{Client, Error, RequestBuilder, Response};
[INFO] [stdout]   |                       ^^^^^
[INFO] [stdout] 
[INFO] [stdout] 
[INFO] [stdout] warning: unused import: `std::ffi::OsStr`
[INFO] [stdout]   --> src/client/factory.rs:12:5
[INFO] [stdout]    |
[INFO] [stdout] 12 | use std::ffi::OsStr;
[INFO] [stdout]    |     ^^^^^^^^^^^^^^^
[INFO] [stdout] 
[INFO] [stdout] 
[INFO] [stdout] warning: unused import: `std::fs::File`
[INFO] [stdout]   --> src/client/factory.rs:14:5
[INFO] [stdout]    |
[INFO] [stdout] 14 | use std::fs::File;
[INFO] [stdout]    |     ^^^^^^^^^^^^^
[INFO] [stdout] 
[INFO] [stdout] 
[INFO] [stdout] warning: unused import: `std::io::BufReader`
[INFO] [stdout]   --> src/client/factory.rs:15:5
[INFO] [stdout]    |
[INFO] [stdout] 15 | use std::io::BufReader;
[INFO] [stdout]    |     ^^^^^^^^^^^^^^^^^^
[INFO] [stdout] 
[INFO] [stdout] 
[INFO] [stdout] warning: unused import: `std::process::Command`
[INFO] [stdout]   --> src/client/factory.rs:16:5
[INFO] [stdout]    |
[INFO] [stdout] 16 | use std::process::Command;
[INFO] [stdout]    |     ^^^^^^^^^^^^^^^^^^^^^
[INFO] [stdout] 
[INFO] [stdout] 
[INFO] [stdout] warning: unused import: `std::process::Output`
[INFO] [stdout]   --> src/client/factory.rs:17:5
[INFO] [stdout]    |
[INFO] [stdout] 17 | use std::process::Output;
[INFO] [stdout]    |     ^^^^^^^^^^^^^^^^^^^^
[INFO] [stdout] 
[INFO] [stdout] 
[INFO] [stdout] warning: unused import: `tokio::task::JoinSet`
[INFO] [stdout]   --> src/client/factory.rs:18:5
[INFO] [stdout]    |
[INFO] [stdout] 18 | use tokio::task::JoinSet;
[INFO] [stdout]    |     ^^^^^^^^^^^^^^^^^^^^
[INFO] [stdout] 
[INFO] [stdout] 
[INFO] [stdout] warning: unused import: `web3::signing::Key`
[INFO] [stdout]   --> src/client/factory.rs:19:5
[INFO] [stdout]    |
[INFO] [stdout] 19 | use web3::signing::Key;
[INFO] [stdout]    |     ^^^^^^^^^^^^^^^^^^
[INFO] [stdout] 
[INFO] [stdout] 
[INFO] [stdout] warning: unused imports: `App`, `HttpResponse`, `get`, and `header::ContentType`
[INFO] [stdout]  --> src/http/error.rs:2:12
[INFO] [stdout]   |
[INFO] [stdout] 2 |     error, get,
[INFO] [stdout]   |            ^^^
[INFO] [stdout] 3 |     http::{header::ContentType, StatusCode},
[INFO] [stdout]   |            ^^^^^^^^^^^^^^^^^^^
[INFO] [stdout] 4 |     App, HttpResponse,
[INFO] [stdout]   |     ^^^  ^^^^^^^^^^^^
[INFO] [stdout] 
[INFO] [stdout] 
[INFO] [stdout] warning: unused import: `ibc_proto::cosmos::bank::v1beta1::QueryBalanceResponse`
[INFO] [stdout]  --> src/http/response.rs:4:5
[INFO] [stdout]   |
[INFO] [stdout] 4 | use ibc_proto::cosmos::bank::v1beta1::QueryBalanceResponse;
[INFO] [stdout]   |     ^^^^^^^^^^^^^^^^^^^^^^^^^^^^^^^^^^^^^^^^^^^^^^^^^^^^^^
[INFO] [stdout] 
[INFO] [stdout] 
[INFO] [stdout] warning: unused import: `serde_json::map::Values`
[INFO] [stdout]  --> src/http/response.rs:7:5
[INFO] [stdout]   |
[INFO] [stdout] 7 | use serde_json::map::Values;
[INFO] [stdout]   |     ^^^^^^^^^^^^^^^^^^^^^^^
[INFO] [stdout] 
[INFO] [stdout] 
[INFO] [stdout] warning: unused import: `crate::http::response::HealthResponse`
[INFO] [stdout]  --> src/routes/health.rs:7:5
[INFO] [stdout]   |
[INFO] [stdout] 7 | use crate::http::response::HealthResponse;
[INFO] [stdout]   |     ^^^^^^^^^^^^^^^^^^^^^^^^^^^^^^^^^^^^^
[INFO] [stdout] 
[INFO] [stdout] 
[INFO] [stdout] warning: unused import: `actix_web::http::StatusCode`
[INFO] [stdout]  --> src/routes/health.rs:8:5
[INFO] [stdout]   |
[INFO] [stdout] 8 | use actix_web::http::StatusCode;
[INFO] [stdout]   |     ^^^^^^^^^^^^^^^^^^^^^^^^^^^
[INFO] [stdout] 
[INFO] [stdout] 
[INFO] [stdout] warning: unused import: `Responder`
[INFO] [stdout]  --> src/routes/health.rs:9:41
[INFO] [stdout]   |
[INFO] [stdout] 9 | use actix_web::{get, web, HttpResponse, Responder};
[INFO] [stdout]   |                                         ^^^^^^^^^
[INFO] [stdout] 
[INFO] [stdout] 
[INFO] [stdout] warning: unused imports: `QueryAllBalancesRequest`, `QueryBalanceResponse`, and `query_client::QueryClient`
[INFO] [stdout]   --> src/routes/health.rs:11:5
[INFO] [stdout]    |
[INFO] [stdout] 11 |     query_client::QueryClient, QueryAllBalancesRequest, QueryBalanceRequest, QueryBalanceResponse,
[INFO] [stdout]    |     ^^^^^^^^^^^^^^^^^^^^^^^^^  ^^^^^^^^^^^^^^^^^^^^^^^                       ^^^^^^^^^^^^^^^^^^^^
[INFO] [stdout] 
[INFO] [stdout] 
[INFO] [stdout] warning: unused import: `ibc_proto::ibc::core::channel::v1::acknowledgement::Response::Error`
[INFO] [stdout]   --> src/routes/health.rs:13:5
[INFO] [stdout]    |
[INFO] [stdout] 13 | use ibc_proto::ibc::core::channel::v1::acknowledgement::Response::Error;
[INFO] [stdout]    |     ^^^^^^^^^^^^^^^^^^^^^^^^^^^^^^^^^^^^^^^^^^^^^^^^^^^^^^^^^^^^^^^^^^^
[INFO] [stdout] 
[INFO] [stdout] 
[INFO] [stdout] warning: unused imports: `Response` and `Version`
[INFO] [stdout]   --> src/routes/health.rs:14:23
[INFO] [stdout]    |
[INFO] [stdout] 14 | use reqwest::{Client, Response, Version};
[INFO] [stdout]    |                       ^^^^^^^^  ^^^^^^^
[INFO] [stdout] 
[INFO] [stdout] 
[INFO] [stdout] warning: unused import: `std::io::Bytes`
[INFO] [stdout]  --> src/routes/message.rs:3:5
[INFO] [stdout]   |
[INFO] [stdout] 3 | use std::io::Bytes;
[INFO] [stdout]   |     ^^^^^^^^^^^^^^
[INFO] [stdout] 
[INFO] [stdout] 
[INFO] [stdout] warning: unused import: `strum::IntoEnumIterator`
[INFO] [stdout]  --> src/routes/message.rs:4:5
[INFO] [stdout]   |
[INFO] [stdout] 4 | use strum::IntoEnumIterator;
[INFO] [stdout]   |     ^^^^^^^^^^^^^^^^^^^^^^^
[INFO] [stdout] 
[INFO] [stdout] 
[INFO] [stdout] warning: unused imports: `EnumString` and `IntoStaticStr`
[INFO] [stdout]  --> src/routes/message.rs:5:30
[INFO] [stdout]   |
[INFO] [stdout] 5 | use strum_macros::{EnumIter, EnumString, IntoStaticStr};
[INFO] [stdout]   |                              ^^^^^^^^^^  ^^^^^^^^^^^^^
[INFO] [stdout] 
[INFO] [stdout] 
[INFO] [stdout] warning: unused imports: `build_request_by_chain_name`, `build_request_with_body_and_chain_name`, and `get_tx_grpc_client`
[INFO] [stdout]  --> src/routes/query.rs:2:5
[INFO] [stdout]   |
[INFO] [stdout] 2 |     build_request_by_chain_name, build_request_to_explorer_api_by_chain_name_with_query_parameters,
[INFO] [stdout]   |     ^^^^^^^^^^^^^^^^^^^^^^^^^^^
[INFO] [stdout] 3 |     build_request_with_body_and_chain_name, get_bank_grpc_client, get_supported_blockchains,
[INFO] [stdout]   |     ^^^^^^^^^^^^^^^^^^^^^^^^^^^^^^^^^^^^^^
[INFO] [stdout] 4 |     get_tx_grpc_client, SearchType,
[INFO] [stdout]   |     ^^^^^^^^^^^^^^^^^^
[INFO] [stdout] 
[INFO] [stdout] 
[INFO] [stdout] warning: unused import: `crate::http::response`
[INFO] [stdout]  --> src/routes/query.rs:8:5
[INFO] [stdout]   |
[INFO] [stdout] 8 | use crate::http::response;
[INFO] [stdout]   |     ^^^^^^^^^^^^^^^^^^^^^
[INFO] [stdout] 
[INFO] [stdout] 
[INFO] [stdout] warning: unused import: `crate::http::response::HealthResponse`
[INFO] [stdout]  --> src/routes/query.rs:9:5
[INFO] [stdout]   |
[INFO] [stdout] 9 | use crate::http::response::HealthResponse;
[INFO] [stdout]   |     ^^^^^^^^^^^^^^^^^^^^^^^^^^^^^^^^^^^^^
[INFO] [stdout] 
[INFO] [stdout] 
[INFO] [stdout] warning: unused import: `crate::routes`
[INFO] [stdout]   --> src/routes/query.rs:10:5
[INFO] [stdout]    |
[INFO] [stdout] 10 | use crate::routes;
[INFO] [stdout]    |     ^^^^^^^^^^^^^
[INFO] [stdout] 
[INFO] [stdout] 
[INFO] [stdout] warning: unused import: `actix_web::http::StatusCode`
[INFO] [stdout]   --> src/routes/query.rs:16:5
[INFO] [stdout]    |
[INFO] [stdout] 16 | use actix_web::http::StatusCode;
[INFO] [stdout]    |     ^^^^^^^^^^^^^^^^^^^^^^^^^^^
[INFO] [stdout] 
[INFO] [stdout] 
[INFO] [stdout] warning: unused import: `Responder`
[INFO] [stdout]   --> src/routes/query.rs:17:41
[INFO] [stdout]    |
[INFO] [stdout] 17 | use actix_web::{get, web, HttpResponse, Responder};
[INFO] [stdout]    |                                         ^^^^^^^^^
[INFO] [stdout] 
[INFO] [stdout] 
[INFO] [stdout] warning: unused imports: `QueryAllBalancesRequest`, `QueryBalanceResponse`, and `query_client::QueryClient`
[INFO] [stdout]   --> src/routes/query.rs:20:5
[INFO] [stdout]    |
[INFO] [stdout] 20 |     query_client::QueryClient, QueryAllBalancesRequest, QueryBalanceRequest, QueryBalanceResponse,
[INFO] [stdout]    |     ^^^^^^^^^^^^^^^^^^^^^^^^^  ^^^^^^^^^^^^^^^^^^^^^^^                       ^^^^^^^^^^^^^^^^^^^^
[INFO] [stdout] 
[INFO] [stdout] 
[INFO] [stdout] warning: unused import: `ibc_proto::cosmos::base::abci::v1beta1::TxResponse`
[INFO] [stdout]   --> src/routes/query.rs:22:5
[INFO] [stdout]    |
[INFO] [stdout] 22 | use ibc_proto::cosmos::base::abci::v1beta1::TxResponse;
[INFO] [stdout]    |     ^^^^^^^^^^^^^^^^^^^^^^^^^^^^^^^^^^^^^^^^^^^^^^^^^^
[INFO] [stdout] 
[INFO] [stdout] 
[INFO] [stdout] warning: unused imports: `GetTxRequest`, `GetTxResponse`, and `Tx`
[INFO] [stdout]   --> src/routes/query.rs:23:38
[INFO] [stdout]    |
[INFO] [stdout] 23 | use ibc_proto::cosmos::tx::v1beta1::{GetTxRequest, GetTxResponse, Tx, TxBody};
[INFO] [stdout]    |                                      ^^^^^^^^^^^^  ^^^^^^^^^^^^^  ^^
[INFO] [stdout] 
[INFO] [stdout] 
[INFO] [stdout] warning: unused import: `ibc_proto::ibc::core::channel::v1::acknowledgement::Response::Error`
[INFO] [stdout]   --> src/routes/query.rs:24:5
[INFO] [stdout]    |
[INFO] [stdout] 24 | use ibc_proto::ibc::core::channel::v1::acknowledgement::Response::Error;
[INFO] [stdout]    |     ^^^^^^^^^^^^^^^^^^^^^^^^^^^^^^^^^^^^^^^^^^^^^^^^^^^^^^^^^^^^^^^^^^^
[INFO] [stdout] 
[INFO] [stdout] 
[INFO] [stdout] warning: unused import: `json::JsonValue`
[INFO] [stdout]   --> src/routes/query.rs:25:5
[INFO] [stdout]    |
[INFO] [stdout] 25 | use json::JsonValue;
[INFO] [stdout]    |     ^^^^^^^^^^^^^^^
[INFO] [stdout] 
[INFO] [stdout] 
[INFO] [stdout] warning: unused import: `prost::Message`
[INFO] [stdout]   --> src/routes/query.rs:26:5
[INFO] [stdout]    |
[INFO] [stdout] 26 | use prost::Message;
[INFO] [stdout]    |     ^^^^^^^^^^^^^^
[INFO] [stdout] 
[INFO] [stdout] 
[INFO] [stdout] warning: unused imports: `Client`, `Response`, and `Version`
[INFO] [stdout]   --> src/routes/query.rs:27:15
[INFO] [stdout]    |
[INFO] [stdout] 27 | use reqwest::{Client, Response, Version};
[INFO] [stdout]    |               ^^^^^^  ^^^^^^^^  ^^^^^^^
[INFO] [stdout] 
[INFO] [stdout] 
[INFO] [stdout] warning: unused import: `serde_json::from_value`
[INFO] [stdout]   --> src/routes/query.rs:29:5
[INFO] [stdout]    |
[INFO] [stdout] 29 | use serde_json::from_value;
[INFO] [stdout]    |     ^^^^^^^^^^^^^^^^^^^^^^
[INFO] [stdout] 
[INFO] [stdout] 
[INFO] [stdout] warning: unused import: `std::any::Any`
[INFO] [stdout]   --> src/routes/query.rs:31:5
[INFO] [stdout]    |
[INFO] [stdout] 31 | use std::any::Any;
[INFO] [stdout]    |     ^^^^^^^^^^^^^
[INFO] [stdout] 
[INFO] [stdout] 
[INFO] [stdout] warning: unused import: `std::borrow::Borrow`
[INFO] [stdout]   --> src/routes/query.rs:32:5
[INFO] [stdout]    |
[INFO] [stdout] 32 | use std::borrow::Borrow;
[INFO] [stdout]    |     ^^^^^^^^^^^^^^^^^^^
[INFO] [stdout] 
[INFO] [stdout] 
[INFO] [stdout] warning: type `processed_message_type` should have an upper camel case name
[INFO] [stdout]   --> src/routes/query.rs:38:10
[INFO] [stdout]    |
[INFO] [stdout] 38 | pub type processed_message_type = HashMap<String, Vec<sonar::Tx>>;
[INFO] [stdout]    |          ^^^^^^^^^^^^^^^^^^^^^^ help: convert the identifier to upper camel case: `ProcessedMessageType`
[INFO] [stdout]    |
[INFO] [stdout]    = note: `#[warn(non_camel_case_types)]` on by default
[INFO] [stdout] 
[INFO] [stdout] 
[INFO] [stdout] warning: unused `#[macro_use]` import
[INFO] [stdout]  --> src/main.rs:8:1
[INFO] [stdout]   |
[INFO] [stdout] 8 | #[macro_use]
[INFO] [stdout]   | ^^^^^^^^^^^^
[INFO] [stdout] 
[INFO] [stdout] 
[INFO] [stdout] warning: use of deprecated function `base64::decode`: Use Engine::decode
[INFO] [stdout]   --> src/routes/query.rs:18:13
[INFO] [stdout]    |
[INFO] [stdout] 18 | use base64::decode;
[INFO] [stdout]    |             ^^^^^^
[INFO] [stdout]    |
[INFO] [stdout]    = note: `#[warn(deprecated)]` on by default
[INFO] [stdout] 
[INFO] [stdout] 
[INFO] [stdout] warning: use of deprecated function `base64::decode`: Use Engine::decode
[INFO] [stdout]    --> src/routes/query.rs:315:39
[INFO] [stdout]     |
[INFO] [stdout] 315 |                     let decoded_key = decode(&attribute.key).unwrap();
[INFO] [stdout]     |                                       ^^^^^^
[INFO] [stdout] 
[INFO] [stdout] 
[INFO] [stdout] warning: use of deprecated function `base64::decode`: Use Engine::decode
[INFO] [stdout]    --> src/routes/query.rs:316:41
[INFO] [stdout]     |
[INFO] [stdout] 316 |                     let decoded_value = decode(&attribute.value).unwrap();
[INFO] [stdout]     |                                         ^^^^^^
[INFO] [stdout] 
[INFO] [stdout] 
[INFO] [stdout] warning: unused variable: `client`
[INFO] [stdout]   --> src/routes/health.rs:26:29
[INFO] [stdout]    |
[INFO] [stdout] 26 | pub async fn polygon_health(client: web::Data<Client>) -> Result<HttpResponse, HTTPError> {
[INFO] [stdout]    |                             ^^^^^^ help: if this is intentional, prefix it with an underscore: `_client`
[INFO] [stdout]    |
[INFO] [stdout]    = note: `#[warn(unused_variables)]` on by default
[INFO] [stdout] 
[INFO] [stdout] 
[INFO] [stdout] warning: unused variable: `e`
[INFO] [stdout]   --> src/routes/health.rs:55:19
[INFO] [stdout]    |
[INFO] [stdout] 55 |         .map_err(|e| HTTPError::Timeout)?;
[INFO] [stdout]    |                   ^ help: if this is intentional, prefix it with an underscore: `_e`
[INFO] [stdout] 
[INFO] [stdout] 
[INFO] [stdout] warning: unused variable: `target_chain`
[INFO] [stdout]    --> src/routes/query.rs:278:40
[INFO] [stdout]     |
[INFO] [stdout] 278 | async fn getTxRawByHash(tx_hash: &str, target_chain: &str) -> Result<CustomGetTxResponse, String> {
[INFO] [stdout]     |                                        ^^^^^^^^^^^^ help: if this is intentional, prefix it with an underscore: `_target_chain`
[INFO] [stdout] 
[INFO] [stdout] 
[INFO] [stdout] warning: variable does not need to be mutable
[INFO] [stdout]    --> src/routes/query.rs:304:17
[INFO] [stdout]     |
[INFO] [stdout] 304 |             let mut custom_tx_response = serde_json::from_str(&json_str);
[INFO] [stdout]     |                 ----^^^^^^^^^^^^^^^^^^
[INFO] [stdout]     |                 |
[INFO] [stdout]     |                 help: remove this `mut`
[INFO] [stdout]     |
[INFO] [stdout]     = note: `#[warn(unused_mut)]` on by default
[INFO] [stdout] 
[INFO] [stdout] 
[INFO] [stdout] warning: unused variable: `e`
[INFO] [stdout]    --> src/routes/query.rs:375:19
[INFO] [stdout]     |
[INFO] [stdout] 375 |         .map_err(|e| HTTPError::Timeout)?;
[INFO] [stdout]     |                   ^ help: if this is intentional, prefix it with an underscore: `_e`
[INFO] [stdout] 
[INFO] [stdout] 
[INFO] [stdout] warning: unused import: `tonic::codegen::Body`
[INFO] [stdout]   --> src/routes/health.rs:15:5
[INFO] [stdout]    |
[INFO] [stdout] 15 | use tonic::codegen::Body;
[INFO] [stdout]    |     ^^^^^^^^^^^^^^^^^^^^
[INFO] [stdout] 
[INFO] [stdout] 
[INFO] [stdout] warning: unused import: `tonic::codegen::Body`
[INFO] [stdout]   --> src/routes/query.rs:35:5
[INFO] [stdout]    |
[INFO] [stdout] 35 | use tonic::codegen::Body;
[INFO] [stdout]    |     ^^^^^^^^^^^^^^^^^^^^
[INFO] [stdout] 
[INFO] [stdout] 
[INFO] [stdout] warning: method `get_tx_grpc_client` is never used
[INFO] [stdout]   --> src/client/factory.rs:42:18
[INFO] [stdout]    |
[INFO] [stdout] 31 | impl SupportedBlockchain {
[INFO] [stdout]    | ------------------------ method in this implementation
[INFO] [stdout] ...
[INFO] [stdout] 42 |     pub async fn get_tx_grpc_client(
[INFO] [stdout]    |                  ^^^^^^^^^^^^^^^^^^
[INFO] [stdout]    |
[INFO] [stdout]    = note: `#[warn(dead_code)]` on by default
[INFO] [stdout] 
[INFO] [stdout] 
[INFO] [stdout] warning: function `get_tx_grpc_client` is never used
[INFO] [stdout]    --> src/client/factory.rs:134:14
[INFO] [stdout]     |
[INFO] [stdout] 134 | pub async fn get_tx_grpc_client(
[INFO] [stdout]     |              ^^^^^^^^^^^^^^^^^^
[INFO] [stdout] 
[INFO] [stdout] 
[INFO] [stdout] warning: struct `TotalMsgs` is never constructed
[INFO] [stdout]  --> src/routes/message.rs:7:12
[INFO] [stdout]   |
[INFO] [stdout] 7 | pub struct TotalMsgs {
[INFO] [stdout]   |            ^^^^^^^^^
[INFO] [stdout] 
[INFO] [stdout] 
[INFO] [stdout] warning: struct `Messages` is never constructed
[INFO] [stdout]   --> src/routes/message.rs:16:12
[INFO] [stdout]    |
[INFO] [stdout] 16 | pub struct Messages {
[INFO] [stdout]    |            ^^^^^^^^
[INFO] [stdout] 
[INFO] [stdout] 
[INFO] [stdout] warning: method `get_type` is never used
[INFO] [stdout]   --> src/routes/message.rs:22:8
[INFO] [stdout]    |
[INFO] [stdout] 21 | pub trait MessageType: fmt::Display {
[INFO] [stdout]    |           ----------- method in this trait
[INFO] [stdout] 22 |     fn get_type(&self) -> String;
[INFO] [stdout]    |        ^^^^^^^^
[INFO] [stdout] 
[INFO] [stdout] 
[INFO] [stdout] warning: struct `DumpMessage` is never constructed
[INFO] [stdout]   --> src/routes/message.rs:83:8
[INFO] [stdout]    |
[INFO] [stdout] 83 | struct DumpMessage {
[INFO] [stdout]    |        ^^^^^^^^^^^
[INFO] [stdout] 
[INFO] [stdout] 
[INFO] [stdout] warning: struct `HodlMessage` is never constructed
[INFO] [stdout]   --> src/routes/message.rs:88:8
[INFO] [stdout]    |
[INFO] [stdout] 88 | struct HodlMessage {
[INFO] [stdout]    |        ^^^^^^^^^^^
[INFO] [stdout] 
[INFO] [stdout] 
[INFO] [stdout] warning: function `isMsgSwapExactAmountIn` is never used
[INFO] [stdout]    --> src/routes/query.rs:246:4
[INFO] [stdout]     |
[INFO] [stdout] 246 | fn isMsgSwapExactAmountIn(tx_body: &TxBody) -> bool {
[INFO] [stdout]     |    ^^^^^^^^^^^^^^^^^^^^^^
[INFO] [stdout] 
[INFO] [stdout] 
[INFO] [stdout] warning: field `tx` is never read
[INFO] [stdout]    --> src/routes/query.rs:268:5
[INFO] [stdout]     |
[INFO] [stdout] 266 | struct IntermediateGetTxResponse {
[INFO] [stdout]     |        ------------------------- field in this struct
[INFO] [stdout] 267 |     tx_response: Option<Value>,
[INFO] [stdout] 268 |     tx: Option<Value>,
[INFO] [stdout]     |     ^^
[INFO] [stdout]     |
[INFO] [stdout]     = note: `IntermediateGetTxResponse` has a derived impl for the trait `Debug`, but this is intentionally ignored during dead code analysis
[INFO] [stdout] 
[INFO] [stdout] 
[INFO] [stdout] warning: function `isMsgSwapExactAmountIn` should have a snake case name
[INFO] [stdout]    --> src/routes/query.rs:246:4
[INFO] [stdout]     |
[INFO] [stdout] 246 | fn isMsgSwapExactAmountIn(tx_body: &TxBody) -> bool {
[INFO] [stdout]     |    ^^^^^^^^^^^^^^^^^^^^^^ help: convert the identifier to snake case: `is_msg_swap_exact_amount_in`
[INFO] [stdout]     |
[INFO] [stdout]     = note: `#[warn(non_snake_case)]` on by default
[INFO] [stdout] 
[INFO] [stdout] 
[INFO] [stdout] warning: variable `typeUrl` should have a snake case name
[INFO] [stdout]    --> src/routes/query.rs:249:9
[INFO] [stdout]     |
[INFO] [stdout] 249 |     let typeUrl = tx_message.type_url.clone();
[INFO] [stdout]     |         ^^^^^^^ help: convert the identifier to snake case: `type_url`
[INFO] [stdout] 
[INFO] [stdout] 
[INFO] [stdout] warning: function `isSucceedTransaction` should have a snake case name
[INFO] [stdout]    --> src/routes/query.rs:257:4
[INFO] [stdout]     |
[INFO] [stdout] 257 | fn isSucceedTransaction(raw_tx_response: &CustomTxResponse) -> bool {
[INFO] [stdout]     |    ^^^^^^^^^^^^^^^^^^^^ help: convert the identifier to snake case: `is_succeed_transaction`
[INFO] [stdout] 
[INFO] [stdout] 
[INFO] [stdout] warning: function `getTxRawByHash` should have a snake case name
[INFO] [stdout]    --> src/routes/query.rs:278:10
[INFO] [stdout]     |
[INFO] [stdout] 278 | async fn getTxRawByHash(tx_hash: &str, target_chain: &str) -> Result<CustomGetTxResponse, String> {
[INFO] [stdout]     |          ^^^^^^^^^^^^^^ help: convert the identifier to snake case: `get_tx_raw_by_hash`
[INFO] [stdout] 
[INFO] [stdout] 
[INFO] [stdout] warning: function `doesContainMessageType` should have a snake case name
[INFO] [stdout]    --> src/routes/query.rs:340:4
[INFO] [stdout]     |
[INFO] [stdout] 340 | fn doesContainMessageType(tx: &sonar::Tx, msg: &dyn MessageType) -> bool {
[INFO] [stdout]     |    ^^^^^^^^^^^^^^^^^^^^^^ help: convert the identifier to snake case: `does_contain_message_type`
[INFO] [stdout] 
[INFO] [stdout] 
[INFO] [stdout] warning: structure field `TxHash` should have a snake case name
[INFO] [stdout]  --> src/routes/sonar.rs:5:16
[INFO] [stdout]   |
[INFO] [stdout] 5 |     pub(crate) TxHash: String,
[INFO] [stdout]   |                ^^^^^^ help: convert the identifier to snake case: `tx_hash`
[INFO] [stdout] 
[INFO] [stdout] 
[INFO] [stdout] warning: structure field `Success` should have a snake case name
[INFO] [stdout]  --> src/routes/sonar.rs:6:5
[INFO] [stdout]   |
[INFO] [stdout] 6 |     Success: bool,
[INFO] [stdout]   |     ^^^^^^^ help: convert the identifier to snake case (notice the capitalization): `success`
[INFO] [stdout] 
[INFO] [stdout] 
[INFO] [stdout] warning: structure field `Height` should have a snake case name
[INFO] [stdout]  --> src/routes/sonar.rs:7:5
[INFO] [stdout]   |
[INFO] [stdout] 7 |     Height: String,
[INFO] [stdout]   |     ^^^^^^ help: convert the identifier to snake case: `height`
[INFO] [stdout] 
[INFO] [stdout] 
[INFO] [stdout] warning: structure field `Timestamp` should have a snake case name
[INFO] [stdout]  --> src/routes/sonar.rs:8:5
[INFO] [stdout]   |
[INFO] [stdout] 8 |     Timestamp: String,
[INFO] [stdout]   |     ^^^^^^^^^ help: convert the identifier to snake case: `timestamp`
[INFO] [stdout] 
[INFO] [stdout] 
[INFO] [stdout] warning: structure field `Sender` should have a snake case name
[INFO] [stdout]  --> src/routes/sonar.rs:9:5
[INFO] [stdout]   |
[INFO] [stdout] 9 |     Sender: String,
[INFO] [stdout]   |     ^^^^^^ help: convert the identifier to snake case (notice the capitalization): `sender`
[INFO] [stdout] 
[INFO] [stdout] 
[INFO] [stdout] warning: structure field `MessageCount` should have a snake case name
[INFO] [stdout]   --> src/routes/sonar.rs:10:5
[INFO] [stdout]    |
[INFO] [stdout] 10 |     MessageCount: u64,
[INFO] [stdout]    |     ^^^^^^^^^^^^ help: convert the identifier to snake case: `message_count`
[INFO] [stdout] 
[INFO] [stdout] 
[INFO] [stdout] warning: structure field `UsedGas` should have a snake case name
[INFO] [stdout]   --> src/routes/sonar.rs:11:5
[INFO] [stdout]    |
[INFO] [stdout] 11 |     UsedGas: String,
[INFO] [stdout]    |     ^^^^^^^ help: convert the identifier to snake case: `used_gas`
[INFO] [stdout] 
[INFO] [stdout] 
[INFO] [stdout] warning: structure field `WantedGas` should have a snake case name
[INFO] [stdout]   --> src/routes/sonar.rs:12:5
[INFO] [stdout]    |
[INFO] [stdout] 12 |     WantedGas: String,
[INFO] [stdout]    |     ^^^^^^^^^ help: convert the identifier to snake case: `wanted_gas`
[INFO] [stdout] 
[INFO] [stdout] 
[INFO] [stdout] warning: structure field `Fee` should have a snake case name
[INFO] [stdout]   --> src/routes/sonar.rs:13:5
[INFO] [stdout]    |
[INFO] [stdout] 13 |     Fee: Vec<Fee>,
[INFO] [stdout]    |     ^^^ help: convert the identifier to snake case (notice the capitalization): `fee`
[INFO] [stdout] 
[INFO] [stdout] 
[INFO] [stdout] warning: structure field `Memo` should have a snake case name
[INFO] [stdout]   --> src/routes/sonar.rs:14:5
[INFO] [stdout]    |
[INFO] [stdout] 14 |     Memo: String,
[INFO] [stdout]    |     ^^^^ help: convert the identifier to snake case: `memo`
[INFO] [stdout] 
[INFO] [stdout] 
[INFO] [stdout] warning: structure field `Messages` should have a snake case name
[INFO] [stdout]   --> src/routes/sonar.rs:15:16
[INFO] [stdout]    |
[INFO] [stdout] 15 |     pub(crate) Messages: Vec<Message>,
[INFO] [stdout]    |                ^^^^^^^^ help: convert the identifier to snake case: `messages`
[INFO] [stdout] 
[INFO] [stdout] 
[INFO] [stdout] warning: structure field `Module` should have a snake case name
[INFO] [stdout]   --> src/routes/sonar.rs:26:5
[INFO] [stdout]    |
[INFO] [stdout] 26 |     Module: String,
[INFO] [stdout]    |     ^^^^^^ help: convert the identifier to snake case: `module`
[INFO] [stdout] 
[INFO] [stdout] 
[INFO] [stdout] warning: structure field `Type` should have a snake case name
[INFO] [stdout]   --> src/routes/sonar.rs:27:16
[INFO] [stdout]    |
[INFO] [stdout] 27 |     pub(crate) Type: String,
[INFO] [stdout]    |                ^^^^
[INFO] [stdout]    |
[INFO] [stdout] help: rename the identifier or convert it to a snake case raw identifier
[INFO] [stdout]    |
[INFO] [stdout] 27 |     pub(crate) r#type: String,
[INFO] [stdout]    |                ~~~~~~
[INFO] [stdout] 
[INFO] [stdout] 
[INFO] [stdout] warning: structure field `TxHash` should have a snake case name
[INFO] [stdout]   --> src/routes/sonar.rs:28:5
[INFO] [stdout]    |
[INFO] [stdout] 28 |     TxHash: String,
[INFO] [stdout]    |     ^^^^^^ help: convert the identifier to snake case: `tx_hash`
[INFO] [stdout] 
[INFO] [stdout] 
[INFO] [stdout] warning: structure field `Json` should have a snake case name
[INFO] [stdout]   --> src/routes/sonar.rs:29:5
[INFO] [stdout]    |
[INFO] [stdout] 29 |     Json: String,
[INFO] [stdout]    |     ^^^^ help: convert the identifier to snake case: `json`
[INFO] [stdout] 
[INFO] [stdout] 
[INFO] [stdout] warning: structure field `Success` should have a snake case name
[INFO] [stdout]   --> src/routes/sonar.rs:30:5
[INFO] [stdout]    |
[INFO] [stdout] 30 |     Success: bool,
[INFO] [stdout]    |     ^^^^^^^ help: convert the identifier to snake case (notice the capitalization): `success`
[INFO] [stdout] 
[INFO] [stdout] 
[INFO] [stdout] warning: structure field `Page` should have a snake case name
[INFO] [stdout]   --> src/routes/sonar.rs:35:5
[INFO] [stdout]    |
[INFO] [stdout] 35 |     Page: u64,
[INFO] [stdout]    |     ^^^^ help: convert the identifier to snake case: `page`
[INFO] [stdout] 
[INFO] [stdout] 
[INFO] [stdout] warning: structure field `PerPage` should have a snake case name
[INFO] [stdout]   --> src/routes/sonar.rs:36:5
[INFO] [stdout]    |
[INFO] [stdout] 36 |     PerPage: u64,
[INFO] [stdout]    |     ^^^^^^^ help: convert the identifier to snake case: `per_page`
[INFO] [stdout] 
[INFO] [stdout] 
[INFO] [stdout] warning: structure field `Txs` should have a snake case name
[INFO] [stdout]   --> src/routes/sonar.rs:37:16
[INFO] [stdout]    |
[INFO] [stdout] 37 |     pub(crate) Txs: Vec<Tx>,
[INFO] [stdout]    |                ^^^ help: convert the identifier to snake case: `txs`
[INFO] [stdout] 
[INFO] [stdout] 
[INFO] [stderr]     Finished `dev` profile [unoptimized + debuginfo] target(s) in 2m 23s
[INFO] running `Command { std: "docker" "inspect" "9d2a87211c17429f0f7f3cfbdb4f85fa3640c888e7808db3aa95eca560deb09e", kill_on_drop: false }`
[INFO] running `Command { std: "docker" "rm" "-f" "9d2a87211c17429f0f7f3cfbdb4f85fa3640c888e7808db3aa95eca560deb09e", kill_on_drop: false }`
[INFO] [stdout] 9d2a87211c17429f0f7f3cfbdb4f85fa3640c888e7808db3aa95eca560deb09e
[INFO] running `Command { std: "docker" "create" "-v" "/var/lib/crater-agent-workspace/builds/worker-6-tc1/target:/opt/rustwide/target:rw,Z" "-v" "/var/lib/crater-agent-workspace/builds/worker-6-tc1/source:/opt/rustwide/workdir:ro,Z" "-v" "/var/lib/crater-agent-workspace/cargo-home:/opt/rustwide/cargo-home:ro,Z" "-v" "/var/lib/crater-agent-workspace/rustup-home:/opt/rustwide/rustup-home:ro,Z" "-e" "SOURCE_DIR=/opt/rustwide/workdir" "-e" "CARGO_TARGET_DIR=/opt/rustwide/target" "-e" "CARGO_INCREMENTAL=0" "-e" "RUST_BACKTRACE=full" "-e" "RUSTFLAGS=--cap-lints=warn" "-e" "RUSTDOCFLAGS=--cap-lints=warn" "-e" "CARGO_HOME=/opt/rustwide/cargo-home" "-e" "RUSTUP_HOME=/opt/rustwide/rustup-home" "-w" "/opt/rustwide/workdir" "-m" "1610612736" "--user" "0:0" "--network" "none" "ghcr.io/rust-lang/crates-build-env/linux@sha256:f3a9d4ad9d972b27faf3965f35b62e55ba32bbce8f20bc8fe909558a86702fde" "/opt/rustwide/cargo-home/bin/cargo" "+1.83.0" "test" "--frozen" "--no-run" "--message-format=json", kill_on_drop: false }`
[INFO] [stdout] 4fba8c7476148e4370c263fb6dd41d3394e4658122d47c26cdba8688e8835096
[INFO] running `Command { std: "docker" "start" "-a" "4fba8c7476148e4370c263fb6dd41d3394e4658122d47c26cdba8688e8835096", kill_on_drop: false }`
[INFO] [stderr]    Compiling protobuf v2.28.0
[INFO] [stderr]    Compiling protobuf-codegen v2.28.0
[INFO] [stderr]    Compiling protobuf-codegen-pure v2.28.0
[INFO] [stderr]    Compiling parachutedrop-rust-server v0.0.1 (/opt/rustwide/workdir)
[INFO] [stdout] warning: unused import: `crate::http::error::HTTPError`
[INFO] [stdout]  --> src/client/factory.rs:1:5
[INFO] [stdout]   |
[INFO] [stdout] 1 | use crate::http::error::HTTPError;
[INFO] [stdout]   |     ^^^^^^^^^^^^^^^^^^^^^^^^^^^^^
[INFO] [stdout]   |
[INFO] [stdout]   = note: `#[warn(unused_imports)]` on by default
[INFO] [stdout] 
[INFO] [stdout] 
[INFO] [stdout] warning: unused imports: `QueryAllBalancesRequest`, `QueryBalanceRequest`, and `QueryBalanceResponse`
[INFO] [stdout]  --> src/client/factory.rs:5:32
[INFO] [stdout]   |
[INFO] [stdout] 5 |     query_client::QueryClient, QueryAllBalancesRequest, QueryBalanceRequest, QueryBalanceResponse,
[INFO] [stdout]   |                                ^^^^^^^^^^^^^^^^^^^^^^^  ^^^^^^^^^^^^^^^^^^^  ^^^^^^^^^^^^^^^^^^^^
[INFO] [stdout] 
[INFO] [stdout] 
[INFO] [stdout] warning: unused import: `ibc_proto::ibc::core::channel::v1::Channel`
[INFO] [stdout]  --> src/client/factory.rs:7:5
[INFO] [stdout]   |
[INFO] [stdout] 7 | use ibc_proto::ibc::core::channel::v1::Channel;
[INFO] [stdout]   |     ^^^^^^^^^^^^^^^^^^^^^^^^^^^^^^^^^^^^^^^^^^
[INFO] [stdout] 
[INFO] [stdout] 
[INFO] [stdout] warning: unused import: `Error`
[INFO] [stdout]  --> src/client/factory.rs:8:23
[INFO] [stdout]   |
[INFO] [stdout] 8 | use reqwest::{Client, Error, RequestBuilder, Response};
[INFO] [stdout]   |                       ^^^^^
[INFO] [stdout] 
[INFO] [stdout] 
[INFO] [stdout] warning: unused import: `std::ffi::OsStr`
[INFO] [stdout]   --> src/client/factory.rs:12:5
[INFO] [stdout]    |
[INFO] [stdout] 12 | use std::ffi::OsStr;
[INFO] [stdout]    |     ^^^^^^^^^^^^^^^
[INFO] [stdout] 
[INFO] [stdout] 
[INFO] [stdout] warning: unused import: `std::fs::File`
[INFO] [stdout]   --> src/client/factory.rs:14:5
[INFO] [stdout]    |
[INFO] [stdout] 14 | use std::fs::File;
[INFO] [stdout]    |     ^^^^^^^^^^^^^
[INFO] [stdout] 
[INFO] [stdout] 
[INFO] [stdout] warning: unused import: `std::io::BufReader`
[INFO] [stdout]   --> src/client/factory.rs:15:5
[INFO] [stdout]    |
[INFO] [stdout] 15 | use std::io::BufReader;
[INFO] [stdout]    |     ^^^^^^^^^^^^^^^^^^
[INFO] [stdout] 
[INFO] [stdout] 
[INFO] [stdout] warning: unused import: `std::process::Command`
[INFO] [stdout]   --> src/client/factory.rs:16:5
[INFO] [stdout]    |
[INFO] [stdout] 16 | use std::process::Command;
[INFO] [stdout]    |     ^^^^^^^^^^^^^^^^^^^^^
[INFO] [stdout] 
[INFO] [stdout] 
[INFO] [stdout] warning: unused import: `std::process::Output`
[INFO] [stdout]   --> src/client/factory.rs:17:5
[INFO] [stdout]    |
[INFO] [stdout] 17 | use std::process::Output;
[INFO] [stdout]    |     ^^^^^^^^^^^^^^^^^^^^
[INFO] [stdout] 
[INFO] [stdout] 
[INFO] [stdout] warning: unused import: `tokio::task::JoinSet`
[INFO] [stdout]   --> src/client/factory.rs:18:5
[INFO] [stdout]    |
[INFO] [stdout] 18 | use tokio::task::JoinSet;
[INFO] [stdout]    |     ^^^^^^^^^^^^^^^^^^^^
[INFO] [stdout] 
[INFO] [stdout] 
[INFO] [stdout] warning: unused import: `web3::signing::Key`
[INFO] [stdout]   --> src/client/factory.rs:19:5
[INFO] [stdout]    |
[INFO] [stdout] 19 | use web3::signing::Key;
[INFO] [stdout]    |     ^^^^^^^^^^^^^^^^^^
[INFO] [stdout] 
[INFO] [stdout] 
[INFO] [stdout] warning: unused imports: `App`, `HttpResponse`, `get`, and `header::ContentType`
[INFO] [stdout]  --> src/http/error.rs:2:12
[INFO] [stdout]   |
[INFO] [stdout] 2 |     error, get,
[INFO] [stdout]   |            ^^^
[INFO] [stdout] 3 |     http::{header::ContentType, StatusCode},
[INFO] [stdout]   |            ^^^^^^^^^^^^^^^^^^^
[INFO] [stdout] 4 |     App, HttpResponse,
[INFO] [stdout]   |     ^^^  ^^^^^^^^^^^^
[INFO] [stdout] 
[INFO] [stdout] 
[INFO] [stdout] warning: unused import: `ibc_proto::cosmos::bank::v1beta1::QueryBalanceResponse`
[INFO] [stdout]  --> src/http/response.rs:4:5
[INFO] [stdout]   |
[INFO] [stdout] 4 | use ibc_proto::cosmos::bank::v1beta1::QueryBalanceResponse;
[INFO] [stdout]   |     ^^^^^^^^^^^^^^^^^^^^^^^^^^^^^^^^^^^^^^^^^^^^^^^^^^^^^^
[INFO] [stdout] 
[INFO] [stdout] 
[INFO] [stdout] warning: unused import: `serde_json::map::Values`
[INFO] [stdout]  --> src/http/response.rs:7:5
[INFO] [stdout]   |
[INFO] [stdout] 7 | use serde_json::map::Values;
[INFO] [stdout]   |     ^^^^^^^^^^^^^^^^^^^^^^^
[INFO] [stdout] 
[INFO] [stdout] 
[INFO] [stdout] warning: unused import: `crate::http::response::HealthResponse`
[INFO] [stdout]  --> src/routes/health.rs:7:5
[INFO] [stdout]   |
[INFO] [stdout] 7 | use crate::http::response::HealthResponse;
[INFO] [stdout]   |     ^^^^^^^^^^^^^^^^^^^^^^^^^^^^^^^^^^^^^
[INFO] [stdout] 
[INFO] [stdout] 
[INFO] [stdout] warning: unused import: `Responder`
[INFO] [stdout]  --> src/routes/health.rs:9:41
[INFO] [stdout]   |
[INFO] [stdout] 9 | use actix_web::{get, web, HttpResponse, Responder};
[INFO] [stdout]   |                                         ^^^^^^^^^
[INFO] [stdout] 
[INFO] [stdout] 
[INFO] [stdout] warning: unused imports: `QueryAllBalancesRequest`, `QueryBalanceResponse`, and `query_client::QueryClient`
[INFO] [stdout]   --> src/routes/health.rs:11:5
[INFO] [stdout]    |
[INFO] [stdout] 11 |     query_client::QueryClient, QueryAllBalancesRequest, QueryBalanceRequest, QueryBalanceResponse,
[INFO] [stdout]    |     ^^^^^^^^^^^^^^^^^^^^^^^^^  ^^^^^^^^^^^^^^^^^^^^^^^                       ^^^^^^^^^^^^^^^^^^^^
[INFO] [stdout] 
[INFO] [stdout] 
[INFO] [stdout] warning: unused import: `ibc_proto::ibc::core::channel::v1::acknowledgement::Response::Error`
[INFO] [stdout]   --> src/routes/health.rs:13:5
[INFO] [stdout]    |
[INFO] [stdout] 13 | use ibc_proto::ibc::core::channel::v1::acknowledgement::Response::Error;
[INFO] [stdout]    |     ^^^^^^^^^^^^^^^^^^^^^^^^^^^^^^^^^^^^^^^^^^^^^^^^^^^^^^^^^^^^^^^^^^^
[INFO] [stdout] 
[INFO] [stdout] 
[INFO] [stdout] warning: unused imports: `Response` and `Version`
[INFO] [stdout]   --> src/routes/health.rs:14:23
[INFO] [stdout]    |
[INFO] [stdout] 14 | use reqwest::{Client, Response, Version};
[INFO] [stdout]    |                       ^^^^^^^^  ^^^^^^^
[INFO] [stdout] 
[INFO] [stdout] 
[INFO] [stdout] warning: unused import: `http`
[INFO] [stdout]   --> src/routes/health.rs:69:51
[INFO] [stdout]    |
[INFO] [stdout] 69 |     use actix_web::{body::to_bytes, dev::Service, http, middleware, test, web, App, Error};
[INFO] [stdout]    |                                                   ^^^^
[INFO] [stdout] 
[INFO] [stdout] 
[INFO] [stdout] warning: unused import: `std::io::Bytes`
[INFO] [stdout]  --> src/routes/message.rs:3:5
[INFO] [stdout]   |
[INFO] [stdout] 3 | use std::io::Bytes;
[INFO] [stdout]   |     ^^^^^^^^^^^^^^
[INFO] [stdout] 
[INFO] [stdout] 
[INFO] [stdout] warning: unused import: `strum::IntoEnumIterator`
[INFO] [stdout]  --> src/routes/message.rs:4:5
[INFO] [stdout]   |
[INFO] [stdout] 4 | use strum::IntoEnumIterator;
[INFO] [stdout]   |     ^^^^^^^^^^^^^^^^^^^^^^^
[INFO] [stdout] 
[INFO] [stdout] 
[INFO] [stdout] warning: unused imports: `EnumString` and `IntoStaticStr`
[INFO] [stdout]  --> src/routes/message.rs:5:30
[INFO] [stdout]   |
[INFO] [stdout] 5 | use strum_macros::{EnumIter, EnumString, IntoStaticStr};
[INFO] [stdout]   |                              ^^^^^^^^^^  ^^^^^^^^^^^^^
[INFO] [stdout] 
[INFO] [stdout] 
[INFO] [stdout] warning: unused imports: `build_request_by_chain_name`, `build_request_with_body_and_chain_name`, and `get_tx_grpc_client`
[INFO] [stdout]  --> src/routes/query.rs:2:5
[INFO] [stdout]   |
[INFO] [stdout] 2 |     build_request_by_chain_name, build_request_to_explorer_api_by_chain_name_with_query_parameters,
[INFO] [stdout]   |     ^^^^^^^^^^^^^^^^^^^^^^^^^^^
[INFO] [stdout] 3 |     build_request_with_body_and_chain_name, get_bank_grpc_client, get_supported_blockchains,
[INFO] [stdout]   |     ^^^^^^^^^^^^^^^^^^^^^^^^^^^^^^^^^^^^^^
[INFO] [stdout] 4 |     get_tx_grpc_client, SearchType,
[INFO] [stdout]   |     ^^^^^^^^^^^^^^^^^^
[INFO] [stdout] 
[INFO] [stdout] 
[INFO] [stdout] warning: unused import: `crate::http::response`
[INFO] [stdout]  --> src/routes/query.rs:8:5
[INFO] [stdout]   |
[INFO] [stdout] 8 | use crate::http::response;
[INFO] [stdout]   |     ^^^^^^^^^^^^^^^^^^^^^
[INFO] [stdout] 
[INFO] [stdout] 
[INFO] [stdout] warning: unused import: `crate::http::response::HealthResponse`
[INFO] [stdout]  --> src/routes/query.rs:9:5
[INFO] [stdout]   |
[INFO] [stdout] 9 | use crate::http::response::HealthResponse;
[INFO] [stdout]   |     ^^^^^^^^^^^^^^^^^^^^^^^^^^^^^^^^^^^^^
[INFO] [stdout] 
[INFO] [stdout] 
[INFO] [stdout] warning: unused import: `crate::routes`
[INFO] [stdout]   --> src/routes/query.rs:10:5
[INFO] [stdout]    |
[INFO] [stdout] 10 | use crate::routes;
[INFO] [stdout]    |     ^^^^^^^^^^^^^
[INFO] [stdout] 
[INFO] [stdout] 
[INFO] [stdout] warning: unused import: `actix_web::http::StatusCode`
[INFO] [stdout]   --> src/routes/query.rs:16:5
[INFO] [stdout]    |
[INFO] [stdout] 16 | use actix_web::http::StatusCode;
[INFO] [stdout]    |     ^^^^^^^^^^^^^^^^^^^^^^^^^^^
[INFO] [stdout] 
[INFO] [stdout] 
[INFO] [stdout] warning: unused import: `Responder`
[INFO] [stdout]   --> src/routes/query.rs:17:41
[INFO] [stdout]    |
[INFO] [stdout] 17 | use actix_web::{get, web, HttpResponse, Responder};
[INFO] [stdout]    |                                         ^^^^^^^^^
[INFO] [stdout] 
[INFO] [stdout] 
[INFO] [stdout] warning: unused imports: `QueryAllBalancesRequest`, `QueryBalanceResponse`, and `query_client::QueryClient`
[INFO] [stdout]   --> src/routes/query.rs:20:5
[INFO] [stdout]    |
[INFO] [stdout] 20 |     query_client::QueryClient, QueryAllBalancesRequest, QueryBalanceRequest, QueryBalanceResponse,
[INFO] [stdout]    |     ^^^^^^^^^^^^^^^^^^^^^^^^^  ^^^^^^^^^^^^^^^^^^^^^^^                       ^^^^^^^^^^^^^^^^^^^^
[INFO] [stdout] 
[INFO] [stdout] 
[INFO] [stdout] warning: unused import: `ibc_proto::cosmos::base::abci::v1beta1::TxResponse`
[INFO] [stdout]   --> src/routes/query.rs:22:5
[INFO] [stdout]    |
[INFO] [stdout] 22 | use ibc_proto::cosmos::base::abci::v1beta1::TxResponse;
[INFO] [stdout]    |     ^^^^^^^^^^^^^^^^^^^^^^^^^^^^^^^^^^^^^^^^^^^^^^^^^^
[INFO] [stdout] 
[INFO] [stdout] 
[INFO] [stdout] warning: unused imports: `GetTxRequest`, `GetTxResponse`, and `Tx`
[INFO] [stdout]   --> src/routes/query.rs:23:38
[INFO] [stdout]    |
[INFO] [stdout] 23 | use ibc_proto::cosmos::tx::v1beta1::{GetTxRequest, GetTxResponse, Tx, TxBody};
[INFO] [stdout]    |                                      ^^^^^^^^^^^^  ^^^^^^^^^^^^^  ^^
[INFO] [stdout] 
[INFO] [stdout] 
[INFO] [stdout] warning: unused import: `ibc_proto::ibc::core::channel::v1::acknowledgement::Response::Error`
[INFO] [stdout]   --> src/routes/query.rs:24:5
[INFO] [stdout]    |
[INFO] [stdout] 24 | use ibc_proto::ibc::core::channel::v1::acknowledgement::Response::Error;
[INFO] [stdout]    |     ^^^^^^^^^^^^^^^^^^^^^^^^^^^^^^^^^^^^^^^^^^^^^^^^^^^^^^^^^^^^^^^^^^^
[INFO] [stdout] 
[INFO] [stdout] 
[INFO] [stdout] warning: unused import: `json::JsonValue`
[INFO] [stdout]   --> src/routes/query.rs:25:5
[INFO] [stdout]    |
[INFO] [stdout] 25 | use json::JsonValue;
[INFO] [stdout]    |     ^^^^^^^^^^^^^^^
[INFO] [stdout] 
[INFO] [stdout] 
[INFO] [stdout] warning: unused import: `prost::Message`
[INFO] [stdout]   --> src/routes/query.rs:26:5
[INFO] [stdout]    |
[INFO] [stdout] 26 | use prost::Message;
[INFO] [stdout]    |     ^^^^^^^^^^^^^^
[INFO] [stdout] 
[INFO] [stdout] 
[INFO] [stdout] warning: unused imports: `Client`, `Response`, and `Version`
[INFO] [stdout]   --> src/routes/query.rs:27:15
[INFO] [stdout]    |
[INFO] [stdout] 27 | use reqwest::{Client, Response, Version};
[INFO] [stdout]    |               ^^^^^^  ^^^^^^^^  ^^^^^^^
[INFO] [stdout] 
[INFO] [stdout] 
[INFO] [stdout] warning: unused import: `serde_json::from_value`
[INFO] [stdout]   --> src/routes/query.rs:29:5
[INFO] [stdout]    |
[INFO] [stdout] 29 | use serde_json::from_value;
[INFO] [stdout]    |     ^^^^^^^^^^^^^^^^^^^^^^
[INFO] [stdout] 
[INFO] [stdout] 
[INFO] [stdout] warning: unused import: `std::any::Any`
[INFO] [stdout]   --> src/routes/query.rs:31:5
[INFO] [stdout]    |
[INFO] [stdout] 31 | use std::any::Any;
[INFO] [stdout]    |     ^^^^^^^^^^^^^
[INFO] [stdout] 
[INFO] [stdout] 
[INFO] [stdout] warning: unused import: `std::borrow::Borrow`
[INFO] [stdout]   --> src/routes/query.rs:32:5
[INFO] [stdout]    |
[INFO] [stdout] 32 | use std::borrow::Borrow;
[INFO] [stdout]    |     ^^^^^^^^^^^^^^^^^^^
[INFO] [stdout] 
[INFO] [stdout] 
[INFO] [stdout] warning: type `processed_message_type` should have an upper camel case name
[INFO] [stdout]   --> src/routes/query.rs:38:10
[INFO] [stdout]    |
[INFO] [stdout] 38 | pub type processed_message_type = HashMap<String, Vec<sonar::Tx>>;
[INFO] [stdout]    |          ^^^^^^^^^^^^^^^^^^^^^^ help: convert the identifier to upper camel case: `ProcessedMessageType`
[INFO] [stdout]    |
[INFO] [stdout]    = note: `#[warn(non_camel_case_types)]` on by default
[INFO] [stdout] 
[INFO] [stdout] 
[INFO] [stdout] warning: unused import: `crate::http::response::HealthResponse`
[INFO] [stdout]    --> src/routes/query.rs:393:9
[INFO] [stdout]     |
[INFO] [stdout] 393 |     use crate::http::response::HealthResponse;
[INFO] [stdout]     |         ^^^^^^^^^^^^^^^^^^^^^^^^^^^^^^^^^^^^^
[INFO] [stdout] 
[INFO] [stdout] 
[INFO] [stdout] warning: unused import: `actix_web::web::Data`
[INFO] [stdout]    --> src/routes/query.rs:394:9
[INFO] [stdout]     |
[INFO] [stdout] 394 |     use actix_web::web::Data;
[INFO] [stdout]     |         ^^^^^^^^^^^^^^^^^^^^
[INFO] [stdout] 
[INFO] [stdout] 
[INFO] [stdout] warning: unused `#[macro_use]` import
[INFO] [stdout]  --> src/main.rs:8:1
[INFO] [stdout]   |
[INFO] [stdout] 8 | #[macro_use]
[INFO] [stdout]   | ^^^^^^^^^^^^
[INFO] [stdout] 
[INFO] [stdout] 
[INFO] [stdout] warning: unused import: `crate::http::response::HealthResponse`
[INFO] [stdout]   --> src/main.rs:48:9
[INFO] [stdout]    |
[INFO] [stdout] 48 |     use crate::http::response::HealthResponse;
[INFO] [stdout]    |         ^^^^^^^^^^^^^^^^^^^^^^^^^^^^^^^^^^^^^
[INFO] [stdout] 
[INFO] [stdout] 
[INFO] [stdout] warning: use of deprecated function `base64::decode`: Use Engine::decode
[INFO] [stdout]   --> src/routes/query.rs:18:13
[INFO] [stdout]    |
[INFO] [stdout] 18 | use base64::decode;
[INFO] [stdout]    |             ^^^^^^
[INFO] [stdout]    |
[INFO] [stdout]    = note: `#[warn(deprecated)]` on by default
[INFO] [stdout] 
[INFO] [stdout] 
[INFO] [stdout] warning: use of deprecated function `base64::decode`: Use Engine::decode
[INFO] [stdout]    --> src/routes/query.rs:315:39
[INFO] [stdout]     |
[INFO] [stdout] 315 |                     let decoded_key = decode(&attribute.key).unwrap();
[INFO] [stdout]     |                                       ^^^^^^
[INFO] [stdout] 
[INFO] [stdout] 
[INFO] [stdout] warning: use of deprecated function `base64::decode`: Use Engine::decode
[INFO] [stdout]    --> src/routes/query.rs:316:41
[INFO] [stdout]     |
[INFO] [stdout] 316 |                     let decoded_value = decode(&attribute.value).unwrap();
[INFO] [stdout]     |                                         ^^^^^^
[INFO] [stdout] 
[INFO] [stdout] 
[INFO] [stdout] warning: unused variable: `client`
[INFO] [stdout]   --> src/routes/health.rs:26:29
[INFO] [stdout]    |
[INFO] [stdout] 26 | pub async fn polygon_health(client: web::Data<Client>) -> Result<HttpResponse, HTTPError> {
[INFO] [stdout]    |                             ^^^^^^ help: if this is intentional, prefix it with an underscore: `_client`
[INFO] [stdout]    |
[INFO] [stdout]    = note: `#[warn(unused_variables)]` on by default
[INFO] [stdout] 
[INFO] [stdout] 
[INFO] [stdout] warning: unused variable: `e`
[INFO] [stdout]   --> src/routes/health.rs:55:19
[INFO] [stdout]    |
[INFO] [stdout] 55 |         .map_err(|e| HTTPError::Timeout)?;
[INFO] [stdout]    |                   ^ help: if this is intentional, prefix it with an underscore: `_e`
[INFO] [stdout] 
[INFO] [stdout] 
[INFO] [stdout] warning: unused variable: `target_chain`
[INFO] [stdout]    --> src/routes/query.rs:278:40
[INFO] [stdout]     |
[INFO] [stdout] 278 | async fn getTxRawByHash(tx_hash: &str, target_chain: &str) -> Result<CustomGetTxResponse, String> {
[INFO] [stdout]     |                                        ^^^^^^^^^^^^ help: if this is intentional, prefix it with an underscore: `_target_chain`
[INFO] [stdout] 
[INFO] [stdout] 
[INFO] [stdout] warning: variable does not need to be mutable
[INFO] [stdout]    --> src/routes/query.rs:304:17
[INFO] [stdout]     |
[INFO] [stdout] 304 |             let mut custom_tx_response = serde_json::from_str(&json_str);
[INFO] [stdout]     |                 ----^^^^^^^^^^^^^^^^^^
[INFO] [stdout]     |                 |
[INFO] [stdout]     |                 help: remove this `mut`
[INFO] [stdout]     |
[INFO] [stdout]     = note: `#[warn(unused_mut)]` on by default
[INFO] [stdout] 
[INFO] [stdout] 
[INFO] [stdout] warning: unused variable: `e`
[INFO] [stdout]    --> src/routes/query.rs:375:19
[INFO] [stdout]     |
[INFO] [stdout] 375 |         .map_err(|e| HTTPError::Timeout)?;
[INFO] [stdout]     |                   ^ help: if this is intentional, prefix it with an underscore: `_e`
[INFO] [stdout] 
[INFO] [stdout] 
[INFO] [stdout] warning: unused import: `tonic::codegen::Body`
[INFO] [stdout]   --> src/routes/health.rs:15:5
[INFO] [stdout]    |
[INFO] [stdout] 15 | use tonic::codegen::Body;
[INFO] [stdout]    |     ^^^^^^^^^^^^^^^^^^^^
[INFO] [stdout] 
[INFO] [stdout] 
[INFO] [stdout] warning: unused import: `tonic::codegen::Body`
[INFO] [stdout]   --> src/routes/query.rs:35:5
[INFO] [stdout]    |
[INFO] [stdout] 35 | use tonic::codegen::Body;
[INFO] [stdout]    |     ^^^^^^^^^^^^^^^^^^^^
[INFO] [stdout] 
[INFO] [stdout] 
[INFO] [stdout] warning: variable does not need to be mutable
[INFO] [stdout]    --> src/routes/query.rs:403:13
[INFO] [stdout]     |
[INFO] [stdout] 403 |         let mut app = test::init_service(
[INFO] [stdout]     |             ----^^^
[INFO] [stdout]     |             |
[INFO] [stdout]     |             help: remove this `mut`
[INFO] [stdout] 
[INFO] [stdout] 
[INFO] [stdout] warning: method `get_tx_grpc_client` is never used
[INFO] [stdout]   --> src/client/factory.rs:42:18
[INFO] [stdout]    |
[INFO] [stdout] 31 | impl SupportedBlockchain {
[INFO] [stdout]    | ------------------------ method in this implementation
[INFO] [stdout] ...
[INFO] [stdout] 42 |     pub async fn get_tx_grpc_client(
[INFO] [stdout]    |                  ^^^^^^^^^^^^^^^^^^
[INFO] [stdout]    |
[INFO] [stdout]    = note: `#[warn(dead_code)]` on by default
[INFO] [stdout] 
[INFO] [stdout] 
[INFO] [stdout] warning: function `get_tx_grpc_client` is never used
[INFO] [stdout]    --> src/client/factory.rs:134:14
[INFO] [stdout]     |
[INFO] [stdout] 134 | pub async fn get_tx_grpc_client(
[INFO] [stdout]     |              ^^^^^^^^^^^^^^^^^^
[INFO] [stdout] 
[INFO] [stdout] 
[INFO] [stdout] warning: struct `TotalMsgs` is never constructed
[INFO] [stdout]  --> src/routes/message.rs:7:12
[INFO] [stdout]   |
[INFO] [stdout] 7 | pub struct TotalMsgs {
[INFO] [stdout]   |            ^^^^^^^^^
[INFO] [stdout] 
[INFO] [stdout] 
[INFO] [stdout] warning: struct `Messages` is never constructed
[INFO] [stdout]   --> src/routes/message.rs:16:12
[INFO] [stdout]    |
[INFO] [stdout] 16 | pub struct Messages {
[INFO] [stdout]    |            ^^^^^^^^
[INFO] [stdout] 
[INFO] [stdout] 
[INFO] [stdout] warning: method `get_type` is never used
[INFO] [stdout]   --> src/routes/message.rs:22:8
[INFO] [stdout]    |
[INFO] [stdout] 21 | pub trait MessageType: fmt::Display {
[INFO] [stdout]    |           ----------- method in this trait
[INFO] [stdout] 22 |     fn get_type(&self) -> String;
[INFO] [stdout]    |        ^^^^^^^^
[INFO] [stdout] 
[INFO] [stdout] 
[INFO] [stdout] warning: struct `DumpMessage` is never constructed
[INFO] [stdout]   --> src/routes/message.rs:83:8
[INFO] [stdout]    |
[INFO] [stdout] 83 | struct DumpMessage {
[INFO] [stdout]    |        ^^^^^^^^^^^
[INFO] [stdout] 
[INFO] [stdout] 
[INFO] [stdout] warning: struct `HodlMessage` is never constructed
[INFO] [stdout]   --> src/routes/message.rs:88:8
[INFO] [stdout]    |
[INFO] [stdout] 88 | struct HodlMessage {
[INFO] [stdout]    |        ^^^^^^^^^^^
[INFO] [stdout] 
[INFO] [stdout] 
[INFO] [stdout] warning: function `isMsgSwapExactAmountIn` is never used
[INFO] [stdout]    --> src/routes/query.rs:246:4
[INFO] [stdout]     |
[INFO] [stdout] 246 | fn isMsgSwapExactAmountIn(tx_body: &TxBody) -> bool {
[INFO] [stdout]     |    ^^^^^^^^^^^^^^^^^^^^^^
[INFO] [stdout] 
[INFO] [stdout] 
[INFO] [stdout] warning: field `tx` is never read
[INFO] [stdout]    --> src/routes/query.rs:268:5
[INFO] [stdout]     |
[INFO] [stdout] 266 | struct IntermediateGetTxResponse {
[INFO] [stdout]     |        ------------------------- field in this struct
[INFO] [stdout] 267 |     tx_response: Option<Value>,
[INFO] [stdout] 268 |     tx: Option<Value>,
[INFO] [stdout]     |     ^^
[INFO] [stdout]     |
[INFO] [stdout]     = note: `IntermediateGetTxResponse` has a derived impl for the trait `Debug`, but this is intentionally ignored during dead code analysis
[INFO] [stdout] 
[INFO] [stdout] 
[INFO] [stdout] warning: function `isMsgSwapExactAmountIn` should have a snake case name
[INFO] [stdout]    --> src/routes/query.rs:246:4
[INFO] [stdout]     |
[INFO] [stdout] 246 | fn isMsgSwapExactAmountIn(tx_body: &TxBody) -> bool {
[INFO] [stdout]     |    ^^^^^^^^^^^^^^^^^^^^^^ help: convert the identifier to snake case: `is_msg_swap_exact_amount_in`
[INFO] [stdout]     |
[INFO] [stdout]     = note: `#[warn(non_snake_case)]` on by default
[INFO] [stdout] 
[INFO] [stdout] 
[INFO] [stdout] warning: variable `typeUrl` should have a snake case name
[INFO] [stdout]    --> src/routes/query.rs:249:9
[INFO] [stdout]     |
[INFO] [stdout] 249 |     let typeUrl = tx_message.type_url.clone();
[INFO] [stdout]     |         ^^^^^^^ help: convert the identifier to snake case: `type_url`
[INFO] [stdout] 
[INFO] [stdout] 
[INFO] [stdout] warning: function `isSucceedTransaction` should have a snake case name
[INFO] [stdout]    --> src/routes/query.rs:257:4
[INFO] [stdout]     |
[INFO] [stdout] 257 | fn isSucceedTransaction(raw_tx_response: &CustomTxResponse) -> bool {
[INFO] [stdout]     |    ^^^^^^^^^^^^^^^^^^^^ help: convert the identifier to snake case: `is_succeed_transaction`
[INFO] [stdout] 
[INFO] [stdout] 
[INFO] [stdout] warning: function `getTxRawByHash` should have a snake case name
[INFO] [stdout]    --> src/routes/query.rs:278:10
[INFO] [stdout]     |
[INFO] [stdout] 278 | async fn getTxRawByHash(tx_hash: &str, target_chain: &str) -> Result<CustomGetTxResponse, String> {
[INFO] [stdout]     |          ^^^^^^^^^^^^^^ help: convert the identifier to snake case: `get_tx_raw_by_hash`
[INFO] [stdout] 
[INFO] [stdout] 
[INFO] [stdout] warning: function `doesContainMessageType` should have a snake case name
[INFO] [stdout]    --> src/routes/query.rs:340:4
[INFO] [stdout]     |
[INFO] [stdout] 340 | fn doesContainMessageType(tx: &sonar::Tx, msg: &dyn MessageType) -> bool {
[INFO] [stdout]     |    ^^^^^^^^^^^^^^^^^^^^^^ help: convert the identifier to snake case: `does_contain_message_type`
[INFO] [stdout] 
[INFO] [stdout] 
[INFO] [stdout] warning: structure field `TxHash` should have a snake case name
[INFO] [stdout]  --> src/routes/sonar.rs:5:16
[INFO] [stdout]   |
[INFO] [stdout] 5 |     pub(crate) TxHash: String,
[INFO] [stdout]   |                ^^^^^^ help: convert the identifier to snake case: `tx_hash`
[INFO] [stdout] 
[INFO] [stdout] 
[INFO] [stdout] warning: structure field `Success` should have a snake case name
[INFO] [stdout]  --> src/routes/sonar.rs:6:5
[INFO] [stdout]   |
[INFO] [stdout] 6 |     Success: bool,
[INFO] [stdout]   |     ^^^^^^^ help: convert the identifier to snake case (notice the capitalization): `success`
[INFO] [stdout] 
[INFO] [stdout] 
[INFO] [stdout] warning: structure field `Height` should have a snake case name
[INFO] [stdout]  --> src/routes/sonar.rs:7:5
[INFO] [stdout]   |
[INFO] [stdout] 7 |     Height: String,
[INFO] [stdout]   |     ^^^^^^ help: convert the identifier to snake case: `height`
[INFO] [stdout] 
[INFO] [stdout] 
[INFO] [stdout] warning: structure field `Timestamp` should have a snake case name
[INFO] [stdout]  --> src/routes/sonar.rs:8:5
[INFO] [stdout]   |
[INFO] [stdout] 8 |     Timestamp: String,
[INFO] [stdout]   |     ^^^^^^^^^ help: convert the identifier to snake case: `timestamp`
[INFO] [stdout] 
[INFO] [stdout] 
[INFO] [stdout] warning: structure field `Sender` should have a snake case name
[INFO] [stdout]  --> src/routes/sonar.rs:9:5
[INFO] [stdout]   |
[INFO] [stdout] 9 |     Sender: String,
[INFO] [stdout]   |     ^^^^^^ help: convert the identifier to snake case (notice the capitalization): `sender`
[INFO] [stdout] 
[INFO] [stdout] 
[INFO] [stdout] warning: structure field `MessageCount` should have a snake case name
[INFO] [stdout]   --> src/routes/sonar.rs:10:5
[INFO] [stdout]    |
[INFO] [stdout] 10 |     MessageCount: u64,
[INFO] [stdout]    |     ^^^^^^^^^^^^ help: convert the identifier to snake case: `message_count`
[INFO] [stdout] 
[INFO] [stdout] 
[INFO] [stdout] warning: structure field `UsedGas` should have a snake case name
[INFO] [stdout]   --> src/routes/sonar.rs:11:5
[INFO] [stdout]    |
[INFO] [stdout] 11 |     UsedGas: String,
[INFO] [stdout]    |     ^^^^^^^ help: convert the identifier to snake case: `used_gas`
[INFO] [stdout] 
[INFO] [stdout] 
[INFO] [stdout] warning: structure field `WantedGas` should have a snake case name
[INFO] [stdout]   --> src/routes/sonar.rs:12:5
[INFO] [stdout]    |
[INFO] [stdout] 12 |     WantedGas: String,
[INFO] [stdout]    |     ^^^^^^^^^ help: convert the identifier to snake case: `wanted_gas`
[INFO] [stdout] 
[INFO] [stdout] 
[INFO] [stdout] warning: structure field `Fee` should have a snake case name
[INFO] [stdout]   --> src/routes/sonar.rs:13:5
[INFO] [stdout]    |
[INFO] [stdout] 13 |     Fee: Vec<Fee>,
[INFO] [stdout]    |     ^^^ help: convert the identifier to snake case (notice the capitalization): `fee`
[INFO] [stdout] 
[INFO] [stdout] 
[INFO] [stdout] warning: structure field `Memo` should have a snake case name
[INFO] [stdout]   --> src/routes/sonar.rs:14:5
[INFO] [stdout]    |
[INFO] [stdout] 14 |     Memo: String,
[INFO] [stdout]    |     ^^^^ help: convert the identifier to snake case: `memo`
[INFO] [stdout] 
[INFO] [stdout] 
[INFO] [stdout] warning: structure field `Messages` should have a snake case name
[INFO] [stdout]   --> src/routes/sonar.rs:15:16
[INFO] [stdout]    |
[INFO] [stdout] 15 |     pub(crate) Messages: Vec<Message>,
[INFO] [stdout]    |                ^^^^^^^^ help: convert the identifier to snake case: `messages`
[INFO] [stdout] 
[INFO] [stdout] 
[INFO] [stdout] warning: structure field `Module` should have a snake case name
[INFO] [stdout]   --> src/routes/sonar.rs:26:5
[INFO] [stdout]    |
[INFO] [stdout] 26 |     Module: String,
[INFO] [stdout]    |     ^^^^^^ help: convert the identifier to snake case: `module`
[INFO] [stdout] 
[INFO] [stdout] 
[INFO] [stdout] warning: structure field `Type` should have a snake case name
[INFO] [stdout]   --> src/routes/sonar.rs:27:16
[INFO] [stdout]    |
[INFO] [stdout] 27 |     pub(crate) Type: String,
[INFO] [stdout]    |                ^^^^
[INFO] [stdout]    |
[INFO] [stdout] help: rename the identifier or convert it to a snake case raw identifier
[INFO] [stdout]    |
[INFO] [stdout] 27 |     pub(crate) r#type: String,
[INFO] [stdout]    |                ~~~~~~
[INFO] [stdout] 
[INFO] [stdout] 
[INFO] [stdout] warning: structure field `TxHash` should have a snake case name
[INFO] [stdout]   --> src/routes/sonar.rs:28:5
[INFO] [stdout]    |
[INFO] [stdout] 28 |     TxHash: String,
[INFO] [stdout]    |     ^^^^^^ help: convert the identifier to snake case: `tx_hash`
[INFO] [stdout] 
[INFO] [stdout] 
[INFO] [stdout] warning: structure field `Json` should have a snake case name
[INFO] [stdout]   --> src/routes/sonar.rs:29:5
[INFO] [stdout]    |
[INFO] [stdout] 29 |     Json: String,
[INFO] [stdout]    |     ^^^^ help: convert the identifier to snake case: `json`
[INFO] [stdout] 
[INFO] [stdout] 
[INFO] [stdout] warning: structure field `Success` should have a snake case name
[INFO] [stdout]   --> src/routes/sonar.rs:30:5
[INFO] [stdout]    |
[INFO] [stdout] 30 |     Success: bool,
[INFO] [stdout]    |     ^^^^^^^ help: convert the identifier to snake case (notice the capitalization): `success`
[INFO] [stdout] 
[INFO] [stdout] 
[INFO] [stdout] warning: structure field `Page` should have a snake case name
[INFO] [stdout]   --> src/routes/sonar.rs:35:5
[INFO] [stdout]    |
[INFO] [stdout] 35 |     Page: u64,
[INFO] [stdout]    |     ^^^^ help: convert the identifier to snake case: `page`
[INFO] [stdout] 
[INFO] [stdout] 
[INFO] [stdout] warning: structure field `PerPage` should have a snake case name
[INFO] [stdout]   --> src/routes/sonar.rs:36:5
[INFO] [stdout]    |
[INFO] [stdout] 36 |     PerPage: u64,
[INFO] [stdout]    |     ^^^^^^^ help: convert the identifier to snake case: `per_page`
[INFO] [stdout] 
[INFO] [stdout] 
[INFO] [stdout] warning: structure field `Txs` should have a snake case name
[INFO] [stdout]   --> src/routes/sonar.rs:37:16
[INFO] [stdout]    |
[INFO] [stdout] 37 |     pub(crate) Txs: Vec<Tx>,
[INFO] [stdout]    |                ^^^ help: convert the identifier to snake case: `txs`
[INFO] [stdout] 
[INFO] [stdout] 
[INFO] [stderr]     Finished `test` profile [unoptimized + debuginfo] target(s) in 21.12s
[INFO] running `Command { std: "docker" "inspect" "4fba8c7476148e4370c263fb6dd41d3394e4658122d47c26cdba8688e8835096", kill_on_drop: false }`
[INFO] running `Command { std: "docker" "rm" "-f" "4fba8c7476148e4370c263fb6dd41d3394e4658122d47c26cdba8688e8835096", kill_on_drop: false }`
[INFO] [stdout] 4fba8c7476148e4370c263fb6dd41d3394e4658122d47c26cdba8688e8835096
[INFO] running `Command { std: "docker" "create" "-v" "/var/lib/crater-agent-workspace/builds/worker-6-tc1/target:/opt/rustwide/target:rw,Z" "-v" "/var/lib/crater-agent-workspace/builds/worker-6-tc1/source:/opt/rustwide/workdir:ro,Z" "-v" "/var/lib/crater-agent-workspace/cargo-home:/opt/rustwide/cargo-home:ro,Z" "-v" "/var/lib/crater-agent-workspace/rustup-home:/opt/rustwide/rustup-home:ro,Z" "-e" "SOURCE_DIR=/opt/rustwide/workdir" "-e" "CARGO_TARGET_DIR=/opt/rustwide/target" "-e" "CARGO_INCREMENTAL=0" "-e" "RUST_BACKTRACE=full" "-e" "RUSTFLAGS=--cap-lints=warn" "-e" "RUSTDOCFLAGS=--cap-lints=warn" "-e" "CARGO_HOME=/opt/rustwide/cargo-home" "-e" "RUSTUP_HOME=/opt/rustwide/rustup-home" "-w" "/opt/rustwide/workdir" "-m" "1610612736" "--user" "0:0" "--network" "none" "ghcr.io/rust-lang/crates-build-env/linux@sha256:f3a9d4ad9d972b27faf3965f35b62e55ba32bbce8f20bc8fe909558a86702fde" "/opt/rustwide/cargo-home/bin/cargo" "+1.83.0" "test" "--frozen", kill_on_drop: false }`
[INFO] [stdout] 5452f3e188f3ec46a4de4536db3382d07488644bc5f78af0705080b952288a6c
[INFO] running `Command { std: "docker" "start" "-a" "5452f3e188f3ec46a4de4536db3382d07488644bc5f78af0705080b952288a6c", kill_on_drop: false }`
[INFO] [stderr] warning: unused import: `crate::http::error::HTTPError`
[INFO] [stderr]  --> src/client/factory.rs:1:5
[INFO] [stderr]   |
[INFO] [stderr] 1 | use crate::http::error::HTTPError;
[INFO] [stderr]   |     ^^^^^^^^^^^^^^^^^^^^^^^^^^^^^
[INFO] [stderr]   |
[INFO] [stderr]   = note: `#[warn(unused_imports)]` on by default
[INFO] [stderr] 
[INFO] [stderr] warning: unused imports: `QueryAllBalancesRequest`, `QueryBalanceRequest`, and `QueryBalanceResponse`
[INFO] [stderr]  --> src/client/factory.rs:5:32
[INFO] [stderr]   |
[INFO] [stderr] 5 |     query_client::QueryClient, QueryAllBalancesRequest, QueryBalanceRequest, QueryBalanceResponse,
[INFO] [stderr]   |                                ^^^^^^^^^^^^^^^^^^^^^^^  ^^^^^^^^^^^^^^^^^^^  ^^^^^^^^^^^^^^^^^^^^
[INFO] [stderr] 
[INFO] [stderr] warning: unused import: `ibc_proto::ibc::core::channel::v1::Channel`
[INFO] [stderr]  --> src/client/factory.rs:7:5
[INFO] [stderr]   |
[INFO] [stderr] 7 | use ibc_proto::ibc::core::channel::v1::Channel;
[INFO] [stderr]   |     ^^^^^^^^^^^^^^^^^^^^^^^^^^^^^^^^^^^^^^^^^^
[INFO] [stderr] 
[INFO] [stderr] warning: unused import: `Error`
[INFO] [stderr]  --> src/client/factory.rs:8:23
[INFO] [stderr]   |
[INFO] [stderr] 8 | use reqwest::{Client, Error, RequestBuilder, Response};
[INFO] [stderr]   |                       ^^^^^
[INFO] [stderr] 
[INFO] [stderr] warning: unused import: `std::ffi::OsStr`
[INFO] [stderr]   --> src/client/factory.rs:12:5
[INFO] [stderr]    |
[INFO] [stderr] 12 | use std::ffi::OsStr;
[INFO] [stderr]    |     ^^^^^^^^^^^^^^^
[INFO] [stderr] 
[INFO] [stderr] warning: unused import: `std::fs::File`
[INFO] [stderr]   --> src/client/factory.rs:14:5
[INFO] [stderr]    |
[INFO] [stderr] 14 | use std::fs::File;
[INFO] [stderr]    |     ^^^^^^^^^^^^^
[INFO] [stderr] 
[INFO] [stderr] warning: unused import: `std::io::BufReader`
[INFO] [stderr]   --> src/client/factory.rs:15:5
[INFO] [stderr]    |
[INFO] [stderr] 15 | use std::io::BufReader;
[INFO] [stderr]    |     ^^^^^^^^^^^^^^^^^^
[INFO] [stderr] 
[INFO] [stderr] warning: unused import: `std::process::Command`
[INFO] [stderr]   --> src/client/factory.rs:16:5
[INFO] [stderr]    |
[INFO] [stderr] 16 | use std::process::Command;
[INFO] [stderr]    |     ^^^^^^^^^^^^^^^^^^^^^
[INFO] [stderr] 
[INFO] [stderr] warning: unused import: `std::process::Output`
[INFO] [stderr]   --> src/client/factory.rs:17:5
[INFO] [stderr]    |
[INFO] [stderr] 17 | use std::process::Output;
[INFO] [stderr]    |     ^^^^^^^^^^^^^^^^^^^^
[INFO] [stderr] 
[INFO] [stderr] warning: unused import: `tokio::task::JoinSet`
[INFO] [stderr]   --> src/client/factory.rs:18:5
[INFO] [stderr]    |
[INFO] [stderr] 18 | use tokio::task::JoinSet;
[INFO] [stderr]    |     ^^^^^^^^^^^^^^^^^^^^
[INFO] [stderr] 
[INFO] [stderr] warning: unused import: `web3::signing::Key`
[INFO] [stderr]   --> src/client/factory.rs:19:5
[INFO] [stderr]    |
[INFO] [stderr] 19 | use web3::signing::Key;
[INFO] [stderr]    |     ^^^^^^^^^^^^^^^^^^
[INFO] [stderr] 
[INFO] [stderr] warning: unused imports: `App`, `HttpResponse`, `get`, and `header::ContentType`
[INFO] [stderr]  --> src/http/error.rs:2:12
[INFO] [stderr]   |
[INFO] [stderr] 2 |     error, get,
[INFO] [stderr]   |            ^^^
[INFO] [stderr] 3 |     http::{header::ContentType, StatusCode},
[INFO] [stderr]   |            ^^^^^^^^^^^^^^^^^^^
[INFO] [stderr] 4 |     App, HttpResponse,
[INFO] [stderr]   |     ^^^  ^^^^^^^^^^^^
[INFO] [stderr] 
[INFO] [stderr] warning: unused import: `ibc_proto::cosmos::bank::v1beta1::QueryBalanceResponse`
[INFO] [stderr]  --> src/http/response.rs:4:5
[INFO] [stderr]   |
[INFO] [stderr] 4 | use ibc_proto::cosmos::bank::v1beta1::QueryBalanceResponse;
[INFO] [stderr]   |     ^^^^^^^^^^^^^^^^^^^^^^^^^^^^^^^^^^^^^^^^^^^^^^^^^^^^^^
[INFO] [stderr] 
[INFO] [stderr] warning: unused import: `serde_json::map::Values`
[INFO] [stderr]  --> src/http/response.rs:7:5
[INFO] [stderr]   |
[INFO] [stderr] 7 | use serde_json::map::Values;
[INFO] [stderr]   |     ^^^^^^^^^^^^^^^^^^^^^^^
[INFO] [stderr] 
[INFO] [stderr] warning: unused import: `crate::http::response::HealthResponse`
[INFO] [stderr]  --> src/routes/health.rs:7:5
[INFO] [stderr]   |
[INFO] [stderr] 7 | use crate::http::response::HealthResponse;
[INFO] [stderr]   |     ^^^^^^^^^^^^^^^^^^^^^^^^^^^^^^^^^^^^^
[INFO] [stderr] 
[INFO] [stderr] warning: unused import: `Responder`
[INFO] [stderr]  --> src/routes/health.rs:9:41
[INFO] [stderr]   |
[INFO] [stderr] 9 | use actix_web::{get, web, HttpResponse, Responder};
[INFO] [stderr]   |                                         ^^^^^^^^^
[INFO] [stderr] 
[INFO] [stderr] warning: unused imports: `QueryAllBalancesRequest`, `QueryBalanceResponse`, and `query_client::QueryClient`
[INFO] [stderr]   --> src/routes/health.rs:11:5
[INFO] [stderr]    |
[INFO] [stderr] 11 |     query_client::QueryClient, QueryAllBalancesRequest, QueryBalanceRequest, QueryBalanceResponse,
[INFO] [stderr]    |     ^^^^^^^^^^^^^^^^^^^^^^^^^  ^^^^^^^^^^^^^^^^^^^^^^^                       ^^^^^^^^^^^^^^^^^^^^
[INFO] [stderr] 
[INFO] [stderr] warning: unused import: `ibc_proto::ibc::core::channel::v1::acknowledgement::Response::Error`
[INFO] [stderr]   --> src/routes/health.rs:13:5
[INFO] [stderr]    |
[INFO] [stderr] 13 | use ibc_proto::ibc::core::channel::v1::acknowledgement::Response::Error;
[INFO] [stderr]    |     ^^^^^^^^^^^^^^^^^^^^^^^^^^^^^^^^^^^^^^^^^^^^^^^^^^^^^^^^^^^^^^^^^^^
[INFO] [stderr] 
[INFO] [stderr] warning: unused imports: `Response` and `Version`
[INFO] [stderr]   --> src/routes/health.rs:14:23
[INFO] [stderr]    |
[INFO] [stderr] 14 | use reqwest::{Client, Response, Version};
[INFO] [stderr]    |                       ^^^^^^^^  ^^^^^^^
[INFO] [stderr] 
[INFO] [stderr] warning: unused import: `http`
[INFO] [stderr]   --> src/routes/health.rs:69:51
[INFO] [stderr]    |
[INFO] [stderr] 69 |     use actix_web::{body::to_bytes, dev::Service, http, middleware, test, web, App, Error};
[INFO] [stderr]    |                                                   ^^^^
[INFO] [stderr] 
[INFO] [stderr] warning: unused import: `std::io::Bytes`
[INFO] [stderr]  --> src/routes/message.rs:3:5
[INFO] [stderr]   |
[INFO] [stderr] 3 | use std::io::Bytes;
[INFO] [stderr]   |     ^^^^^^^^^^^^^^
[INFO] [stderr] 
[INFO] [stderr] warning: unused import: `strum::IntoEnumIterator`
[INFO] [stderr]  --> src/routes/message.rs:4:5
[INFO] [stderr]   |
[INFO] [stderr] 4 | use strum::IntoEnumIterator;
[INFO] [stderr]   |     ^^^^^^^^^^^^^^^^^^^^^^^
[INFO] [stderr] 
[INFO] [stderr] warning: unused imports: `EnumString` and `IntoStaticStr`
[INFO] [stderr]  --> src/routes/message.rs:5:30
[INFO] [stderr]   |
[INFO] [stderr] 5 | use strum_macros::{EnumIter, EnumString, IntoStaticStr};
[INFO] [stderr]   |                              ^^^^^^^^^^  ^^^^^^^^^^^^^
[INFO] [stderr] 
[INFO] [stderr] warning: unused imports: `build_request_by_chain_name`, `build_request_with_body_and_chain_name`, and `get_tx_grpc_client`
[INFO] [stderr]  --> src/routes/query.rs:2:5
[INFO] [stderr]   |
[INFO] [stderr] 2 |     build_request_by_chain_name, build_request_to_explorer_api_by_chain_name_with_query_parameters,
[INFO] [stderr]   |     ^^^^^^^^^^^^^^^^^^^^^^^^^^^
[INFO] [stderr] 3 |     build_request_with_body_and_chain_name, get_bank_grpc_client, get_supported_blockchains,
[INFO] [stderr]   |     ^^^^^^^^^^^^^^^^^^^^^^^^^^^^^^^^^^^^^^
[INFO] [stderr] 4 |     get_tx_grpc_client, SearchType,
[INFO] [stderr]   |     ^^^^^^^^^^^^^^^^^^
[INFO] [stderr] 
[INFO] [stderr] warning: unused import: `crate::http::response`
[INFO] [stderr]  --> src/routes/query.rs:8:5
[INFO] [stderr]   |
[INFO] [stderr] 8 | use crate::http::response;
[INFO] [stderr]   |     ^^^^^^^^^^^^^^^^^^^^^
[INFO] [stderr] 
[INFO] [stderr] warning: unused import: `crate::http::response::HealthResponse`
[INFO] [stderr]  --> src/routes/query.rs:9:5
[INFO] [stderr]   |
[INFO] [stderr] 9 | use crate::http::response::HealthResponse;
[INFO] [stderr]   |     ^^^^^^^^^^^^^^^^^^^^^^^^^^^^^^^^^^^^^
[INFO] [stderr] 
[INFO] [stderr] warning: unused import: `crate::routes`
[INFO] [stderr]   --> src/routes/query.rs:10:5
[INFO] [stderr]    |
[INFO] [stderr] 10 | use crate::routes;
[INFO] [stderr]    |     ^^^^^^^^^^^^^
[INFO] [stderr] 
[INFO] [stderr] warning: unused import: `actix_web::http::StatusCode`
[INFO] [stderr]   --> src/routes/query.rs:16:5
[INFO] [stderr]    |
[INFO] [stderr] 16 | use actix_web::http::StatusCode;
[INFO] [stderr]    |     ^^^^^^^^^^^^^^^^^^^^^^^^^^^
[INFO] [stderr] 
[INFO] [stderr] warning: unused import: `Responder`
[INFO] [stderr]   --> src/routes/query.rs:17:41
[INFO] [stderr]    |
[INFO] [stderr] 17 | use actix_web::{get, web, HttpResponse, Responder};
[INFO] [stderr]    |                                         ^^^^^^^^^
[INFO] [stderr] 
[INFO] [stderr] warning: unused imports: `QueryAllBalancesRequest`, `QueryBalanceResponse`, and `query_client::QueryClient`
[INFO] [stderr]   --> src/routes/query.rs:20:5
[INFO] [stderr]    |
[INFO] [stderr] 20 |     query_client::QueryClient, QueryAllBalancesRequest, QueryBalanceRequest, QueryBalanceResponse,
[INFO] [stderr]    |     ^^^^^^^^^^^^^^^^^^^^^^^^^  ^^^^^^^^^^^^^^^^^^^^^^^                       ^^^^^^^^^^^^^^^^^^^^
[INFO] [stderr] 
[INFO] [stderr] warning: unused import: `ibc_proto::cosmos::base::abci::v1beta1::TxResponse`
[INFO] [stderr]   --> src/routes/query.rs:22:5
[INFO] [stderr]    |
[INFO] [stderr] 22 | use ibc_proto::cosmos::base::abci::v1beta1::TxResponse;
[INFO] [stderr]    |     ^^^^^^^^^^^^^^^^^^^^^^^^^^^^^^^^^^^^^^^^^^^^^^^^^^
[INFO] [stderr] 
[INFO] [stderr] warning: unused imports: `GetTxRequest`, `GetTxResponse`, and `Tx`
[INFO] [stderr]   --> src/routes/query.rs:23:38
[INFO] [stderr]    |
[INFO] [stderr] 23 | use ibc_proto::cosmos::tx::v1beta1::{GetTxRequest, GetTxResponse, Tx, TxBody};
[INFO] [stderr]    |                                      ^^^^^^^^^^^^  ^^^^^^^^^^^^^  ^^
[INFO] [stderr] 
[INFO] [stderr] warning: unused import: `ibc_proto::ibc::core::channel::v1::acknowledgement::Response::Error`
[INFO] [stderr]   --> src/routes/query.rs:24:5
[INFO] [stderr]    |
[INFO] [stderr] 24 | use ibc_proto::ibc::core::channel::v1::acknowledgement::Response::Error;
[INFO] [stderr]    |     ^^^^^^^^^^^^^^^^^^^^^^^^^^^^^^^^^^^^^^^^^^^^^^^^^^^^^^^^^^^^^^^^^^^
[INFO] [stderr] 
[INFO] [stderr] warning: unused import: `json::JsonValue`
[INFO] [stderr]   --> src/routes/query.rs:25:5
[INFO] [stderr]    |
[INFO] [stderr] 25 | use json::JsonValue;
[INFO] [stderr]    |     ^^^^^^^^^^^^^^^
[INFO] [stderr] 
[INFO] [stderr] warning: unused import: `prost::Message`
[INFO] [stderr]   --> src/routes/query.rs:26:5
[INFO] [stderr]    |
[INFO] [stderr] 26 | use prost::Message;
[INFO] [stderr]    |     ^^^^^^^^^^^^^^
[INFO] [stderr] 
[INFO] [stderr] warning: unused imports: `Client`, `Response`, and `Version`
[INFO] [stderr]   --> src/routes/query.rs:27:15
[INFO] [stderr]    |
[INFO] [stderr] 27 | use reqwest::{Client, Response, Version};
[INFO] [stderr]    |               ^^^^^^  ^^^^^^^^  ^^^^^^^
[INFO] [stderr] 
[INFO] [stderr] warning: unused import: `serde_json::from_value`
[INFO] [stderr]   --> src/routes/query.rs:29:5
[INFO] [stderr]    |
[INFO] [stderr] 29 | use serde_json::from_value;
[INFO] [stderr]    |     ^^^^^^^^^^^^^^^^^^^^^^
[INFO] [stderr] 
[INFO] [stderr] warning: unused import: `std::any::Any`
[INFO] [stderr]   --> src/routes/query.rs:31:5
[INFO] [stderr]    |
[INFO] [stderr] 31 | use std::any::Any;
[INFO] [stderr]    |     ^^^^^^^^^^^^^
[INFO] [stderr] 
[INFO] [stderr] warning: unused import: `std::borrow::Borrow`
[INFO] [stderr]   --> src/routes/query.rs:32:5
[INFO] [stderr]    |
[INFO] [stderr] 32 | use std::borrow::Borrow;
[INFO] [stderr]    |     ^^^^^^^^^^^^^^^^^^^
[INFO] [stderr] 
[INFO] [stderr] warning: type `processed_message_type` should have an upper camel case name
[INFO] [stderr]   --> src/routes/query.rs:38:10
[INFO] [stderr]    |
[INFO] [stderr] 38 | pub type processed_message_type = HashMap<String, Vec<sonar::Tx>>;
[INFO] [stderr]    |          ^^^^^^^^^^^^^^^^^^^^^^ help: convert the identifier to upper camel case: `ProcessedMessageType`
[INFO] [stderr]    |
[INFO] [stderr]    = note: `#[warn(non_camel_case_types)]` on by default
[INFO] [stderr] 
[INFO] [stderr] warning: unused import: `crate::http::response::HealthResponse`
[INFO] [stderr]    --> src/routes/query.rs:393:9
[INFO] [stderr]     |
[INFO] [stderr] 393 |     use crate::http::response::HealthResponse;
[INFO] [stderr]     |         ^^^^^^^^^^^^^^^^^^^^^^^^^^^^^^^^^^^^^
[INFO] [stderr] 
[INFO] [stderr] warning: unused import: `actix_web::web::Data`
[INFO] [stderr]    --> src/routes/query.rs:394:9
[INFO] [stderr]     |
[INFO] [stderr] 394 |     use actix_web::web::Data;
[INFO] [stderr]     |         ^^^^^^^^^^^^^^^^^^^^
[INFO] [stderr] 
[INFO] [stderr] warning: unused `#[macro_use]` import
[INFO] [stderr]  --> src/main.rs:8:1
[INFO] [stderr]   |
[INFO] [stderr] 8 | #[macro_use]
[INFO] [stderr]   | ^^^^^^^^^^^^
[INFO] [stderr] 
[INFO] [stderr] warning: unused import: `crate::http::response::HealthResponse`
[INFO] [stderr]   --> src/main.rs:48:9
[INFO] [stderr]    |
[INFO] [stderr] 48 |     use crate::http::response::HealthResponse;
[INFO] [stderr]    |         ^^^^^^^^^^^^^^^^^^^^^^^^^^^^^^^^^^^^^
[INFO] [stderr] 
[INFO] [stderr] warning: use of deprecated function `base64::decode`: Use Engine::decode
[INFO] [stderr]   --> src/routes/query.rs:18:13
[INFO] [stderr]    |
[INFO] [stderr] 18 | use base64::decode;
[INFO] [stderr]    |             ^^^^^^
[INFO] [stderr]    |
[INFO] [stderr]    = note: `#[warn(deprecated)]` on by default
[INFO] [stderr] 
[INFO] [stderr] warning: use of deprecated function `base64::decode`: Use Engine::decode
[INFO] [stderr]    --> src/routes/query.rs:315:39
[INFO] [stderr]     |
[INFO] [stderr] 315 |                     let decoded_key = decode(&attribute.key).unwrap();
[INFO] [stderr]     |                                       ^^^^^^
[INFO] [stderr] 
[INFO] [stderr] warning: use of deprecated function `base64::decode`: Use Engine::decode
[INFO] [stderr]    --> src/routes/query.rs:316:41
[INFO] [stderr]     |
[INFO] [stderr] 316 |                     let decoded_value = decode(&attribute.value).unwrap();
[INFO] [stderr]     |                                         ^^^^^^
[INFO] [stderr] 
[INFO] [stderr] warning: unused variable: `client`
[INFO] [stderr]   --> src/routes/health.rs:26:29
[INFO] [stderr]    |
[INFO] [stderr] 26 | pub async fn polygon_health(client: web::Data<Client>) -> Result<HttpResponse, HTTPError> {
[INFO] [stderr]    |                             ^^^^^^ help: if this is intentional, prefix it with an underscore: `_client`
[INFO] [stderr]    |
[INFO] [stderr]    = note: `#[warn(unused_variables)]` on by default
[INFO] [stderr] 
[INFO] [stderr] warning: unused variable: `e`
[INFO] [stderr]   --> src/routes/health.rs:55:19
[INFO] [stderr]    |
[INFO] [stderr] 55 |         .map_err(|e| HTTPError::Timeout)?;
[INFO] [stderr]    |                   ^ help: if this is intentional, prefix it with an underscore: `_e`
[INFO] [stderr] 
[INFO] [stderr] warning: unused variable: `target_chain`
[INFO] [stderr]    --> src/routes/query.rs:278:40
[INFO] [stderr]     |
[INFO] [stderr] 278 | async fn getTxRawByHash(tx_hash: &str, target_chain: &str) -> Result<CustomGetTxResponse, String> {
[INFO] [stderr]     |                                        ^^^^^^^^^^^^ help: if this is intentional, prefix it with an underscore: `_target_chain`
[INFO] [stderr] 
[INFO] [stderr] warning: variable does not need to be mutable
[INFO] [stderr]    --> src/routes/query.rs:304:17
[INFO] [stderr]     |
[INFO] [stderr] 304 |             let mut custom_tx_response = serde_json::from_str(&json_str);
[INFO] [stderr]     |                 ----^^^^^^^^^^^^^^^^^^
[INFO] [stderr]     |                 |
[INFO] [stderr]     |                 help: remove this `mut`
[INFO] [stderr]     |
[INFO] [stderr]     = note: `#[warn(unused_mut)]` on by default
[INFO] [stderr] 
[INFO] [stderr] warning: unused variable: `e`
[INFO] [stderr]    --> src/routes/query.rs:375:19
[INFO] [stderr]     |
[INFO] [stderr] 375 |         .map_err(|e| HTTPError::Timeout)?;
[INFO] [stderr]     |                   ^ help: if this is intentional, prefix it with an underscore: `_e`
[INFO] [stderr] 
[INFO] [stderr] warning: unused import: `tonic::codegen::Body`
[INFO] [stderr]   --> src/routes/health.rs:15:5
[INFO] [stderr]    |
[INFO] [stderr] 15 | use tonic::codegen::Body;
[INFO] [stderr]    |     ^^^^^^^^^^^^^^^^^^^^
[INFO] [stderr] 
[INFO] [stderr] warning: unused import: `tonic::codegen::Body`
[INFO] [stderr]   --> src/routes/query.rs:35:5
[INFO] [stderr]    |
[INFO] [stderr] 35 | use tonic::codegen::Body;
[INFO] [stderr]    |     ^^^^^^^^^^^^^^^^^^^^
[INFO] [stderr] 
[INFO] [stderr] warning: variable does not need to be mutable
[INFO] [stderr]    --> src/routes/query.rs:403:13
[INFO] [stderr]     |
[INFO] [stderr] 403 |         let mut app = test::init_service(
[INFO] [stderr]     |             ----^^^
[INFO] [stderr]     |             |
[INFO] [stderr]     |             help: remove this `mut`
[INFO] [stderr] 
[INFO] [stderr] warning: method `get_tx_grpc_client` is never used
[INFO] [stderr]   --> src/client/factory.rs:42:18
[INFO] [stderr]    |
[INFO] [stderr] 31 | impl SupportedBlockchain {
[INFO] [stderr]    | ------------------------ method in this implementation
[INFO] [stderr] ...
[INFO] [stderr] 42 |     pub async fn get_tx_grpc_client(
[INFO] [stderr]    |                  ^^^^^^^^^^^^^^^^^^
[INFO] [stderr]    |
[INFO] [stderr]    = note: `#[warn(dead_code)]` on by default
[INFO] [stderr] 
[INFO] [stderr] warning: function `get_tx_grpc_client` is never used
[INFO] [stderr]    --> src/client/factory.rs:134:14
[INFO] [stderr]     |
[INFO] [stderr] 134 | pub async fn get_tx_grpc_client(
[INFO] [stderr]     |              ^^^^^^^^^^^^^^^^^^
[INFO] [stderr] 
[INFO] [stderr] warning: struct `TotalMsgs` is never constructed
[INFO] [stderr]  --> src/routes/message.rs:7:12
[INFO] [stderr]   |
[INFO] [stderr] 7 | pub struct TotalMsgs {
[INFO] [stderr]   |            ^^^^^^^^^
[INFO] [stderr] 
[INFO] [stderr] warning: struct `Messages` is never constructed
[INFO] [stderr]   --> src/routes/message.rs:16:12
[INFO] [stderr]    |
[INFO] [stderr] 16 | pub struct Messages {
[INFO] [stderr]    |            ^^^^^^^^
[INFO] [stderr] 
[INFO] [stderr] warning: method `get_type` is never used
[INFO] [stderr]   --> src/routes/message.rs:22:8
[INFO] [stderr]    |
[INFO] [stderr] 21 | pub trait MessageType: fmt::Display {
[INFO] [stderr]    |           ----------- method in this trait
[INFO] [stderr] 22 |     fn get_type(&self) -> String;
[INFO] [stderr]    |        ^^^^^^^^
[INFO] [stderr] 
[INFO] [stderr] warning: struct `DumpMessage` is never constructed
[INFO] [stderr]   --> src/routes/message.rs:83:8
[INFO] [stderr]    |
[INFO] [stderr] 83 | struct DumpMessage {
[INFO] [stderr]    |        ^^^^^^^^^^^
[INFO] [stderr] 
[INFO] [stderr] warning: struct `HodlMessage` is never constructed
[INFO] [stderr]   --> src/routes/message.rs:88:8
[INFO] [stderr]    |
[INFO] [stderr] 88 | struct HodlMessage {
[INFO] [stderr]    |        ^^^^^^^^^^^
[INFO] [stderr] 
[INFO] [stderr] warning: function `isMsgSwapExactAmountIn` is never used
[INFO] [stderr]    --> src/routes/query.rs:246:4
[INFO] [stderr]     |
[INFO] [stderr] 246 | fn isMsgSwapExactAmountIn(tx_body: &TxBody) -> bool {
[INFO] [stderr]     |    ^^^^^^^^^^^^^^^^^^^^^^
[INFO] [stderr] 
[INFO] [stderr] warning: field `tx` is never read
[INFO] [stderr]    --> src/routes/query.rs:268:5
[INFO] [stderr]     |
[INFO] [stderr] 266 | struct IntermediateGetTxResponse {
[INFO] [stderr]     |        ------------------------- field in this struct
[INFO] [stderr] 267 |     tx_response: Option<Value>,
[INFO] [stderr] 268 |     tx: Option<Value>,
[INFO] [stderr]     |     ^^
[INFO] [stderr]     |
[INFO] [stderr]     = note: `IntermediateGetTxResponse` has a derived impl for the trait `Debug`, but this is intentionally ignored during dead code analysis
[INFO] [stderr] 
[INFO] [stderr] warning: function `isMsgSwapExactAmountIn` should have a snake case name
[INFO] [stderr]    --> src/routes/query.rs:246:4
[INFO] [stderr]     |
[INFO] [stderr] 246 | fn isMsgSwapExactAmountIn(tx_body: &TxBody) -> bool {
[INFO] [stderr]     |    ^^^^^^^^^^^^^^^^^^^^^^ help: convert the identifier to snake case: `is_msg_swap_exact_amount_in`
[INFO] [stderr]     |
[INFO] [stderr]     = note: `#[warn(non_snake_case)]` on by default
[INFO] [stderr] 
[INFO] [stderr] warning: variable `typeUrl` should have a snake case name
[INFO] [stderr]    --> src/routes/query.rs:249:9
[INFO] [stderr]     |
[INFO] [stderr] 249 |     let typeUrl = tx_message.type_url.clone();
[INFO] [stderr]     |         ^^^^^^^ help: convert the identifier to snake case: `type_url`
[INFO] [stderr] 
[INFO] [stderr] warning: function `isSucceedTransaction` should have a snake case name
[INFO] [stderr]    --> src/routes/query.rs:257:4
[INFO] [stderr]     |
[INFO] [stderr] 257 | fn isSucceedTransaction(raw_tx_response: &CustomTxResponse) -> bool {
[INFO] [stderr]     |    ^^^^^^^^^^^^^^^^^^^^ help: convert the identifier to snake case: `is_succeed_transaction`
[INFO] [stderr] 
[INFO] [stderr] warning: function `getTxRawByHash` should have a snake case name
[INFO] [stderr]    --> src/routes/query.rs:278:10
[INFO] [stderr]     |
[INFO] [stderr] 278 | async fn getTxRawByHash(tx_hash: &str, target_chain: &str) -> Result<CustomGetTxResponse, String> {
[INFO] [stderr]     |          ^^^^^^^^^^^^^^ help: convert the identifier to snake case: `get_tx_raw_by_hash`
[INFO] [stderr] 
[INFO] [stderr] warning: function `doesContainMessageType` should have a snake case name
[INFO] [stderr]    --> src/routes/query.rs:340:4
[INFO] [stderr]     |
[INFO] [stderr] 340 | fn doesContainMessageType(tx: &sonar::Tx, msg: &dyn MessageType) -> bool {
[INFO] [stderr]     |    ^^^^^^^^^^^^^^^^^^^^^^ help: convert the identifier to snake case: `does_contain_message_type`
[INFO] [stderr] 
[INFO] [stderr] warning: structure field `TxHash` should have a snake case name
[INFO] [stderr]  --> src/routes/sonar.rs:5:16
[INFO] [stderr]   |
[INFO] [stderr] 5 |     pub(crate) TxHash: String,
[INFO] [stderr]   |                ^^^^^^ help: convert the identifier to snake case: `tx_hash`
[INFO] [stderr] 
[INFO] [stderr] warning: structure field `Success` should have a snake case name
[INFO] [stderr]  --> src/routes/sonar.rs:6:5
[INFO] [stderr]   |
[INFO] [stderr] 6 |     Success: bool,
[INFO] [stderr]   |     ^^^^^^^ help: convert the identifier to snake case (notice the capitalization): `success`
[INFO] [stderr] 
[INFO] [stderr] warning: structure field `Height` should have a snake case name
[INFO] [stderr]  --> src/routes/sonar.rs:7:5
[INFO] [stderr]   |
[INFO] [stderr] 7 |     Height: String,
[INFO] [stderr]   |     ^^^^^^ help: convert the identifier to snake case: `height`
[INFO] [stderr] 
[INFO] [stderr] warning: structure field `Timestamp` should have a snake case name
[INFO] [stderr]  --> src/routes/sonar.rs:8:5
[INFO] [stderr]   |
[INFO] [stderr] 8 |     Timestamp: String,
[INFO] [stderr]   |     ^^^^^^^^^ help: convert the identifier to snake case: `timestamp`
[INFO] [stderr] 
[INFO] [stderr] warning: structure field `Sender` should have a snake case name
[INFO] [stderr]  --> src/routes/sonar.rs:9:5
[INFO] [stderr]   |
[INFO] [stderr] 9 |     Sender: String,
[INFO] [stderr]   |     ^^^^^^ help: convert the identifier to snake case (notice the capitalization): `sender`
[INFO] [stderr] 
[INFO] [stderr] warning: structure field `MessageCount` should have a snake case name
[INFO] [stderr]   --> src/routes/sonar.rs:10:5
[INFO] [stderr]    |
[INFO] [stderr] 10 |     MessageCount: u64,
[INFO] [stderr]    |     ^^^^^^^^^^^^ help: convert the identifier to snake case: `message_count`
[INFO] [stderr] 
[INFO] [stderr] warning: structure field `UsedGas` should have a snake case name
[INFO] [stderr]   --> src/routes/sonar.rs:11:5
[INFO] [stderr]    |
[INFO] [stderr] 11 |     UsedGas: String,
[INFO] [stderr]    |     ^^^^^^^ help: convert the identifier to snake case: `used_gas`
[INFO] [stderr] 
[INFO] [stderr] warning: structure field `WantedGas` should have a snake case name
[INFO] [stderr]   --> src/routes/sonar.rs:12:5
[INFO] [stderr]    |
[INFO] [stderr] 12 |     WantedGas: String,
[INFO] [stderr]    |     ^^^^^^^^^ help: convert the identifier to snake case: `wanted_gas`
[INFO] [stderr] 
[INFO] [stderr] warning: structure field `Fee` should have a snake case name
[INFO] [stderr]   --> src/routes/sonar.rs:13:5
[INFO] [stderr]    |
[INFO] [stderr] 13 |     Fee: Vec<Fee>,
[INFO] [stderr]    |     ^^^ help: convert the identifier to snake case (notice the capitalization): `fee`
[INFO] [stderr] 
[INFO] [stderr] warning: structure field `Memo` should have a snake case name
[INFO] [stderr]   --> src/routes/sonar.rs:14:5
[INFO] [stderr]    |
[INFO] [stderr] 14 |     Memo: String,
[INFO] [stderr]    |     ^^^^ help: convert the identifier to snake case: `memo`
[INFO] [stderr] 
[INFO] [stderr] warning: structure field `Messages` should have a snake case name
[INFO] [stderr]   --> src/routes/sonar.rs:15:16
[INFO] [stderr]    |
[INFO] [stderr] 15 |     pub(crate) Messages: Vec<Message>,
[INFO] [stderr]    |                ^^^^^^^^ help: convert the identifier to snake case: `messages`
[INFO] [stderr] 
[INFO] [stderr] warning: structure field `Module` should have a snake case name
[INFO] [stderr]   --> src/routes/sonar.rs:26:5
[INFO] [stderr]    |
[INFO] [stderr] 26 |     Module: String,
[INFO] [stderr]    |     ^^^^^^ help: convert the identifier to snake case: `module`
[INFO] [stderr] 
[INFO] [stderr] warning: structure field `Type` should have a snake case name
[INFO] [stderr]   --> src/routes/sonar.rs:27:16
[INFO] [stderr]    |
[INFO] [stderr] 27 |     pub(crate) Type: String,
[INFO] [stderr]    |                ^^^^
[INFO] [stderr]    |
[INFO] [stderr] help: rename the identifier or convert it to a snake case raw identifier
[INFO] [stderr]    |
[INFO] [stderr] 27 |     pub(crate) r#type: String,
[INFO] [stderr]    |                ~~~~~~
[INFO] [stderr] 
[INFO] [stderr] warning: structure field `TxHash` should have a snake case name
[INFO] [stderr]   --> src/routes/sonar.rs:28:5
[INFO] [stderr]    |
[INFO] [stderr] 28 |     TxHash: String,
[INFO] [stderr]    |     ^^^^^^ help: convert the identifier to snake case: `tx_hash`
[INFO] [stderr] 
[INFO] [stderr] warning: structure field `Json` should have a snake case name
[INFO] [stderr]   --> src/routes/sonar.rs:29:5
[INFO] [stderr]    |
[INFO] [stderr] 29 |     Json: String,
[INFO] [stderr]    |     ^^^^ help: convert the identifier to snake case: `json`
[INFO] [stderr] 
[INFO] [stderr] warning: structure field `Success` should have a snake case name
[INFO] [stderr]   --> src/routes/sonar.rs:30:5
[INFO] [stderr]    |
[INFO] [stderr] 30 |     Success: bool,
[INFO] [stderr]    |     ^^^^^^^ help: convert the identifier to snake case (notice the capitalization): `success`
[INFO] [stderr] 
[INFO] [stderr] warning: structure field `Page` should have a snake case name
[INFO] [stderr]   --> src/routes/sonar.rs:35:5
[INFO] [stderr]    |
[INFO] [stderr] 35 |     Page: u64,
[INFO] [stderr]    |     ^^^^ help: convert the identifier to snake case: `page`
[INFO] [stderr] 
[INFO] [stderr] warning: structure field `PerPage` should have a snake case name
[INFO] [stderr]   --> src/routes/sonar.rs:36:5
[INFO] [stderr]    |
[INFO] [stderr] 36 |     PerPage: u64,
[INFO] [stderr]    |     ^^^^^^^ help: convert the identifier to snake case: `per_page`
[INFO] [stderr] 
[INFO] [stderr] warning: structure field `Txs` should have a snake case name
[INFO] [stderr]   --> src/routes/sonar.rs:37:16
[INFO] [stderr]    |
[INFO] [stderr] 37 |     pub(crate) Txs: Vec<Tx>,
[INFO] [stderr]    |                ^^^ help: convert the identifier to snake case: `txs`
[INFO] [stderr] 
[INFO] [stderr] warning: `parachutedrop-rust-server` (bin "parachutedrop-rust-server" test) generated 88 warnings (run `cargo fix --bin "parachutedrop-rust-server" --tests` to apply 44 suggestions)
[INFO] [stderr]     Finished `test` profile [unoptimized + debuginfo] target(s) in 0.34s
[INFO] [stderr]      Running unittests src/main.rs (/opt/rustwide/target/debug/deps/parachutedrop_rust_server-3f4a86f949f60bff)
[INFO] [stdout] 
[INFO] [stdout] running 5 tests
[INFO] [stdout] test tests::test_index ... ok
[INFO] [stdout] test routes::query::tests::test_query_balance ... FAILED
[INFO] [stdout] test routes::health::tests::test_osmosis_health ... FAILED
[INFO] [stdout] test routes::health::tests::test_polygon_health ... FAILED
[INFO] [stdout] test routes::health::tests::test_evmos_health ... FAILED
[INFO] [stdout] 
[INFO] [stdout] failures:
[INFO] [stdout] 
[INFO] [stdout] ---- routes::query::tests::test_query_balance stdout ----
[INFO] [stdout] thread 'routes::query::tests::test_query_balance' panicked at src/client/factory.rs:38:79:
[INFO] [stdout] called `Result::unwrap()` on an `Err` value: tonic::transport::Error(Transport, hyper::Error(Connect, ConnectError("dns error", Custom { kind: Uncategorized, error: "failed to lookup address information: Temporary failure in name resolution" })))
[INFO] [stdout] stack backtrace:
[INFO] [stdout]    0:     0x56e754b9593a - std::backtrace_rs::backtrace::libunwind::trace::h5a5b8284f2d0c266
[INFO] [stdout]                                at /rustc/90b35a6239c3d8bdabc530a6a0816f7ff89a0aaf/library/std/src/../../backtrace/src/backtrace/libunwind.rs:116:5
[INFO] [stdout]    1:     0x56e754b9593a - std::backtrace_rs::backtrace::trace_unsynchronized::h76d4f1c9b0b875e3
[INFO] [stdout]                                at /rustc/90b35a6239c3d8bdabc530a6a0816f7ff89a0aaf/library/std/src/../../backtrace/src/backtrace/mod.rs:66:5
[INFO] [stdout]    2:     0x56e754b9593a - std::sys::backtrace::_print_fmt::hc4546b8364a537c6
[INFO] [stdout]                                at /rustc/90b35a6239c3d8bdabc530a6a0816f7ff89a0aaf/library/std/src/sys/backtrace.rs:66:9
[INFO] [stdout]    3:     0x56e754b9593a - <std::sys::backtrace::BacktraceLock::print::DisplayBacktrace as core::fmt::Display>::fmt::h5b6bd5631a6d1f6b
[INFO] [stdout]                                at /rustc/90b35a6239c3d8bdabc530a6a0816f7ff89a0aaf/library/std/src/sys/backtrace.rs:39:26
[INFO] [stdout]    4:     0x56e754bc0773 - core::fmt::rt::Argument::fmt::h270f6602a2b96f62
[INFO] [stdout]                                at /rustc/90b35a6239c3d8bdabc530a6a0816f7ff89a0aaf/library/core/src/fmt/rt.rs:177:76
[INFO] [stdout]    5:     0x56e754bc0773 - core::fmt::write::h7550c97b06c86515
[INFO] [stdout]                                at /rustc/90b35a6239c3d8bdabc530a6a0816f7ff89a0aaf/library/core/src/fmt/mod.rs:1186:21
[INFO] [stdout]    6:     0x56e754b91fd3 - std::io::Write::write_fmt::h509ff860e5956e5e
[INFO] [stdout]                                at /rustc/90b35a6239c3d8bdabc530a6a0816f7ff89a0aaf/library/std/src/io/mod.rs:1839:15
[INFO] [stdout]    7:     0x56e754b95782 - std::sys::backtrace::BacktraceLock::print::h2395ccd2c84ba3aa
[INFO] [stdout]                                at /rustc/90b35a6239c3d8bdabc530a6a0816f7ff89a0aaf/library/std/src/sys/backtrace.rs:42:9
[INFO] [stdout]    8:     0x56e754b96d9a - std::panicking::default_hook::{{closure}}::he19d4c7230e07961
[INFO] [stdout]                                at /rustc/90b35a6239c3d8bdabc530a6a0816f7ff89a0aaf/library/std/src/panicking.rs:268:22
[INFO] [stdout]    9:     0x56e754b96ba4 - std::panicking::default_hook::hf614597d3c67bbdb
[INFO] [stdout]                                at /rustc/90b35a6239c3d8bdabc530a6a0816f7ff89a0aaf/library/std/src/panicking.rs:292:9
[INFO] [stdout]   10:     0x56e754222f19 - <alloc::boxed::Box<F,A> as core::ops::function::Fn<Args>>::call::h39b51ce4599c23d1
[INFO] [stdout]                                at /rustc/90b35a6239c3d8bdabc530a6a0816f7ff89a0aaf/library/alloc/src/boxed.rs:2468:9
[INFO] [stdout]   11:     0x56e754222f19 - test::test_main::{{closure}}::he977ae839a582784
[INFO] [stdout]                                at /rustc/90b35a6239c3d8bdabc530a6a0816f7ff89a0aaf/library/test/src/lib.rs:133:21
[INFO] [stdout]   12:     0x56e754b97438 - <alloc::boxed::Box<F,A> as core::ops::function::Fn<Args>>::call::h9455091b6b06f9fb
[INFO] [stdout]                                at /rustc/90b35a6239c3d8bdabc530a6a0816f7ff89a0aaf/library/alloc/src/boxed.rs:2468:9
[INFO] [stdout]   13:     0x56e754b97438 - std::panicking::rust_panic_with_hook::h8942133a8b252070
[INFO] [stdout]                                at /rustc/90b35a6239c3d8bdabc530a6a0816f7ff89a0aaf/library/std/src/panicking.rs:809:13
[INFO] [stdout]   14:     0x56e754b971fa - std::panicking::begin_panic_handler::{{closure}}::hb5f5963570096b29
[INFO] [stdout]                                at /rustc/90b35a6239c3d8bdabc530a6a0816f7ff89a0aaf/library/std/src/panicking.rs:674:13
[INFO] [stdout]   15:     0x56e754b95e19 - std::sys::backtrace::__rust_end_short_backtrace::h6208cedc1922feda
[INFO] [stdout]                                at /rustc/90b35a6239c3d8bdabc530a6a0816f7ff89a0aaf/library/std/src/sys/backtrace.rs:170:18
[INFO] [stdout]   16:     0x56e754b96e8c - rust_begin_unwind
[INFO] [stdout]                                at /rustc/90b35a6239c3d8bdabc530a6a0816f7ff89a0aaf/library/std/src/panicking.rs:665:5
[INFO] [stdout]   17:     0x56e754167300 - core::panicking::panic_fmt::h0c3082644d1bf418
[INFO] [stdout]                                at /rustc/90b35a6239c3d8bdabc530a6a0816f7ff89a0aaf/library/core/src/panicking.rs:74:14
[INFO] [stdout]   18:     0x56e754167786 - core::result::unwrap_failed::hd20b4aa073bda1e2
[INFO] [stdout]                                at /rustc/90b35a6239c3d8bdabc530a6a0816f7ff89a0aaf/library/core/src/result.rs:1700:5
[INFO] [stdout]   19:     0x56e7541b17b3 - core::result::Result<T,E>::unwrap::h1fdbf2318d883e69
[INFO] [stdout]                                at /rustc/90b35a6239c3d8bdabc530a6a0816f7ff89a0aaf/library/core/src/result.rs:1104:23
[INFO] [stdout]   20:     0x56e7541b17b3 - parachutedrop_rust_server::client::factory::SupportedBlockchain::get_bank_grpc_client::{{closure}}::h0467a41634f90a4a
[INFO] [stdout]                                at /opt/rustwide/workdir/src/client/factory.rs:38:31
[INFO] [stdout]   21:     0x56e7541b28a9 - parachutedrop_rust_server::client::factory::get_bank_grpc_client::{{closure}}::hcbb2510e26a82cd5
[INFO] [stdout]                                at /opt/rustwide/workdir/src/client/factory.rs:131:39
[INFO] [stdout]   22:     0x56e7541c1da8 - <parachutedrop_rust_server::routes::query::query_balance as actix_web::service::HttpServiceFactory>::register::query_balance::{{closure}}::h4b2cdc0cd408b175
[INFO] [stdout]                                at /opt/rustwide/workdir/src/routes/query.rs:350:63
[INFO] [stdout]   23:     0x56e7541e0202 - actix_web::handler::handler_service::{{closure}}::{{closure}}::hd9f9fcd1841e5c6c
[INFO] [stdout]                                at /opt/rustwide/cargo-home/registry/src/index.crates.io-6f17d22bba15001f/actix-web-4.2.1/src/handler.rs:106:22
[INFO] [stdout]   24:     0x56e7546d4da0 - <core::pin::Pin<P> as core::future::future::Future>::poll::habb813ee497db528
[INFO] [stdout]                                at /rustc/90b35a6239c3d8bdabc530a6a0816f7ff89a0aaf/library/core/src/future/future.rs:123:9
[INFO] [stdout]   25:     0x56e7546fa04b - <actix_web::resource::Resource<T> as actix_web::service::HttpServiceFactory>::register::{{closure}}::{{closure}}::h6569c74bb76cfefd
[INFO] [stdout]                                at /opt/rustwide/cargo-home/registry/src/index.crates.io-6f17d22bba15001f/actix-web-4.2.1/src/resource.rs:383:28
[INFO] [stdout]   26:     0x56e7546d4da0 - <core::pin::Pin<P> as core::future::future::Future>::poll::habb813ee497db528
[INFO] [stdout]                                at /rustc/90b35a6239c3d8bdabc530a6a0816f7ff89a0aaf/library/core/src/future/future.rs:123:9
[INFO] [stdout]   27:     0x56e754199edb - <actix_web::scope::Scope<T> as actix_web::service::HttpServiceFactory>::register::{{closure}}::{{closure}}::h0bb84ad4b2e172ee
[INFO] [stdout]                                at /opt/rustwide/cargo-home/registry/src/index.crates.io-6f17d22bba15001f/actix-web-4.2.1/src/scope.rs:434:28
[INFO] [stdout]   28:     0x56e7546d4da0 - <core::pin::Pin<P> as core::future::future::Future>::poll::habb813ee497db528
[INFO] [stdout]                                at /rustc/90b35a6239c3d8bdabc530a6a0816f7ff89a0aaf/library/core/src/future/future.rs:123:9
[INFO] [stdout]   29:     0x56e7541b3157 - <actix_web::middleware::logger::LoggerResponse<S,B> as core::future::future::Future>::poll::h25ebe6c05a6c37d8
[INFO] [stdout]                                at /opt/rustwide/cargo-home/registry/src/index.crates.io-6f17d22bba15001f/actix-web-4.2.1/src/middleware/logger.rs:302:32
[INFO] [stdout]   30:     0x56e75418f7d7 - parachutedrop_rust_server::routes::query::tests::test_query_balance::{{closure}}::h855a5646b89df583
[INFO] [stdout]                                at /opt/rustwide/workdir/src/routes/query.rs:414:34
[INFO] [stdout]   31:     0x56e7541e8a42 - <tokio::task::local::RunUntil<T> as core::future::future::Future>::poll::{{closure}}::h195fe47a728070c5
[INFO] [stdout]                                at /opt/rustwide/cargo-home/registry/src/index.crates.io-6f17d22bba15001f/tokio-1.23.0/src/task/local.rs:924:42
[INFO] [stdout]   32:     0x56e7541e51aa - tokio::task::local::LocalSet::with::{{closure}}::h9071e8b361ab67c6
[INFO] [stdout]                                at /opt/rustwide/cargo-home/registry/src/index.crates.io-6f17d22bba15001f/tokio-1.23.0/src/task/local.rs:685:13
[INFO] [stdout]   33:     0x56e75419ec47 - std::thread::local::LocalKey<T>::try_with::hd8a1abc959e1317a
[INFO] [stdout]                                at /rustc/90b35a6239c3d8bdabc530a6a0816f7ff89a0aaf/library/std/src/thread/local.rs:283:12
[INFO] [stdout]   34:     0x56e75419c45d - std::thread::local::LocalKey<T>::with::h2868424e893a8d29
[INFO] [stdout]                                at /rustc/90b35a6239c3d8bdabc530a6a0816f7ff89a0aaf/library/std/src/thread/local.rs:260:9
[INFO] [stdout]   35:     0x56e7541e4c16 - tokio::task::local::LocalSet::with::h8006b2a16efeafa8
[INFO] [stdout]                                at /opt/rustwide/cargo-home/registry/src/index.crates.io-6f17d22bba15001f/tokio-1.23.0/src/task/local.rs:668:9
[INFO] [stdout]   36:     0x56e7541e87e9 - <tokio::task::local::RunUntil<T> as core::future::future::Future>::poll::he88926da5ddb0f57
[INFO] [stdout]                                at /opt/rustwide/cargo-home/registry/src/index.crates.io-6f17d22bba15001f/tokio-1.23.0/src/task/local.rs:914:9
[INFO] [stdout]   37:     0x56e7541e6287 - tokio::task::local::LocalSet::run_until::{{closure}}::hc7d1328b7e6ce5a0
[INFO] [stdout]                                at /opt/rustwide/cargo-home/registry/src/index.crates.io-6f17d22bba15001f/tokio-1.23.0/src/task/local.rs:574:19
[INFO] [stdout]   38:     0x56e75417425b - <core::pin::Pin<P> as core::future::future::Future>::poll::h9340be47f7ba531e
[INFO] [stdout]                                at /rustc/90b35a6239c3d8bdabc530a6a0816f7ff89a0aaf/library/core/src/future/future.rs:123:9
[INFO] [stdout]   39:     0x56e7541d848e - tokio::runtime::scheduler::current_thread::CoreGuard::block_on::{{closure}}::{{closure}}::{{closure}}::h39bb6554efb38b38
[INFO] [stdout]                                at /opt/rustwide/cargo-home/registry/src/index.crates.io-6f17d22bba15001f/tokio-1.23.0/src/runtime/scheduler/current_thread.rs:541:57
[INFO] [stdout]   40:     0x56e7541d7d35 - tokio::runtime::coop::with_budget::ha0104acd59124a0f
[INFO] [stdout]                                at /opt/rustwide/cargo-home/registry/src/index.crates.io-6f17d22bba15001f/tokio-1.23.0/src/runtime/coop.rs:102:5
[INFO] [stdout]   41:     0x56e7541d7d35 - tokio::runtime::coop::budget::h788d92261ed05eaf
[INFO] [stdout]                                at /opt/rustwide/cargo-home/registry/src/index.crates.io-6f17d22bba15001f/tokio-1.23.0/src/runtime/coop.rs:68:5
[INFO] [stdout]   42:     0x56e7541d7d35 - tokio::runtime::scheduler::current_thread::CoreGuard::block_on::{{closure}}::{{closure}}::h61714a1c4722aef9
[INFO] [stdout]                                at /opt/rustwide/cargo-home/registry/src/index.crates.io-6f17d22bba15001f/tokio-1.23.0/src/runtime/scheduler/current_thread.rs:541:25
[INFO] [stdout]   43:     0x56e7541d0fbd - tokio::runtime::scheduler::current_thread::Context::enter::h83e5de725ed2dd0f
[INFO] [stdout]                                at /opt/rustwide/cargo-home/registry/src/index.crates.io-6f17d22bba15001f/tokio-1.23.0/src/runtime/scheduler/current_thread.rs:350:19
[INFO] [stdout]   44:     0x56e7541d43f2 - tokio::runtime::scheduler::current_thread::CoreGuard::block_on::{{closure}}::h07b65d59e05fa0af
[INFO] [stdout]                                at /opt/rustwide/cargo-home/registry/src/index.crates.io-6f17d22bba15001f/tokio-1.23.0/src/runtime/scheduler/current_thread.rs:540:36
[INFO] [stdout]   45:     0x56e7541d3f6b - tokio::runtime::scheduler::current_thread::CoreGuard::enter::{{closure}}::h49ba89b59fbec288
[INFO] [stdout]                                at /opt/rustwide/cargo-home/registry/src/index.crates.io-6f17d22bba15001f/tokio-1.23.0/src/runtime/scheduler/current_thread.rs:615:57
[INFO] [stdout]   46:     0x56e75418a95a - tokio::macros::scoped_tls::ScopedKey<T>::set::h5e648cce8117733c
[INFO] [stdout]                                at /opt/rustwide/cargo-home/registry/src/index.crates.io-6f17d22bba15001f/tokio-1.23.0/src/macros/scoped_tls.rs:61:9
[INFO] [stdout]   47:     0x56e7541d2fb6 - tokio::runtime::scheduler::current_thread::CoreGuard::enter::h4c2c49bc974338be
[INFO] [stdout]                                at /opt/rustwide/cargo-home/registry/src/index.crates.io-6f17d22bba15001f/tokio-1.23.0/src/runtime/scheduler/current_thread.rs:615:27
[INFO] [stdout]   48:     0x56e7541d4060 - tokio::runtime::scheduler::current_thread::CoreGuard::block_on::h4acbc4b71efbdfce
[INFO] [stdout]                                at /opt/rustwide/cargo-home/registry/src/index.crates.io-6f17d22bba15001f/tokio-1.23.0/src/runtime/scheduler/current_thread.rs:530:19
[INFO] [stdout]   49:     0x56e7541cebb1 - tokio::runtime::scheduler::current_thread::CurrentThread::block_on::h50c7eb89c24db4f9
[INFO] [stdout]                                at /opt/rustwide/cargo-home/registry/src/index.crates.io-6f17d22bba15001f/tokio-1.23.0/src/runtime/scheduler/current_thread.rs:154:24
[INFO] [stdout]   50:     0x56e75417a57e - tokio::runtime::runtime::Runtime::block_on::h67b0af68c821fbab
[INFO] [stdout]                                at /opt/rustwide/cargo-home/registry/src/index.crates.io-6f17d22bba15001f/tokio-1.23.0/src/runtime/runtime.rs:282:47
[INFO] [stdout]   51:     0x56e7541e53fa - tokio::task::local::LocalSet::block_on::h677c8dae3bfbf853
[INFO] [stdout]                                at /opt/rustwide/cargo-home/registry/src/index.crates.io-6f17d22bba15001f/tokio-1.23.0/src/task/local.rs:535:9
[INFO] [stdout]   52:     0x56e7541e905e - actix_rt::runtime::Runtime::block_on::h4a477abd3051575e
[INFO] [stdout]                                at /opt/rustwide/cargo-home/registry/src/index.crates.io-6f17d22bba15001f/actix-rt-2.7.0/src/runtime.rs:80:9
[INFO] [stdout]   53:     0x56e75418549a - actix_rt::system::SystemRunner::block_on::h967efbb39ae796b5
[INFO] [stdout]                                at /opt/rustwide/cargo-home/registry/src/index.crates.io-6f17d22bba15001f/actix-rt-2.7.0/src/system.rs:209:9
[INFO] [stdout]   54:     0x56e75418f154 - parachutedrop_rust_server::routes::query::tests::test_query_balance::h31ad229b401399ca
[INFO] [stdout]                                at /opt/rustwide/workdir/src/routes/query.rs:399:5
[INFO] [stdout]   55:     0x56e75418f107 - parachutedrop_rust_server::routes::query::tests::test_query_balance::{{closure}}::h1d42b4ac570f13c7
[INFO] [stdout]                                at /opt/rustwide/workdir/src/routes/query.rs:400:38
[INFO] [stdout]   56:     0x56e754168116 - core::ops::function::FnOnce::call_once::h093336b912fc4472
[INFO] [stdout]                                at /rustc/90b35a6239c3d8bdabc530a6a0816f7ff89a0aaf/library/core/src/ops/function.rs:250:5
[INFO] [stdout]   57:     0x56e7542278db - core::ops::function::FnOnce::call_once::h109cf8051a59b34e
[INFO] [stdout]                                at /rustc/90b35a6239c3d8bdabc530a6a0816f7ff89a0aaf/library/core/src/ops/function.rs:250:5
[INFO] [stdout]   58:     0x56e7542278db - test::__rust_begin_short_backtrace::hf4fff89d377446ba
[INFO] [stdout]                                at /rustc/90b35a6239c3d8bdabc530a6a0816f7ff89a0aaf/library/test/src/lib.rs:621:18
[INFO] [stdout]   59:     0x56e754227117 - test::run_test_in_process::{{closure}}::h0e39181dd7ee5a43
[INFO] [stdout]                                at /rustc/90b35a6239c3d8bdabc530a6a0816f7ff89a0aaf/library/test/src/lib.rs:644:60
[INFO] [stdout]   60:     0x56e754227117 - <core::panic::unwind_safe::AssertUnwindSafe<F> as core::ops::function::FnOnce<()>>::call_once::hc5a66a30f0bdfd1f
[INFO] [stdout]                                at /rustc/90b35a6239c3d8bdabc530a6a0816f7ff89a0aaf/library/core/src/panic/unwind_safe.rs:272:9
[INFO] [stdout]   61:     0x56e754227117 - std::panicking::try::do_call::h873b7cf639554a5e
[INFO] [stdout]                                at /rustc/90b35a6239c3d8bdabc530a6a0816f7ff89a0aaf/library/std/src/panicking.rs:557:40
[INFO] [stdout]   62:     0x56e754227117 - std::panicking::try::hdb19862fad9c8bd1
[INFO] [stdout]                                at /rustc/90b35a6239c3d8bdabc530a6a0816f7ff89a0aaf/library/std/src/panicking.rs:520:19
[INFO] [stdout]   63:     0x56e754227117 - std::panic::catch_unwind::h281fe732d236d260
[INFO] [stdout]                                at /rustc/90b35a6239c3d8bdabc530a6a0816f7ff89a0aaf/library/std/src/panic.rs:358:14
[INFO] [stdout]   64:     0x56e754227117 - test::run_test_in_process::h949b6df8457ed338
[INFO] [stdout]                                at /rustc/90b35a6239c3d8bdabc530a6a0816f7ff89a0aaf/library/test/src/lib.rs:644:27
[INFO] [stdout]   65:     0x56e754227117 - test::run_test::{{closure}}::h52c556a6d4740e10
[INFO] [stdout]                                at /rustc/90b35a6239c3d8bdabc530a6a0816f7ff89a0aaf/library/test/src/lib.rs:565:43
[INFO] [stdout]   66:     0x56e7541ec3f4 - test::run_test::{{closure}}::h4237f6381c45ccb9
[INFO] [stdout]                                at /rustc/90b35a6239c3d8bdabc530a6a0816f7ff89a0aaf/library/test/src/lib.rs:595:41
[INFO] [stdout]   67:     0x56e7541ec3f4 - std::sys::backtrace::__rust_begin_short_backtrace::h505c97a579eca628
[INFO] [stdout]                                at /rustc/90b35a6239c3d8bdabc530a6a0816f7ff89a0aaf/library/std/src/sys/backtrace.rs:154:18
[INFO] [stdout]   68:     0x56e7541efabe - std::thread::Builder::spawn_unchecked_::{{closure}}::{{closure}}::h9e86b2e2bc107ea3
[INFO] [stdout]                                at /rustc/90b35a6239c3d8bdabc530a6a0816f7ff89a0aaf/library/std/src/thread/mod.rs:538:17
[INFO] [stdout]   69:     0x56e7541efabe - <core::panic::unwind_safe::AssertUnwindSafe<F> as core::ops::function::FnOnce<()>>::call_once::h8b06ddb275ff4a25
[INFO] [stdout]                                at /rustc/90b35a6239c3d8bdabc530a6a0816f7ff89a0aaf/library/core/src/panic/unwind_safe.rs:272:9
[INFO] [stdout]   70:     0x56e7541efabe - std::panicking::try::do_call::hb26ecd7cd9a9355d
[INFO] [stdout]                                at /rustc/90b35a6239c3d8bdabc530a6a0816f7ff89a0aaf/library/std/src/panicking.rs:557:40
[INFO] [stdout]   71:     0x56e7541efabe - std::panicking::try::h8ddeca9d705f9069
[INFO] [stdout]                                at /rustc/90b35a6239c3d8bdabc530a6a0816f7ff89a0aaf/library/std/src/panicking.rs:520:19
[INFO] [stdout]   72:     0x56e7541efabe - std::panic::catch_unwind::h49e1c33078844c46
[INFO] [stdout]                                at /rustc/90b35a6239c3d8bdabc530a6a0816f7ff89a0aaf/library/std/src/panic.rs:358:14
[INFO] [stdout]   73:     0x56e7541efabe - std::thread::Builder::spawn_unchecked_::{{closure}}::h6073db6ff56ad35d
[INFO] [stdout]                                at /rustc/90b35a6239c3d8bdabc530a6a0816f7ff89a0aaf/library/std/src/thread/mod.rs:537:30
[INFO] [stdout]   74:     0x56e7541efabe - core::ops::function::FnOnce::call_once{{vtable.shim}}::h2c5a5f3779c774f1
[INFO] [stdout]                                at /rustc/90b35a6239c3d8bdabc530a6a0816f7ff89a0aaf/library/core/src/ops/function.rs:250:5
[INFO] [stdout]   75:     0x56e754b9b6fb - <alloc::boxed::Box<F,A> as core::ops::function::FnOnce<Args>>::call_once::hf75717d9f28faebf
[INFO] [stdout]                                at /rustc/90b35a6239c3d8bdabc530a6a0816f7ff89a0aaf/library/alloc/src/boxed.rs:2454:9
[INFO] [stdout]   76:     0x56e754b9b6fb - <alloc::boxed::Box<F,A> as core::ops::function::FnOnce<Args>>::call_once::h7bd883a5f3c5f3c1
[INFO] [stdout]                                at /rustc/90b35a6239c3d8bdabc530a6a0816f7ff89a0aaf/library/alloc/src/boxed.rs:2454:9
[INFO] [stdout]   77:     0x56e754b9b6fb - std::sys::pal::unix::thread::Thread::new::thread_start::hcc78f3943333fa94
[INFO] [stdout]                                at /rustc/90b35a6239c3d8bdabc530a6a0816f7ff89a0aaf/library/std/src/sys/pal/unix/thread.rs:105:17
[INFO] [stdout]   78:     0x7b7a869b2ac3 - <unknown>
[INFO] [stdout]   79:     0x7b7a86a43a04 - clone
[INFO] [stdout]   80:                0x0 - <unknown>
[INFO] [stdout] 
[INFO] [stdout] ---- routes::health::tests::test_osmosis_health stdout ----
[INFO] [stdout] thread 'routes::health::tests::test_osmosis_health' panicked at src/client/factory.rs:38:79:
[INFO] [stdout] called `Result::unwrap()` on an `Err` value: tonic::transport::Error(Transport, hyper::Error(Connect, ConnectError("dns error", Custom { kind: Uncategorized, error: "failed to lookup address information: Temporary failure in name resolution" })))
[INFO] [stdout] stack backtrace:
[INFO] [stdout]    0:     0x56e754b9593a - std::backtrace_rs::backtrace::libunwind::trace::h5a5b8284f2d0c266
[INFO] [stdout]                                at /rustc/90b35a6239c3d8bdabc530a6a0816f7ff89a0aaf/library/std/src/../../backtrace/src/backtrace/libunwind.rs:116:5
[INFO] [stdout]    1:     0x56e754b9593a - std::backtrace_rs::backtrace::trace_unsynchronized::h76d4f1c9b0b875e3
[INFO] [stdout]                                at /rustc/90b35a6239c3d8bdabc530a6a0816f7ff89a0aaf/library/std/src/../../backtrace/src/backtrace/mod.rs:66:5
[INFO] [stdout]    2:     0x56e754b9593a - std::sys::backtrace::_print_fmt::hc4546b8364a537c6
[INFO] [stdout]                                at /rustc/90b35a6239c3d8bdabc530a6a0816f7ff89a0aaf/library/std/src/sys/backtrace.rs:66:9
[INFO] [stdout]    3:     0x56e754b9593a - <std::sys::backtrace::BacktraceLock::print::DisplayBacktrace as core::fmt::Display>::fmt::h5b6bd5631a6d1f6b
[INFO] [stdout]                                at /rustc/90b35a6239c3d8bdabc530a6a0816f7ff89a0aaf/library/std/src/sys/backtrace.rs:39:26
[INFO] [stdout]    4:     0x56e754bc0773 - core::fmt::rt::Argument::fmt::h270f6602a2b96f62
[INFO] [stdout]                                at /rustc/90b35a6239c3d8bdabc530a6a0816f7ff89a0aaf/library/core/src/fmt/rt.rs:177:76
[INFO] [stdout]    5:     0x56e754bc0773 - core::fmt::write::h7550c97b06c86515
[INFO] [stdout]                                at /rustc/90b35a6239c3d8bdabc530a6a0816f7ff89a0aaf/library/core/src/fmt/mod.rs:1186:21
[INFO] [stdout]    6:     0x56e754b91fd3 - std::io::Write::write_fmt::h509ff860e5956e5e
[INFO] [stdout]                                at /rustc/90b35a6239c3d8bdabc530a6a0816f7ff89a0aaf/library/std/src/io/mod.rs:1839:15
[INFO] [stdout]    7:     0x56e754b95782 - std::sys::backtrace::BacktraceLock::print::h2395ccd2c84ba3aa
[INFO] [stdout]                                at /rustc/90b35a6239c3d8bdabc530a6a0816f7ff89a0aaf/library/std/src/sys/backtrace.rs:42:9
[INFO] [stdout]    8:     0x56e754b96d9a - std::panicking::default_hook::{{closure}}::he19d4c7230e07961
[INFO] [stdout]                                at /rustc/90b35a6239c3d8bdabc530a6a0816f7ff89a0aaf/library/std/src/panicking.rs:268:22
[INFO] [stdout]    9:     0x56e754b96ba4 - std::panicking::default_hook::hf614597d3c67bbdb
[INFO] [stdout]                                at /rustc/90b35a6239c3d8bdabc530a6a0816f7ff89a0aaf/library/std/src/panicking.rs:292:9
[INFO] [stdout]   10:     0x56e754222f19 - <alloc::boxed::Box<F,A> as core::ops::function::Fn<Args>>::call::h39b51ce4599c23d1
[INFO] [stdout]                                at /rustc/90b35a6239c3d8bdabc530a6a0816f7ff89a0aaf/library/alloc/src/boxed.rs:2468:9
[INFO] [stdout]   11:     0x56e754222f19 - test::test_main::{{closure}}::he977ae839a582784
[INFO] [stdout]                                at /rustc/90b35a6239c3d8bdabc530a6a0816f7ff89a0aaf/library/test/src/lib.rs:133:21
[INFO] [stdout]   12:     0x56e754b97438 - <alloc::boxed::Box<F,A> as core::ops::function::Fn<Args>>::call::h9455091b6b06f9fb
[INFO] [stdout]                                at /rustc/90b35a6239c3d8bdabc530a6a0816f7ff89a0aaf/library/alloc/src/boxed.rs:2468:9
[INFO] [stdout]   13:     0x56e754b97438 - std::panicking::rust_panic_with_hook::h8942133a8b252070
[INFO] [stdout]                                at /rustc/90b35a6239c3d8bdabc530a6a0816f7ff89a0aaf/library/std/src/panicking.rs:809:13
[INFO] [stdout]   14:     0x56e754b971fa - std::panicking::begin_panic_handler::{{closure}}::hb5f5963570096b29
[INFO] [stdout]                                at /rustc/90b35a6239c3d8bdabc530a6a0816f7ff89a0aaf/library/std/src/panicking.rs:674:13
[INFO] [stdout]   15:     0x56e754b95e19 - std::sys::backtrace::__rust_end_short_backtrace::h6208cedc1922feda
[INFO] [stdout]                                at /rustc/90b35a6239c3d8bdabc530a6a0816f7ff89a0aaf/library/std/src/sys/backtrace.rs:170:18
[INFO] [stdout]   16:     0x56e754b96e8c - rust_begin_unwind
[INFO] [stdout]                                at /rustc/90b35a6239c3d8bdabc530a6a0816f7ff89a0aaf/library/std/src/panicking.rs:665:5
[INFO] [stdout]   17:     0x56e754167300 - core::panicking::panic_fmt::h0c3082644d1bf418
[INFO] [stdout]                                at /rustc/90b35a6239c3d8bdabc530a6a0816f7ff89a0aaf/library/core/src/panicking.rs:74:14
[INFO] [stdout]   18:     0x56e754167786 - core::result::unwrap_failed::hd20b4aa073bda1e2
[INFO] [stdout]                                at /rustc/90b35a6239c3d8bdabc530a6a0816f7ff89a0aaf/library/core/src/result.rs:1700:5
[INFO] [stdout]   19:     0x56e7541b17b3 - core::result::Result<T,E>::unwrap::h1fdbf2318d883e69
[INFO] [stdout]                                at /rustc/90b35a6239c3d8bdabc530a6a0816f7ff89a0aaf/library/core/src/result.rs:1104:23
[INFO] [stdout]   20:     0x56e7541b17b3 - parachutedrop_rust_server::client::factory::SupportedBlockchain::get_bank_grpc_client::{{closure}}::h0467a41634f90a4a
[INFO] [stdout]                                at /opt/rustwide/workdir/src/client/factory.rs:38:31
[INFO] [stdout]   21:     0x56e7541b28a9 - parachutedrop_rust_server::client::factory::get_bank_grpc_client::{{closure}}::hcbb2510e26a82cd5
[INFO] [stdout]                                at /opt/rustwide/workdir/src/client/factory.rs:131:39
[INFO] [stdout]   22:     0x56e7541a8072 - <parachutedrop_rust_server::routes::health::osmosis_health as actix_web::service::HttpServiceFactory>::register::osmosis_health::{{closure}}::h58349a74b02cfde6
[INFO] [stdout]                                at /opt/rustwide/workdir/src/routes/health.rs:44:54
[INFO] [stdout]   23:     0x56e7541e0738 - actix_web::handler::handler_service::{{closure}}::{{closure}}::he5e260fbd97b7b41
[INFO] [stdout]                                at /opt/rustwide/cargo-home/registry/src/index.crates.io-6f17d22bba15001f/actix-web-4.2.1/src/handler.rs:106:22
[INFO] [stdout]   24:     0x56e7546d4da0 - <core::pin::Pin<P> as core::future::future::Future>::poll::habb813ee497db528
[INFO] [stdout]                                at /rustc/90b35a6239c3d8bdabc530a6a0816f7ff89a0aaf/library/core/src/future/future.rs:123:9
[INFO] [stdout]   25:     0x56e7546fa04b - <actix_web::resource::Resource<T> as actix_web::service::HttpServiceFactory>::register::{{closure}}::{{closure}}::h6569c74bb76cfefd
[INFO] [stdout]                                at /opt/rustwide/cargo-home/registry/src/index.crates.io-6f17d22bba15001f/actix-web-4.2.1/src/resource.rs:383:28
[INFO] [stdout]   26:     0x56e7546d4da0 - <core::pin::Pin<P> as core::future::future::Future>::poll::habb813ee497db528
[INFO] [stdout]                                at /rustc/90b35a6239c3d8bdabc530a6a0816f7ff89a0aaf/library/core/src/future/future.rs:123:9
[INFO] [stdout]   27:     0x56e754199edb - <actix_web::scope::Scope<T> as actix_web::service::HttpServiceFactory>::register::{{closure}}::{{closure}}::h0bb84ad4b2e172ee
[INFO] [stdout]                                at /opt/rustwide/cargo-home/registry/src/index.crates.io-6f17d22bba15001f/actix-web-4.2.1/src/scope.rs:434:28
[INFO] [stdout]   28:     0x56e7546d4da0 - <core::pin::Pin<P> as core::future::future::Future>::poll::habb813ee497db528
[INFO] [stdout]                                at /rustc/90b35a6239c3d8bdabc530a6a0816f7ff89a0aaf/library/core/src/future/future.rs:123:9
[INFO] [stdout]   29:     0x56e7541b3157 - <actix_web::middleware::logger::LoggerResponse<S,B> as core::future::future::Future>::poll::h25ebe6c05a6c37d8
[INFO] [stdout]                                at /opt/rustwide/cargo-home/registry/src/index.crates.io-6f17d22bba15001f/actix-web-4.2.1/src/middleware/logger.rs:302:32
[INFO] [stdout]   30:     0x56e75418d981 - parachutedrop_rust_server::routes::health::tests::test_osmosis_health::{{closure}}::hbbfbe1d2fc523a6d
[INFO] [stdout]                                at /opt/rustwide/workdir/src/routes/health.rs:107:34
[INFO] [stdout]   31:     0x56e7541e8d82 - <tokio::task::local::RunUntil<T> as core::future::future::Future>::poll::{{closure}}::hab6e4ea7831d00f3
[INFO] [stdout]                                at /opt/rustwide/cargo-home/registry/src/index.crates.io-6f17d22bba15001f/tokio-1.23.0/src/task/local.rs:924:42
[INFO] [stdout]   32:     0x56e7541e4f2a - tokio::task::local::LocalSet::with::{{closure}}::h6408b81192530abb
[INFO] [stdout]                                at /opt/rustwide/cargo-home/registry/src/index.crates.io-6f17d22bba15001f/tokio-1.23.0/src/task/local.rs:685:13
[INFO] [stdout]   33:     0x56e75419d867 - std::thread::local::LocalKey<T>::try_with::h77f91007be0fe318
[INFO] [stdout]                                at /rustc/90b35a6239c3d8bdabc530a6a0816f7ff89a0aaf/library/std/src/thread/local.rs:283:12
[INFO] [stdout]   34:     0x56e75419c73d - std::thread::local::LocalKey<T>::with::hb8e185394f83fd43
[INFO] [stdout]                                at /rustc/90b35a6239c3d8bdabc530a6a0816f7ff89a0aaf/library/std/src/thread/local.rs:260:9
[INFO] [stdout]   35:     0x56e7541e4bc6 - tokio::task::local::LocalSet::with::h19b7c31f0271c4d3
[INFO] [stdout]                                at /opt/rustwide/cargo-home/registry/src/index.crates.io-6f17d22bba15001f/tokio-1.23.0/src/task/local.rs:668:9
[INFO] [stdout]   36:     0x56e7541e85e9 - <tokio::task::local::RunUntil<T> as core::future::future::Future>::poll::h406565ee15644d3b
[INFO] [stdout]                                at /opt/rustwide/cargo-home/registry/src/index.crates.io-6f17d22bba15001f/tokio-1.23.0/src/task/local.rs:914:9
[INFO] [stdout]   37:     0x56e7541e5b07 - tokio::task::local::LocalSet::run_until::{{closure}}::h31100b08ffc3a607
[INFO] [stdout]                                at /opt/rustwide/cargo-home/registry/src/index.crates.io-6f17d22bba15001f/tokio-1.23.0/src/task/local.rs:574:19
[INFO] [stdout]   38:     0x56e7541743db - <core::pin::Pin<P> as core::future::future::Future>::poll::he5dcc7efc8b1669a
[INFO] [stdout]                                at /rustc/90b35a6239c3d8bdabc530a6a0816f7ff89a0aaf/library/core/src/future/future.rs:123:9
[INFO] [stdout]   39:     0x56e7541d843e - tokio::runtime::scheduler::current_thread::CoreGuard::block_on::{{closure}}::{{closure}}::{{closure}}::h08478e3c51c68db9
[INFO] [stdout]                                at /opt/rustwide/cargo-home/registry/src/index.crates.io-6f17d22bba15001f/tokio-1.23.0/src/runtime/scheduler/current_thread.rs:541:57
[INFO] [stdout]   40:     0x56e7541d8355 - tokio::runtime::coop::with_budget::h4ed32eefcf60e956
[INFO] [stdout]                                at /opt/rustwide/cargo-home/registry/src/index.crates.io-6f17d22bba15001f/tokio-1.23.0/src/runtime/coop.rs:102:5
[INFO] [stdout]   41:     0x56e7541d8355 - tokio::runtime::coop::budget::h099acd7a4a0082e9
[INFO] [stdout]                                at /opt/rustwide/cargo-home/registry/src/index.crates.io-6f17d22bba15001f/tokio-1.23.0/src/runtime/coop.rs:68:5
[INFO] [stdout]   42:     0x56e7541d8355 - tokio::runtime::scheduler::current_thread::CoreGuard::block_on::{{closure}}::{{closure}}::hc4921d92f95dbef4
[INFO] [stdout]                                at /opt/rustwide/cargo-home/registry/src/index.crates.io-6f17d22bba15001f/tokio-1.23.0/src/runtime/scheduler/current_thread.rs:541:25
[INFO] [stdout]   43:     0x56e7541d0c1d - tokio::runtime::scheduler::current_thread::Context::enter::h6eec46ca1e7ea0e9
[INFO] [stdout]                                at /opt/rustwide/cargo-home/registry/src/index.crates.io-6f17d22bba15001f/tokio-1.23.0/src/runtime/scheduler/current_thread.rs:350:19
[INFO] [stdout]   44:     0x56e7541d7072 - tokio::runtime::scheduler::current_thread::CoreGuard::block_on::{{closure}}::hc3169d3324358a46
[INFO] [stdout]                                at /opt/rustwide/cargo-home/registry/src/index.crates.io-6f17d22bba15001f/tokio-1.23.0/src/runtime/scheduler/current_thread.rs:540:36
[INFO] [stdout]   45:     0x56e7541d3fcb - tokio::runtime::scheduler::current_thread::CoreGuard::enter::{{closure}}::hd4b90ae579353808
[INFO] [stdout]                                at /opt/rustwide/cargo-home/registry/src/index.crates.io-6f17d22bba15001f/tokio-1.23.0/src/runtime/scheduler/current_thread.rs:615:57
[INFO] [stdout]   46:     0x56e75418ab7a - tokio::macros::scoped_tls::ScopedKey<T>::set::hb383f3dbf204cc4c
[INFO] [stdout]                                at /opt/rustwide/cargo-home/registry/src/index.crates.io-6f17d22bba15001f/tokio-1.23.0/src/macros/scoped_tls.rs:61:9
[INFO] [stdout]   47:     0x56e7541d33f6 - tokio::runtime::scheduler::current_thread::CoreGuard::enter::h834e2b87ccd00827
[INFO] [stdout]                                at /opt/rustwide/cargo-home/registry/src/index.crates.io-6f17d22bba15001f/tokio-1.23.0/src/runtime/scheduler/current_thread.rs:615:27
[INFO] [stdout]   48:     0x56e7541d4180 - tokio::runtime::scheduler::current_thread::CoreGuard::block_on::h80d083cb5c2bbec1
[INFO] [stdout]                                at /opt/rustwide/cargo-home/registry/src/index.crates.io-6f17d22bba15001f/tokio-1.23.0/src/runtime/scheduler/current_thread.rs:530:19
[INFO] [stdout]   49:     0x56e7541cf031 - tokio::runtime::scheduler::current_thread::CurrentThread::block_on::ha5b30a577438c7bf
[INFO] [stdout]                                at /opt/rustwide/cargo-home/registry/src/index.crates.io-6f17d22bba15001f/tokio-1.23.0/src/runtime/scheduler/current_thread.rs:154:24
[INFO] [stdout]   50:     0x56e75417a97e - tokio::runtime::runtime::Runtime::block_on::hb7c93c78b0f981b8
[INFO] [stdout]                                at /opt/rustwide/cargo-home/registry/src/index.crates.io-6f17d22bba15001f/tokio-1.23.0/src/runtime/runtime.rs:282:47
[INFO] [stdout]   51:     0x56e7541e539a - tokio::task::local::LocalSet::block_on::h16e32e23d14fcab7
[INFO] [stdout]                                at /opt/rustwide/cargo-home/registry/src/index.crates.io-6f17d22bba15001f/tokio-1.23.0/src/task/local.rs:535:9
[INFO] [stdout]   52:     0x56e7541e909e - actix_rt::runtime::Runtime::block_on::ha4a7a42b7f790a8f
[INFO] [stdout]                                at /opt/rustwide/cargo-home/registry/src/index.crates.io-6f17d22bba15001f/actix-rt-2.7.0/src/runtime.rs:80:9
[INFO] [stdout]   53:     0x56e75418547a - actix_rt::system::SystemRunner::block_on::h2ccd190abd75a19f
[INFO] [stdout]                                at /opt/rustwide/cargo-home/registry/src/index.crates.io-6f17d22bba15001f/actix-rt-2.7.0/src/system.rs:209:9
[INFO] [stdout]   54:     0x56e75418d254 - parachutedrop_rust_server::routes::health::tests::test_osmosis_health::ha0f9fc5342d8c8a4
[INFO] [stdout]                                at /opt/rustwide/workdir/src/routes/health.rs:96:5
[INFO] [stdout]   55:     0x56e75418d207 - parachutedrop_rust_server::routes::health::tests::test_osmosis_health::{{closure}}::hd6bb55ece1c23c48
[INFO] [stdout]                                at /opt/rustwide/workdir/src/routes/health.rs:97:39
[INFO] [stdout]   56:     0x56e754168606 - core::ops::function::FnOnce::call_once::hac972022c305ba25
[INFO] [stdout]                                at /rustc/90b35a6239c3d8bdabc530a6a0816f7ff89a0aaf/library/core/src/ops/function.rs:250:5
[INFO] [stdout]   57:     0x56e7542278db - core::ops::function::FnOnce::call_once::h109cf8051a59b34e
[INFO] [stdout]                                at /rustc/90b35a6239c3d8bdabc530a6a0816f7ff89a0aaf/library/core/src/ops/function.rs:250:5
[INFO] [stdout]   58:     0x56e7542278db - test::__rust_begin_short_backtrace::hf4fff89d377446ba
[INFO] [stdout]                                at /rustc/90b35a6239c3d8bdabc530a6a0816f7ff89a0aaf/library/test/src/lib.rs:621:18
[INFO] [stdout]   59:     0x56e754227117 - test::run_test_in_process::{{closure}}::h0e39181dd7ee5a43
[INFO] [stdout]                                at /rustc/90b35a6239c3d8bdabc530a6a0816f7ff89a0aaf/library/test/src/lib.rs:644:60
[INFO] [stdout]   60:     0x56e754227117 - <core::panic::unwind_safe::AssertUnwindSafe<F> as core::ops::function::FnOnce<()>>::call_once::hc5a66a30f0bdfd1f
[INFO] [stdout]                                at /rustc/90b35a6239c3d8bdabc530a6a0816f7ff89a0aaf/library/core/src/panic/unwind_safe.rs:272:9
[INFO] [stdout]   61:     0x56e754227117 - std::panicking::try::do_call::h873b7cf639554a5e
[INFO] [stdout]                                at /rustc/90b35a6239c3d8bdabc530a6a0816f7ff89a0aaf/library/std/src/panicking.rs:557:40
[INFO] [stdout]   62:     0x56e754227117 - std::panicking::try::hdb19862fad9c8bd1
[INFO] [stdout]                                at /rustc/90b35a6239c3d8bdabc530a6a0816f7ff89a0aaf/library/std/src/panicking.rs:520:19
[INFO] [stdout]   63:     0x56e754227117 - std::panic::catch_unwind::h281fe732d236d260
[INFO] [stdout]                                at /rustc/90b35a6239c3d8bdabc530a6a0816f7ff89a0aaf/library/std/src/panic.rs:358:14
[INFO] [stdout]   64:     0x56e754227117 - test::run_test_in_process::h949b6df8457ed338
[INFO] [stdout]                                at /rustc/90b35a6239c3d8bdabc530a6a0816f7ff89a0aaf/library/test/src/lib.rs:644:27
[INFO] [stdout]   65:     0x56e754227117 - test::run_test::{{closure}}::h52c556a6d4740e10
[INFO] [stdout]                                at /rustc/90b35a6239c3d8bdabc530a6a0816f7ff89a0aaf/library/test/src/lib.rs:565:43
[INFO] [stdout]   66:     0x56e7541ec3f4 - test::run_test::{{closure}}::h4237f6381c45ccb9
[INFO] [stdout]                                at /rustc/90b35a6239c3d8bdabc530a6a0816f7ff89a0aaf/library/test/src/lib.rs:595:41
[INFO] [stdout]   67:     0x56e7541ec3f4 - std::sys::backtrace::__rust_begin_short_backtrace::h505c97a579eca628
[INFO] [stdout]                                at /rustc/90b35a6239c3d8bdabc530a6a0816f7ff89a0aaf/library/std/src/sys/backtrace.rs:154:18
[INFO] [stdout]   68:     0x56e7541efabe - std::thread::Builder::spawn_unchecked_::{{closure}}::{{closure}}::h9e86b2e2bc107ea3
[INFO] [stdout]                                at /rustc/90b35a6239c3d8bdabc530a6a0816f7ff89a0aaf/library/std/src/thread/mod.rs:538:17
[INFO] [stdout]   69:     0x56e7541efabe - <core::panic::unwind_safe::AssertUnwindSafe<F> as core::ops::function::FnOnce<()>>::call_once::h8b06ddb275ff4a25
[INFO] [stdout]                                at /rustc/90b35a6239c3d8bdabc530a6a0816f7ff89a0aaf/library/core/src/panic/unwind_safe.rs:272:9
[INFO] [stdout]   70:     0x56e7541efabe - std::panicking::try::do_call::hb26ecd7cd9a9355d
[INFO] [stdout]                                at /rustc/90b35a6239c3d8bdabc530a6a0816f7ff89a0aaf/library/std/src/panicking.rs:557:40
[INFO] [stdout]   71:     0x56e7541efabe - std::panicking::try::h8ddeca9d705f9069
[INFO] [stdout]                                at /rustc/90b35a6239c3d8bdabc530a6a0816f7ff89a0aaf/library/std/src/panicking.rs:520:19
[INFO] [stdout]   72:     0x56e7541efabe - std::panic::catch_unwind::h49e1c33078844c46
[INFO] [stdout]                                at /rustc/90b35a6239c3d8bdabc530a6a0816f7ff89a0aaf/library/std/src/panic.rs:358:14
[INFO] [stdout]   73:     0x56e7541efabe - std::thread::Builder::spawn_unchecked_::{{closure}}::h6073db6ff56ad35d
[INFO] [stdout]                                at /rustc/90b35a6239c3d8bdabc530a6a0816f7ff89a0aaf/library/std/src/thread/mod.rs:537:30
[INFO] [stdout]   74:     0x56e7541efabe - core::ops::function::FnOnce::call_once{{vtable.shim}}::h2c5a5f3779c774f1
[INFO] [stdout]                                at /rustc/90b35a6239c3d8bdabc530a6a0816f7ff89a0aaf/library/core/src/ops/function.rs:250:5
[INFO] [stdout]   75:     0x56e754b9b6fb - <alloc::boxed::Box<F,A> as core::ops::function::FnOnce<Args>>::call_once::hf75717d9f28faebf
[INFO] [stdout]                                at /rustc/90b35a6239c3d8bdabc530a6a0816f7ff89a0aaf/library/alloc/src/boxed.rs:2454:9
[INFO] [stdout]   76:     0x56e754b9b6fb - <alloc::boxed::Box<F,A> as core::ops::function::FnOnce<Args>>::call_once::h7bd883a5f3c5f3c1
[INFO] [stdout]                                at /rustc/90b35a6239c3d8bdabc530a6a0816f7ff89a0aaf/library/alloc/src/boxed.rs:2454:9
[INFO] [stdout]   77:     0x56e754b9b6fb - std::sys::pal::unix::thread::Thread::new::thread_start::hcc78f3943333fa94
[INFO] [stdout]                                at /rustc/90b35a6239c3d8bdabc530a6a0816f7ff89a0aaf/library/std/src/sys/pal/unix/thread.rs:105:17
[INFO] [stdout]   78:     0x7b7a869b2ac3 - <unknown>
[INFO] [stdout]   79:     0x7b7a86a43a04 - clone
[INFO] [stdout]   80:                0x0 - <unknown>
[INFO] [stdout] 
[INFO] [stdout] ---- routes::health::tests::test_polygon_health stdout ----
[INFO] [stdout] thread 'routes::health::tests::test_polygon_health' panicked at src/routes/health.rs:85:9:
[INFO] [stdout] assertion `left == right` failed
[INFO] [stdout]   left: 504
[INFO] [stdout]  right: 200
[INFO] [stdout] stack backtrace:
[INFO] [stdout]    0:     0x56e754b9593a - std::backtrace_rs::backtrace::libunwind::trace::h5a5b8284f2d0c266
[INFO] [stdout]                                at /rustc/90b35a6239c3d8bdabc530a6a0816f7ff89a0aaf/library/std/src/../../backtrace/src/backtrace/libunwind.rs:116:5
[INFO] [stdout]    1:     0x56e754b9593a - std::backtrace_rs::backtrace::trace_unsynchronized::h76d4f1c9b0b875e3
[INFO] [stdout]                                at /rustc/90b35a6239c3d8bdabc530a6a0816f7ff89a0aaf/library/std/src/../../backtrace/src/backtrace/mod.rs:66:5
[INFO] [stdout]    2:     0x56e754b9593a - std::sys::backtrace::_print_fmt::hc4546b8364a537c6
[INFO] [stdout]                                at /rustc/90b35a6239c3d8bdabc530a6a0816f7ff89a0aaf/library/std/src/sys/backtrace.rs:66:9
[INFO] [stdout]    3:     0x56e754b9593a - <std::sys::backtrace::BacktraceLock::print::DisplayBacktrace as core::fmt::Display>::fmt::h5b6bd5631a6d1f6b
[INFO] [stdout]                                at /rustc/90b35a6239c3d8bdabc530a6a0816f7ff89a0aaf/library/std/src/sys/backtrace.rs:39:26
[INFO] [stdout]    4:     0x56e754bc0773 - core::fmt::rt::Argument::fmt::h270f6602a2b96f62
[INFO] [stdout]                                at /rustc/90b35a6239c3d8bdabc530a6a0816f7ff89a0aaf/library/core/src/fmt/rt.rs:177:76
[INFO] [stdout]    5:     0x56e754bc0773 - core::fmt::write::h7550c97b06c86515
[INFO] [stdout]                                at /rustc/90b35a6239c3d8bdabc530a6a0816f7ff89a0aaf/library/core/src/fmt/mod.rs:1186:21
[INFO] [stdout]    6:     0x56e754b91fd3 - std::io::Write::write_fmt::h509ff860e5956e5e
[INFO] [stdout]                                at /rustc/90b35a6239c3d8bdabc530a6a0816f7ff89a0aaf/library/std/src/io/mod.rs:1839:15
[INFO] [stdout]    7:     0x56e754b95782 - std::sys::backtrace::BacktraceLock::print::h2395ccd2c84ba3aa
[INFO] [stdout]                                at /rustc/90b35a6239c3d8bdabc530a6a0816f7ff89a0aaf/library/std/src/sys/backtrace.rs:42:9
[INFO] [stdout]    8:     0x56e754b96d9a - std::panicking::default_hook::{{closure}}::he19d4c7230e07961
[INFO] [stdout]                                at /rustc/90b35a6239c3d8bdabc530a6a0816f7ff89a0aaf/library/std/src/panicking.rs:268:22
[INFO] [stdout]    9:     0x56e754b96ba4 - std::panicking::default_hook::hf614597d3c67bbdb
[INFO] [stdout]                                at /rustc/90b35a6239c3d8bdabc530a6a0816f7ff89a0aaf/library/std/src/panicking.rs:292:9
[INFO] [stdout]   10:     0x56e754222f19 - <alloc::boxed::Box<F,A> as core::ops::function::Fn<Args>>::call::h39b51ce4599c23d1
[INFO] [stdout]                                at /rustc/90b35a6239c3d8bdabc530a6a0816f7ff89a0aaf/library/alloc/src/boxed.rs:2468:9
[INFO] [stdout]   11:     0x56e754222f19 - test::test_main::{{closure}}::he977ae839a582784
[INFO] [stdout]                                at /rustc/90b35a6239c3d8bdabc530a6a0816f7ff89a0aaf/library/test/src/lib.rs:133:21
[INFO] [stdout]   12:     0x56e754b97438 - <alloc::boxed::Box<F,A> as core::ops::function::Fn<Args>>::call::h9455091b6b06f9fb
[INFO] [stderr] error: test failed, to rerun pass `--bin parachutedrop-rust-server`
[INFO] [stdout]                                at /rustc/90b35a6239c3d8bdabc530a6a0816f7ff89a0aaf/library/alloc/src/boxed.rs:2468:9
[INFO] [stdout]   13:     0x56e754b97438 - std::panicking::rust_panic_with_hook::h8942133a8b252070
[INFO] [stdout]                                at /rustc/90b35a6239c3d8bdabc530a6a0816f7ff89a0aaf/library/std/src/panicking.rs:809:13
[INFO] [stdout]   14:     0x56e754b971fa - std::panicking::begin_panic_handler::{{closure}}::hb5f5963570096b29
[INFO] [stdout]                                at /rustc/90b35a6239c3d8bdabc530a6a0816f7ff89a0aaf/library/std/src/panicking.rs:674:13
[INFO] [stdout]   15:     0x56e754b95e19 - std::sys::backtrace::__rust_end_short_backtrace::h6208cedc1922feda
[INFO] [stdout]                                at /rustc/90b35a6239c3d8bdabc530a6a0816f7ff89a0aaf/library/std/src/sys/backtrace.rs:170:18
[INFO] [stdout]   16:     0x56e754b96e8c - rust_begin_unwind
[INFO] [stdout]                                at /rustc/90b35a6239c3d8bdabc530a6a0816f7ff89a0aaf/library/std/src/panicking.rs:665:5
[INFO] [stdout]   17:     0x56e754167300 - core::panicking::panic_fmt::h0c3082644d1bf418
[INFO] [stdout]                                at /rustc/90b35a6239c3d8bdabc530a6a0816f7ff89a0aaf/library/core/src/panicking.rs:74:14
[INFO] [stdout]   18:     0x56e754167704 - core::panicking::assert_failed_inner::h2ddf1fcc067fa858
[INFO] [stdout]   19:     0x56e7541ae579 - core::panicking::assert_failed::h642ae8a46c52e6b2
[INFO] [stdout]                                at /rustc/90b35a6239c3d8bdabc530a6a0816f7ff89a0aaf/library/core/src/panicking.rs:367:5
[INFO] [stdout]   20:     0x56e75418cbd2 - parachutedrop_rust_server::routes::health::tests::test_polygon_health::{{closure}}::h6257099a686a92c5
[INFO] [stdout]                                at /opt/rustwide/workdir/src/routes/health.rs:85:9
[INFO] [stdout]   21:     0x56e7541e88a2 - <tokio::task::local::RunUntil<T> as core::future::future::Future>::poll::{{closure}}::h09195b2cd43ed3aa
[INFO] [stdout]                                at /opt/rustwide/cargo-home/registry/src/index.crates.io-6f17d22bba15001f/tokio-1.23.0/src/task/local.rs:924:42
[INFO] [stdout]   22:     0x56e7541e4dea - tokio::task::local::LocalSet::with::{{closure}}::h53862b6f4a26128a
[INFO] [stdout]                                at /opt/rustwide/cargo-home/registry/src/index.crates.io-6f17d22bba15001f/tokio-1.23.0/src/task/local.rs:685:13
[INFO] [stdout]   23:     0x56e75419d9a7 - std::thread::local::LocalKey<T>::try_with::h7e308652b645ec74
[INFO] [stdout]                                at /rustc/90b35a6239c3d8bdabc530a6a0816f7ff89a0aaf/library/std/src/thread/local.rs:283:12
[INFO] [stdout]   24:     0x56e75419c89d - std::thread::local::LocalKey<T>::with::hef537eb5d2ef38eb
[INFO] [stdout]                                at /rustc/90b35a6239c3d8bdabc530a6a0816f7ff89a0aaf/library/std/src/thread/local.rs:260:9
[INFO] [stdout]   25:     0x56e7541e4d06 - tokio::task::local::LocalSet::with::hda02c0b1aea8936e
[INFO] [stdout]                                at /opt/rustwide/cargo-home/registry/src/index.crates.io-6f17d22bba15001f/tokio-1.23.0/src/task/local.rs:668:9
[INFO] [stdout]   26:     0x56e7541e8669 - <tokio::task::local::RunUntil<T> as core::future::future::Future>::poll::ha2cb7dc6c0b78de4
[INFO] [stdout]                                at /opt/rustwide/cargo-home/registry/src/index.crates.io-6f17d22bba15001f/tokio-1.23.0/src/task/local.rs:914:9
[INFO] [stdout]   27:     0x56e7541e5887 - tokio::task::local::LocalSet::run_until::{{closure}}::h00afed47317a5995
[INFO] [stdout]                                at /opt/rustwide/cargo-home/registry/src/index.crates.io-6f17d22bba15001f/tokio-1.23.0/src/task/local.rs:574:19
[INFO] [stdout]   28:     0x56e7541741fb - <core::pin::Pin<P> as core::future::future::Future>::poll::h6c5e214dfbca430f
[INFO] [stdout]                                at /rustc/90b35a6239c3d8bdabc530a6a0816f7ff89a0aaf/library/core/src/future/future.rs:123:9
[INFO] [stdout]   29:     0x56e7541d857e - tokio::runtime::scheduler::current_thread::CoreGuard::block_on::{{closure}}::{{closure}}::{{closure}}::hf089b239d3861e13
[INFO] [stdout]                                at /opt/rustwide/cargo-home/registry/src/index.crates.io-6f17d22bba15001f/tokio-1.23.0/src/runtime/scheduler/current_thread.rs:541:57
[INFO] [stdout]   30:     0x56e7541d7b45 - tokio::runtime::coop::with_budget::h19df9a495bc0bfc3
[INFO] [stdout]                                at /opt/rustwide/cargo-home/registry/src/index.crates.io-6f17d22bba15001f/tokio-1.23.0/src/runtime/coop.rs:102:5
[INFO] [stdout]   31:     0x56e7541d7b45 - tokio::runtime::coop::budget::h38e4025f6c451c21
[INFO] [stdout]                                at /opt/rustwide/cargo-home/registry/src/index.crates.io-6f17d22bba15001f/tokio-1.23.0/src/runtime/coop.rs:68:5
[INFO] [stdout]   32:     0x56e7541d7b45 - tokio::runtime::scheduler::current_thread::CoreGuard::block_on::{{closure}}::{{closure}}::h4df6d5dc94bb14f9
[INFO] [stdout]                                at /opt/rustwide/cargo-home/registry/src/index.crates.io-6f17d22bba15001f/tokio-1.23.0/src/runtime/scheduler/current_thread.rs:541:25
[INFO] [stdout]   33:     0x56e7541d135d - tokio::runtime::scheduler::current_thread::Context::enter::h9b4f87baac25c97e
[INFO] [stdout]                                at /opt/rustwide/cargo-home/registry/src/index.crates.io-6f17d22bba15001f/tokio-1.23.0/src/runtime/scheduler/current_thread.rs:350:19
[INFO] [stdout]   34:     0x56e7541d4f12 - tokio::runtime::scheduler::current_thread::CoreGuard::block_on::{{closure}}::h48faffbd99493440
[INFO] [stdout]                                at /opt/rustwide/cargo-home/registry/src/index.crates.io-6f17d22bba15001f/tokio-1.23.0/src/runtime/scheduler/current_thread.rs:540:36
[INFO] [stdout]   35:     0x56e7541d3f9b - tokio::runtime::scheduler::current_thread::CoreGuard::enter::{{closure}}::h6406a0fb46105921
[INFO] [stdout]                                at /opt/rustwide/cargo-home/registry/src/index.crates.io-6f17d22bba15001f/tokio-1.23.0/src/runtime/scheduler/current_thread.rs:615:57
[INFO] [stdout]   36:     0x56e75418a84a - tokio::macros::scoped_tls::ScopedKey<T>::set::h295e22e6e56e49bf
[INFO] [stdout]                                at /opt/rustwide/cargo-home/registry/src/index.crates.io-6f17d22bba15001f/tokio-1.23.0/src/macros/scoped_tls.rs:61:9
[INFO] [stdout]   37:     0x56e7541d3c76 - tokio::runtime::scheduler::current_thread::CoreGuard::enter::hee0b96c99896c72b
[INFO] [stdout]                                at /opt/rustwide/cargo-home/registry/src/index.crates.io-6f17d22bba15001f/tokio-1.23.0/src/runtime/scheduler/current_thread.rs:615:27
[INFO] [stdout]   38:     0x56e7541d4120 - tokio::runtime::scheduler::current_thread::CoreGuard::block_on::h5978db7a305953d7
[INFO] [stdout]                                at /opt/rustwide/cargo-home/registry/src/index.crates.io-6f17d22bba15001f/tokio-1.23.0/src/runtime/scheduler/current_thread.rs:530:19
[INFO] [stdout]   39:     0x56e7541ce731 - tokio::runtime::scheduler::current_thread::CurrentThread::block_on::h26e36fbebfd00b47
[INFO] [stdout]                                at /opt/rustwide/cargo-home/registry/src/index.crates.io-6f17d22bba15001f/tokio-1.23.0/src/runtime/scheduler/current_thread.rs:154:24
[INFO] [stdout]   40:     0x56e75417a77e - tokio::runtime::runtime::Runtime::block_on::h9d56ab0aea477efa
[INFO] [stdout]                                at /opt/rustwide/cargo-home/registry/src/index.crates.io-6f17d22bba15001f/tokio-1.23.0/src/runtime/runtime.rs:282:47
[INFO] [stdout]   41:     0x56e7541e545a - tokio::task::local::LocalSet::block_on::h75d4b3fbab4cc13e
[INFO] [stdout]                                at /opt/rustwide/cargo-home/registry/src/index.crates.io-6f17d22bba15001f/tokio-1.23.0/src/task/local.rs:535:9
[INFO] [stdout]   42:     0x56e7541e903e - actix_rt::runtime::Runtime::block_on::h03df590e51e8ca0f
[INFO] [stdout]                                at /opt/rustwide/cargo-home/registry/src/index.crates.io-6f17d22bba15001f/actix-rt-2.7.0/src/runtime.rs:80:9
[INFO] [stdout]   43:     0x56e75418546a - actix_rt::system::SystemRunner::block_on::h0c8c81fbf69e2150
[INFO] [stdout]                                at /opt/rustwide/cargo-home/registry/src/index.crates.io-6f17d22bba15001f/actix-rt-2.7.0/src/system.rs:209:9
[INFO] [stdout]   44:     0x56e75418c294 - parachutedrop_rust_server::routes::health::tests::test_polygon_health::h15c1174900e48c5a
[INFO] [stdout]                                at /opt/rustwide/workdir/src/routes/health.rs:73:5
[INFO] [stdout]   45:     0x56e75418c247 - parachutedrop_rust_server::routes::health::tests::test_polygon_health::{{closure}}::h7a666434befb4e58
[INFO] [stdout]                                at /opt/rustwide/workdir/src/routes/health.rs:74:39
[INFO] [stdout]   46:     0x56e754168486 - core::ops::function::FnOnce::call_once::h78caa967896b793a
[INFO] [stdout]                                at /rustc/90b35a6239c3d8bdabc530a6a0816f7ff89a0aaf/library/core/src/ops/function.rs:250:5
[INFO] [stdout]   47:     0x56e7542278db - core::ops::function::FnOnce::call_once::h109cf8051a59b34e
[INFO] [stdout]                                at /rustc/90b35a6239c3d8bdabc530a6a0816f7ff89a0aaf/library/core/src/ops/function.rs:250:5
[INFO] [stdout]   48:     0x56e7542278db - test::__rust_begin_short_backtrace::hf4fff89d377446ba
[INFO] [stdout]                                at /rustc/90b35a6239c3d8bdabc530a6a0816f7ff89a0aaf/library/test/src/lib.rs:621:18
[INFO] [stdout]   49:     0x56e754227117 - test::run_test_in_process::{{closure}}::h0e39181dd7ee5a43
[INFO] [stdout]                                at /rustc/90b35a6239c3d8bdabc530a6a0816f7ff89a0aaf/library/test/src/lib.rs:644:60
[INFO] [stdout]   50:     0x56e754227117 - <core::panic::unwind_safe::AssertUnwindSafe<F> as core::ops::function::FnOnce<()>>::call_once::hc5a66a30f0bdfd1f
[INFO] [stdout]                                at /rustc/90b35a6239c3d8bdabc530a6a0816f7ff89a0aaf/library/core/src/panic/unwind_safe.rs:272:9
[INFO] [stdout]   51:     0x56e754227117 - std::panicking::try::do_call::h873b7cf639554a5e
[INFO] [stdout]                                at /rustc/90b35a6239c3d8bdabc530a6a0816f7ff89a0aaf/library/std/src/panicking.rs:557:40
[INFO] [stdout]   52:     0x56e754227117 - std::panicking::try::hdb19862fad9c8bd1
[INFO] [stdout]                                at /rustc/90b35a6239c3d8bdabc530a6a0816f7ff89a0aaf/library/std/src/panicking.rs:520:19
[INFO] [stdout]   53:     0x56e754227117 - std::panic::catch_unwind::h281fe732d236d260
[INFO] [stdout]                                at /rustc/90b35a6239c3d8bdabc530a6a0816f7ff89a0aaf/library/std/src/panic.rs:358:14
[INFO] [stdout]   54:     0x56e754227117 - test::run_test_in_process::h949b6df8457ed338
[INFO] [stdout]                                at /rustc/90b35a6239c3d8bdabc530a6a0816f7ff89a0aaf/library/test/src/lib.rs:644:27
[INFO] [stdout]   55:     0x56e754227117 - test::run_test::{{closure}}::h52c556a6d4740e10
[INFO] [stdout]                                at /rustc/90b35a6239c3d8bdabc530a6a0816f7ff89a0aaf/library/test/src/lib.rs:565:43
[INFO] [stdout]   56:     0x56e7541ec3f4 - test::run_test::{{closure}}::h4237f6381c45ccb9
[INFO] [stdout]                                at /rustc/90b35a6239c3d8bdabc530a6a0816f7ff89a0aaf/library/test/src/lib.rs:595:41
[INFO] [stdout]   57:     0x56e7541ec3f4 - std::sys::backtrace::__rust_begin_short_backtrace::h505c97a579eca628
[INFO] [stdout]                                at /rustc/90b35a6239c3d8bdabc530a6a0816f7ff89a0aaf/library/std/src/sys/backtrace.rs:154:18
[INFO] [stdout]   58:     0x56e7541efabe - std::thread::Builder::spawn_unchecked_::{{closure}}::{{closure}}::h9e86b2e2bc107ea3
[INFO] [stdout]                                at /rustc/90b35a6239c3d8bdabc530a6a0816f7ff89a0aaf/library/std/src/thread/mod.rs:538:17
[INFO] [stdout]   59:     0x56e7541efabe - <core::panic::unwind_safe::AssertUnwindSafe<F> as core::ops::function::FnOnce<()>>::call_once::h8b06ddb275ff4a25
[INFO] [stdout]                                at /rustc/90b35a6239c3d8bdabc530a6a0816f7ff89a0aaf/library/core/src/panic/unwind_safe.rs:272:9
[INFO] [stdout]   60:     0x56e7541efabe - std::panicking::try::do_call::hb26ecd7cd9a9355d
[INFO] [stdout]                                at /rustc/90b35a6239c3d8bdabc530a6a0816f7ff89a0aaf/library/std/src/panicking.rs:557:40
[INFO] [stdout]   61:     0x56e7541efabe - std::panicking::try::h8ddeca9d705f9069
[INFO] [stdout]                                at /rustc/90b35a6239c3d8bdabc530a6a0816f7ff89a0aaf/library/std/src/panicking.rs:520:19
[INFO] [stdout]   62:     0x56e7541efabe - std::panic::catch_unwind::h49e1c33078844c46
[INFO] [stdout]                                at /rustc/90b35a6239c3d8bdabc530a6a0816f7ff89a0aaf/library/std/src/panic.rs:358:14
[INFO] [stdout]   63:     0x56e7541efabe - std::thread::Builder::spawn_unchecked_::{{closure}}::h6073db6ff56ad35d
[INFO] [stdout]                                at /rustc/90b35a6239c3d8bdabc530a6a0816f7ff89a0aaf/library/std/src/thread/mod.rs:537:30
[INFO] [stdout]   64:     0x56e7541efabe - core::ops::function::FnOnce::call_once{{vtable.shim}}::h2c5a5f3779c774f1
[INFO] [stdout]                                at /rustc/90b35a6239c3d8bdabc530a6a0816f7ff89a0aaf/library/core/src/ops/function.rs:250:5
[INFO] [stdout]   65:     0x56e754b9b6fb - <alloc::boxed::Box<F,A> as core::ops::function::FnOnce<Args>>::call_once::hf75717d9f28faebf
[INFO] [stdout]                                at /rustc/90b35a6239c3d8bdabc530a6a0816f7ff89a0aaf/library/alloc/src/boxed.rs:2454:9
[INFO] [stdout]   66:     0x56e754b9b6fb - <alloc::boxed::Box<F,A> as core::ops::function::FnOnce<Args>>::call_once::h7bd883a5f3c5f3c1
[INFO] [stdout]                                at /rustc/90b35a6239c3d8bdabc530a6a0816f7ff89a0aaf/library/alloc/src/boxed.rs:2454:9
[INFO] [stdout]   67:     0x56e754b9b6fb - std::sys::pal::unix::thread::Thread::new::thread_start::hcc78f3943333fa94
[INFO] [stdout]                                at /rustc/90b35a6239c3d8bdabc530a6a0816f7ff89a0aaf/library/std/src/sys/pal/unix/thread.rs:105:17
[INFO] [stdout]   68:     0x7b7a869b2ac3 - <unknown>
[INFO] [stdout]   69:     0x7b7a86a43a04 - clone
[INFO] [stdout]   70:                0x0 - <unknown>
[INFO] [stdout] 
[INFO] [stdout] ---- routes::health::tests::test_evmos_health stdout ----
[INFO] [stdout] thread 'routes::health::tests::test_evmos_health' panicked at src/routes/health.rs:132:9:
[INFO] [stdout] assertion `left == right` failed
[INFO] [stdout]   left: 504
[INFO] [stdout]  right: 200
[INFO] [stdout] stack backtrace:
[INFO] [stdout]    0:     0x56e754b9593a - std::backtrace_rs::backtrace::libunwind::trace::h5a5b8284f2d0c266
[INFO] [stdout]                                at /rustc/90b35a6239c3d8bdabc530a6a0816f7ff89a0aaf/library/std/src/../../backtrace/src/backtrace/libunwind.rs:116:5
[INFO] [stdout]    1:     0x56e754b9593a - std::backtrace_rs::backtrace::trace_unsynchronized::h76d4f1c9b0b875e3
[INFO] [stdout]                                at /rustc/90b35a6239c3d8bdabc530a6a0816f7ff89a0aaf/library/std/src/../../backtrace/src/backtrace/mod.rs:66:5
[INFO] [stdout]    2:     0x56e754b9593a - std::sys::backtrace::_print_fmt::hc4546b8364a537c6
[INFO] [stdout]                                at /rustc/90b35a6239c3d8bdabc530a6a0816f7ff89a0aaf/library/std/src/sys/backtrace.rs:66:9
[INFO] [stdout]    3:     0x56e754b9593a - <std::sys::backtrace::BacktraceLock::print::DisplayBacktrace as core::fmt::Display>::fmt::h5b6bd5631a6d1f6b
[INFO] [stdout]                                at /rustc/90b35a6239c3d8bdabc530a6a0816f7ff89a0aaf/library/std/src/sys/backtrace.rs:39:26
[INFO] [stdout]    4:     0x56e754bc0773 - core::fmt::rt::Argument::fmt::h270f6602a2b96f62
[INFO] [stdout]                                at /rustc/90b35a6239c3d8bdabc530a6a0816f7ff89a0aaf/library/core/src/fmt/rt.rs:177:76
[INFO] [stdout]    5:     0x56e754bc0773 - core::fmt::write::h7550c97b06c86515
[INFO] [stdout]                                at /rustc/90b35a6239c3d8bdabc530a6a0816f7ff89a0aaf/library/core/src/fmt/mod.rs:1186:21
[INFO] [stdout]    6:     0x56e754b91fd3 - std::io::Write::write_fmt::h509ff860e5956e5e
[INFO] [stdout]                                at /rustc/90b35a6239c3d8bdabc530a6a0816f7ff89a0aaf/library/std/src/io/mod.rs:1839:15
[INFO] [stdout]    7:     0x56e754b95782 - std::sys::backtrace::BacktraceLock::print::h2395ccd2c84ba3aa
[INFO] [stdout]                                at /rustc/90b35a6239c3d8bdabc530a6a0816f7ff89a0aaf/library/std/src/sys/backtrace.rs:42:9
[INFO] [stdout]    8:     0x56e754b96d9a - std::panicking::default_hook::{{closure}}::he19d4c7230e07961
[INFO] [stdout]                                at /rustc/90b35a6239c3d8bdabc530a6a0816f7ff89a0aaf/library/std/src/panicking.rs:268:22
[INFO] [stdout]    9:     0x56e754b96ba4 - std::panicking::default_hook::hf614597d3c67bbdb
[INFO] [stdout]                                at /rustc/90b35a6239c3d8bdabc530a6a0816f7ff89a0aaf/library/std/src/panicking.rs:292:9
[INFO] [stdout]   10:     0x56e754222f19 - <alloc::boxed::Box<F,A> as core::ops::function::Fn<Args>>::call::h39b51ce4599c23d1
[INFO] [stdout]                                at /rustc/90b35a6239c3d8bdabc530a6a0816f7ff89a0aaf/library/alloc/src/boxed.rs:2468:9
[INFO] [stdout]   11:     0x56e754222f19 - test::test_main::{{closure}}::he977ae839a582784
[INFO] [stdout]                                at /rustc/90b35a6239c3d8bdabc530a6a0816f7ff89a0aaf/library/test/src/lib.rs:133:21
[INFO] [stdout]   12:     0x56e754b97438 - <alloc::boxed::Box<F,A> as core::ops::function::Fn<Args>>::call::h9455091b6b06f9fb
[INFO] [stdout]                                at /rustc/90b35a6239c3d8bdabc530a6a0816f7ff89a0aaf/library/alloc/src/boxed.rs:2468:9
[INFO] [stdout]   13:     0x56e754b97438 - std::panicking::rust_panic_with_hook::h8942133a8b252070
[INFO] [stdout]                                at /rustc/90b35a6239c3d8bdabc530a6a0816f7ff89a0aaf/library/std/src/panicking.rs:809:13
[INFO] [stdout]   14:     0x56e754b971fa - std::panicking::begin_panic_handler::{{closure}}::hb5f5963570096b29
[INFO] [stdout]                                at /rustc/90b35a6239c3d8bdabc530a6a0816f7ff89a0aaf/library/std/src/panicking.rs:674:13
[INFO] [stdout]   15:     0x56e754b95e19 - std::sys::backtrace::__rust_end_short_backtrace::h6208cedc1922feda
[INFO] [stdout]                                at /rustc/90b35a6239c3d8bdabc530a6a0816f7ff89a0aaf/library/std/src/sys/backtrace.rs:170:18
[INFO] [stdout]   16:     0x56e754b96e8c - rust_begin_unwind
[INFO] [stdout]                                at /rustc/90b35a6239c3d8bdabc530a6a0816f7ff89a0aaf/library/std/src/panicking.rs:665:5
[INFO] [stdout]   17:     0x56e754167300 - core::panicking::panic_fmt::h0c3082644d1bf418
[INFO] [stdout]                                at /rustc/90b35a6239c3d8bdabc530a6a0816f7ff89a0aaf/library/core/src/panicking.rs:74:14
[INFO] [stdout]   18:     0x56e754167704 - core::panicking::assert_failed_inner::h2ddf1fcc067fa858
[INFO] [stdout]   19:     0x56e7541ae579 - core::panicking::assert_failed::h642ae8a46c52e6b2
[INFO] [stdout]                                at /rustc/90b35a6239c3d8bdabc530a6a0816f7ff89a0aaf/library/core/src/panicking.rs:367:5
[INFO] [stdout]   20:     0x56e75418eb06 - parachutedrop_rust_server::routes::health::tests::test_evmos_health::{{closure}}::hc49e013e1dbcd78d
[INFO] [stdout]                                at /opt/rustwide/workdir/src/routes/health.rs:132:9
[INFO] [stdout]   21:     0x56e7541e8f22 - <tokio::task::local::RunUntil<T> as core::future::future::Future>::poll::{{closure}}::he00e82c055dd374f
[INFO] [stdout]                                at /opt/rustwide/cargo-home/registry/src/index.crates.io-6f17d22bba15001f/tokio-1.23.0/src/task/local.rs:924:42
[INFO] [stdout]   22:     0x56e7541e506a - tokio::task::local::LocalSet::with::{{closure}}::h7c58d9b240bf9356
[INFO] [stdout]                                at /opt/rustwide/cargo-home/registry/src/index.crates.io-6f17d22bba15001f/tokio-1.23.0/src/task/local.rs:685:13
[INFO] [stdout]   23:     0x56e75419ed87 - std::thread::local::LocalKey<T>::try_with::hdcda6312260a98ac
[INFO] [stdout]                                at /rustc/90b35a6239c3d8bdabc530a6a0816f7ff89a0aaf/library/std/src/thread/local.rs:283:12
[INFO] [stdout]   24:     0x56e75419c7cd - std::thread::local::LocalKey<T>::with::hc0a7aba32418c49f
[INFO] [stdout]                                at /rustc/90b35a6239c3d8bdabc530a6a0816f7ff89a0aaf/library/std/src/thread/local.rs:260:9
[INFO] [stdout]   25:     0x56e7541e4c66 - tokio::task::local::LocalSet::with::h840bf22340d7ee3b
[INFO] [stdout]                                at /opt/rustwide/cargo-home/registry/src/index.crates.io-6f17d22bba15001f/tokio-1.23.0/src/task/local.rs:668:9
[INFO] [stdout]   26:     0x56e7541e86e9 - <tokio::task::local::RunUntil<T> as core::future::future::Future>::poll::hc602cbc37097b519
[INFO] [stdout]                                at /opt/rustwide/cargo-home/registry/src/index.crates.io-6f17d22bba15001f/tokio-1.23.0/src/task/local.rs:914:9
[INFO] [stdout]   27:     0x56e7541e6007 - tokio::task::local::LocalSet::run_until::{{closure}}::h7bf58f435c9e1421
[INFO] [stdout]                                at /opt/rustwide/cargo-home/registry/src/index.crates.io-6f17d22bba15001f/tokio-1.23.0/src/task/local.rs:574:19
[INFO] [stdout]   28:     0x56e75417443b - <core::pin::Pin<P> as core::future::future::Future>::poll::hffc7d350609502a0
[INFO] [stdout]                                at /rustc/90b35a6239c3d8bdabc530a6a0816f7ff89a0aaf/library/core/src/future/future.rs:123:9
[INFO] [stdout]   29:     0x56e7541d852e - tokio::runtime::scheduler::current_thread::CoreGuard::block_on::{{closure}}::{{closure}}::{{closure}}::h54c28bf943aee3c3
[INFO] [stdout]                                at /opt/rustwide/cargo-home/registry/src/index.crates.io-6f17d22bba15001f/tokio-1.23.0/src/runtime/scheduler/current_thread.rs:541:57
[INFO] [stdout]   30:     0x56e7541d8185 - tokio::runtime::coop::with_budget::h01eaf16da2120e7c
[INFO] [stdout]                                at /opt/rustwide/cargo-home/registry/src/index.crates.io-6f17d22bba15001f/tokio-1.23.0/src/runtime/coop.rs:102:5
[INFO] [stdout]   31:     0x56e7541d8185 - tokio::runtime::coop::budget::hf62b203fec107a2d
[INFO] [stdout]                                at /opt/rustwide/cargo-home/registry/src/index.crates.io-6f17d22bba15001f/tokio-1.23.0/src/runtime/coop.rs:68:5
[INFO] [stdout]   32:     0x56e7541d8185 - tokio::runtime::scheduler::current_thread::CoreGuard::block_on::{{closure}}::{{closure}}::hba939d25a1476e9e
[INFO] [stdout]                                at /opt/rustwide/cargo-home/registry/src/index.crates.io-6f17d22bba15001f/tokio-1.23.0/src/runtime/scheduler/current_thread.rs:541:25
[INFO] [stdout]   33:     0x56e7541d19ed - tokio::runtime::scheduler::current_thread::Context::enter::hf59854873add7a8e
[INFO] [stdout]                                at /opt/rustwide/cargo-home/registry/src/index.crates.io-6f17d22bba15001f/tokio-1.23.0/src/runtime/scheduler/current_thread.rs:350:19
[INFO] [stdout]   34:     0x56e7541d5a32 - tokio::runtime::scheduler::current_thread::CoreGuard::block_on::{{closure}}::h7d295524be31a96c
[INFO] [stdout]                                at /opt/rustwide/cargo-home/registry/src/index.crates.io-6f17d22bba15001f/tokio-1.23.0/src/runtime/scheduler/current_thread.rs:540:36
[INFO] [stdout]   35:     0x56e7541d3f0b - tokio::runtime::scheduler::current_thread::CoreGuard::enter::{{closure}}::h12107f5526a015f1
[INFO] [stdout]                                at /opt/rustwide/cargo-home/registry/src/index.crates.io-6f17d22bba15001f/tokio-1.23.0/src/runtime/scheduler/current_thread.rs:615:57
[INFO] [stdout]   36:     0x56e75418aa6a - tokio::macros::scoped_tls::ScopedKey<T>::set::ha8fc7e1381f4581c
[INFO] [stdout]                                at /opt/rustwide/cargo-home/registry/src/index.crates.io-6f17d22bba15001f/tokio-1.23.0/src/macros/scoped_tls.rs:61:9
[INFO] [stdout]   37:     0x56e7541d3836 - tokio::runtime::scheduler::current_thread::CoreGuard::enter::h9a1b499462ea653c
[INFO] [stdout]                                at /opt/rustwide/cargo-home/registry/src/index.crates.io-6f17d22bba15001f/tokio-1.23.0/src/runtime/scheduler/current_thread.rs:615:27
[INFO] [stdout]   38:     0x56e7541d4000 - tokio::runtime::scheduler::current_thread::CoreGuard::block_on::h40c895a6dabe1bcb
[INFO] [stdout]                                at /opt/rustwide/cargo-home/registry/src/index.crates.io-6f17d22bba15001f/tokio-1.23.0/src/runtime/scheduler/current_thread.rs:530:19
[INFO] [stdout]   39:     0x56e7541cf4b1 - tokio::runtime::scheduler::current_thread::CurrentThread::block_on::he84ba1c552973be0
[INFO] [stdout]                                at /opt/rustwide/cargo-home/registry/src/index.crates.io-6f17d22bba15001f/tokio-1.23.0/src/runtime/scheduler/current_thread.rs:154:24
[INFO] [stdout]   40:     0x56e75417ab7e - tokio::runtime::runtime::Runtime::block_on::hbcb01c280e021077
[INFO] [stdout]                                at /opt/rustwide/cargo-home/registry/src/index.crates.io-6f17d22bba15001f/tokio-1.23.0/src/runtime/runtime.rs:282:47
[INFO] [stdout]   41:     0x56e7541e54ba - tokio::task::local::LocalSet::block_on::h7f8276ca5a4f31ef
[INFO] [stdout]                                at /opt/rustwide/cargo-home/registry/src/index.crates.io-6f17d22bba15001f/tokio-1.23.0/src/task/local.rs:535:9
[INFO] [stdout]   42:     0x56e7541e90be - actix_rt::runtime::Runtime::block_on::hda6a18efdb5da96a
[INFO] [stdout]                                at /opt/rustwide/cargo-home/registry/src/index.crates.io-6f17d22bba15001f/actix-rt-2.7.0/src/runtime.rs:80:9
[INFO] [stdout]   43:     0x56e7541854aa - actix_rt::system::SystemRunner::block_on::ha932a72de1e24d22
[INFO] [stdout]                                at /opt/rustwide/cargo-home/registry/src/index.crates.io-6f17d22bba15001f/actix-rt-2.7.0/src/system.rs:209:9
[INFO] [stdout]   44:     0x56e75418e1d4 - parachutedrop_rust_server::routes::health::tests::test_evmos_health::he3c5770a60639c4b
[INFO] [stdout]                                at /opt/rustwide/workdir/src/routes/health.rs:120:5
[INFO] [stdout]   45:     0x56e75418e187 - parachutedrop_rust_server::routes::health::tests::test_evmos_health::{{closure}}::hf2a666bc436a917d
[INFO] [stdout]                                at /opt/rustwide/workdir/src/routes/health.rs:121:37
[INFO] [stdout]   46:     0x56e754168446 - core::ops::function::FnOnce::call_once::h780b8f3cc96de2fa
[INFO] [stdout]                                at /rustc/90b35a6239c3d8bdabc530a6a0816f7ff89a0aaf/library/core/src/ops/function.rs:250:5
[INFO] [stdout]   47:     0x56e7542278db - core::ops::function::FnOnce::call_once::h109cf8051a59b34e
[INFO] [stdout]                                at /rustc/90b35a6239c3d8bdabc530a6a0816f7ff89a0aaf/library/core/src/ops/function.rs:250:5
[INFO] [stdout]   48:     0x56e7542278db - test::__rust_begin_short_backtrace::hf4fff89d377446ba
[INFO] [stdout]                                at /rustc/90b35a6239c3d8bdabc530a6a0816f7ff89a0aaf/library/test/src/lib.rs:621:18
[INFO] [stdout]   49:     0x56e754227117 - test::run_test_in_process::{{closure}}::h0e39181dd7ee5a43
[INFO] [stdout]                                at /rustc/90b35a6239c3d8bdabc530a6a0816f7ff89a0aaf/library/test/src/lib.rs:644:60
[INFO] [stdout]   50:     0x56e754227117 - <core::panic::unwind_safe::AssertUnwindSafe<F> as core::ops::function::FnOnce<()>>::call_once::hc5a66a30f0bdfd1f
[INFO] [stdout]                                at /rustc/90b35a6239c3d8bdabc530a6a0816f7ff89a0aaf/library/core/src/panic/unwind_safe.rs:272:9
[INFO] [stdout]   51:     0x56e754227117 - std::panicking::try::do_call::h873b7cf639554a5e
[INFO] [stdout]                                at /rustc/90b35a6239c3d8bdabc530a6a0816f7ff89a0aaf/library/std/src/panicking.rs:557:40
[INFO] [stdout]   52:     0x56e754227117 - std::panicking::try::hdb19862fad9c8bd1
[INFO] [stdout]                                at /rustc/90b35a6239c3d8bdabc530a6a0816f7ff89a0aaf/library/std/src/panicking.rs:520:19
[INFO] [stdout]   53:     0x56e754227117 - std::panic::catch_unwind::h281fe732d236d260
[INFO] [stdout]                                at /rustc/90b35a6239c3d8bdabc530a6a0816f7ff89a0aaf/library/std/src/panic.rs:358:14
[INFO] [stdout]   54:     0x56e754227117 - test::run_test_in_process::h949b6df8457ed338
[INFO] [stdout]                                at /rustc/90b35a6239c3d8bdabc530a6a0816f7ff89a0aaf/library/test/src/lib.rs:644:27
[INFO] [stdout]   55:     0x56e754227117 - test::run_test::{{closure}}::h52c556a6d4740e10
[INFO] [stdout]                                at /rustc/90b35a6239c3d8bdabc530a6a0816f7ff89a0aaf/library/test/src/lib.rs:565:43
[INFO] [stdout]   56:     0x56e7541ec3f4 - test::run_test::{{closure}}::h4237f6381c45ccb9
[INFO] [stdout]                                at /rustc/90b35a6239c3d8bdabc530a6a0816f7ff89a0aaf/library/test/src/lib.rs:595:41
[INFO] [stdout]   57:     0x56e7541ec3f4 - std::sys::backtrace::__rust_begin_short_backtrace::h505c97a579eca628
[INFO] [stdout]                                at /rustc/90b35a6239c3d8bdabc530a6a0816f7ff89a0aaf/library/std/src/sys/backtrace.rs:154:18
[INFO] [stdout]   58:     0x56e7541efabe - std::thread::Builder::spawn_unchecked_::{{closure}}::{{closure}}::h9e86b2e2bc107ea3
[INFO] [stdout]                                at /rustc/90b35a6239c3d8bdabc530a6a0816f7ff89a0aaf/library/std/src/thread/mod.rs:538:17
[INFO] [stdout]   59:     0x56e7541efabe - <core::panic::unwind_safe::AssertUnwindSafe<F> as core::ops::function::FnOnce<()>>::call_once::h8b06ddb275ff4a25
[INFO] [stdout]                                at /rustc/90b35a6239c3d8bdabc530a6a0816f7ff89a0aaf/library/core/src/panic/unwind_safe.rs:272:9
[INFO] [stdout]   60:     0x56e7541efabe - std::panicking::try::do_call::hb26ecd7cd9a9355d
[INFO] [stdout]                                at /rustc/90b35a6239c3d8bdabc530a6a0816f7ff89a0aaf/library/std/src/panicking.rs:557:40
[INFO] [stdout]   61:     0x56e7541efabe - std::panicking::try::h8ddeca9d705f9069
[INFO] [stdout]                                at /rustc/90b35a6239c3d8bdabc530a6a0816f7ff89a0aaf/library/std/src/panicking.rs:520:19
[INFO] [stdout]   62:     0x56e7541efabe - std::panic::catch_unwind::h49e1c33078844c46
[INFO] [stdout]                                at /rustc/90b35a6239c3d8bdabc530a6a0816f7ff89a0aaf/library/std/src/panic.rs:358:14
[INFO] [stdout]   63:     0x56e7541efabe - std::thread::Builder::spawn_unchecked_::{{closure}}::h6073db6ff56ad35d
[INFO] [stdout]                                at /rustc/90b35a6239c3d8bdabc530a6a0816f7ff89a0aaf/library/std/src/thread/mod.rs:537:30
[INFO] [stdout]   64:     0x56e7541efabe - core::ops::function::FnOnce::call_once{{vtable.shim}}::h2c5a5f3779c774f1
[INFO] [stdout]                                at /rustc/90b35a6239c3d8bdabc530a6a0816f7ff89a0aaf/library/core/src/ops/function.rs:250:5
[INFO] [stdout]   65:     0x56e754b9b6fb - <alloc::boxed::Box<F,A> as core::ops::function::FnOnce<Args>>::call_once::hf75717d9f28faebf
[INFO] [stdout]                                at /rustc/90b35a6239c3d8bdabc530a6a0816f7ff89a0aaf/library/alloc/src/boxed.rs:2454:9
[INFO] [stdout]   66:     0x56e754b9b6fb - <alloc::boxed::Box<F,A> as core::ops::function::FnOnce<Args>>::call_once::h7bd883a5f3c5f3c1
[INFO] [stdout]                                at /rustc/90b35a6239c3d8bdabc530a6a0816f7ff89a0aaf/library/alloc/src/boxed.rs:2454:9
[INFO] [stdout]   67:     0x56e754b9b6fb - std::sys::pal::unix::thread::Thread::new::thread_start::hcc78f3943333fa94
[INFO] [stdout]                                at /rustc/90b35a6239c3d8bdabc530a6a0816f7ff89a0aaf/library/std/src/sys/pal/unix/thread.rs:105:17
[INFO] [stdout]   68:     0x7b7a869b2ac3 - <unknown>
[INFO] [stdout]   69:     0x7b7a86a43a04 - clone
[INFO] [stdout]   70:                0x0 - <unknown>
[INFO] [stdout] 
[INFO] [stdout] 
[INFO] [stdout] failures:
[INFO] [stdout]     routes::health::tests::test_evmos_health
[INFO] [stdout]     routes::health::tests::test_osmosis_health
[INFO] [stdout]     routes::health::tests::test_polygon_health
[INFO] [stdout]     routes::query::tests::test_query_balance
[INFO] [stdout] 
[INFO] [stdout] test result: FAILED. 1 passed; 4 failed; 0 ignored; 0 measured; 0 filtered out; finished in 0.28s
[INFO] [stdout] 
[INFO] running `Command { std: "docker" "inspect" "5452f3e188f3ec46a4de4536db3382d07488644bc5f78af0705080b952288a6c", kill_on_drop: false }`
[INFO] running `Command { std: "docker" "rm" "-f" "5452f3e188f3ec46a4de4536db3382d07488644bc5f78af0705080b952288a6c", kill_on_drop: false }`
[INFO] [stdout] 5452f3e188f3ec46a4de4536db3382d07488644bc5f78af0705080b952288a6c
