[INFO] cloning repository https://github.com/D4rkJvck/filler
[INFO] running `Command { std: "git" "-c" "credential.helper=" "-c" "credential.helper=/workspace/cargo-home/bin/git-credential-null" "clone" "--bare" "https://github.com/D4rkJvck/filler" "/workspace/cache/git-repos/https%3A%2F%2Fgithub.com%2FD4rkJvck%2Ffiller", kill_on_drop: false }`
[INFO] [stderr] Cloning into bare repository '/workspace/cache/git-repos/https%3A%2F%2Fgithub.com%2FD4rkJvck%2Ffiller'...
[INFO] running `Command { std: "git" "rev-parse" "HEAD", kill_on_drop: false }`
[INFO] [stdout] bba32b6bc506539f8178c0dfab53e7a479c729da
[INFO] testing D4rkJvck/filler against 1.83.0 for beta-1.84.0-4-retry
[INFO] running `Command { std: "git" "clone" "/workspace/cache/git-repos/https%3A%2F%2Fgithub.com%2FD4rkJvck%2Ffiller" "/workspace/builds/worker-5-tc1/source", kill_on_drop: false }`
[INFO] [stderr] Cloning into '/workspace/builds/worker-5-tc1/source'...
[INFO] [stderr] done.
[INFO] validating manifest of git repo https://github.com/D4rkJvck/filler on toolchain 1.83.0
[INFO] running `Command { std: CARGO_HOME="/workspace/cargo-home" RUSTUP_HOME="/workspace/rustup-home" "/workspace/cargo-home/bin/cargo" "+1.83.0" "metadata" "--manifest-path" "Cargo.toml" "--no-deps", kill_on_drop: false }`
[INFO] started tweaking git repo https://github.com/D4rkJvck/filler
[INFO] finished tweaking git repo https://github.com/D4rkJvck/filler
[INFO] tweaked toml for git repo https://github.com/D4rkJvck/filler written to /workspace/builds/worker-5-tc1/source/Cargo.toml
[INFO] crate git repo https://github.com/D4rkJvck/filler already has a lockfile, it will not be regenerated
[INFO] running `Command { std: CARGO_HOME="/workspace/cargo-home" RUSTUP_HOME="/workspace/rustup-home" "/workspace/cargo-home/bin/cargo" "+1.83.0" "fetch" "--manifest-path" "Cargo.toml", kill_on_drop: false }`
[INFO] [stderr]  Downloading crates ...
[INFO] [stderr]   Downloaded sdl2 v0.37.0
[INFO] [stderr]   Downloaded sdl2-sys v0.37.0
[INFO] running `Command { std: "docker" "create" "-v" "/var/lib/crater-agent-workspace/builds/worker-5-tc1/target:/opt/rustwide/target:rw,Z" "-v" "/var/lib/crater-agent-workspace/builds/worker-5-tc1/source:/opt/rustwide/workdir:ro,Z" "-v" "/var/lib/crater-agent-workspace/cargo-home:/opt/rustwide/cargo-home:ro,Z" "-v" "/var/lib/crater-agent-workspace/rustup-home:/opt/rustwide/rustup-home:ro,Z" "-e" "SOURCE_DIR=/opt/rustwide/workdir" "-e" "CARGO_TARGET_DIR=/opt/rustwide/target" "-e" "CARGO_HOME=/opt/rustwide/cargo-home" "-e" "RUSTUP_HOME=/opt/rustwide/rustup-home" "-w" "/opt/rustwide/workdir" "-m" "1610612736" "--user" "0:0" "--network" "none" "ghcr.io/rust-lang/crates-build-env/linux@sha256:f3a9d4ad9d972b27faf3965f35b62e55ba32bbce8f20bc8fe909558a86702fde" "/opt/rustwide/cargo-home/bin/cargo" "+1.83.0" "metadata" "--no-deps" "--format-version=1", kill_on_drop: false }`
[INFO] [stdout] d27cea6e0742f396de0225a068b0c47bc145e143bbd6d2fb3467b4b94786a4a5
[INFO] running `Command { std: "docker" "start" "-a" "d27cea6e0742f396de0225a068b0c47bc145e143bbd6d2fb3467b4b94786a4a5", kill_on_drop: false }`
[INFO] running `Command { std: "docker" "inspect" "d27cea6e0742f396de0225a068b0c47bc145e143bbd6d2fb3467b4b94786a4a5", kill_on_drop: false }`
[INFO] running `Command { std: "docker" "rm" "-f" "d27cea6e0742f396de0225a068b0c47bc145e143bbd6d2fb3467b4b94786a4a5", kill_on_drop: false }`
[INFO] [stdout] d27cea6e0742f396de0225a068b0c47bc145e143bbd6d2fb3467b4b94786a4a5
[INFO] running `Command { std: "docker" "create" "-v" "/var/lib/crater-agent-workspace/builds/worker-5-tc1/target:/opt/rustwide/target:rw,Z" "-v" "/var/lib/crater-agent-workspace/builds/worker-5-tc1/source:/opt/rustwide/workdir:ro,Z" "-v" "/var/lib/crater-agent-workspace/cargo-home:/opt/rustwide/cargo-home:ro,Z" "-v" "/var/lib/crater-agent-workspace/rustup-home:/opt/rustwide/rustup-home:ro,Z" "-e" "SOURCE_DIR=/opt/rustwide/workdir" "-e" "CARGO_TARGET_DIR=/opt/rustwide/target" "-e" "CARGO_INCREMENTAL=0" "-e" "RUST_BACKTRACE=full" "-e" "RUSTFLAGS=--cap-lints=warn" "-e" "RUSTDOCFLAGS=--cap-lints=warn" "-e" "CARGO_HOME=/opt/rustwide/cargo-home" "-e" "RUSTUP_HOME=/opt/rustwide/rustup-home" "-w" "/opt/rustwide/workdir" "-m" "1610612736" "--user" "0:0" "--network" "none" "ghcr.io/rust-lang/crates-build-env/linux@sha256:f3a9d4ad9d972b27faf3965f35b62e55ba32bbce8f20bc8fe909558a86702fde" "/opt/rustwide/cargo-home/bin/cargo" "+1.83.0" "build" "--frozen" "--message-format=json", kill_on_drop: false }`
[INFO] [stdout] 8c9c91ec54edddd09610d8c7a981f1bdd693d3b7a99e69aa54b603f08c52c164
[INFO] running `Command { std: "docker" "start" "-a" "8c9c91ec54edddd09610d8c7a981f1bdd693d3b7a99e69aa54b603f08c52c164", kill_on_drop: false }`
[INFO] [stderr]    Compiling cfg-if v1.0.0
[INFO] [stderr]    Compiling libc v0.2.168
[INFO] [stderr]    Compiling sdl2 v0.37.0
[INFO] [stderr]    Compiling lazy_static v1.5.0
[INFO] [stderr]    Compiling sdl2-sys v0.37.0
[INFO] [stderr]    Compiling filler v0.1.0 (/opt/rustwide/workdir)
[INFO] [stdout] warning: unused variable: `matrix`
[INFO] [stdout]   --> src/view.rs:25:31
[INFO] [stdout]    |
[INFO] [stdout] 25 |     pub fn display(&mut self, matrix: &Matrix) -> Result<(), String> {
[INFO] [stdout]    |                               ^^^^^^ help: if this is intentional, prefix it with an underscore: `_matrix`
[INFO] [stdout]    |
[INFO] [stdout]    = note: `#[warn(unused_variables)]` on by default
[INFO] [stdout] 
[INFO] [stdout] 
[INFO] [stdout] warning: unused variable: `matrix`
[INFO] [stdout]   --> src/utils.rs:31:18
[INFO] [stdout]    |
[INFO] [stdout] 31 | pub fn transpose(matrix: &Matrix, piece: &Matrix) -> Result<(), ()> {
[INFO] [stdout]    |                  ^^^^^^ help: if this is intentional, prefix it with an underscore: `_matrix`
[INFO] [stdout] 
[INFO] [stdout] 
[INFO] [stdout] warning: unused variable: `piece`
[INFO] [stdout]   --> src/utils.rs:31:35
[INFO] [stdout]    |
[INFO] [stdout] 31 | pub fn transpose(matrix: &Matrix, piece: &Matrix) -> Result<(), ()> {
[INFO] [stdout]    |                                   ^^^^^ help: if this is intentional, prefix it with an underscore: `_piece`
[INFO] [stdout] 
[INFO] [stdout] 
[INFO] [stdout] warning: field `canvas` is never read
[INFO] [stdout]  --> src/view.rs:6:5
[INFO] [stdout]   |
[INFO] [stdout] 5 | pub struct View {
[INFO] [stdout]   |            ---- field in this struct
[INFO] [stdout] 6 |     canvas: Canvas<Window>,
[INFO] [stdout]   |     ^^^^^^
[INFO] [stdout]   |
[INFO] [stdout]   = note: `#[warn(dead_code)]` on by default
[INFO] [stdout] 
[INFO] [stdout] 
[INFO] [stderr]     Finished `dev` profile [unoptimized + debuginfo] target(s) in 3.94s
[INFO] running `Command { std: "docker" "inspect" "8c9c91ec54edddd09610d8c7a981f1bdd693d3b7a99e69aa54b603f08c52c164", kill_on_drop: false }`
[INFO] running `Command { std: "docker" "rm" "-f" "8c9c91ec54edddd09610d8c7a981f1bdd693d3b7a99e69aa54b603f08c52c164", kill_on_drop: false }`
[INFO] [stdout] 8c9c91ec54edddd09610d8c7a981f1bdd693d3b7a99e69aa54b603f08c52c164
[INFO] running `Command { std: "docker" "create" "-v" "/var/lib/crater-agent-workspace/builds/worker-5-tc1/target:/opt/rustwide/target:rw,Z" "-v" "/var/lib/crater-agent-workspace/builds/worker-5-tc1/source:/opt/rustwide/workdir:ro,Z" "-v" "/var/lib/crater-agent-workspace/cargo-home:/opt/rustwide/cargo-home:ro,Z" "-v" "/var/lib/crater-agent-workspace/rustup-home:/opt/rustwide/rustup-home:ro,Z" "-e" "SOURCE_DIR=/opt/rustwide/workdir" "-e" "CARGO_TARGET_DIR=/opt/rustwide/target" "-e" "CARGO_INCREMENTAL=0" "-e" "RUST_BACKTRACE=full" "-e" "RUSTFLAGS=--cap-lints=warn" "-e" "RUSTDOCFLAGS=--cap-lints=warn" "-e" "CARGO_HOME=/opt/rustwide/cargo-home" "-e" "RUSTUP_HOME=/opt/rustwide/rustup-home" "-w" "/opt/rustwide/workdir" "-m" "1610612736" "--user" "0:0" "--network" "none" "ghcr.io/rust-lang/crates-build-env/linux@sha256:f3a9d4ad9d972b27faf3965f35b62e55ba32bbce8f20bc8fe909558a86702fde" "/opt/rustwide/cargo-home/bin/cargo" "+1.83.0" "test" "--frozen" "--no-run" "--message-format=json", kill_on_drop: false }`
[INFO] [stdout] 6b78df74fa82867101d5e08fd39d8b6ae4eda50d626dd5a007ae10b726a469d4
[INFO] running `Command { std: "docker" "start" "-a" "6b78df74fa82867101d5e08fd39d8b6ae4eda50d626dd5a007ae10b726a469d4", kill_on_drop: false }`
[INFO] [stderr]    Compiling filler v0.1.0 (/opt/rustwide/workdir)
[INFO] [stdout] warning: unused variable: `matrix`
[INFO] [stdout]   --> src/view.rs:25:31
[INFO] [stdout]    |
[INFO] [stdout] 25 |     pub fn display(&mut self, matrix: &Matrix) -> Result<(), String> {
[INFO] [stdout]    |                               ^^^^^^ help: if this is intentional, prefix it with an underscore: `_matrix`
[INFO] [stdout]    |
[INFO] [stdout]    = note: `#[warn(unused_variables)]` on by default
[INFO] [stdout] 
[INFO] [stdout] 
[INFO] [stdout] warning: unused variable: `matrix`
[INFO] [stdout]   --> src/utils.rs:31:18
[INFO] [stdout]    |
[INFO] [stdout] 31 | pub fn transpose(matrix: &Matrix, piece: &Matrix) -> Result<(), ()> {
[INFO] [stdout]    |                  ^^^^^^ help: if this is intentional, prefix it with an underscore: `_matrix`
[INFO] [stdout] 
[INFO] [stdout] 
[INFO] [stdout] warning: unused variable: `piece`
[INFO] [stdout]   --> src/utils.rs:31:35
[INFO] [stdout]    |
[INFO] [stdout] 31 | pub fn transpose(matrix: &Matrix, piece: &Matrix) -> Result<(), ()> {
[INFO] [stdout]    |                                   ^^^^^ help: if this is intentional, prefix it with an underscore: `_piece`
[INFO] [stdout] 
[INFO] [stdout] 
[INFO] [stdout] warning: field `canvas` is never read
[INFO] [stdout]  --> src/view.rs:6:5
[INFO] [stdout]   |
[INFO] [stdout] 5 | pub struct View {
[INFO] [stdout]   |            ---- field in this struct
[INFO] [stdout] 6 |     canvas: Canvas<Window>,
[INFO] [stdout]   |     ^^^^^^
[INFO] [stdout]   |
[INFO] [stdout]   = note: `#[warn(dead_code)]` on by default
[INFO] [stdout] 
[INFO] [stdout] 
[INFO] [stdout] warning: unused variable: `matrix`
[INFO] [stdout]   --> src/view.rs:25:31
[INFO] [stdout]    |
[INFO] [stdout] 25 |     pub fn display(&mut self, matrix: &Matrix) -> Result<(), String> {
[INFO] [stdout]    |                               ^^^^^^ help: if this is intentional, prefix it with an underscore: `_matrix`
[INFO] [stdout]    |
[INFO] [stdout]    = note: `#[warn(unused_variables)]` on by default
[INFO] [stdout] 
[INFO] [stdout] 
[INFO] [stdout] warning: unused variable: `matrix`
[INFO] [stdout]   --> src/utils.rs:31:18
[INFO] [stdout]    |
[INFO] [stdout] 31 | pub fn transpose(matrix: &Matrix, piece: &Matrix) -> Result<(), ()> {
[INFO] [stdout]    |                  ^^^^^^ help: if this is intentional, prefix it with an underscore: `_matrix`
[INFO] [stdout] 
[INFO] [stdout] 
[INFO] [stdout] warning: unused variable: `piece`
[INFO] [stdout]   --> src/utils.rs:31:35
[INFO] [stdout]    |
[INFO] [stdout] 31 | pub fn transpose(matrix: &Matrix, piece: &Matrix) -> Result<(), ()> {
[INFO] [stdout]    |                                   ^^^^^ help: if this is intentional, prefix it with an underscore: `_piece`
[INFO] [stdout] 
[INFO] [stdout] 
[INFO] [stdout] warning: field `canvas` is never read
[INFO] [stdout]  --> src/view.rs:6:5
[INFO] [stdout]   |
[INFO] [stdout] 5 | pub struct View {
[INFO] [stdout]   |            ---- field in this struct
[INFO] [stdout] 6 |     canvas: Canvas<Window>,
[INFO] [stdout]   |     ^^^^^^
[INFO] [stdout]   |
[INFO] [stdout]   = note: `#[warn(dead_code)]` on by default
[INFO] [stdout] 
[INFO] [stdout] 
[INFO] [stderr]     Finished `test` profile [unoptimized + debuginfo] target(s) in 1.10s
[INFO] running `Command { std: "docker" "inspect" "6b78df74fa82867101d5e08fd39d8b6ae4eda50d626dd5a007ae10b726a469d4", kill_on_drop: false }`
[INFO] running `Command { std: "docker" "rm" "-f" "6b78df74fa82867101d5e08fd39d8b6ae4eda50d626dd5a007ae10b726a469d4", kill_on_drop: false }`
[INFO] [stdout] 6b78df74fa82867101d5e08fd39d8b6ae4eda50d626dd5a007ae10b726a469d4
[INFO] running `Command { std: "docker" "create" "-v" "/var/lib/crater-agent-workspace/builds/worker-5-tc1/target:/opt/rustwide/target:rw,Z" "-v" "/var/lib/crater-agent-workspace/builds/worker-5-tc1/source:/opt/rustwide/workdir:ro,Z" "-v" "/var/lib/crater-agent-workspace/cargo-home:/opt/rustwide/cargo-home:ro,Z" "-v" "/var/lib/crater-agent-workspace/rustup-home:/opt/rustwide/rustup-home:ro,Z" "-e" "SOURCE_DIR=/opt/rustwide/workdir" "-e" "CARGO_TARGET_DIR=/opt/rustwide/target" "-e" "CARGO_INCREMENTAL=0" "-e" "RUST_BACKTRACE=full" "-e" "RUSTFLAGS=--cap-lints=warn" "-e" "RUSTDOCFLAGS=--cap-lints=warn" "-e" "CARGO_HOME=/opt/rustwide/cargo-home" "-e" "RUSTUP_HOME=/opt/rustwide/rustup-home" "-w" "/opt/rustwide/workdir" "-m" "1610612736" "--user" "0:0" "--network" "none" "ghcr.io/rust-lang/crates-build-env/linux@sha256:f3a9d4ad9d972b27faf3965f35b62e55ba32bbce8f20bc8fe909558a86702fde" "/opt/rustwide/cargo-home/bin/cargo" "+1.83.0" "test" "--frozen", kill_on_drop: false }`
[INFO] [stdout] 6325b493eba2a40b3676ca1fe28c21444a7f09ed5eb62b70fca2a56b1d1196c0
[INFO] running `Command { std: "docker" "start" "-a" "6325b493eba2a40b3676ca1fe28c21444a7f09ed5eb62b70fca2a56b1d1196c0", kill_on_drop: false }`
[INFO] [stderr] warning: unused variable: `matrix`
[INFO] [stderr]   --> src/view.rs:25:31
[INFO] [stderr]    |
[INFO] [stderr] 25 |     pub fn display(&mut self, matrix: &Matrix) -> Result<(), String> {
[INFO] [stderr]    |                               ^^^^^^ help: if this is intentional, prefix it with an underscore: `_matrix`
[INFO] [stderr]    |
[INFO] [stderr]    = note: `#[warn(unused_variables)]` on by default
[INFO] [stderr] 
[INFO] [stderr] warning: unused variable: `matrix`
[INFO] [stderr]   --> src/utils.rs:31:18
[INFO] [stderr]    |
[INFO] [stderr] 31 | pub fn transpose(matrix: &Matrix, piece: &Matrix) -> Result<(), ()> {
[INFO] [stderr]    |                  ^^^^^^ help: if this is intentional, prefix it with an underscore: `_matrix`
[INFO] [stderr] 
[INFO] [stderr] warning: unused variable: `piece`
[INFO] [stderr]   --> src/utils.rs:31:35
[INFO] [stderr]    |
[INFO] [stderr] 31 | pub fn transpose(matrix: &Matrix, piece: &Matrix) -> Result<(), ()> {
[INFO] [stderr]    |                                   ^^^^^ help: if this is intentional, prefix it with an underscore: `_piece`
[INFO] [stderr] 
[INFO] [stderr] warning: field `canvas` is never read
[INFO] [stderr]  --> src/view.rs:6:5
[INFO] [stderr]   |
[INFO] [stderr] 5 | pub struct View {
[INFO] [stderr]   |            ---- field in this struct
[INFO] [stderr] 6 |     canvas: Canvas<Window>,
[INFO] [stderr]   |     ^^^^^^
[INFO] [stderr]   |
[INFO] [stderr]   = note: `#[warn(dead_code)]` on by default
[INFO] [stderr] 
[INFO] [stderr] warning: `filler` (lib) generated 4 warnings
[INFO] [stderr] warning: `filler` (lib test) generated 4 warnings (4 duplicates)
[INFO] [stderr]     Finished `test` profile [unoptimized + debuginfo] target(s) in 0.02s
[INFO] [stderr]      Running unittests src/lib.rs (/opt/rustwide/target/debug/deps/filler-d2e719300885c9c9)
[INFO] [stdout] 
[INFO] [stdout] running 0 tests
[INFO] [stdout] 
[INFO] [stdout] test result: ok. 0 passed; 0 failed; 0 ignored; 0 measured; 0 filtered out; finished in 0.00s
[INFO] [stdout] 
[INFO] [stderr]      Running unittests src/main.rs (/opt/rustwide/target/debug/deps/filler-34e0a27dfba64ba1)
[INFO] [stdout] 
[INFO] [stdout] running 0 tests
[INFO] [stdout] 
[INFO] [stdout] test result: ok. 0 passed; 0 failed; 0 ignored; 0 measured; 0 filtered out; finished in 0.00s
[INFO] [stdout] 
[INFO] [stderr]      Running tests/anfield.rs (/opt/rustwide/target/debug/deps/anfield-0cd5e3d2fd69109d)
[INFO] [stdout] 
[INFO] [stdout] running 2 tests
[INFO] [stdout] test test_get_anfield_map01 ... ok
[INFO] [stdout] test test_get_anfield_map00 ... FAILED
[INFO] [stdout] 
[INFO] [stdout] failures:
[INFO] [stdout] 
[INFO] [stdout] ---- test_get_anfield_map00 stdout ----
[INFO] [stdout] thread 'test_get_anfield_map00' panicked at src/utils.rs:11:9:
[INFO] [stdout] index out of bounds: the len is 0 but the index is 0
[INFO] [stdout] stack backtrace:
[INFO] [stdout]    0:     0x62140cc6bd4a - std::backtrace_rs::backtrace::libunwind::trace::h5a5b8284f2d0c266
[INFO] [stdout]                                at /rustc/90b35a6239c3d8bdabc530a6a0816f7ff89a0aaf/library/std/src/../../backtrace/src/backtrace/libunwind.rs:116:5
[INFO] [stdout]    1:     0x62140cc6bd4a - std::backtrace_rs::backtrace::trace_unsynchronized::h76d4f1c9b0b875e3
[INFO] [stdout]                                at /rustc/90b35a6239c3d8bdabc530a6a0816f7ff89a0aaf/library/std/src/../../backtrace/src/backtrace/mod.rs:66:5
[INFO] [stdout]    2:     0x62140cc6bd4a - std::sys::backtrace::_print_fmt::hc4546b8364a537c6
[INFO] [stdout]                                at /rustc/90b35a6239c3d8bdabc530a6a0816f7ff89a0aaf/library/std/src/sys/backtrace.rs:66:9
[INFO] [stdout]    3:     0x62140cc6bd4a - <std::sys::backtrace::BacktraceLock::print::DisplayBacktrace as core::fmt::Display>::fmt::h5b6bd5631a6d1f6b
[INFO] [stdout]                                at /rustc/90b35a6239c3d8bdabc530a6a0816f7ff89a0aaf/library/std/src/sys/backtrace.rs:39:26
[INFO] [stdout]    4:     0x62140cc91143 - core::fmt::rt::Argument::fmt::h270f6602a2b96f62
[INFO] [stdout]                                at /rustc/90b35a6239c3d8bdabc530a6a0816f7ff89a0aaf/library/core/src/fmt/rt.rs:177:76
[INFO] [stdout]    5:     0x62140cc91143 - core::fmt::write::h7550c97b06c86515
[INFO] [stdout]                                at /rustc/90b35a6239c3d8bdabc530a6a0816f7ff89a0aaf/library/core/src/fmt/mod.rs:1186:21
[INFO] [stdout]    6:     0x62140cc68f13 - std::io::Write::write_fmt::h509ff860e5956e5e
[INFO] [stdout]                                at /rustc/90b35a6239c3d8bdabc530a6a0816f7ff89a0aaf/library/std/src/io/mod.rs:1839:15
[INFO] [stdout]    7:     0x62140cc6bb92 - std::sys::backtrace::BacktraceLock::print::h2395ccd2c84ba3aa
[INFO] [stdout]                                at /rustc/90b35a6239c3d8bdabc530a6a0816f7ff89a0aaf/library/std/src/sys/backtrace.rs:42:9
[INFO] [stdout]    8:     0x62140cc6d1aa - std::panicking::default_hook::{{closure}}::he19d4c7230e07961
[INFO] [stdout]                                at /rustc/90b35a6239c3d8bdabc530a6a0816f7ff89a0aaf/library/std/src/panicking.rs:268:22
[INFO] [stdout]    9:     0x62140cc6cfb4 - std::panicking::default_hook::hf614597d3c67bbdb
[INFO] [stdout]                                at /rustc/90b35a6239c3d8bdabc530a6a0816f7ff89a0aaf/library/std/src/panicking.rs:292:9
[INFO] [stdout]   10:     0x62140cc2ce59 - <alloc::boxed::Box<F,A> as core::ops::function::Fn<Args>>::call::h39b51ce4599c23d1
[INFO] [stdout]                                at /rustc/90b35a6239c3d8bdabc530a6a0816f7ff89a0aaf/library/alloc/src/boxed.rs:2468:9
[INFO] [stdout]   11:     0x62140cc2ce59 - test::test_main::{{closure}}::he977ae839a582784
[INFO] [stdout]                                at /rustc/90b35a6239c3d8bdabc530a6a0816f7ff89a0aaf/library/test/src/lib.rs:133:21
[INFO] [stdout]   12:     0x62140cc6d848 - <alloc::boxed::Box<F,A> as core::ops::function::Fn<Args>>::call::h9455091b6b06f9fb
[INFO] [stdout]                                at /rustc/90b35a6239c3d8bdabc530a6a0816f7ff89a0aaf/library/alloc/src/boxed.rs:2468:9
[INFO] [stdout]   13:     0x62140cc6d848 - std::panicking::rust_panic_with_hook::h8942133a8b252070
[INFO] [stdout]                                at /rustc/90b35a6239c3d8bdabc530a6a0816f7ff89a0aaf/library/std/src/panicking.rs:809:13
[INFO] [stdout]   14:     0x62140cc6d60a - std::panicking::begin_panic_handler::{{closure}}::hb5f5963570096b29
[INFO] [stdout]                                at /rustc/90b35a6239c3d8bdabc530a6a0816f7ff89a0aaf/library/std/src/panicking.rs:674:13
[INFO] [stdout]   15:     0x62140cc6c229 - std::sys::backtrace::__rust_end_short_backtrace::h6208cedc1922feda
[INFO] [stdout]                                at /rustc/90b35a6239c3d8bdabc530a6a0816f7ff89a0aaf/library/std/src/sys/backtrace.rs:170:18
[INFO] [stdout]   16:     0x62140cc6d29c - rust_begin_unwind
[INFO] [stdout]                                at /rustc/90b35a6239c3d8bdabc530a6a0816f7ff89a0aaf/library/std/src/panicking.rs:665:5
[INFO] [stdout]   17:     0x62140cbeda60 - core::panicking::panic_fmt::h0c3082644d1bf418
[INFO] [stdout]                                at /rustc/90b35a6239c3d8bdabc530a6a0816f7ff89a0aaf/library/core/src/panicking.rs:74:14
[INFO] [stdout]   18:     0x62140cbedbe1 - core::panicking::panic_bounds_check::h8307ccead484a122
[INFO] [stdout]                                at /rustc/90b35a6239c3d8bdabc530a6a0816f7ff89a0aaf/library/core/src/panicking.rs:276:5
[INFO] [stdout]   19:     0x62140cc3e067 - <usize as core::slice::index::SliceIndex<[T]>>::index::hd36933bad58460dc
[INFO] [stdout]                                at /rustc/90b35a6239c3d8bdabc530a6a0816f7ff89a0aaf/library/core/src/slice/index.rs:301:10
[INFO] [stdout]   20:     0x62140cc3e0f3 - core::slice::index::<impl core::ops::index::Index<I> for [T]>::index::hb7e000ac94149a52
[INFO] [stdout]                                at /rustc/90b35a6239c3d8bdabc530a6a0816f7ff89a0aaf/library/core/src/slice/index.rs:16:9
[INFO] [stdout]   21:     0x62140cc3e0f3 - <alloc::vec::Vec<T,A> as core::ops::index::Index<I>>::index::h09fd43396c1361f9
[INFO] [stdout]                                at /rustc/90b35a6239c3d8bdabc530a6a0816f7ff89a0aaf/library/alloc/src/vec/mod.rs:3323:9
[INFO] [stdout]   22:     0x62140cc3ea03 - filler::utils::get_size::h81144ee21fe631e0
[INFO] [stdout]                                at /opt/rustwide/workdir/src/utils.rs:11:9
[INFO] [stdout]   23:     0x62140cc3b3e0 - filler::data::Data::get::hcdb15dc2999953cc
[INFO] [stdout]                                at /opt/rustwide/workdir/src/data.rs:25:28
[INFO] [stdout]   24:     0x62140cbefe68 - anfield::test_get_anfield_map00::h50be180a9a942d94
[INFO] [stdout]                                at /opt/rustwide/workdir/tests/anfield.rs:32:9
[INFO] [stdout]   25:     0x62140cbefe17 - anfield::test_get_anfield_map00::{{closure}}::habd830074bc46488
[INFO] [stdout]                                at /opt/rustwide/workdir/tests/anfield.rs:4:28
[INFO] [stdout]   26:     0x62140cbee8f6 - core::ops::function::FnOnce::call_once::hf372ceab082cb15f
[INFO] [stdout]                                at /rustc/90b35a6239c3d8bdabc530a6a0816f7ff89a0aaf/library/core/src/ops/function.rs:250:5
[INFO] [stdout]   27:     0x62140cc3181b - core::ops::function::FnOnce::call_once::h109cf8051a59b34e
[INFO] [stdout]                                at /rustc/90b35a6239c3d8bdabc530a6a0816f7ff89a0aaf/library/core/src/ops/function.rs:250:5
[INFO] [stdout]   28:     0x62140cc3181b - test::__rust_begin_short_backtrace::hf4fff89d377446ba
[INFO] [stdout]                                at /rustc/90b35a6239c3d8bdabc530a6a0816f7ff89a0aaf/library/test/src/lib.rs:621:18
[INFO] [stdout]   29:     0x62140cc31057 - test::run_test_in_process::{{closure}}::h0e39181dd7ee5a43
[INFO] [stdout]                                at /rustc/90b35a6239c3d8bdabc530a6a0816f7ff89a0aaf/library/test/src/lib.rs:644:60
[INFO] [stdout]   30:     0x62140cc31057 - <core::panic::unwind_safe::AssertUnwindSafe<F> as core::ops::function::FnOnce<()>>::call_once::hc5a66a30f0bdfd1f
[INFO] [stdout]                                at /rustc/90b35a6239c3d8bdabc530a6a0816f7ff89a0aaf/library/core/src/panic/unwind_safe.rs:272:9
[INFO] [stdout]   31:     0x62140cc31057 - std::panicking::try::do_call::h873b7cf639554a5e
[INFO] [stdout]                                at /rustc/90b35a6239c3d8bdabc530a6a0816f7ff89a0aaf/library/std/src/panicking.rs:557:40
[INFO] [stdout]   32:     0x62140cc31057 - std::panicking::try::hdb19862fad9c8bd1
[INFO] [stdout]                                at /rustc/90b35a6239c3d8bdabc530a6a0816f7ff89a0aaf/library/std/src/panicking.rs:520:19
[INFO] [stdout]   33:     0x62140cc31057 - std::panic::catch_unwind::h281fe732d236d260
[INFO] [stdout]                                at /rustc/90b35a6239c3d8bdabc530a6a0816f7ff89a0aaf/library/std/src/panic.rs:358:14
[INFO] [stdout]   34:     0x62140cc31057 - test::run_test_in_process::h949b6df8457ed338
[INFO] [stdout]                                at /rustc/90b35a6239c3d8bdabc530a6a0816f7ff89a0aaf/library/test/src/lib.rs:644:27
[INFO] [stdout]   35:     0x62140cc31057 - test::run_test::{{closure}}::h52c556a6d4740e10
[INFO] [stdout]                                at /rustc/90b35a6239c3d8bdabc530a6a0816f7ff89a0aaf/library/test/src/lib.rs:565:43
[INFO] [stdout]   36:     0x62140cbf6334 - test::run_test::{{closure}}::h4237f6381c45ccb9
[INFO] [stdout]                                at /rustc/90b35a6239c3d8bdabc530a6a0816f7ff89a0aaf/library/test/src/lib.rs:595:41
[INFO] [stdout]   37:     0x62140cbf6334 - std::sys::backtrace::__rust_begin_short_backtrace::h505c97a579eca628
[INFO] [stdout]                                at /rustc/90b35a6239c3d8bdabc530a6a0816f7ff89a0aaf/library/std/src/sys/backtrace.rs:154:18
[INFO] [stdout]   38:     0x62140cbf99fe - std::thread::Builder::spawn_unchecked_::{{closure}}::{{closure}}::h9e86b2e2bc107ea3
[INFO] [stdout]                                at /rustc/90b35a6239c3d8bdabc530a6a0816f7ff89a0aaf/library/std/src/thread/mod.rs:538:17
[INFO] [stdout]   39:     0x62140cbf99fe - <core::panic::unwind_safe::AssertUnwindSafe<F> as core::ops::function::FnOnce<()>>::call_once::h8b06ddb275ff4a25
[INFO] [stdout]                                at /rustc/90b35a6239c3d8bdabc530a6a0816f7ff89a0aaf/library/core/src/panic/unwind_safe.rs:272:9
[INFO] [stdout]   40:     0x62140cbf99fe - std::panicking::try::do_call::hb26ecd7cd9a9355d
[INFO] [stdout]                                at /rustc/90b35a6239c3d8bdabc530a6a0816f7ff89a0aaf/library/std/src/panicking.rs:557:40
[INFO] [stdout]   41:     0x62140cbf99fe - std::panicking::try::h8ddeca9d705f9069
[INFO] [stdout]                                at /rustc/90b35a6239c3d8bdabc530a6a0816f7ff89a0aaf/library/std/src/panicking.rs:520:19
[INFO] [stdout]   42:     0x62140cbf99fe - std::panic::catch_unwind::h49e1c33078844c46
[INFO] [stdout]                                at /rustc/90b35a6239c3d8bdabc530a6a0816f7ff89a0aaf/library/std/src/panic.rs:358:14
[INFO] [stdout]   43:     0x62140cbf99fe - std::thread::Builder::spawn_unchecked_::{{closure}}::h6073db6ff56ad35d
[INFO] [stdout]                                at /rustc/90b35a6239c3d8bdabc530a6a0816f7ff89a0aaf/library/std/src/thread/mod.rs:537:30
[INFO] [stdout]   44:     0x62140cbf99fe - core::ops::function::FnOnce::call_once{{vtable.shim}}::h2c5a5f3779c774f1
[INFO] [stdout]                                at /rustc/90b35a6239c3d8bdabc530a6a0816f7ff89a0aaf/library/core/src/ops/function.rs:250:5
[INFO] [stdout]   45:     0x62140cc7159b - <alloc::boxed::Box<F,A> as core::ops::function::FnOnce<Args>>::call_once::hf75717d9f28faebf
[INFO] [stdout]                                at /rustc/90b35a6239c3d8bdabc530a6a0816f7ff89a0aaf/library/alloc/src/boxed.rs:2454:9
[INFO] [stdout]   46:     0x62140cc7159b - <alloc::boxed::Box<F,A> as core::ops::function::FnOnce<Args>>::call_once::h7bd883a5f3c5f3c1
[INFO] [stdout]                                at /rustc/90b35a6239c3d8bdabc530a6a0816f7ff89a0aaf/library/alloc/src/boxed.rs:2454:9
[INFO] [stdout]   47:     0x62140cc7159b - std::sys::pal::unix::thread::Thread::new::thread_start::hcc78f3943333fa94
[INFO] [stdout]                                at /rustc/90b35a6239c3d8bdabc530a6a0816f7ff89a0aaf/library/std/src/sys/pal/unix/thread.rs:105:17
[INFO] [stdout]   48:     0x78c0fa185ac3 - <unknown>
[INFO] [stdout]   49:     0x78c0fa216a04 - clone
[INFO] [stdout]   50:                0x0 - <unknown>
[INFO] [stdout] 
[INFO] [stdout] 
[INFO] [stdout] failures:
[INFO] [stdout]     test_get_anfield_map00
[INFO] [stdout] 
[INFO] [stdout] test result: FAILED. 1 passed; 1 failed; 0 ignored; 0 measured; 0 filtered out; finished in 0.02s
[INFO] [stdout] 
[INFO] [stderr] error: test failed, to rerun pass `--test anfield`
[INFO] running `Command { std: "docker" "inspect" "6325b493eba2a40b3676ca1fe28c21444a7f09ed5eb62b70fca2a56b1d1196c0", kill_on_drop: false }`
[INFO] running `Command { std: "docker" "rm" "-f" "6325b493eba2a40b3676ca1fe28c21444a7f09ed5eb62b70fca2a56b1d1196c0", kill_on_drop: false }`
[INFO] [stdout] 6325b493eba2a40b3676ca1fe28c21444a7f09ed5eb62b70fca2a56b1d1196c0
