[INFO] cloning repository https://github.com/Cryslacks/D7050E-Compiler
[INFO] running `Command { std: "git" "-c" "credential.helper=" "-c" "credential.helper=/workspace/cargo-home/bin/git-credential-null" "clone" "--bare" "https://github.com/Cryslacks/D7050E-Compiler" "/workspace/cache/git-repos/https%3A%2F%2Fgithub.com%2FCryslacks%2FD7050E-Compiler", kill_on_drop: false }`
[INFO] [stderr] Cloning into bare repository '/workspace/cache/git-repos/https%3A%2F%2Fgithub.com%2FCryslacks%2FD7050E-Compiler'...
[INFO] running `Command { std: "git" "rev-parse" "HEAD", kill_on_drop: false }`
[INFO] [stdout] f3a3edee6110ae4f7dbd04d2918821a48a14f41b
[INFO] testing Cryslacks/D7050E-Compiler against beta-2024-12-08 for beta-1.84.0-4-retry
[INFO] running `Command { std: "git" "clone" "/workspace/cache/git-repos/https%3A%2F%2Fgithub.com%2FCryslacks%2FD7050E-Compiler" "/workspace/builds/worker-4-tc2/source", kill_on_drop: false }`
[INFO] [stderr] Cloning into '/workspace/builds/worker-4-tc2/source'...
[INFO] [stderr] done.
[INFO] validating manifest of git repo https://github.com/Cryslacks/D7050E-Compiler on toolchain beta-2024-12-08
[INFO] running `Command { std: CARGO_HOME="/workspace/cargo-home" RUSTUP_HOME="/workspace/rustup-home" "/workspace/cargo-home/bin/cargo" "+beta-2024-12-08" "metadata" "--manifest-path" "Cargo.toml" "--no-deps", kill_on_drop: false }`
[INFO] started tweaking git repo https://github.com/Cryslacks/D7050E-Compiler
[INFO] finished tweaking git repo https://github.com/Cryslacks/D7050E-Compiler
[INFO] tweaked toml for git repo https://github.com/Cryslacks/D7050E-Compiler written to /workspace/builds/worker-4-tc2/source/Cargo.toml
[INFO] crate git repo https://github.com/Cryslacks/D7050E-Compiler already has a lockfile, it will not be regenerated
[INFO] running `Command { std: CARGO_HOME="/workspace/cargo-home" RUSTUP_HOME="/workspace/rustup-home" "/workspace/cargo-home/bin/cargo" "+beta-2024-12-08" "fetch" "--manifest-path" "Cargo.toml", kill_on_drop: false }`
[INFO] running `Command { std: "docker" "create" "-v" "/var/lib/crater-agent-workspace/builds/worker-4-tc2/target:/opt/rustwide/target:rw,Z" "-v" "/var/lib/crater-agent-workspace/builds/worker-4-tc2/source:/opt/rustwide/workdir:ro,Z" "-v" "/var/lib/crater-agent-workspace/cargo-home:/opt/rustwide/cargo-home:ro,Z" "-v" "/var/lib/crater-agent-workspace/rustup-home:/opt/rustwide/rustup-home:ro,Z" "-e" "SOURCE_DIR=/opt/rustwide/workdir" "-e" "CARGO_TARGET_DIR=/opt/rustwide/target" "-e" "CARGO_HOME=/opt/rustwide/cargo-home" "-e" "RUSTUP_HOME=/opt/rustwide/rustup-home" "-w" "/opt/rustwide/workdir" "-m" "1610612736" "--user" "0:0" "--network" "none" "ghcr.io/rust-lang/crates-build-env/linux@sha256:f3a9d4ad9d972b27faf3965f35b62e55ba32bbce8f20bc8fe909558a86702fde" "/opt/rustwide/cargo-home/bin/cargo" "+beta-2024-12-08" "metadata" "--no-deps" "--format-version=1", kill_on_drop: false }`
[INFO] [stdout] e465cb151e35a838bcb6625f73a14b5762177f04d6f64ec134bdd5411d3d9ae8
[INFO] running `Command { std: "docker" "start" "-a" "e465cb151e35a838bcb6625f73a14b5762177f04d6f64ec134bdd5411d3d9ae8", kill_on_drop: false }`
[INFO] running `Command { std: "docker" "inspect" "e465cb151e35a838bcb6625f73a14b5762177f04d6f64ec134bdd5411d3d9ae8", kill_on_drop: false }`
[INFO] running `Command { std: "docker" "rm" "-f" "e465cb151e35a838bcb6625f73a14b5762177f04d6f64ec134bdd5411d3d9ae8", kill_on_drop: false }`
[INFO] [stdout] e465cb151e35a838bcb6625f73a14b5762177f04d6f64ec134bdd5411d3d9ae8
[INFO] running `Command { std: "docker" "create" "-v" "/var/lib/crater-agent-workspace/builds/worker-4-tc2/target:/opt/rustwide/target:rw,Z" "-v" "/var/lib/crater-agent-workspace/builds/worker-4-tc2/source:/opt/rustwide/workdir:ro,Z" "-v" "/var/lib/crater-agent-workspace/cargo-home:/opt/rustwide/cargo-home:ro,Z" "-v" "/var/lib/crater-agent-workspace/rustup-home:/opt/rustwide/rustup-home:ro,Z" "-e" "SOURCE_DIR=/opt/rustwide/workdir" "-e" "CARGO_TARGET_DIR=/opt/rustwide/target" "-e" "CARGO_INCREMENTAL=0" "-e" "RUST_BACKTRACE=full" "-e" "RUSTFLAGS=--cap-lints=warn" "-e" "RUSTDOCFLAGS=--cap-lints=warn" "-e" "CARGO_HOME=/opt/rustwide/cargo-home" "-e" "RUSTUP_HOME=/opt/rustwide/rustup-home" "-w" "/opt/rustwide/workdir" "-m" "1610612736" "--user" "0:0" "--network" "none" "ghcr.io/rust-lang/crates-build-env/linux@sha256:f3a9d4ad9d972b27faf3965f35b62e55ba32bbce8f20bc8fe909558a86702fde" "/opt/rustwide/cargo-home/bin/cargo" "+beta-2024-12-08" "build" "--frozen" "--message-format=json", kill_on_drop: false }`
[INFO] [stdout] 5c3a2025dfa445c8f2923b9f56bc4ccfd36b485a76536655f72153dc8a885ca4
[INFO] running `Command { std: "docker" "start" "-a" "5c3a2025dfa445c8f2923b9f56bc4ccfd36b485a76536655f72153dc8a885ca4", kill_on_drop: false }`
[INFO] [stderr]    Compiling autocfg v1.0.1
[INFO] [stderr]    Compiling memchr v2.3.3
[INFO] [stderr]    Compiling libc v0.2.76
[INFO] [stderr]    Compiling typenum v1.12.0
[INFO] [stderr]    Compiling syn v1.0.39
[INFO] [stderr]    Compiling lazy_static v1.4.0
[INFO] [stderr]    Compiling serde_derive v1.0.115
[INFO] [stderr]    Compiling serde v1.0.115
[INFO] [stderr]    Compiling byte-tools v0.3.1
[INFO] [stderr]    Compiling regex-syntax v0.6.18
[INFO] [stderr]    Compiling log v0.4.11
[INFO] [stderr]    Compiling siphasher v0.3.3
[INFO] [stderr]    Compiling cfg-if v0.1.10
[INFO] [stderr]    Compiling strsim v0.9.3
[INFO] [stderr]    Compiling byteorder v1.3.4
[INFO] [stderr]    Compiling precomputed-hash v0.1.1
[INFO] [stderr]    Compiling thread_local v1.0.1
[INFO] [stderr]    Compiling block-padding v0.1.5
[INFO] [stderr]    Compiling bit-vec v0.6.2
[INFO] [stderr]    Compiling either v1.6.0
[INFO] [stderr]    Compiling fixedbitset v0.2.0
[INFO] [stderr]    Compiling new_debug_unreachable v1.0.4
[INFO] [stderr]    Compiling fake-simd v0.1.2
[INFO] [stderr]    Compiling phf_shared v0.8.0
[INFO] [stderr]    Compiling opaque-debug v0.2.3
[INFO] [stderr]    Compiling bit-set v0.5.2
[INFO] [stderr]    Compiling itertools v0.9.0
[INFO] [stderr]    Compiling diff v0.1.12
[INFO] [stderr]    Compiling ena v0.14.0
[INFO] [stderr]    Compiling hashbrown v0.8.2
[INFO] [stderr]    Compiling indexmap v1.5.2
[INFO] [stderr]    Compiling aho-corasick v0.7.13
[INFO] [stderr]    Compiling dirs v1.0.5
[INFO] [stderr]    Compiling atty v0.2.14
[INFO] [stderr]    Compiling term v0.5.2
[INFO] [stderr]    Compiling ascii-canvas v2.0.0
[INFO] [stderr]    Compiling petgraph v0.5.1
[INFO] [stderr]    Compiling generic-array v0.12.3
[INFO] [stderr]    Compiling block-buffer v0.7.3
[INFO] [stderr]    Compiling digest v0.8.1
[INFO] [stderr]    Compiling sha2 v0.8.2
[INFO] [stderr]    Compiling regex v1.3.9
[INFO] [stderr]    Compiling lalrpop-util v0.19.1
[INFO] [stderr]    Compiling string_cache v0.8.0
[INFO] [stderr]    Compiling docopt v1.1.0
[INFO] [stderr]    Compiling lalrpop v0.19.0
[INFO] [stderr]    Compiling d7050e_2020 v0.1.0 (/opt/rustwide/workdir)
[INFO] [stdout] warning: variable `paramReferenceMutable` should have a snake case name
[INFO] [stdout]    --> src/interpreter.rs:282:17
[INFO] [stdout]     |
[INFO] [stdout] 282 |         let mut paramReferenceMutable: Vec<String> = Vec::new();
[INFO] [stdout]     |                 ^^^^^^^^^^^^^^^^^^^^^ help: convert the identifier to snake case: `param_reference_mutable`
[INFO] [stdout]     |
[INFO] [stdout]     = note: `#[warn(non_snake_case)]` on by default
[INFO] [stdout] 
[INFO] [stdout] 
[INFO] [stdout] warning: variable `paramReference` should have a snake case name
[INFO] [stdout]    --> src/interpreter.rs:283:17
[INFO] [stdout]     |
[INFO] [stdout] 283 |         let mut paramReference: Vec<String> = Vec::new();
[INFO] [stdout]     |                 ^^^^^^^^^^^^^^ help: convert the identifier to snake case: `param_reference`
[INFO] [stdout] 
[INFO] [stdout] 
[INFO] [stdout] warning: panic message contains an unused formatting placeholder
[INFO] [stdout]    --> src/interpreter.rs:321:45
[INFO] [stdout]     |
[INFO] [stdout] 321 |         panic!("[Func] Error function named {:?} not found.");
[INFO] [stdout]     |                                             ^^^^
[INFO] [stdout]     |
[INFO] [stdout]     = note: this message is not used as a format string when given without arguments, but will be in Rust 2021
[INFO] [stdout]     = note: `#[warn(non_fmt_panics)]` on by default
[INFO] [stdout] help: add the missing argument
[INFO] [stdout]     |
[INFO] [stdout] 321 |         panic!("[Func] Error function named {:?} not found.", ...);
[INFO] [stdout]     |                                                             +++++
[INFO] [stdout] help: or add a "{}" format string to use the message literally
[INFO] [stdout]     |
[INFO] [stdout] 321 |         panic!("{}", "[Func] Error function named {:?} not found.");
[INFO] [stdout]     |                +++++
[INFO] [stdout] 
[INFO] [stdout] 
[INFO] [stdout] warning: panic message contains an unused formatting placeholder
[INFO] [stdout]    --> src/typechecker.rs:379:45
[INFO] [stdout]     |
[INFO] [stdout] 379 |         panic!("[Func] Error function named {:?} not found.");
[INFO] [stdout]     |                                             ^^^^
[INFO] [stdout]     |
[INFO] [stdout]     = note: this message is not used as a format string when given without arguments, but will be in Rust 2021
[INFO] [stdout]     = note: `#[warn(non_fmt_panics)]` on by default
[INFO] [stdout] help: add the missing argument
[INFO] [stdout]     |
[INFO] [stdout] 379 |         panic!("[Func] Error function named {:?} not found.", ...);
[INFO] [stdout]     |                                                             +++++
[INFO] [stdout] help: or add a "{}" format string to use the message literally
[INFO] [stdout]     |
[INFO] [stdout] 379 |         panic!("{}", "[Func] Error function named {:?} not found.");
[INFO] [stdout]     |                +++++
[INFO] [stdout] 
[INFO] [stdout] 
[INFO] [stderr]     Finished `dev` profile [unoptimized + debuginfo] target(s) in 48.76s
[INFO] [stderr] warning: the following packages contain code that will be rejected by a future version of Rust: lalrpop v0.19.0
[INFO] [stderr] note: to see what the problems were, use the option `--future-incompat-report`, or run `cargo report future-incompatibilities --id 1`
[INFO] running `Command { std: "docker" "inspect" "5c3a2025dfa445c8f2923b9f56bc4ccfd36b485a76536655f72153dc8a885ca4", kill_on_drop: false }`
[INFO] running `Command { std: "docker" "rm" "-f" "5c3a2025dfa445c8f2923b9f56bc4ccfd36b485a76536655f72153dc8a885ca4", kill_on_drop: false }`
[INFO] [stdout] 5c3a2025dfa445c8f2923b9f56bc4ccfd36b485a76536655f72153dc8a885ca4
[INFO] running `Command { std: "docker" "create" "-v" "/var/lib/crater-agent-workspace/builds/worker-4-tc2/target:/opt/rustwide/target:rw,Z" "-v" "/var/lib/crater-agent-workspace/builds/worker-4-tc2/source:/opt/rustwide/workdir:ro,Z" "-v" "/var/lib/crater-agent-workspace/cargo-home:/opt/rustwide/cargo-home:ro,Z" "-v" "/var/lib/crater-agent-workspace/rustup-home:/opt/rustwide/rustup-home:ro,Z" "-e" "SOURCE_DIR=/opt/rustwide/workdir" "-e" "CARGO_TARGET_DIR=/opt/rustwide/target" "-e" "CARGO_INCREMENTAL=0" "-e" "RUST_BACKTRACE=full" "-e" "RUSTFLAGS=--cap-lints=warn" "-e" "RUSTDOCFLAGS=--cap-lints=warn" "-e" "CARGO_HOME=/opt/rustwide/cargo-home" "-e" "RUSTUP_HOME=/opt/rustwide/rustup-home" "-w" "/opt/rustwide/workdir" "-m" "1610612736" "--user" "0:0" "--network" "none" "ghcr.io/rust-lang/crates-build-env/linux@sha256:f3a9d4ad9d972b27faf3965f35b62e55ba32bbce8f20bc8fe909558a86702fde" "/opt/rustwide/cargo-home/bin/cargo" "+beta-2024-12-08" "test" "--frozen" "--no-run" "--message-format=json", kill_on_drop: false }`
[INFO] [stdout] 33c54dde18b308e72d1e4dad437ea53074a6bcf6f913020842a9ecb83fd91476
[INFO] running `Command { std: "docker" "start" "-a" "33c54dde18b308e72d1e4dad437ea53074a6bcf6f913020842a9ecb83fd91476", kill_on_drop: false }`
[INFO] [stderr]    Compiling d7050e_2020 v0.1.0 (/opt/rustwide/workdir)
[INFO] [stdout] warning: variable `paramReferenceMutable` should have a snake case name
[INFO] [stdout]    --> src/interpreter.rs:282:17
[INFO] [stdout]     |
[INFO] [stdout] 282 |         let mut paramReferenceMutable: Vec<String> = Vec::new();
[INFO] [stdout]     |                 ^^^^^^^^^^^^^^^^^^^^^ help: convert the identifier to snake case: `param_reference_mutable`
[INFO] [stdout]     |
[INFO] [stdout]     = note: `#[warn(non_snake_case)]` on by default
[INFO] [stdout] 
[INFO] [stdout] 
[INFO] [stdout] warning: variable `paramReference` should have a snake case name
[INFO] [stdout]    --> src/interpreter.rs:283:17
[INFO] [stdout]     |
[INFO] [stdout] 283 |         let mut paramReference: Vec<String> = Vec::new();
[INFO] [stdout]     |                 ^^^^^^^^^^^^^^ help: convert the identifier to snake case: `param_reference`
[INFO] [stdout] 
[INFO] [stdout] 
[INFO] [stdout] warning: panic message contains an unused formatting placeholder
[INFO] [stdout]    --> src/interpreter.rs:321:45
[INFO] [stdout]     |
[INFO] [stdout] 321 |         panic!("[Func] Error function named {:?} not found.");
[INFO] [stdout]     |                                             ^^^^
[INFO] [stdout]     |
[INFO] [stdout]     = note: this message is not used as a format string when given without arguments, but will be in Rust 2021
[INFO] [stdout]     = note: `#[warn(non_fmt_panics)]` on by default
[INFO] [stdout] help: add the missing argument
[INFO] [stdout]     |
[INFO] [stdout] 321 |         panic!("[Func] Error function named {:?} not found.", ...);
[INFO] [stdout]     |                                                             +++++
[INFO] [stdout] help: or add a "{}" format string to use the message literally
[INFO] [stdout]     |
[INFO] [stdout] 321 |         panic!("{}", "[Func] Error function named {:?} not found.");
[INFO] [stdout]     |                +++++
[INFO] [stdout] 
[INFO] [stdout] 
[INFO] [stdout] warning: panic message contains an unused formatting placeholder
[INFO] [stdout]    --> src/typechecker.rs:379:45
[INFO] [stdout]     |
[INFO] [stdout] 379 |         panic!("[Func] Error function named {:?} not found.");
[INFO] [stdout]     |                                             ^^^^
[INFO] [stdout]     |
[INFO] [stdout]     = note: this message is not used as a format string when given without arguments, but will be in Rust 2021
[INFO] [stdout]     = note: `#[warn(non_fmt_panics)]` on by default
[INFO] [stdout] help: add the missing argument
[INFO] [stdout]     |
[INFO] [stdout] 379 |         panic!("[Func] Error function named {:?} not found.", ...);
[INFO] [stdout]     |                                                             +++++
[INFO] [stdout] help: or add a "{}" format string to use the message literally
[INFO] [stdout]     |
[INFO] [stdout] 379 |         panic!("{}", "[Func] Error function named {:?} not found.");
[INFO] [stdout]     |                +++++
[INFO] [stdout] 
[INFO] [stdout] 
[INFO] [stderr]     Finished `test` profile [unoptimized + debuginfo] target(s) in 5.10s
[INFO] [stderr] warning: the following packages contain code that will be rejected by a future version of Rust: lalrpop v0.19.0
[INFO] [stderr] note: to see what the problems were, use the option `--future-incompat-report`, or run `cargo report future-incompatibilities --id 1`
[INFO] running `Command { std: "docker" "inspect" "33c54dde18b308e72d1e4dad437ea53074a6bcf6f913020842a9ecb83fd91476", kill_on_drop: false }`
[INFO] running `Command { std: "docker" "rm" "-f" "33c54dde18b308e72d1e4dad437ea53074a6bcf6f913020842a9ecb83fd91476", kill_on_drop: false }`
[INFO] [stdout] 33c54dde18b308e72d1e4dad437ea53074a6bcf6f913020842a9ecb83fd91476
[INFO] running `Command { std: "docker" "create" "-v" "/var/lib/crater-agent-workspace/builds/worker-4-tc2/target:/opt/rustwide/target:rw,Z" "-v" "/var/lib/crater-agent-workspace/builds/worker-4-tc2/source:/opt/rustwide/workdir:ro,Z" "-v" "/var/lib/crater-agent-workspace/cargo-home:/opt/rustwide/cargo-home:ro,Z" "-v" "/var/lib/crater-agent-workspace/rustup-home:/opt/rustwide/rustup-home:ro,Z" "-e" "SOURCE_DIR=/opt/rustwide/workdir" "-e" "CARGO_TARGET_DIR=/opt/rustwide/target" "-e" "CARGO_INCREMENTAL=0" "-e" "RUST_BACKTRACE=full" "-e" "RUSTFLAGS=--cap-lints=warn" "-e" "RUSTDOCFLAGS=--cap-lints=warn" "-e" "CARGO_HOME=/opt/rustwide/cargo-home" "-e" "RUSTUP_HOME=/opt/rustwide/rustup-home" "-w" "/opt/rustwide/workdir" "-m" "1610612736" "--user" "0:0" "--network" "none" "ghcr.io/rust-lang/crates-build-env/linux@sha256:f3a9d4ad9d972b27faf3965f35b62e55ba32bbce8f20bc8fe909558a86702fde" "/opt/rustwide/cargo-home/bin/cargo" "+beta-2024-12-08" "test" "--frozen", kill_on_drop: false }`
[INFO] [stdout] 4aae3c0a2a2b69d93eb88ac15e7f54d49446afa49b5c5725d775c6f927ab030b
[INFO] running `Command { std: "docker" "start" "-a" "4aae3c0a2a2b69d93eb88ac15e7f54d49446afa49b5c5725d775c6f927ab030b", kill_on_drop: false }`
[INFO] [stderr] warning: panic message contains an unused formatting placeholder
[INFO] [stderr]    --> src/typechecker.rs:379:45
[INFO] [stderr]     |
[INFO] [stderr] 379 |         panic!("[Func] Error function named {:?} not found.");
[INFO] [stderr]     |                                             ^^^^
[INFO] [stderr]     |
[INFO] [stderr]     = note: this message is not used as a format string when given without arguments, but will be in Rust 2021
[INFO] [stderr]     = note: `#[warn(non_fmt_panics)]` on by default
[INFO] [stderr] help: add the missing argument
[INFO] [stderr]     |
[INFO] [stderr] 379 |         panic!("[Func] Error function named {:?} not found.", ...);
[INFO] [stderr]     |                                                             +++++
[INFO] [stderr] help: or add a "{}" format string to use the message literally
[INFO] [stderr]     |
[INFO] [stderr] 379 |         panic!("{}", "[Func] Error function named {:?} not found.");
[INFO] [stderr]     |                +++++
[INFO] [stderr] 
[INFO] [stderr] warning: `d7050e_2020` (bin "typechecker" test) generated 1 warning (run `cargo fix --bin "typechecker" --tests` to apply 1 suggestion)
[INFO] [stderr] warning: variable `paramReferenceMutable` should have a snake case name
[INFO] [stderr]    --> src/interpreter.rs:282:17
[INFO] [stderr]     |
[INFO] [stderr] 282 |         let mut paramReferenceMutable: Vec<String> = Vec::new();
[INFO] [stderr]     |                 ^^^^^^^^^^^^^^^^^^^^^ help: convert the identifier to snake case: `param_reference_mutable`
[INFO] [stderr]     |
[INFO] [stderr]     = note: `#[warn(non_snake_case)]` on by default
[INFO] [stderr] 
[INFO] [stderr] warning: variable `paramReference` should have a snake case name
[INFO] [stderr]    --> src/interpreter.rs:283:17
[INFO] [stderr]     |
[INFO] [stderr] 283 |         let mut paramReference: Vec<String> = Vec::new();
[INFO] [stderr]     |                 ^^^^^^^^^^^^^^ help: convert the identifier to snake case: `param_reference`
[INFO] [stderr] 
[INFO] [stderr] warning: panic message contains an unused formatting placeholder
[INFO] [stderr]    --> src/interpreter.rs:321:45
[INFO] [stderr]     |
[INFO] [stderr] 321 |         panic!("[Func] Error function named {:?} not found.");
[INFO] [stderr]     |                                             ^^^^
[INFO] [stderr]     |
[INFO] [stderr]     = note: this message is not used as a format string when given without arguments, but will be in Rust 2021
[INFO] [stderr]     = note: `#[warn(non_fmt_panics)]` on by default
[INFO] [stderr] help: add the missing argument
[INFO] [stderr]     |
[INFO] [stderr] 321 |         panic!("[Func] Error function named {:?} not found.", ...);
[INFO] [stderr]     |                                                             +++++
[INFO] [stderr] help: or add a "{}" format string to use the message literally
[INFO] [stderr]     |
[INFO] [stderr] 321 |         panic!("{}", "[Func] Error function named {:?} not found.");
[INFO] [stderr]     |                +++++
[INFO] [stderr] 
[INFO] [stderr] warning: `d7050e_2020` (bin "interpreter" test) generated 3 warnings (run `cargo fix --bin "interpreter" --tests` to apply 1 suggestion)
[INFO] [stderr]     Finished `test` profile [unoptimized + debuginfo] target(s) in 0.06s
[INFO] [stderr] warning: the following packages contain code that will be rejected by a future version of Rust: lalrpop v0.19.0
[INFO] [stderr] note: to see what the problems were, use the option `--future-incompat-report`, or run `cargo report future-incompatibilities --id 1`
[INFO] [stderr]      Running unittests src/interpreter.rs (/opt/rustwide/target/debug/deps/interpreter-1f7f7f47bf5c66ea)
[INFO] [stdout] 
[INFO] [stdout] running 4 tests
[INFO] [stdout] test borrow_test_refchanged ... ok
[INFO] [stdout] test borrow_test_mut ... ok
[INFO] [stderr] error: test failed, to rerun pass `--bin interpreter`
[INFO] [stdout] test borrow_test_scope ... FAILED
[INFO] [stdout] test borrow_test_func ... FAILED
[INFO] [stdout] 
[INFO] [stdout] failures:
[INFO] [stdout] 
[INFO] [stdout] ---- borrow_test_scope stdout ----
[INFO] [stdout] [Func] Evaluating function "main" with params []
[INFO] [stdout] [Func] Converted params into variables: {}
[INFO] [stdout] [Stmt] Stmt: Let(false, "borrowed", None, None)
[INFO] [stdout] [Stmt] Mem: Mem([{}, {}], {})
[INFO] [stdout] [Stmt] Let
[INFO] [stdout] [Mem] Inserted id "borrowed", in scope {} with the id 1
[INFO] [stdout] [Stmt] Stmt: Semi
[INFO] [stdout] [Stmt] Mem: Mem([{"borrowed": (false, Uninitialized, 1)}, {}], {})
[INFO] [stdout] [Stmt] Stmt: If(Term(Bool(true)), [Let(false, "if_scope", None, Some(Term(Num(1)))), Semi, Assign(Term(Id("borrowed")), Ref(Term(Id("if_scope")))), Semi], None)
[INFO] [stdout] [Stmt] Mem: Mem([{"borrowed": (false, Uninitialized, 1)}, {}], {})
[INFO] [stdout] [Stmt] If
[INFO] [stdout] [Expr] Evaluating expr: Term(Bool(true))
[INFO] [stdout] [Stmt] Stmt: Let(false, "if_scope", None, Some(Term(Num(1))))
[INFO] [stdout] [Stmt] Mem: Mem([{}, {"borrowed": (false, Uninitialized, 1)}, {}], {})
[INFO] [stdout] [Stmt] Let
[INFO] [stdout] [Mem] Inserted id "if_scope", in scope {} with the id 2
[INFO] [stdout] [Expr] Evaluating expr: Term(Num(1))
[INFO] [stdout] [add_ref] Adding "if_scope" => Owner("if_scope", 2) from super "if_scope"
[INFO] [stdout] [BorrowStack] Added reference {"if_scope": [("if_scope", Owner("if_scope", 2))]}
[INFO] [stdout] [Mem] Updating memory "if_scope" = Num(1) (false)
[INFO] [stdout] [Mem] Updating "if_scope" in "if_scope"
[INFO] [stdout] [Mem] Variable "if_scope" was found true
[INFO] [stdout] [BorrowStack] {"if_scope": [("if_scope", Owner("if_scope", 2))]}
[INFO] [stdout] [ScopeStack]  [{"if_scope": (false, Num(1), 2)}, {"borrowed": (false, Uninitialized, 1)}, {}]
[INFO] [stdout] [Stmt] Stmt: Semi
[INFO] [stdout] [Stmt] Mem: Mem([{"if_scope": (false, Num(1), 2)}, {"borrowed": (false, Uninitialized, 1)}, {}], {"if_scope": [("if_scope", Owner("if_scope", 2))]})
[INFO] [stdout] [Stmt] Stmt: Assign(Term(Id("borrowed")), Ref(Term(Id("if_scope"))))
[INFO] [stdout] [Stmt] Mem: Mem([{"if_scope": (false, Num(1), 2)}, {"borrowed": (false, Uninitialized, 1)}, {}], {"if_scope": [("if_scope", Owner("if_scope", 2))]})
[INFO] [stdout] [Stmt] Assign
[INFO] [stdout] [add_ref] Checking for dupes "if_scope" [("if_scope", Owner("if_scope", 2))]
[INFO] [stdout] [add_ref] Adding "borrowed" => Ref("if_scope", 2) from super "if_scope"
[INFO] [stdout] [BorrowStack] Added reference {"if_scope": [("borrowed", Ref("if_scope", 2)), ("if_scope", Owner("if_scope", 2))]}
[INFO] [stdout] [Expr] Evaluating expr: Ref(Term(Id("if_scope")))
[INFO] [stdout] [Mem] Updating memory "borrowed" = Ref("if_scope") (false)
[INFO] [stdout] [Mem] Updating "borrowed" in "if_scope"
[INFO] [stdout] [Mem] Variable "borrowed" was found true
[INFO] [stdout] [BorrowStack] {"if_scope": [("borrowed", Ref("if_scope", 2)), ("if_scope", Owner("if_scope", 2))]}
[INFO] [stdout] [ScopeStack]  [{"if_scope": (false, Num(1), 2)}, {"borrowed": (false, Ref("if_scope"), 1)}, {}]
[INFO] [stdout] [Stmt] Stmt: Semi
[INFO] [stdout] [Stmt] Mem: Mem([{"if_scope": (false, Num(1), 2)}, {"borrowed": (false, Ref("if_scope"), 1)}, {}], {"if_scope": [("borrowed", Ref("if_scope", 2)), ("if_scope", Owner("if_scope", 2))]})
[INFO] [stdout] [Stmt] Stmt: Let(false, "another_scope", None, Some(DeRef(Term(Id("borrowed")))))
[INFO] [stdout] [Stmt] Mem: Mem([{"borrowed": (false, Ref("if_scope"), 1)}, {}], {"if_scope": [("borrowed", Ref("if_scope", 2)), ("if_scope", Owner("if_scope", 2))]})
[INFO] [stdout] [Stmt] Let
[INFO] [stdout] [Mem] Inserted id "another_scope", in scope {"borrowed": (false, Ref("if_scope"), 1)} with the id 1
[INFO] [stdout] [Expr] Evaluating expr: DeRef(Term(Id("borrowed")))
[INFO] [stdout] [Expr] Evaluating expr: Term(Id("borrowed"))
[INFO] [stdout] [Expr] Dereferencing Ref("if_scope")
[INFO] [stdout] [Expr] Evaluating expr: Term(Id("if_scope"))
[INFO] [stdout] thread 'borrow_test_scope' panicked at src/interpreter.rs:63:25:
[INFO] [stdout] [Expr] Identifier not found "if_scope"
[INFO] [stdout] stack backtrace:
[INFO] [stdout]    0:     0x56679e0348da - std::backtrace_rs::backtrace::libunwind::trace::h8810477743020387
[INFO] [stdout]                                at /rustc/202008a1b8de96d2e5b6bc02d379db03a877d34d/library/std/src/../../backtrace/src/backtrace/libunwind.rs:116:5
[INFO] [stdout]    1:     0x56679e0348da - std::backtrace_rs::backtrace::trace_unsynchronized::h3aa55355dd6c54a6
[INFO] [stdout]                                at /rustc/202008a1b8de96d2e5b6bc02d379db03a877d34d/library/std/src/../../backtrace/src/backtrace/mod.rs:66:5
[INFO] [stdout]    2:     0x56679e0348da - std::sys::backtrace::_print_fmt::h8588b0f62410823f
[INFO] [stdout]                                at /rustc/202008a1b8de96d2e5b6bc02d379db03a877d34d/library/std/src/sys/backtrace.rs:66:9
[INFO] [stdout]    3:     0x56679e0348da - <std::sys::backtrace::BacktraceLock::print::DisplayBacktrace as core::fmt::Display>::fmt::h98c26ac25ffe89bb
[INFO] [stdout]                                at /rustc/202008a1b8de96d2e5b6bc02d379db03a877d34d/library/std/src/sys/backtrace.rs:39:26
[INFO] [stdout]    4:     0x56679e05a763 - core::fmt::rt::Argument::fmt::hf95377f4aebd453b
[INFO] [stdout]                                at /rustc/202008a1b8de96d2e5b6bc02d379db03a877d34d/library/core/src/fmt/rt.rs:177:76
[INFO] [stdout]    5:     0x56679e05a763 - core::fmt::write::h0dd5f6e2238c7982
[INFO] [stdout]                                at /rustc/202008a1b8de96d2e5b6bc02d379db03a877d34d/library/core/src/fmt/mod.rs:1189:21
[INFO] [stdout]    6:     0x56679e031a73 - std::io::Write::write_fmt::h03bb0ca26e6faf8c
[INFO] [stdout]                                at /rustc/202008a1b8de96d2e5b6bc02d379db03a877d34d/library/std/src/io/mod.rs:1884:15
[INFO] [stdout]    7:     0x56679e034722 - std::sys::backtrace::BacktraceLock::print::h5c19c1c038ee186d
[INFO] [stdout]                                at /rustc/202008a1b8de96d2e5b6bc02d379db03a877d34d/library/std/src/sys/backtrace.rs:42:9
[INFO] [stdout]    8:     0x56679e035d5d - std::panicking::default_hook::{{closure}}::h77172f079a1fcb13
[INFO] [stdout]                                at /rustc/202008a1b8de96d2e5b6bc02d379db03a877d34d/library/std/src/panicking.rs:268:22
[INFO] [stdout]    9:     0x56679e035b67 - std::panicking::default_hook::he5f8e3b203ccddba
[INFO] [stdout]                                at /rustc/202008a1b8de96d2e5b6bc02d379db03a877d34d/library/std/src/panicking.rs:292:9
[INFO] [stdout]   10:     0x56679dec4577 - <alloc::boxed::Box<F,A> as core::ops::function::Fn<Args>>::call::h7a3c7b4a1ae77f2f
[INFO] [stdout]                                at /rustc/202008a1b8de96d2e5b6bc02d379db03a877d34d/library/alloc/src/boxed.rs:1986:9
[INFO] [stdout]   11:     0x56679dec4577 - test::test_main::{{closure}}::hf0d3b69ae9b353d1
[INFO] [stdout]                                at /rustc/202008a1b8de96d2e5b6bc02d379db03a877d34d/library/test/src/lib.rs:134:21
[INFO] [stdout]   12:     0x56679e036408 - <alloc::boxed::Box<F,A> as core::ops::function::Fn<Args>>::call::h6332e82e7b189abd
[INFO] [stdout]                                at /rustc/202008a1b8de96d2e5b6bc02d379db03a877d34d/library/alloc/src/boxed.rs:1986:9
[INFO] [stdout]   13:     0x56679e036408 - std::panicking::rust_panic_with_hook::h53863d4e9018df39
[INFO] [stdout]                                at /rustc/202008a1b8de96d2e5b6bc02d379db03a877d34d/library/std/src/panicking.rs:809:13
[INFO] [stdout]   14:     0x56679e0361ca - std::panicking::begin_panic_handler::{{closure}}::h67280e6fa0757873
[INFO] [stdout]                                at /rustc/202008a1b8de96d2e5b6bc02d379db03a877d34d/library/std/src/panicking.rs:674:13
[INFO] [stdout]   15:     0x56679e034db9 - std::sys::backtrace::__rust_end_short_backtrace::h1dac3f54d6fbbeb2
[INFO] [stdout]                                at /rustc/202008a1b8de96d2e5b6bc02d379db03a877d34d/library/std/src/sys/backtrace.rs:170:18
[INFO] [stdout]   16:     0x56679e035e5c - rust_begin_unwind
[INFO] [stdout]                                at /rustc/202008a1b8de96d2e5b6bc02d379db03a877d34d/library/std/src/panicking.rs:665:5
[INFO] [stdout]   17:     0x56679de3b120 - core::panicking::panic_fmt::h6792bd1b2bf01041
[INFO] [stdout]                                at /rustc/202008a1b8de96d2e5b6bc02d379db03a877d34d/library/core/src/panicking.rs:76:14
[INFO] [stdout]   18:     0x56679de48277 - interpreter::eval_expr::h970b4cae1fb123fd
[INFO] [stdout]                                at /opt/rustwide/workdir/src/interpreter.rs:63:25
[INFO] [stdout]   19:     0x56679de4882b - interpreter::eval_expr::h970b4cae1fb123fd
[INFO] [stdout]                                at /opt/rustwide/workdir/src/interpreter.rs:101:33
[INFO] [stdout]   20:     0x56679de4919f - interpreter::eval_stmts::h62469cf317bf844b
[INFO] [stdout]                                at /opt/rustwide/workdir/src/interpreter.rs:177:35
[INFO] [stdout]   21:     0x56679de4af0b - interpreter::eval_fn::he4076770059ae878
[INFO] [stdout]                                at /opt/rustwide/workdir/src/interpreter.rs:315:23
[INFO] [stdout]   22:     0x56679de4b974 - interpreter::borrow_test_scope::hd603303401c0e141
[INFO] [stdout]                                at /opt/rustwide/workdir/src/interpreter.rs:366:22
[INFO] [stdout]   23:     0x56679de4b707 - interpreter::borrow_test_scope::{{closure}}::h0a57862e9634e8f6
[INFO] [stdout]                                at /opt/rustwide/workdir/src/interpreter.rs:352:23
[INFO] [stdout]   24:     0x56679de7e316 - core::ops::function::FnOnce::call_once::hde31f32d75419f01
[INFO] [stdout]                                at /rustc/202008a1b8de96d2e5b6bc02d379db03a877d34d/library/core/src/ops/function.rs:250:5
[INFO] [stdout]   25:     0x56679dec909b - core::ops::function::FnOnce::call_once::h871bf86719ec9aa4
[INFO] [stdout]                                at /rustc/202008a1b8de96d2e5b6bc02d379db03a877d34d/library/core/src/ops/function.rs:250:5
[INFO] [stdout]   26:     0x56679dec909b - test::__rust_begin_short_backtrace::h2167df1e2b7d76fd
[INFO] [stdout]                                at /rustc/202008a1b8de96d2e5b6bc02d379db03a877d34d/library/test/src/lib.rs:632:18
[INFO] [stdout]   27:     0x56679dec8a88 - test::run_test_in_process::{{closure}}::h15d92f75a3adfb79
[INFO] [stdout]                                at /rustc/202008a1b8de96d2e5b6bc02d379db03a877d34d/library/test/src/lib.rs:655:60
[INFO] [stdout]   28:     0x56679dec8a88 - <core::panic::unwind_safe::AssertUnwindSafe<F> as core::ops::function::FnOnce<()>>::call_once::hb6c8955835a8dbbb
[INFO] [stdout]                                at /rustc/202008a1b8de96d2e5b6bc02d379db03a877d34d/library/core/src/panic/unwind_safe.rs:272:9
[INFO] [stdout]   29:     0x56679dec8a88 - std::panicking::try::do_call::hc79d0fc888a0bd30
[INFO] [stdout]                                at /rustc/202008a1b8de96d2e5b6bc02d379db03a877d34d/library/std/src/panicking.rs:557:40
[INFO] [stdout]   30:     0x56679dec8a88 - std::panicking::try::hb8a7878e3a8589d6
[INFO] [stdout]                                at /rustc/202008a1b8de96d2e5b6bc02d379db03a877d34d/library/std/src/panicking.rs:520:19
[INFO] [stdout]   31:     0x56679dec8a88 - std::panic::catch_unwind::hb8e4600ff0ff5cfa
[INFO] [stdout]                                at /rustc/202008a1b8de96d2e5b6bc02d379db03a877d34d/library/std/src/panic.rs:358:14
[INFO] [stdout]   32:     0x56679dec8a88 - test::run_test_in_process::hc2900b0b18688dd6
[INFO] [stdout]                                at /rustc/202008a1b8de96d2e5b6bc02d379db03a877d34d/library/test/src/lib.rs:655:27
[INFO] [stdout]   33:     0x56679dec8a88 - test::run_test::{{closure}}::hac2a9cb07be3d48d
[INFO] [stdout]                                at /rustc/202008a1b8de96d2e5b6bc02d379db03a877d34d/library/test/src/lib.rs:576:43
[INFO] [stdout]   34:     0x56679de8c52a - test::run_test::{{closure}}::h4a5b729e66a38cd8
[INFO] [stdout]                                at /rustc/202008a1b8de96d2e5b6bc02d379db03a877d34d/library/test/src/lib.rs:606:41
[INFO] [stdout]   35:     0x56679de8c52a - std::sys::backtrace::__rust_begin_short_backtrace::h0496fb742492f573
[INFO] [stdout]                                at /rustc/202008a1b8de96d2e5b6bc02d379db03a877d34d/library/std/src/sys/backtrace.rs:154:18
[INFO] [stdout]   36:     0x56679de8fea4 - std::thread::Builder::spawn_unchecked_::{{closure}}::{{closure}}::hbb6d257c550a54bd
[INFO] [stdout]                                at /rustc/202008a1b8de96d2e5b6bc02d379db03a877d34d/library/std/src/thread/mod.rs:561:17
[INFO] [stdout]   37:     0x56679de8fea4 - <core::panic::unwind_safe::AssertUnwindSafe<F> as core::ops::function::FnOnce<()>>::call_once::h46696fe4a6832328
[INFO] [stdout]                                at /rustc/202008a1b8de96d2e5b6bc02d379db03a877d34d/library/core/src/panic/unwind_safe.rs:272:9
[INFO] [stdout]   38:     0x56679de8fea4 - std::panicking::try::do_call::h2625a51b667bfb64
[INFO] [stdout]                                at /rustc/202008a1b8de96d2e5b6bc02d379db03a877d34d/library/std/src/panicking.rs:557:40
[INFO] [stdout]   39:     0x56679de8fea4 - std::panicking::try::hb956a59a1973aa4c
[INFO] [stdout]                                at /rustc/202008a1b8de96d2e5b6bc02d379db03a877d34d/library/std/src/panicking.rs:520:19
[INFO] [stdout]   40:     0x56679de8fea4 - std::panic::catch_unwind::h64f3b9d1067ef6a0
[INFO] [stdout]                                at /rustc/202008a1b8de96d2e5b6bc02d379db03a877d34d/library/std/src/panic.rs:358:14
[INFO] [stdout]   41:     0x56679de8fea4 - std::thread::Builder::spawn_unchecked_::{{closure}}::h42b2841295b6c0b2
[INFO] [stdout]                                at /rustc/202008a1b8de96d2e5b6bc02d379db03a877d34d/library/std/src/thread/mod.rs:559:30
[INFO] [stdout]   42:     0x56679de8fea4 - core::ops::function::FnOnce::call_once{{vtable.shim}}::h6127de71b8124639
[INFO] [stdout]                                at /rustc/202008a1b8de96d2e5b6bc02d379db03a877d34d/library/core/src/ops/function.rs:250:5
[INFO] [stdout]   43:     0x56679e03a34b - <alloc::boxed::Box<F,A> as core::ops::function::FnOnce<Args>>::call_once::h42f0ba71002a1b2c
[INFO] [stdout]                                at /rustc/202008a1b8de96d2e5b6bc02d379db03a877d34d/library/alloc/src/boxed.rs:1972:9
[INFO] [stdout]   44:     0x56679e03a34b - <alloc::boxed::Box<F,A> as core::ops::function::FnOnce<Args>>::call_once::had9e47d7a3dcecb8
[INFO] [stdout]                                at /rustc/202008a1b8de96d2e5b6bc02d379db03a877d34d/library/alloc/src/boxed.rs:1972:9
[INFO] [stdout]   45:     0x56679e03a34b - std::sys::pal::unix::thread::Thread::new::thread_start::h48cf765408f6f5f2
[INFO] [stdout]                                at /rustc/202008a1b8de96d2e5b6bc02d379db03a877d34d/library/std/src/sys/pal/unix/thread.rs:105:17
[INFO] [stdout]   46:     0x782038a3dac3 - <unknown>
[INFO] [stdout]   47:     0x782038acea04 - clone
[INFO] [stdout]   48:                0x0 - <unknown>
[INFO] [stdout] 
[INFO] [stdout] ---- borrow_test_func stdout ----
[INFO] [stdout] [Func] Evaluating function "main" with params []
[INFO] [stdout] [Func] Converted params into variables: {}
[INFO] [stdout] [Stmt] Stmt: Let(true, "a", None, Some(Term(Num(0))))
[INFO] [stdout] [Stmt] Mem: Mem([{}, {}], {})
[INFO] [stdout] [Stmt] Let
[INFO] [stdout] [Mem] Inserted id "a", in scope {} with the id 1
[INFO] [stdout] [Expr] Evaluating expr: Term(Num(0))
[INFO] [stdout] [add_ref] Adding "a" => Owner("a", 1) from super "a"
[INFO] [stdout] [BorrowStack] Added reference {"a": [("a", Owner("a", 1))]}
[INFO] [stdout] [Mem] Updating memory "a" = Num(0) (false)
[INFO] [stdout] [Mem] Updating "a" in "a"
[INFO] [stdout] [Mem] Variable "a" was found true
[INFO] [stdout] [BorrowStack] {"a": [("a", Owner("a", 1))]}
[INFO] [stdout] [ScopeStack]  [{"a": (true, Num(0), 1)}, {}]
[INFO] [stdout] [Stmt] Stmt: Semi
[INFO] [stdout] [Stmt] Mem: Mem([{"a": (true, Num(0), 1)}, {}], {"a": [("a", Owner("a", 1))]})
[INFO] [stdout] [Stmt] Stmt: Let(false, "b", None, Some(RefMut(Term(Id("a")))))
[INFO] [stdout] [Stmt] Mem: Mem([{"a": (true, Num(0), 1)}, {}], {"a": [("a", Owner("a", 1))]})
[INFO] [stdout] [Stmt] Let
[INFO] [stdout] [Mem] Inserted id "b", in scope {"a": (true, Num(0), 1)} with the id 1
[INFO] [stdout] [Expr] Evaluating expr: RefMut(Term(Id("a")))
[INFO] [stdout] [add_ref] Checking for dupes "a" [("a", Owner("a", 1))]
[INFO] [stdout] [add_ref] Adding "b" => RefMut("a", 1) from super "a"
[INFO] [stdout] [BorrowStack] Added reference {"a": [("b", RefMut("a", 1)), ("a", Owner("a", 1))]}
[INFO] [stdout] [Mem] Updating memory "b" = RefMut("a") (false)
[INFO] [stdout] [Mem] Updating "b" in "a"
[INFO] [stdout] [Mem] Variable "b" was found true
[INFO] [stdout] [BorrowStack] {"a": [("b", RefMut("a", 1)), ("a", Owner("a", 1))]}
[INFO] [stdout] [ScopeStack]  [{"a": (true, Num(0), 1), "b": (false, RefMut("a"), 1)}, {}]
[INFO] [stdout] [Stmt] Stmt: Semi
[INFO] [stdout] [Stmt] Mem: Mem([{"a": (true, Num(0), 1), "b": (false, RefMut("a"), 1)}, {}], {"a": [("b", RefMut("a", 1)), ("a", Owner("a", 1))]})
[INFO] [stdout] [Stmt] Stmt: Let(false, "c", None, Some(Ref(Term(Id("a")))))
[INFO] [stdout] [Stmt] Mem: Mem([{"a": (true, Num(0), 1), "b": (false, RefMut("a"), 1)}, {}], {"a": [("b", RefMut("a", 1)), ("a", Owner("a", 1))]})
[INFO] [stdout] [Stmt] Let
[INFO] [stdout] [Mem] Inserted id "c", in scope {"a": (true, Num(0), 1), "b": (false, RefMut("a"), 1)} with the id 1
[INFO] [stdout] [Expr] Evaluating expr: Ref(Term(Id("a")))
[INFO] [stdout] [add_ref] Checking for dupes "a" [("b", RefMut("a", 1)), ("a", Owner("a", 1))]
[INFO] [stdout] [add_ref] Adding "c" => Ref("a", 1) from super "a"
[INFO] [stdout] [BorrowStack] Added reference {"a": [("c", Ref("a", 1)), ("b", RefMut("a", 1)), ("a", Owner("a", 1))]}
[INFO] [stdout] [Mem] Updating memory "c" = Ref("a") (false)
[INFO] [stdout] [Mem] Updating "c" in "a"
[INFO] [stdout] [Mem] Variable "c" was found true
[INFO] [stdout] [BorrowStack] {"a": [("c", Ref("a", 1)), ("b", RefMut("a", 1)), ("a", Owner("a", 1))]}
[INFO] [stdout] [ScopeStack]  [{"c": (false, Ref("a"), 1), "a": (true, Num(0), 1), "b": (false, RefMut("a"), 1)}, {}]
[INFO] [stdout] [Stmt] Stmt: Semi
[INFO] [stdout] [Stmt] Mem: Mem([{"c": (false, Ref("a"), 1), "a": (true, Num(0), 1), "b": (false, RefMut("a"), 1)}, {}], {"a": [("c", Ref("a", 1)), ("b", RefMut("a", 1)), ("a", Owner("a", 1))]})
[INFO] [stdout] [Stmt] Stmt: Let(false, "x", None, Some(Call("f", Exprs([Term(Id("b")), Term(Id("c"))]))))
[INFO] [stdout] [Stmt] Mem: Mem([{"c": (false, Ref("a"), 1), "a": (true, Num(0), 1), "b": (false, RefMut("a"), 1)}, {}], {"a": [("c", Ref("a", 1)), ("b", RefMut("a", 1)), ("a", Owner("a", 1))]})
[INFO] [stdout] [Stmt] Let
[INFO] [stdout] [Mem] Inserted id "x", in scope {"c": (false, Ref("a"), 1), "a": (true, Num(0), 1), "b": (false, RefMut("a"), 1)} with the id 1
[INFO] [stdout] [Expr] Evaluating expr: Call("f", Exprs([Term(Id("b")), Term(Id("c"))]))
[INFO] [stdout] [Expr] Calling function named "f" with arguments Exprs([Term(Id("b")), Term(Id("c"))])
[INFO] [stdout] Term(Id("b"))
[INFO] [stdout] Term(Id("c"))
[INFO] [stdout] [Expr] Evaluating expr: Term(Id("b"))
[INFO] [stdout] [Expr] Evaluating expr: Term(Id("c"))
[INFO] [stdout] [Func] Evaluating function "f" with params [RefMut("a"), Ref("a")]
[INFO] [stdout] thread 'borrow_test_func' panicked at src/interpreter.rs:299:25:
[INFO] [stdout] [BorrowCheck] Error cannot borrow "a" as immutable because its also borrowed as mutable
[INFO] [stdout] stack backtrace:
[INFO] [stdout]    0:     0x56679e0348da - std::backtrace_rs::backtrace::libunwind::trace::h8810477743020387
[INFO] [stdout]                                at /rustc/202008a1b8de96d2e5b6bc02d379db03a877d34d/library/std/src/../../backtrace/src/backtrace/libunwind.rs:116:5
[INFO] [stdout]    1:     0x56679e0348da - std::backtrace_rs::backtrace::trace_unsynchronized::h3aa55355dd6c54a6
[INFO] [stdout]                                at /rustc/202008a1b8de96d2e5b6bc02d379db03a877d34d/library/std/src/../../backtrace/src/backtrace/mod.rs:66:5
[INFO] [stdout]    2:     0x56679e0348da - std::sys::backtrace::_print_fmt::h8588b0f62410823f
[INFO] [stdout]                                at /rustc/202008a1b8de96d2e5b6bc02d379db03a877d34d/library/std/src/sys/backtrace.rs:66:9
[INFO] [stdout]    3:     0x56679e0348da - <std::sys::backtrace::BacktraceLock::print::DisplayBacktrace as core::fmt::Display>::fmt::h98c26ac25ffe89bb
[INFO] [stdout]                                at /rustc/202008a1b8de96d2e5b6bc02d379db03a877d34d/library/std/src/sys/backtrace.rs:39:26
[INFO] [stdout]    4:     0x56679e05a763 - core::fmt::rt::Argument::fmt::hf95377f4aebd453b
[INFO] [stdout]                                at /rustc/202008a1b8de96d2e5b6bc02d379db03a877d34d/library/core/src/fmt/rt.rs:177:76
[INFO] [stdout]    5:     0x56679e05a763 - core::fmt::write::h0dd5f6e2238c7982
[INFO] [stdout]                                at /rustc/202008a1b8de96d2e5b6bc02d379db03a877d34d/library/core/src/fmt/mod.rs:1189:21
[INFO] [stdout]    6:     0x56679e031a73 - std::io::Write::write_fmt::h03bb0ca26e6faf8c
[INFO] [stdout]                                at /rustc/202008a1b8de96d2e5b6bc02d379db03a877d34d/library/std/src/io/mod.rs:1884:15
[INFO] [stdout]    7:     0x56679e034722 - std::sys::backtrace::BacktraceLock::print::h5c19c1c038ee186d
[INFO] [stdout]                                at /rustc/202008a1b8de96d2e5b6bc02d379db03a877d34d/library/std/src/sys/backtrace.rs:42:9
[INFO] [stdout]    8:     0x56679e035d5d - std::panicking::default_hook::{{closure}}::h77172f079a1fcb13
[INFO] [stdout]                                at /rustc/202008a1b8de96d2e5b6bc02d379db03a877d34d/library/std/src/panicking.rs:268:22
[INFO] [stdout]    9:     0x56679e035b67 - std::panicking::default_hook::he5f8e3b203ccddba
[INFO] [stdout]                                at /rustc/202008a1b8de96d2e5b6bc02d379db03a877d34d/library/std/src/panicking.rs:292:9
[INFO] [stdout]   10:     0x56679dec4577 - <alloc::boxed::Box<F,A> as core::ops::function::Fn<Args>>::call::h7a3c7b4a1ae77f2f
[INFO] [stdout]                                at /rustc/202008a1b8de96d2e5b6bc02d379db03a877d34d/library/alloc/src/boxed.rs:1986:9
[INFO] [stdout]   11:     0x56679dec4577 - test::test_main::{{closure}}::hf0d3b69ae9b353d1
[INFO] [stdout]                                at /rustc/202008a1b8de96d2e5b6bc02d379db03a877d34d/library/test/src/lib.rs:134:21
[INFO] [stdout]   12:     0x56679e036408 - <alloc::boxed::Box<F,A> as core::ops::function::Fn<Args>>::call::h6332e82e7b189abd
[INFO] [stdout]                                at /rustc/202008a1b8de96d2e5b6bc02d379db03a877d34d/library/alloc/src/boxed.rs:1986:9
[INFO] [stdout]   13:     0x56679e036408 - std::panicking::rust_panic_with_hook::h53863d4e9018df39
[INFO] [stdout]                                at /rustc/202008a1b8de96d2e5b6bc02d379db03a877d34d/library/std/src/panicking.rs:809:13
[INFO] [stdout]   14:     0x56679e0361ca - std::panicking::begin_panic_handler::{{closure}}::h67280e6fa0757873
[INFO] [stdout]                                at /rustc/202008a1b8de96d2e5b6bc02d379db03a877d34d/library/std/src/panicking.rs:674:13
[INFO] [stdout]   15:     0x56679e034db9 - std::sys::backtrace::__rust_end_short_backtrace::h1dac3f54d6fbbeb2
[INFO] [stdout]                                at /rustc/202008a1b8de96d2e5b6bc02d379db03a877d34d/library/std/src/sys/backtrace.rs:170:18
[INFO] [stdout]   16:     0x56679e035e5c - rust_begin_unwind
[INFO] [stdout]                                at /rustc/202008a1b8de96d2e5b6bc02d379db03a877d34d/library/std/src/panicking.rs:665:5
[INFO] [stdout]   17:     0x56679de3b120 - core::panicking::panic_fmt::h6792bd1b2bf01041
[INFO] [stdout]                                at /rustc/202008a1b8de96d2e5b6bc02d379db03a877d34d/library/core/src/panicking.rs:76:14
[INFO] [stdout]   18:     0x56679de4b521 - interpreter::eval_fn::he4076770059ae878
[INFO] [stdout]                                at /opt/rustwide/workdir/src/interpreter.rs:299:25
[INFO] [stdout]   19:     0x56679de47c19 - interpreter::eval_expr::h970b4cae1fb123fd
[INFO] [stdout]                                at /opt/rustwide/workdir/src/interpreter.rs:142:13
[INFO] [stdout]   20:     0x56679de4919f - interpreter::eval_stmts::h62469cf317bf844b
[INFO] [stdout]                                at /opt/rustwide/workdir/src/interpreter.rs:177:35
[INFO] [stdout]   21:     0x56679de4af0b - interpreter::eval_fn::he4076770059ae878
[INFO] [stdout]                                at /opt/rustwide/workdir/src/interpreter.rs:315:23
[INFO] [stdout]   22:     0x56679de4c544 - interpreter::borrow_test_func::ha8c3b6490eef3d68
[INFO] [stdout]                                at /opt/rustwide/workdir/src/interpreter.rs:416:22
[INFO] [stdout]   23:     0x56679de4c2d7 - interpreter::borrow_test_func::{{closure}}::he941862f598e919b
[INFO] [stdout]                                at /opt/rustwide/workdir/src/interpreter.rs:401:22
[INFO] [stdout]   24:     0x56679de7e1a6 - core::ops::function::FnOnce::call_once::h844defb246960cfc
[INFO] [stdout]                                at /rustc/202008a1b8de96d2e5b6bc02d379db03a877d34d/library/core/src/ops/function.rs:250:5
[INFO] [stdout]   25:     0x56679dec909b - core::ops::function::FnOnce::call_once::h871bf86719ec9aa4
[INFO] [stdout]                                at /rustc/202008a1b8de96d2e5b6bc02d379db03a877d34d/library/core/src/ops/function.rs:250:5
[INFO] [stdout]   26:     0x56679dec909b - test::__rust_begin_short_backtrace::h2167df1e2b7d76fd
[INFO] [stdout]                                at /rustc/202008a1b8de96d2e5b6bc02d379db03a877d34d/library/test/src/lib.rs:632:18
[INFO] [stdout]   27:     0x56679dec8a88 - test::run_test_in_process::{{closure}}::h15d92f75a3adfb79
[INFO] [stdout]                                at /rustc/202008a1b8de96d2e5b6bc02d379db03a877d34d/library/test/src/lib.rs:655:60
[INFO] [stdout]   28:     0x56679dec8a88 - <core::panic::unwind_safe::AssertUnwindSafe<F> as core::ops::function::FnOnce<()>>::call_once::hb6c8955835a8dbbb
[INFO] [stdout]                                at /rustc/202008a1b8de96d2e5b6bc02d379db03a877d34d/library/core/src/panic/unwind_safe.rs:272:9
[INFO] [stdout]   29:     0x56679dec8a88 - std::panicking::try::do_call::hc79d0fc888a0bd30
[INFO] [stdout]                                at /rustc/202008a1b8de96d2e5b6bc02d379db03a877d34d/library/std/src/panicking.rs:557:40
[INFO] [stdout]   30:     0x56679dec8a88 - std::panicking::try::hb8a7878e3a8589d6
[INFO] [stdout]                                at /rustc/202008a1b8de96d2e5b6bc02d379db03a877d34d/library/std/src/panicking.rs:520:19
[INFO] [stdout]   31:     0x56679dec8a88 - std::panic::catch_unwind::hb8e4600ff0ff5cfa
[INFO] [stdout]                                at /rustc/202008a1b8de96d2e5b6bc02d379db03a877d34d/library/std/src/panic.rs:358:14
[INFO] [stdout]   32:     0x56679dec8a88 - test::run_test_in_process::hc2900b0b18688dd6
[INFO] [stdout]                                at /rustc/202008a1b8de96d2e5b6bc02d379db03a877d34d/library/test/src/lib.rs:655:27
[INFO] [stdout]   33:     0x56679dec8a88 - test::run_test::{{closure}}::hac2a9cb07be3d48d
[INFO] [stdout]                                at /rustc/202008a1b8de96d2e5b6bc02d379db03a877d34d/library/test/src/lib.rs:576:43
[INFO] [stdout]   34:     0x56679de8c52a - test::run_test::{{closure}}::h4a5b729e66a38cd8
[INFO] [stdout]                                at /rustc/202008a1b8de96d2e5b6bc02d379db03a877d34d/library/test/src/lib.rs:606:41
[INFO] [stdout]   35:     0x56679de8c52a - std::sys::backtrace::__rust_begin_short_backtrace::h0496fb742492f573
[INFO] [stdout]                                at /rustc/202008a1b8de96d2e5b6bc02d379db03a877d34d/library/std/src/sys/backtrace.rs:154:18
[INFO] [stdout]   36:     0x56679de8fea4 - std::thread::Builder::spawn_unchecked_::{{closure}}::{{closure}}::hbb6d257c550a54bd
[INFO] [stdout]                                at /rustc/202008a1b8de96d2e5b6bc02d379db03a877d34d/library/std/src/thread/mod.rs:561:17
[INFO] [stdout]   37:     0x56679de8fea4 - <core::panic::unwind_safe::AssertUnwindSafe<F> as core::ops::function::FnOnce<()>>::call_once::h46696fe4a6832328
[INFO] [stdout]                                at /rustc/202008a1b8de96d2e5b6bc02d379db03a877d34d/library/core/src/panic/unwind_safe.rs:272:9
[INFO] [stdout]   38:     0x56679de8fea4 - std::panicking::try::do_call::h2625a51b667bfb64
[INFO] [stdout]                                at /rustc/202008a1b8de96d2e5b6bc02d379db03a877d34d/library/std/src/panicking.rs:557:40
[INFO] [stdout]   39:     0x56679de8fea4 - std::panicking::try::hb956a59a1973aa4c
[INFO] [stdout]                                at /rustc/202008a1b8de96d2e5b6bc02d379db03a877d34d/library/std/src/panicking.rs:520:19
[INFO] [stdout]   40:     0x56679de8fea4 - std::panic::catch_unwind::h64f3b9d1067ef6a0
[INFO] [stdout]                                at /rustc/202008a1b8de96d2e5b6bc02d379db03a877d34d/library/std/src/panic.rs:358:14
[INFO] [stdout]   41:     0x56679de8fea4 - std::thread::Builder::spawn_unchecked_::{{closure}}::h42b2841295b6c0b2
[INFO] [stdout]                                at /rustc/202008a1b8de96d2e5b6bc02d379db03a877d34d/library/std/src/thread/mod.rs:559:30
[INFO] [stdout]   42:     0x56679de8fea4 - core::ops::function::FnOnce::call_once{{vtable.shim}}::h6127de71b8124639
[INFO] [stdout]                                at /rustc/202008a1b8de96d2e5b6bc02d379db03a877d34d/library/core/src/ops/function.rs:250:5
[INFO] [stdout]   43:     0x56679e03a34b - <alloc::boxed::Box<F,A> as core::ops::function::FnOnce<Args>>::call_once::h42f0ba71002a1b2c
[INFO] [stdout]                                at /rustc/202008a1b8de96d2e5b6bc02d379db03a877d34d/library/alloc/src/boxed.rs:1972:9
[INFO] [stdout]   44:     0x56679e03a34b - <alloc::boxed::Box<F,A> as core::ops::function::FnOnce<Args>>::call_once::had9e47d7a3dcecb8
[INFO] [stdout]                                at /rustc/202008a1b8de96d2e5b6bc02d379db03a877d34d/library/alloc/src/boxed.rs:1972:9
[INFO] [stdout]   45:     0x56679e03a34b - std::sys::pal::unix::thread::Thread::new::thread_start::h48cf765408f6f5f2
[INFO] [stdout]                                at /rustc/202008a1b8de96d2e5b6bc02d379db03a877d34d/library/std/src/sys/pal/unix/thread.rs:105:17
[INFO] [stdout]   46:     0x782038a3dac3 - <unknown>
[INFO] [stdout]   47:     0x782038acea04 - clone
[INFO] [stdout]   48:                0x0 - <unknown>
[INFO] [stdout] 
[INFO] [stdout] 
[INFO] [stdout] failures:
[INFO] [stdout]     borrow_test_func
[INFO] [stdout]     borrow_test_scope
[INFO] [stdout] 
[INFO] [stdout] test result: FAILED. 2 passed; 2 failed; 0 ignored; 0 measured; 0 filtered out; finished in 0.08s
[INFO] [stdout] 
[INFO] running `Command { std: "docker" "inspect" "4aae3c0a2a2b69d93eb88ac15e7f54d49446afa49b5c5725d775c6f927ab030b", kill_on_drop: false }`
[INFO] running `Command { std: "docker" "rm" "-f" "4aae3c0a2a2b69d93eb88ac15e7f54d49446afa49b5c5725d775c6f927ab030b", kill_on_drop: false }`
[INFO] [stdout] 4aae3c0a2a2b69d93eb88ac15e7f54d49446afa49b5c5725d775c6f927ab030b
