[INFO] cloning repository https://github.com/CrumbsTrace/aoc_rust
[INFO] running `Command { std: "git" "-c" "credential.helper=" "-c" "credential.helper=/workspace/cargo-home/bin/git-credential-null" "clone" "--bare" "https://github.com/CrumbsTrace/aoc_rust" "/workspace/cache/git-repos/https%3A%2F%2Fgithub.com%2FCrumbsTrace%2Faoc_rust", kill_on_drop: false }`
[INFO] [stderr] Cloning into bare repository '/workspace/cache/git-repos/https%3A%2F%2Fgithub.com%2FCrumbsTrace%2Faoc_rust'...
[INFO] running `Command { std: "git" "rev-parse" "HEAD", kill_on_drop: false }`
[INFO] [stdout] 504037a981faf897932c98365989c4e3abca4134
[INFO] testing CrumbsTrace/aoc_rust against 1.83.0 for beta-1.84.0-4-retry
[INFO] running `Command { std: "git" "clone" "/workspace/cache/git-repos/https%3A%2F%2Fgithub.com%2FCrumbsTrace%2Faoc_rust" "/workspace/builds/worker-0-tc1/source", kill_on_drop: false }`
[INFO] [stderr] Cloning into '/workspace/builds/worker-0-tc1/source'...
[INFO] [stderr] done.
[INFO] validating manifest of git repo https://github.com/CrumbsTrace/aoc_rust on toolchain 1.83.0
[INFO] running `Command { std: CARGO_HOME="/workspace/cargo-home" RUSTUP_HOME="/workspace/rustup-home" "/workspace/cargo-home/bin/cargo" "+1.83.0" "metadata" "--manifest-path" "Cargo.toml" "--no-deps", kill_on_drop: false }`
[INFO] removed /workspace/builds/worker-0-tc1/source/.cargo/config.toml
[INFO] removed /workspace/builds/worker-0-tc1/source/rust-toolchain.toml
[INFO] started tweaking git repo https://github.com/CrumbsTrace/aoc_rust
[INFO] finished tweaking git repo https://github.com/CrumbsTrace/aoc_rust
[INFO] tweaked toml for git repo https://github.com/CrumbsTrace/aoc_rust written to /workspace/builds/worker-0-tc1/source/Cargo.toml
[INFO] crate git repo https://github.com/CrumbsTrace/aoc_rust already has a lockfile, it will not be regenerated
[INFO] running `Command { std: CARGO_HOME="/workspace/cargo-home" RUSTUP_HOME="/workspace/rustup-home" "/workspace/cargo-home/bin/cargo" "+1.83.0" "fetch" "--manifest-path" "Cargo.toml", kill_on_drop: false }`
[INFO] [stderr]     Updating crates.io index
[INFO] [stderr]  Downloading crates ...
[INFO] [stderr]   Downloaded divan v0.1.8
[INFO] [stderr]   Downloaded condtype v1.3.0
[INFO] [stderr]   Downloaded divan-macros v0.1.8
[INFO] [stderr]   Downloaded crossbeam-epoch v0.9.16
[INFO] [stderr]   Downloaded regex-lite v0.1.5
[INFO] running `Command { std: "docker" "create" "-v" "/var/lib/crater-agent-workspace/builds/worker-0-tc1/target:/opt/rustwide/target:rw,Z" "-v" "/var/lib/crater-agent-workspace/builds/worker-0-tc1/source:/opt/rustwide/workdir:ro,Z" "-v" "/var/lib/crater-agent-workspace/cargo-home:/opt/rustwide/cargo-home:ro,Z" "-v" "/var/lib/crater-agent-workspace/rustup-home:/opt/rustwide/rustup-home:ro,Z" "-e" "SOURCE_DIR=/opt/rustwide/workdir" "-e" "CARGO_TARGET_DIR=/opt/rustwide/target" "-e" "CARGO_HOME=/opt/rustwide/cargo-home" "-e" "RUSTUP_HOME=/opt/rustwide/rustup-home" "-w" "/opt/rustwide/workdir" "-m" "1610612736" "--user" "0:0" "--network" "none" "ghcr.io/rust-lang/crates-build-env/linux@sha256:f3a9d4ad9d972b27faf3965f35b62e55ba32bbce8f20bc8fe909558a86702fde" "/opt/rustwide/cargo-home/bin/cargo" "+1.83.0" "metadata" "--no-deps" "--format-version=1", kill_on_drop: false }`
[INFO] [stdout] fd39d66c3fd05218ca03c4bed48567e7024776e14ca9632a201ceb8f2aa61010
[INFO] running `Command { std: "docker" "start" "-a" "fd39d66c3fd05218ca03c4bed48567e7024776e14ca9632a201ceb8f2aa61010", kill_on_drop: false }`
[INFO] running `Command { std: "docker" "inspect" "fd39d66c3fd05218ca03c4bed48567e7024776e14ca9632a201ceb8f2aa61010", kill_on_drop: false }`
[INFO] running `Command { std: "docker" "rm" "-f" "fd39d66c3fd05218ca03c4bed48567e7024776e14ca9632a201ceb8f2aa61010", kill_on_drop: false }`
[INFO] [stdout] fd39d66c3fd05218ca03c4bed48567e7024776e14ca9632a201ceb8f2aa61010
[INFO] running `Command { std: "docker" "create" "-v" "/var/lib/crater-agent-workspace/builds/worker-0-tc1/target:/opt/rustwide/target:rw,Z" "-v" "/var/lib/crater-agent-workspace/builds/worker-0-tc1/source:/opt/rustwide/workdir:ro,Z" "-v" "/var/lib/crater-agent-workspace/cargo-home:/opt/rustwide/cargo-home:ro,Z" "-v" "/var/lib/crater-agent-workspace/rustup-home:/opt/rustwide/rustup-home:ro,Z" "-e" "SOURCE_DIR=/opt/rustwide/workdir" "-e" "CARGO_TARGET_DIR=/opt/rustwide/target" "-e" "CARGO_INCREMENTAL=0" "-e" "RUST_BACKTRACE=full" "-e" "RUSTFLAGS=--cap-lints=warn" "-e" "RUSTDOCFLAGS=--cap-lints=warn" "-e" "CARGO_HOME=/opt/rustwide/cargo-home" "-e" "RUSTUP_HOME=/opt/rustwide/rustup-home" "-w" "/opt/rustwide/workdir" "-m" "1610612736" "--user" "0:0" "--network" "none" "ghcr.io/rust-lang/crates-build-env/linux@sha256:f3a9d4ad9d972b27faf3965f35b62e55ba32bbce8f20bc8fe909558a86702fde" "/opt/rustwide/cargo-home/bin/cargo" "+1.83.0" "build" "--frozen" "--message-format=json", kill_on_drop: false }`
[INFO] [stdout] cbee493ae01cac0f6243c77539abc55919e63fd58b449390eb3a9d732c430848
[INFO] running `Command { std: "docker" "start" "-a" "cbee493ae01cac0f6243c77539abc55919e63fd58b449390eb3a9d732c430848", kill_on_drop: false }`
[INFO] [stderr]    Compiling cfg-if v1.0.0
[INFO] [stderr]    Compiling rustix v0.38.28
[INFO] [stderr]    Compiling crossbeam-utils v0.8.17
[INFO] [stderr]    Compiling proc-macro2 v1.0.70
[INFO] [stderr]    Compiling num-traits v0.2.17
[INFO] [stderr]    Compiling bitflags v2.4.1
[INFO] [stderr]    Compiling linux-raw-sys v0.4.12
[INFO] [stderr]    Compiling num-integer v0.1.45
[INFO] [stderr]    Compiling typenum v1.17.0
[INFO] [stderr]    Compiling generic-array v0.14.7
[INFO] [stderr]    Compiling memoffset v0.9.0
[INFO] [stderr]    Compiling matrixmultiply v0.3.8
[INFO] [stderr]    Compiling rayon-core v1.12.0
[INFO] [stderr]    Compiling libc v0.2.151
[INFO] [stderr]    Compiling clap_lex v0.6.0
[INFO] [stderr]    Compiling memchr v2.6.4
[INFO] [stderr]    Compiling serde v1.0.193
[INFO] [stderr]    Compiling anstyle v1.0.4
[INFO] [stderr]    Compiling regex-syntax v0.8.2
[INFO] [stderr]    Compiling serde_json v1.0.108
[INFO] [stderr]    Compiling rawpointer v0.2.1
[INFO] [stderr]    Compiling either v1.9.0
[INFO] [stderr]    Compiling ryu v1.0.16
[INFO] [stderr]    Compiling regex-lite v0.1.5
[INFO] [stderr]    Compiling itoa v1.0.10
[INFO] [stderr]    Compiling condtype v1.3.0
[INFO] [stderr]    Compiling rustc-hash v1.1.0
[INFO] [stderr]    Compiling itertools v0.10.5
[INFO] [stderr]    Compiling aho-corasick v1.1.2
[INFO] [stderr]    Compiling crossbeam-epoch v0.9.16
[INFO] [stderr]    Compiling quote v1.0.33
[INFO] [stderr]    Compiling terminal_size v0.3.0
[INFO] [stderr]    Compiling syn v2.0.42
[INFO] [stderr]    Compiling crossbeam-deque v0.8.4
[INFO] [stderr]    Compiling clap_builder v4.4.11
[INFO] [stderr]    Compiling num-complex v0.4.4
[INFO] [stderr]    Compiling rayon v1.8.0
[INFO] [stderr]    Compiling crypto-common v0.1.6
[INFO] [stderr]    Compiling block-buffer v0.10.4
[INFO] [stderr]    Compiling digest v0.10.7
[INFO] [stderr]    Compiling ndarray v0.15.6
[INFO] [stderr]    Compiling md-5 v0.10.6
[INFO] [stderr]    Compiling regex-automata v0.4.3
[INFO] [stderr]    Compiling divan-macros v0.1.8
[INFO] [stderr]    Compiling clap v4.4.11
[INFO] [stderr]    Compiling divan v0.1.8
[INFO] [stderr]    Compiling regex v1.10.2
[INFO] [stderr]    Compiling aoc_rust v0.1.0 (/opt/rustwide/workdir)
[INFO] [stderr]     Finished `dev` profile [optimized + debuginfo] target(s) in 1m 34s
[INFO] running `Command { std: "docker" "inspect" "cbee493ae01cac0f6243c77539abc55919e63fd58b449390eb3a9d732c430848", kill_on_drop: false }`
[INFO] running `Command { std: "docker" "rm" "-f" "cbee493ae01cac0f6243c77539abc55919e63fd58b449390eb3a9d732c430848", kill_on_drop: false }`
[INFO] [stdout] cbee493ae01cac0f6243c77539abc55919e63fd58b449390eb3a9d732c430848
[INFO] running `Command { std: "docker" "create" "-v" "/var/lib/crater-agent-workspace/builds/worker-0-tc1/target:/opt/rustwide/target:rw,Z" "-v" "/var/lib/crater-agent-workspace/builds/worker-0-tc1/source:/opt/rustwide/workdir:ro,Z" "-v" "/var/lib/crater-agent-workspace/cargo-home:/opt/rustwide/cargo-home:ro,Z" "-v" "/var/lib/crater-agent-workspace/rustup-home:/opt/rustwide/rustup-home:ro,Z" "-e" "SOURCE_DIR=/opt/rustwide/workdir" "-e" "CARGO_TARGET_DIR=/opt/rustwide/target" "-e" "CARGO_INCREMENTAL=0" "-e" "RUST_BACKTRACE=full" "-e" "RUSTFLAGS=--cap-lints=warn" "-e" "RUSTDOCFLAGS=--cap-lints=warn" "-e" "CARGO_HOME=/opt/rustwide/cargo-home" "-e" "RUSTUP_HOME=/opt/rustwide/rustup-home" "-w" "/opt/rustwide/workdir" "-m" "1610612736" "--user" "0:0" "--network" "none" "ghcr.io/rust-lang/crates-build-env/linux@sha256:f3a9d4ad9d972b27faf3965f35b62e55ba32bbce8f20bc8fe909558a86702fde" "/opt/rustwide/cargo-home/bin/cargo" "+1.83.0" "test" "--frozen" "--no-run" "--message-format=json", kill_on_drop: false }`
[INFO] [stdout] 70e365fa935fc69b8da6d51fc7f9b295dc047314972c750606131eab1b5eea07
[INFO] running `Command { std: "docker" "start" "-a" "70e365fa935fc69b8da6d51fc7f9b295dc047314972c750606131eab1b5eea07", kill_on_drop: false }`
[INFO] [stderr]    Compiling aoc_rust v0.1.0 (/opt/rustwide/workdir)
[INFO] [stderr]     Finished `test` profile [optimized + debuginfo] target(s) in 39.82s
[INFO] running `Command { std: "docker" "inspect" "70e365fa935fc69b8da6d51fc7f9b295dc047314972c750606131eab1b5eea07", kill_on_drop: false }`
[INFO] running `Command { std: "docker" "rm" "-f" "70e365fa935fc69b8da6d51fc7f9b295dc047314972c750606131eab1b5eea07", kill_on_drop: false }`
[INFO] [stdout] 70e365fa935fc69b8da6d51fc7f9b295dc047314972c750606131eab1b5eea07
[INFO] running `Command { std: "docker" "create" "-v" "/var/lib/crater-agent-workspace/builds/worker-0-tc1/target:/opt/rustwide/target:rw,Z" "-v" "/var/lib/crater-agent-workspace/builds/worker-0-tc1/source:/opt/rustwide/workdir:ro,Z" "-v" "/var/lib/crater-agent-workspace/cargo-home:/opt/rustwide/cargo-home:ro,Z" "-v" "/var/lib/crater-agent-workspace/rustup-home:/opt/rustwide/rustup-home:ro,Z" "-e" "SOURCE_DIR=/opt/rustwide/workdir" "-e" "CARGO_TARGET_DIR=/opt/rustwide/target" "-e" "CARGO_INCREMENTAL=0" "-e" "RUST_BACKTRACE=full" "-e" "RUSTFLAGS=--cap-lints=warn" "-e" "RUSTDOCFLAGS=--cap-lints=warn" "-e" "CARGO_HOME=/opt/rustwide/cargo-home" "-e" "RUSTUP_HOME=/opt/rustwide/rustup-home" "-w" "/opt/rustwide/workdir" "-m" "1610612736" "--user" "0:0" "--network" "none" "ghcr.io/rust-lang/crates-build-env/linux@sha256:f3a9d4ad9d972b27faf3965f35b62e55ba32bbce8f20bc8fe909558a86702fde" "/opt/rustwide/cargo-home/bin/cargo" "+1.83.0" "test" "--frozen", kill_on_drop: false }`
[INFO] [stdout] 3ee166098aa220bcd6eaea8d922d63cfd805ee811a0e7575defb91150e2a840f
[INFO] running `Command { std: "docker" "start" "-a" "3ee166098aa220bcd6eaea8d922d63cfd805ee811a0e7575defb91150e2a840f", kill_on_drop: false }`
[INFO] [stderr]     Finished `test` profile [optimized + debuginfo] target(s) in 0.15s
[INFO] [stderr]      Running unittests src/lib.rs (/opt/rustwide/target/debug/deps/aoc_rust-a85bbc31f17ed20b)
[INFO] [stdout] 
[INFO] [stdout] running 109 tests
[INFO] [stdout] test aoc2015::day11::example ... ok
[INFO] [stdout] test aoc2015::day13::example ... ok
[INFO] [stdout] test aoc2015::day12::real_input ... ok
[INFO] [stdout] test aoc2015::day12::example ... ok
[INFO] [stdout] test aoc2015::day14::example ... ok
[INFO] [stdout] test aoc2015::day17::example ... ok
[INFO] [stdout] test aoc2015::day14::real_input ... ok
[INFO] [stdout] test aoc2015::day15::example ... ok
[INFO] [stdout] test aoc2015::day16::real_input ... ok
[INFO] [stdout] test aoc2015::day10::example ... ok
[INFO] [stdout] test aoc2015::day17::real_input ... ok
[INFO] [stdout] test aoc2015::day18::example ... ok
[INFO] [stdout] test aoc2015::day24::example ... ok
[INFO] [stdout] test aoc2015::day1::example ... ok
[INFO] [stdout] test aoc2015::day1::real_input ... ok
[INFO] [stdout] test aoc2015::day23::real_input ... ok
[INFO] [stdout] test aoc2015::day21::real_input ... ok
[INFO] [stdout] test aoc2015::day2::example ... ok
[INFO] [stdout] test aoc2015::day3::example ... ok
[INFO] [stdout] test aoc2015::day2::real_input ... ok
[INFO] [stdout] test aoc2015::day24::real_input ... ok
[INFO] [stdout] test aoc2015::day5::real_input ... ok
[INFO] [stdout] test aoc2015::day19::real_input ... ok
[INFO] [stdout] test aoc2015::day3::real_input ... ok
[INFO] [stdout] test aoc2015::day13::real_input ... ok
[INFO] [stdout] test aoc2015::day7::real_input ... ok
[INFO] [stdout] test aoc2015::day8::example ... ok
[INFO] [stdout] test aoc2015::day9::example ... ok
[INFO] [stdout] test aoc2015::day8::real_input ... ok
[INFO] [stdout] test aoc2016::day1::real_input ... ok
[INFO] [stdout] test aoc2016::day2::example ... ok
[INFO] [stdout] test aoc2016::day2::real_input ... ok
[INFO] [stdout] test aoc2016::day3::real_input ... ok
[INFO] [stdout] test aoc2016::day4::example ... ok
[INFO] [stdout] test aoc2016::day3::test ... ok
[INFO] [stdout] test aoc2016::day4::real_input ... ok
[INFO] [stdout] test aoc2016::day1::example ... ok
[INFO] [stdout] test aoc2016::day6::test ... ok
[INFO] [stdout] test aoc2015::day7::example ... ok
[INFO] [stdout] test aoc2016::day7::test ... ok
[INFO] [stdout] test aoc2016::day6::real_input ... ok
[INFO] [stdout] test aoc2023::day10::example2 ... ok
[INFO] [stdout] test aoc2023::day10::example3 ... ok
[INFO] [stdout] test aoc2023::day10::example ... ok
[INFO] [stdout] test aoc2015::day9::real_input ... ok
[INFO] [stdout] test aoc2023::day10::example4 ... ok
[INFO] [stdout] test aoc2023::day11::example ... ok
[INFO] [stdout] test aoc2016::day7::real_input ... ok
[INFO] [stdout] test aoc2023::day11::real_input ... ok
[INFO] [stdout] test aoc2023::day13::example ... ok
[INFO] [stdout] test aoc2023::day10::real_input ... ok
[INFO] [stdout] test aoc2023::day14::example ... ok
[INFO] [stdout] test aoc2023::day13::real_input ... ok
[INFO] [stdout] test aoc2023::day15::example ... ok
[INFO] [stdout] test aoc2015::day25::real_input ... ok
[INFO] [stdout] test aoc2023::day15::real_input ... ok
[INFO] [stdout] test aoc2015::day11::real_input ... ok
[INFO] [stdout] test aoc2015::day6::example ... ok
[INFO] [stdout] test aoc2023::day17::example ... ok
[INFO] [stdout] test aoc2023::day18::example ... ok
[INFO] [stdout] test aoc2023::day18::real_input ... ok
[INFO] [stdout] test aoc2023::day19::example ... ok
[INFO] [stdout] test aoc2023::day19::real_input ... ok
[INFO] [stdout] test aoc2023::day1::example ... ok
[INFO] [stdout] test aoc2023::day1::real_input ... ok
[INFO] [stdout] test aoc2023::day20::example ... ok
[INFO] [stdout] test aoc2023::day20::example2 ... ok
[INFO] [stdout] test aoc2023::day12::example ... ok
[INFO] [stdout] test aoc2023::day14::real_input ... ok
[INFO] [stdout] test aoc2015::day15::real_input ... ok
[INFO] [stdout] test aoc2015::day22::real_input ... ok
[INFO] [stdout] test aoc2023::day21::real_input ... ok
[INFO] [stdout] test aoc2023::day20::real_input ... ok
[INFO] [stdout] test aoc2023::day24::example ... ok
[INFO] [stdout] test aoc2015::day6::real_input ... ok
[INFO] [stdout] test aoc2023::day25::example ... ok
[INFO] [stdout] test aoc2023::day25::real_input ... ok
[INFO] [stdout] test aoc2015::day18::real_input ... ok
[INFO] [stdout] test aoc2023::day2::example ... ok
[INFO] [stdout] test aoc2023::day2::real_input ... ok
[INFO] [stdout] test aoc2023::day3::example ... ok
[INFO] [stdout] test aoc2023::day4::example ... ok
[INFO] [stdout] test aoc2023::day3::real_input ... ok
[INFO] [stdout] test aoc2023::day5::example ... ok
[INFO] [stdout] test aoc2023::day5::real_input ... ok
[INFO] [stdout] test aoc2023::day4::real_input ... ok
[INFO] [stdout] test aoc2023::day6::example ... ok
[INFO] [stdout] test aoc2023::day6::real_input ... ok
[INFO] [stdout] test aoc2023::day7::example ... ok
[INFO] [stdout] test aoc2023::day8::example ... ok
[INFO] [stdout] test aoc2023::day8::example_two ... ok
[INFO] [stdout] test aoc2023::day7::real_input ... ok
[INFO] [stdout] test aoc2023::day8::real_input ... ok
[INFO] [stdout] test aoc2023::day9::example ... ok
[INFO] [stdout] test aoc2023::day9::real_input ... ok
[INFO] [stdout] test aoc2023::day24::real_input ... FAILED
[INFO] [stdout] test aoc2015::day20::real_input ... ok
[INFO] [stdout] test aoc2023::day17::real_input ... ok
[INFO] [stdout] test aoc2023::day16::example ... ok
[INFO] [stdout] test aoc2023::day22::example ... ok
[INFO] [stdout] test aoc2023::day12::real_input ... ok
[INFO] [stdout] test aoc2023::day23::example ... ok
[INFO] [stdout] test aoc2015::day10::real_input ... ok
[INFO] [stdout] test aoc2023::day22::real_input ... ok
[INFO] [stdout] test aoc2023::day23::real_input ... ok
[INFO] [stdout] test aoc2023::day16::real_input ... ok
[INFO] [stdout] test aoc2016::day5::real_input ... ok
[INFO] [stdout] test aoc2015::day4::real_input ... ok
[INFO] [stdout] test aoc2015::day4::example ... ok
[INFO] [stdout] 
[INFO] [stdout] failures:
[INFO] [stdout] 
[INFO] [stdout] ---- aoc2023::day24::real_input stdout ----
[INFO] [stdout] thread 'aoc2023::day24::real_input' panicked at src/aoc2023/day24.rs:142:5:
[INFO] [stdout] assertion `left == right` failed
[INFO] [stdout]   left: (15262, 695832176624149)
[INFO] [stdout]  right: (15262, 6498)
[INFO] [stdout] stack backtrace:
[INFO] [stdout]    0:     0x56eac74afbba - std::backtrace_rs::backtrace::libunwind::trace::h5a5b8284f2d0c266
[INFO] [stdout]                                at /rustc/90b35a6239c3d8bdabc530a6a0816f7ff89a0aaf/library/std/src/../../backtrace/src/backtrace/libunwind.rs:116:5
[INFO] [stdout]    1:     0x56eac74afbba - std::backtrace_rs::backtrace::trace_unsynchronized::h76d4f1c9b0b875e3
[INFO] [stdout]                                at /rustc/90b35a6239c3d8bdabc530a6a0816f7ff89a0aaf/library/std/src/../../backtrace/src/backtrace/mod.rs:66:5
[INFO] [stdout]    2:     0x56eac74afbba - std::sys::backtrace::_print_fmt::hc4546b8364a537c6
[INFO] [stdout]                                at /rustc/90b35a6239c3d8bdabc530a6a0816f7ff89a0aaf/library/std/src/sys/backtrace.rs:66:9
[INFO] [stdout]    3:     0x56eac74afbba - <std::sys::backtrace::BacktraceLock::print::DisplayBacktrace as core::fmt::Display>::fmt::h5b6bd5631a6d1f6b
[INFO] [stdout]                                at /rustc/90b35a6239c3d8bdabc530a6a0816f7ff89a0aaf/library/std/src/sys/backtrace.rs:39:26
[INFO] [stdout]    4:     0x56eac74d6db3 - core::fmt::rt::Argument::fmt::h270f6602a2b96f62
[INFO] [stdout]                                at /rustc/90b35a6239c3d8bdabc530a6a0816f7ff89a0aaf/library/core/src/fmt/rt.rs:177:76
[INFO] [stdout]    5:     0x56eac74d6db3 - core::fmt::write::h7550c97b06c86515
[INFO] [stdout]                                at /rustc/90b35a6239c3d8bdabc530a6a0816f7ff89a0aaf/library/core/src/fmt/mod.rs:1186:21
[INFO] [stdout]    6:     0x56eac74ac993 - std::io::Write::write_fmt::h509ff860e5956e5e
[INFO] [stdout]                                at /rustc/90b35a6239c3d8bdabc530a6a0816f7ff89a0aaf/library/std/src/io/mod.rs:1839:15
[INFO] [stdout]    7:     0x56eac74afa02 - std::sys::backtrace::BacktraceLock::print::h2395ccd2c84ba3aa
[INFO] [stdout]                                at /rustc/90b35a6239c3d8bdabc530a6a0816f7ff89a0aaf/library/std/src/sys/backtrace.rs:42:9
[INFO] [stdout]    8:     0x56eac74b101a - std::panicking::default_hook::{{closure}}::he19d4c7230e07961
[INFO] [stdout]                                at /rustc/90b35a6239c3d8bdabc530a6a0816f7ff89a0aaf/library/std/src/panicking.rs:268:22
[INFO] [stdout]    9:     0x56eac74b0e24 - std::panicking::default_hook::hf614597d3c67bbdb
[INFO] [stdout]                                at /rustc/90b35a6239c3d8bdabc530a6a0816f7ff89a0aaf/library/std/src/panicking.rs:292:9
[INFO] [stdout]   10:     0x56eac7462bb9 - <alloc::boxed::Box<F,A> as core::ops::function::Fn<Args>>::call::h39b51ce4599c23d1
[INFO] [stdout]                                at /rustc/90b35a6239c3d8bdabc530a6a0816f7ff89a0aaf/library/alloc/src/boxed.rs:2468:9
[INFO] [stdout]   11:     0x56eac7462bb9 - test::test_main::{{closure}}::he977ae839a582784
[INFO] [stdout]                                at /rustc/90b35a6239c3d8bdabc530a6a0816f7ff89a0aaf/library/test/src/lib.rs:133:21
[INFO] [stdout]   12:     0x56eac74b16b8 - <alloc::boxed::Box<F,A> as core::ops::function::Fn<Args>>::call::h9455091b6b06f9fb
[INFO] [stdout]                                at /rustc/90b35a6239c3d8bdabc530a6a0816f7ff89a0aaf/library/alloc/src/boxed.rs:2468:9
[INFO] [stdout]   13:     0x56eac74b16b8 - std::panicking::rust_panic_with_hook::h8942133a8b252070
[INFO] [stdout]                                at /rustc/90b35a6239c3d8bdabc530a6a0816f7ff89a0aaf/library/std/src/panicking.rs:809:13
[INFO] [stdout]   14:     0x56eac74b147a - std::panicking::begin_panic_handler::{{closure}}::hb5f5963570096b29
[INFO] [stdout]                                at /rustc/90b35a6239c3d8bdabc530a6a0816f7ff89a0aaf/library/std/src/panicking.rs:674:13
[INFO] [stdout]   15:     0x56eac74b0099 - std::sys::backtrace::__rust_end_short_backtrace::h6208cedc1922feda
[INFO] [stdout]                                at /rustc/90b35a6239c3d8bdabc530a6a0816f7ff89a0aaf/library/std/src/sys/backtrace.rs:170:18
[INFO] [stdout]   16:     0x56eac74b110c - rust_begin_unwind
[INFO] [stdout]                                at /rustc/90b35a6239c3d8bdabc530a6a0816f7ff89a0aaf/library/std/src/panicking.rs:665:5
[INFO] [stdout]   17:     0x56eac7271330 - core::panicking::panic_fmt::h0c3082644d1bf418
[INFO] [stdout]                                at /rustc/90b35a6239c3d8bdabc530a6a0816f7ff89a0aaf/library/core/src/panicking.rs:74:14
[INFO] [stdout]   18:     0x56eac72716fb - core::panicking::assert_failed_inner::h2ddf1fcc067fa858
[INFO] [stdout]   19:     0x56eac726cd00 - core::panicking::assert_failed::hc78673fc92399d15
[INFO] [stdout]                                at /rustc/90b35a6239c3d8bdabc530a6a0816f7ff89a0aaf/library/core/src/panicking.rs:367:5
[INFO] [stdout]   20:     0x56eac742a7ae - aoc_rust::aoc2023::day24::real_input::h95cd6d5ceb3de8fa
[INFO] [stdout]                                at /opt/rustwide/workdir/src/aoc2023/day24.rs:142:5
[INFO] [stdout]   21:     0x56eac73f20a9 - aoc_rust::aoc2023::day24::real_input::{{closure}}::hf74b5c5f7c0e73a2
[INFO] [stdout]                                at /opt/rustwide/workdir/src/aoc2023/day24.rs:140:16
[INFO] [stdout]   22:     0x56eac73f20a9 - core::ops::function::FnOnce::call_once::h75f9a0c859618c4d
[INFO] [stdout]                                at /rustc/90b35a6239c3d8bdabc530a6a0816f7ff89a0aaf/library/core/src/ops/function.rs:250:5
[INFO] [stdout]   23:     0x56eac746757b - core::ops::function::FnOnce::call_once::h109cf8051a59b34e
[INFO] [stdout]                                at /rustc/90b35a6239c3d8bdabc530a6a0816f7ff89a0aaf/library/core/src/ops/function.rs:250:5
[INFO] [stdout]   24:     0x56eac746757b - test::__rust_begin_short_backtrace::hf4fff89d377446ba
[INFO] [stdout]                                at /rustc/90b35a6239c3d8bdabc530a6a0816f7ff89a0aaf/library/test/src/lib.rs:621:18
[INFO] [stdout]   25:     0x56eac7466db7 - test::run_test_in_process::{{closure}}::h0e39181dd7ee5a43
[INFO] [stdout]                                at /rustc/90b35a6239c3d8bdabc530a6a0816f7ff89a0aaf/library/test/src/lib.rs:644:60
[INFO] [stdout]   26:     0x56eac7466db7 - <core::panic::unwind_safe::AssertUnwindSafe<F> as core::ops::function::FnOnce<()>>::call_once::hc5a66a30f0bdfd1f
[INFO] [stdout]                                at /rustc/90b35a6239c3d8bdabc530a6a0816f7ff89a0aaf/library/core/src/panic/unwind_safe.rs:272:9
[INFO] [stdout]   27:     0x56eac7466db7 - std::panicking::try::do_call::h873b7cf639554a5e
[INFO] [stdout]                                at /rustc/90b35a6239c3d8bdabc530a6a0816f7ff89a0aaf/library/std/src/panicking.rs:557:40
[INFO] [stdout]   28:     0x56eac7466db7 - std::panicking::try::hdb19862fad9c8bd1
[INFO] [stdout]                                at /rustc/90b35a6239c3d8bdabc530a6a0816f7ff89a0aaf/library/std/src/panicking.rs:520:19
[INFO] [stdout]   29:     0x56eac7466db7 - std::panic::catch_unwind::h281fe732d236d260
[INFO] [stdout]                                at /rustc/90b35a6239c3d8bdabc530a6a0816f7ff89a0aaf/library/std/src/panic.rs:358:14
[INFO] [stdout]   30:     0x56eac7466db7 - test::run_test_in_process::h949b6df8457ed338
[INFO] [stdout]                                at /rustc/90b35a6239c3d8bdabc530a6a0816f7ff89a0aaf/library/test/src/lib.rs:644:27
[INFO] [stdout]   31:     0x56eac7466db7 - test::run_test::{{closure}}::h52c556a6d4740e10
[INFO] [stdout]                                at /rustc/90b35a6239c3d8bdabc530a6a0816f7ff89a0aaf/library/test/src/lib.rs:565:43
[INFO] [stdout]   32:     0x56eac742c094 - test::run_test::{{closure}}::h4237f6381c45ccb9
[INFO] [stdout]                                at /rustc/90b35a6239c3d8bdabc530a6a0816f7ff89a0aaf/library/test/src/lib.rs:595:41
[INFO] [stdout]   33:     0x56eac742c094 - std::sys::backtrace::__rust_begin_short_backtrace::h505c97a579eca628
[INFO] [stdout]                                at /rustc/90b35a6239c3d8bdabc530a6a0816f7ff89a0aaf/library/std/src/sys/backtrace.rs:154:18
[INFO] [stdout]   34:     0x56eac742f75e - std::thread::Builder::spawn_unchecked_::{{closure}}::{{closure}}::h9e86b2e2bc107ea3
[INFO] [stdout]                                at /rustc/90b35a6239c3d8bdabc530a6a0816f7ff89a0aaf/library/std/src/thread/mod.rs:538:17
[INFO] [stdout]   35:     0x56eac742f75e - <core::panic::unwind_safe::AssertUnwindSafe<F> as core::ops::function::FnOnce<()>>::call_once::h8b06ddb275ff4a25
[INFO] [stdout]                                at /rustc/90b35a6239c3d8bdabc530a6a0816f7ff89a0aaf/library/core/src/panic/unwind_safe.rs:272:9
[INFO] [stdout]   36:     0x56eac742f75e - std::panicking::try::do_call::hb26ecd7cd9a9355d
[INFO] [stdout]                                at /rustc/90b35a6239c3d8bdabc530a6a0816f7ff89a0aaf/library/std/src/panicking.rs:557:40
[INFO] [stdout]   37:     0x56eac742f75e - std::panicking::try::h8ddeca9d705f9069
[INFO] [stdout]                                at /rustc/90b35a6239c3d8bdabc530a6a0816f7ff89a0aaf/library/std/src/panicking.rs:520:19
[INFO] [stdout]   38:     0x56eac742f75e - std::panic::catch_unwind::h49e1c33078844c46
[INFO] [stdout]                                at /rustc/90b35a6239c3d8bdabc530a6a0816f7ff89a0aaf/library/std/src/panic.rs:358:14
[INFO] [stdout]   39:     0x56eac742f75e - std::thread::Builder::spawn_unchecked_::{{closure}}::h6073db6ff56ad35d
[INFO] [stdout]                                at /rustc/90b35a6239c3d8bdabc530a6a0816f7ff89a0aaf/library/std/src/thread/mod.rs:537:30
[INFO] [stdout]   40:     0x56eac742f75e - core::ops::function::FnOnce::call_once{{vtable.shim}}::h2c5a5f3779c774f1
[INFO] [stdout]                                at /rustc/90b35a6239c3d8bdabc530a6a0816f7ff89a0aaf/library/core/src/ops/function.rs:250:5
[INFO] [stdout]   41:     0x56eac74b550b - <alloc::boxed::Box<F,A> as core::ops::function::FnOnce<Args>>::call_once::hf75717d9f28faebf
[INFO] [stdout]                                at /rustc/90b35a6239c3d8bdabc530a6a0816f7ff89a0aaf/library/alloc/src/boxed.rs:2454:9
[INFO] [stdout]   42:     0x56eac74b550b - <alloc::boxed::Box<F,A> as core::ops::function::FnOnce<Args>>::call_once::h7bd883a5f3c5f3c1
[INFO] [stdout]                                at /rustc/90b35a6239c3d8bdabc530a6a0816f7ff89a0aaf/library/alloc/src/boxed.rs:2454:9
[INFO] [stdout]   43:     0x56eac74b550b - std::sys::pal::unix::thread::Thread::new::thread_start::hcc78f3943333fa94
[INFO] [stdout]                                at /rustc/90b35a6239c3d8bdabc530a6a0816f7ff89a0aaf/library/std/src/sys/pal/unix/thread.rs:105:17
[INFO] [stdout]   44:     0x740c0036fac3 - <unknown>
[INFO] [stdout]   45:     0x740c00400a04 - clone
[INFO] [stdout]   46:                0x0 - <unknown>
[INFO] [stdout] 
[INFO] [stdout] 
[INFO] [stdout] failures:
[INFO] [stdout]     aoc2023::day24::real_input
[INFO] [stdout] 
[INFO] [stdout] test result: FAILED. 108 passed; 1 failed; 0 ignored; 0 measured; 0 filtered out; finished in 4.43s
[INFO] [stdout] 
[INFO] [stderr] error: test failed, to rerun pass `--lib`
[INFO] running `Command { std: "docker" "inspect" "3ee166098aa220bcd6eaea8d922d63cfd805ee811a0e7575defb91150e2a840f", kill_on_drop: false }`
[INFO] running `Command { std: "docker" "rm" "-f" "3ee166098aa220bcd6eaea8d922d63cfd805ee811a0e7575defb91150e2a840f", kill_on_drop: false }`
[INFO] [stdout] 3ee166098aa220bcd6eaea8d922d63cfd805ee811a0e7575defb91150e2a840f
