[INFO] cloning repository https://github.com/Cristiansen13/Process-schedulers
[INFO] running `Command { std: "git" "-c" "credential.helper=" "-c" "credential.helper=/workspace/cargo-home/bin/git-credential-null" "clone" "--bare" "https://github.com/Cristiansen13/Process-schedulers" "/workspace/cache/git-repos/https%3A%2F%2Fgithub.com%2FCristiansen13%2FProcess-schedulers", kill_on_drop: false }`
[INFO] [stderr] Cloning into bare repository '/workspace/cache/git-repos/https%3A%2F%2Fgithub.com%2FCristiansen13%2FProcess-schedulers'...
[INFO] running `Command { std: "git" "rev-parse" "HEAD", kill_on_drop: false }`
[INFO] [stdout] 695d803ec5914022dc5f7634a891fba720c35364
[INFO] testing Cristiansen13/Process-schedulers against beta-2024-12-08 for beta-1.84.0-4-retry
[INFO] running `Command { std: "git" "clone" "/workspace/cache/git-repos/https%3A%2F%2Fgithub.com%2FCristiansen13%2FProcess-schedulers" "/workspace/builds/worker-2-tc2/source", kill_on_drop: false }`
[INFO] [stderr] Cloning into '/workspace/builds/worker-2-tc2/source'...
[INFO] [stderr] done.
[INFO] validating manifest of git repo https://github.com/Cristiansen13/Process-schedulers on toolchain beta-2024-12-08
[INFO] running `Command { std: CARGO_HOME="/workspace/cargo-home" RUSTUP_HOME="/workspace/rustup-home" "/workspace/cargo-home/bin/cargo" "+beta-2024-12-08" "metadata" "--manifest-path" "Cargo.toml" "--no-deps", kill_on_drop: false }`
[INFO] removed /workspace/builds/worker-2-tc2/source/.cargo/config.toml
[INFO] started tweaking git repo https://github.com/Cristiansen13/Process-schedulers
[INFO] finished tweaking git repo https://github.com/Cristiansen13/Process-schedulers
[INFO] tweaked toml for git repo https://github.com/Cristiansen13/Process-schedulers written to /workspace/builds/worker-2-tc2/source/Cargo.toml
[INFO] crate git repo https://github.com/Cristiansen13/Process-schedulers already has a lockfile, it will not be regenerated
[INFO] running `Command { std: CARGO_HOME="/workspace/cargo-home" RUSTUP_HOME="/workspace/rustup-home" "/workspace/cargo-home/bin/cargo" "+beta-2024-12-08" "fetch" "--manifest-path" "Cargo.toml", kill_on_drop: false }`
[INFO] [stderr] warning: virtual workspace defaulting to `resolver = "1"` despite one or more workspace members being on edition 2021 which implies `resolver = "2"`
[INFO] [stderr] note: to keep the current resolver, specify `workspace.resolver = "1"` in the workspace root's manifest
[INFO] [stderr] note: to use the edition 2021 resolver, specify `workspace.resolver = "2"` in the workspace root's manifest
[INFO] [stderr] note: for more details see https://doc.rust-lang.org/cargo/reference/resolver.html#resolver-versions
[INFO] running `Command { std: "docker" "create" "-v" "/var/lib/crater-agent-workspace/builds/worker-2-tc2/target:/opt/rustwide/target:rw,Z" "-v" "/var/lib/crater-agent-workspace/builds/worker-2-tc2/source:/opt/rustwide/workdir:ro,Z" "-v" "/var/lib/crater-agent-workspace/cargo-home:/opt/rustwide/cargo-home:ro,Z" "-v" "/var/lib/crater-agent-workspace/rustup-home:/opt/rustwide/rustup-home:ro,Z" "-e" "SOURCE_DIR=/opt/rustwide/workdir" "-e" "CARGO_TARGET_DIR=/opt/rustwide/target" "-e" "CARGO_HOME=/opt/rustwide/cargo-home" "-e" "RUSTUP_HOME=/opt/rustwide/rustup-home" "-w" "/opt/rustwide/workdir" "-m" "1610612736" "--user" "0:0" "--network" "none" "ghcr.io/rust-lang/crates-build-env/linux@sha256:f3a9d4ad9d972b27faf3965f35b62e55ba32bbce8f20bc8fe909558a86702fde" "/opt/rustwide/cargo-home/bin/cargo" "+beta-2024-12-08" "metadata" "--no-deps" "--format-version=1", kill_on_drop: false }`
[INFO] [stdout] 8231c863e3f463da0f8c4b177f1b7ae0e43470bc55bbad732edfc14a157ffa36
[INFO] running `Command { std: "docker" "start" "-a" "8231c863e3f463da0f8c4b177f1b7ae0e43470bc55bbad732edfc14a157ffa36", kill_on_drop: false }`
[INFO] running `Command { std: "docker" "inspect" "8231c863e3f463da0f8c4b177f1b7ae0e43470bc55bbad732edfc14a157ffa36", kill_on_drop: false }`
[INFO] running `Command { std: "docker" "rm" "-f" "8231c863e3f463da0f8c4b177f1b7ae0e43470bc55bbad732edfc14a157ffa36", kill_on_drop: false }`
[INFO] [stdout] 8231c863e3f463da0f8c4b177f1b7ae0e43470bc55bbad732edfc14a157ffa36
[INFO] running `Command { std: "docker" "create" "-v" "/var/lib/crater-agent-workspace/builds/worker-2-tc2/target:/opt/rustwide/target:rw,Z" "-v" "/var/lib/crater-agent-workspace/builds/worker-2-tc2/source:/opt/rustwide/workdir:ro,Z" "-v" "/var/lib/crater-agent-workspace/cargo-home:/opt/rustwide/cargo-home:ro,Z" "-v" "/var/lib/crater-agent-workspace/rustup-home:/opt/rustwide/rustup-home:ro,Z" "-e" "SOURCE_DIR=/opt/rustwide/workdir" "-e" "CARGO_TARGET_DIR=/opt/rustwide/target" "-e" "CARGO_INCREMENTAL=0" "-e" "RUST_BACKTRACE=full" "-e" "RUSTFLAGS=--cap-lints=warn" "-e" "RUSTDOCFLAGS=--cap-lints=warn" "-e" "CARGO_HOME=/opt/rustwide/cargo-home" "-e" "RUSTUP_HOME=/opt/rustwide/rustup-home" "-w" "/opt/rustwide/workdir" "-m" "1610612736" "--user" "0:0" "--network" "none" "ghcr.io/rust-lang/crates-build-env/linux@sha256:f3a9d4ad9d972b27faf3965f35b62e55ba32bbce8f20bc8fe909558a86702fde" "/opt/rustwide/cargo-home/bin/cargo" "+beta-2024-12-08" "build" "--frozen" "--message-format=json", kill_on_drop: false }`
[INFO] [stdout] ff0361c1d87290716dca5587aa07788caa71be53166295bdcdd9866bf1f2fa69
[INFO] running `Command { std: "docker" "start" "-a" "ff0361c1d87290716dca5587aa07788caa71be53166295bdcdd9866bf1f2fa69", kill_on_drop: false }`
[INFO] [stderr] warning: virtual workspace defaulting to `resolver = "1"` despite one or more workspace members being on edition 2021 which implies `resolver = "2"`
[INFO] [stderr] note: to keep the current resolver, specify `workspace.resolver = "1"` in the workspace root's manifest
[INFO] [stderr] note: to use the edition 2021 resolver, specify `workspace.resolver = "2"` in the workspace root's manifest
[INFO] [stderr] note: for more details see https://doc.rust-lang.org/cargo/reference/resolver.html#resolver-versions
[INFO] [stderr]    Compiling scheduler v0.1.0 (/opt/rustwide/workdir/scheduler)
[INFO] [stdout] warning: unused import: `empty::Empty`
[INFO] [stdout]   --> scheduler/src/schedulers/mod.rs:16:9
[INFO] [stdout]    |
[INFO] [stdout] 16 | pub use empty::Empty;
[INFO] [stdout]    |         ^^^^^^^^^^^^
[INFO] [stdout]    |
[INFO] [stdout]    = note: `#[warn(unused_imports)]` on by default
[INFO] [stdout] 
[INFO] [stdout] 
[INFO] [stderr]    Compiling processor v0.1.0 (/opt/rustwide/workdir/processor)
[INFO] [stderr]    Compiling runner v0.1.0 (/opt/rustwide/workdir/runner)
[INFO] [stderr]     Finished `dev` profile [unoptimized + debuginfo] target(s) in 1.13s
[INFO] running `Command { std: "docker" "inspect" "ff0361c1d87290716dca5587aa07788caa71be53166295bdcdd9866bf1f2fa69", kill_on_drop: false }`
[INFO] running `Command { std: "docker" "rm" "-f" "ff0361c1d87290716dca5587aa07788caa71be53166295bdcdd9866bf1f2fa69", kill_on_drop: false }`
[INFO] [stdout] ff0361c1d87290716dca5587aa07788caa71be53166295bdcdd9866bf1f2fa69
[INFO] running `Command { std: "docker" "create" "-v" "/var/lib/crater-agent-workspace/builds/worker-2-tc2/target:/opt/rustwide/target:rw,Z" "-v" "/var/lib/crater-agent-workspace/builds/worker-2-tc2/source:/opt/rustwide/workdir:ro,Z" "-v" "/var/lib/crater-agent-workspace/cargo-home:/opt/rustwide/cargo-home:ro,Z" "-v" "/var/lib/crater-agent-workspace/rustup-home:/opt/rustwide/rustup-home:ro,Z" "-e" "SOURCE_DIR=/opt/rustwide/workdir" "-e" "CARGO_TARGET_DIR=/opt/rustwide/target" "-e" "CARGO_INCREMENTAL=0" "-e" "RUST_BACKTRACE=full" "-e" "RUSTFLAGS=--cap-lints=warn" "-e" "RUSTDOCFLAGS=--cap-lints=warn" "-e" "CARGO_HOME=/opt/rustwide/cargo-home" "-e" "RUSTUP_HOME=/opt/rustwide/rustup-home" "-w" "/opt/rustwide/workdir" "-m" "1610612736" "--user" "0:0" "--network" "none" "ghcr.io/rust-lang/crates-build-env/linux@sha256:f3a9d4ad9d972b27faf3965f35b62e55ba32bbce8f20bc8fe909558a86702fde" "/opt/rustwide/cargo-home/bin/cargo" "+beta-2024-12-08" "test" "--frozen" "--no-run" "--message-format=json", kill_on_drop: false }`
[INFO] [stdout] 7c0fc911fc48d5633d7a3697d459eac5a01a4a4a0a63b5cfd22aaaa41714922a
[INFO] running `Command { std: "docker" "start" "-a" "7c0fc911fc48d5633d7a3697d459eac5a01a4a4a0a63b5cfd22aaaa41714922a", kill_on_drop: false }`
[INFO] [stderr] warning: virtual workspace defaulting to `resolver = "1"` despite one or more workspace members being on edition 2021 which implies `resolver = "2"`
[INFO] [stderr] note: to keep the current resolver, specify `workspace.resolver = "1"` in the workspace root's manifest
[INFO] [stderr] note: to use the edition 2021 resolver, specify `workspace.resolver = "2"` in the workspace root's manifest
[INFO] [stderr] note: for more details see https://doc.rust-lang.org/cargo/reference/resolver.html#resolver-versions
[INFO] [stdout] warning: unused import: `empty::Empty`
[INFO] [stdout]   --> scheduler/src/schedulers/mod.rs:16:9
[INFO] [stdout]    |
[INFO] [stdout] 16 | pub use empty::Empty;
[INFO] [stdout]    |         ^^^^^^^^^^^^
[INFO] [stdout]    |
[INFO] [stdout]    = note: `#[warn(unused_imports)]` on by default
[INFO] [stdout] 
[INFO] [stdout] 
[INFO] [stderr]    Compiling function_name-proc-macro v0.3.0
[INFO] [stderr]    Compiling diff v0.1.13
[INFO] [stderr]    Compiling yansi v0.5.1
[INFO] [stderr]    Compiling processor v0.1.0 (/opt/rustwide/workdir/processor)
[INFO] [stderr]    Compiling scheduler v0.1.0 (/opt/rustwide/workdir/scheduler)
[INFO] [stdout] warning: unused import: `empty::Empty`
[INFO] [stdout]   --> scheduler/src/schedulers/mod.rs:16:9
[INFO] [stdout]    |
[INFO] [stdout] 16 | pub use empty::Empty;
[INFO] [stdout]    |         ^^^^^^^^^^^^
[INFO] [stdout]    |
[INFO] [stdout]    = note: `#[warn(unused_imports)]` on by default
[INFO] [stdout] 
[INFO] [stdout] 
[INFO] [stderr]    Compiling pretty_assertions v1.3.0
[INFO] [stderr]    Compiling function_name v0.3.0
[INFO] [stderr]    Compiling runner v0.1.0 (/opt/rustwide/workdir/runner)
[INFO] [stderr]     Finished `test` profile [unoptimized + debuginfo] target(s) in 2.73s
[INFO] running `Command { std: "docker" "inspect" "7c0fc911fc48d5633d7a3697d459eac5a01a4a4a0a63b5cfd22aaaa41714922a", kill_on_drop: false }`
[INFO] running `Command { std: "docker" "rm" "-f" "7c0fc911fc48d5633d7a3697d459eac5a01a4a4a0a63b5cfd22aaaa41714922a", kill_on_drop: false }`
[INFO] [stdout] 7c0fc911fc48d5633d7a3697d459eac5a01a4a4a0a63b5cfd22aaaa41714922a
[INFO] running `Command { std: "docker" "create" "-v" "/var/lib/crater-agent-workspace/builds/worker-2-tc2/target:/opt/rustwide/target:rw,Z" "-v" "/var/lib/crater-agent-workspace/builds/worker-2-tc2/source:/opt/rustwide/workdir:ro,Z" "-v" "/var/lib/crater-agent-workspace/cargo-home:/opt/rustwide/cargo-home:ro,Z" "-v" "/var/lib/crater-agent-workspace/rustup-home:/opt/rustwide/rustup-home:ro,Z" "-e" "SOURCE_DIR=/opt/rustwide/workdir" "-e" "CARGO_TARGET_DIR=/opt/rustwide/target" "-e" "CARGO_INCREMENTAL=0" "-e" "RUST_BACKTRACE=full" "-e" "RUSTFLAGS=--cap-lints=warn" "-e" "RUSTDOCFLAGS=--cap-lints=warn" "-e" "CARGO_HOME=/opt/rustwide/cargo-home" "-e" "RUSTUP_HOME=/opt/rustwide/rustup-home" "-w" "/opt/rustwide/workdir" "-m" "1610612736" "--user" "0:0" "--network" "none" "ghcr.io/rust-lang/crates-build-env/linux@sha256:f3a9d4ad9d972b27faf3965f35b62e55ba32bbce8f20bc8fe909558a86702fde" "/opt/rustwide/cargo-home/bin/cargo" "+beta-2024-12-08" "test" "--frozen", kill_on_drop: false }`
[INFO] [stdout] 5248c3a5c232e4b45587827b129c658d4eea4e8a6f717d090d1ceacc06e70eef
[INFO] running `Command { std: "docker" "start" "-a" "5248c3a5c232e4b45587827b129c658d4eea4e8a6f717d090d1ceacc06e70eef", kill_on_drop: false }`
[INFO] [stderr] warning: virtual workspace defaulting to `resolver = "1"` despite one or more workspace members being on edition 2021 which implies `resolver = "2"`
[INFO] [stderr] note: to keep the current resolver, specify `workspace.resolver = "1"` in the workspace root's manifest
[INFO] [stderr] note: to use the edition 2021 resolver, specify `workspace.resolver = "2"` in the workspace root's manifest
[INFO] [stderr] note: for more details see https://doc.rust-lang.org/cargo/reference/resolver.html#resolver-versions
[INFO] [stderr] warning: unused import: `empty::Empty`
[INFO] [stderr]   --> scheduler/src/schedulers/mod.rs:16:9
[INFO] [stderr]    |
[INFO] [stderr] 16 | pub use empty::Empty;
[INFO] [stderr]    |         ^^^^^^^^^^^^
[INFO] [stderr]    |
[INFO] [stderr]    = note: `#[warn(unused_imports)]` on by default
[INFO] [stderr] 
[INFO] [stderr] warning: `scheduler` (lib) generated 1 warning (run `cargo fix --lib -p scheduler` to apply 1 suggestion)
[INFO] [stderr] warning: `scheduler` (lib test) generated 1 warning (1 duplicate)
[INFO] [stderr]     Finished `test` profile [unoptimized + debuginfo] target(s) in 0.02s
[INFO] [stderr]      Running unittests src/lib.rs (/opt/rustwide/target/debug/deps/processor-3df22cea9d1aba09)
[INFO] [stdout] 
[INFO] [stdout] running 0 tests
[INFO] [stdout] 
[INFO] [stdout] test result: ok. 0 passed; 0 failed; 0 ignored; 0 measured; 0 filtered out; finished in 0.00s
[INFO] [stdout] 
[INFO] [stderr]      Running unittests src/main.rs (/opt/rustwide/target/debug/deps/runner-1524508494a50b34)
[INFO] [stdout] 
[INFO] [stdout] running 23 tests
[INFO] [stdout] test tests::deadlock::wait ... FAILED
[INFO] [stdout] test tests::panic::sleep ... FAILED
[INFO] [stdout] test tests::deadlock::signal_before_wait ... FAILED
[INFO] [stdout] test tests::deadlock::signal_before_wait_2 ... FAILED
[INFO] [stdout] test tests::deadlock::wait_2 ... FAILED
[INFO] [stdout] test tests::simple::fork_3 ... FAILED
[INFO] [stdout] test tests::simple::single_process ... FAILED
[INFO] [stdout] test tests::simple::fork_wait_signal ... FAILED
[INFO] [stdout] test tests::simple::sleep ... FAILED
[INFO] [stdout] test tests::simple::work_sleep ... FAILED
[INFO] [stdout] test tests::panic::exec ... FAILED
[INFO] [stdout] test tests::simple::fork_2 ... FAILED
[INFO] [stdout] test tests::simple::fork_wait_sleep_signal ... FAILED
[INFO] [stdout] test tests::panic::wait ... FAILED
[INFO] [stdout] test tests::wait_and_signal::send_receive ... FAILED
[INFO] [stdout] test tests::workers::single_worker ... FAILED
[INFO] [stdout] test tests::wait_and_signal::senders ... FAILED
[INFO] [stdout] test tests::workers::worker_io ... FAILED
[INFO] [stdout] test tests::wait_and_signal::workers ... FAILED
[INFO] [stdout] test tests::deadlock::wait_3 ... FAILED
[INFO] [stdout] test tests::workers::worker_3 ... FAILED
[INFO] [stdout] test tests::workers::sleeper ... FAILED
[INFO] [stdout] test tests::workers::worker_spawning has been running for over 60 seconds
[ERROR] error running command: no output for 300 seconds
[INFO] running `Command { std: "docker" "inspect" "5248c3a5c232e4b45587827b129c658d4eea4e8a6f717d090d1ceacc06e70eef", kill_on_drop: false }`
[INFO] running `Command { std: "docker" "rm" "-f" "5248c3a5c232e4b45587827b129c658d4eea4e8a6f717d090d1ceacc06e70eef", kill_on_drop: false }`
[INFO] [stdout] 5248c3a5c232e4b45587827b129c658d4eea4e8a6f717d090d1ceacc06e70eef
