[INFO] cloning repository https://github.com/Cosiamo/us_address_parser
[INFO] running `Command { std: "git" "-c" "credential.helper=" "-c" "credential.helper=/workspace/cargo-home/bin/git-credential-null" "clone" "--bare" "https://github.com/Cosiamo/us_address_parser" "/workspace/cache/git-repos/https%3A%2F%2Fgithub.com%2FCosiamo%2Fus_address_parser", kill_on_drop: false }`
[INFO] [stderr] Cloning into bare repository '/workspace/cache/git-repos/https%3A%2F%2Fgithub.com%2FCosiamo%2Fus_address_parser'...
[INFO] running `Command { std: "git" "rev-parse" "HEAD", kill_on_drop: false }`
[INFO] [stdout] 7e59e9705ff128826daf36157e8f5dd1ac2edda9
[INFO] testing Cosiamo/us_address_parser against beta-2024-12-08 for beta-1.84.0-4-retry
[INFO] running `Command { std: "git" "clone" "/workspace/cache/git-repos/https%3A%2F%2Fgithub.com%2FCosiamo%2Fus_address_parser" "/workspace/builds/worker-5-tc2/source", kill_on_drop: false }`
[INFO] [stderr] Cloning into '/workspace/builds/worker-5-tc2/source'...
[INFO] [stderr] done.
[INFO] validating manifest of git repo https://github.com/Cosiamo/us_address_parser on toolchain beta-2024-12-08
[INFO] running `Command { std: CARGO_HOME="/workspace/cargo-home" RUSTUP_HOME="/workspace/rustup-home" "/workspace/cargo-home/bin/cargo" "+beta-2024-12-08" "metadata" "--manifest-path" "Cargo.toml" "--no-deps", kill_on_drop: false }`
[INFO] started tweaking git repo https://github.com/Cosiamo/us_address_parser
[INFO] finished tweaking git repo https://github.com/Cosiamo/us_address_parser
[INFO] tweaked toml for git repo https://github.com/Cosiamo/us_address_parser written to /workspace/builds/worker-5-tc2/source/Cargo.toml
[INFO] crate git repo https://github.com/Cosiamo/us_address_parser already has a lockfile, it will not be regenerated
[INFO] running `Command { std: CARGO_HOME="/workspace/cargo-home" RUSTUP_HOME="/workspace/rustup-home" "/workspace/cargo-home/bin/cargo" "+beta-2024-12-08" "fetch" "--manifest-path" "Cargo.toml", kill_on_drop: false }`
[INFO] running `Command { std: "docker" "create" "-v" "/var/lib/crater-agent-workspace/builds/worker-5-tc2/target:/opt/rustwide/target:rw,Z" "-v" "/var/lib/crater-agent-workspace/builds/worker-5-tc2/source:/opt/rustwide/workdir:ro,Z" "-v" "/var/lib/crater-agent-workspace/cargo-home:/opt/rustwide/cargo-home:ro,Z" "-v" "/var/lib/crater-agent-workspace/rustup-home:/opt/rustwide/rustup-home:ro,Z" "-e" "SOURCE_DIR=/opt/rustwide/workdir" "-e" "CARGO_TARGET_DIR=/opt/rustwide/target" "-e" "CARGO_HOME=/opt/rustwide/cargo-home" "-e" "RUSTUP_HOME=/opt/rustwide/rustup-home" "-w" "/opt/rustwide/workdir" "-m" "1610612736" "--user" "0:0" "--network" "none" "ghcr.io/rust-lang/crates-build-env/linux@sha256:f3a9d4ad9d972b27faf3965f35b62e55ba32bbce8f20bc8fe909558a86702fde" "/opt/rustwide/cargo-home/bin/cargo" "+beta-2024-12-08" "metadata" "--no-deps" "--format-version=1", kill_on_drop: false }`
[INFO] [stdout] 4a3d622ed1fcc2db57abd63d8201909832132201d7e5078890ee8d532df6e20c
[INFO] running `Command { std: "docker" "start" "-a" "4a3d622ed1fcc2db57abd63d8201909832132201d7e5078890ee8d532df6e20c", kill_on_drop: false }`
[INFO] running `Command { std: "docker" "inspect" "4a3d622ed1fcc2db57abd63d8201909832132201d7e5078890ee8d532df6e20c", kill_on_drop: false }`
[INFO] running `Command { std: "docker" "rm" "-f" "4a3d622ed1fcc2db57abd63d8201909832132201d7e5078890ee8d532df6e20c", kill_on_drop: false }`
[INFO] [stdout] 4a3d622ed1fcc2db57abd63d8201909832132201d7e5078890ee8d532df6e20c
[INFO] running `Command { std: "docker" "create" "-v" "/var/lib/crater-agent-workspace/builds/worker-5-tc2/target:/opt/rustwide/target:rw,Z" "-v" "/var/lib/crater-agent-workspace/builds/worker-5-tc2/source:/opt/rustwide/workdir:ro,Z" "-v" "/var/lib/crater-agent-workspace/cargo-home:/opt/rustwide/cargo-home:ro,Z" "-v" "/var/lib/crater-agent-workspace/rustup-home:/opt/rustwide/rustup-home:ro,Z" "-e" "SOURCE_DIR=/opt/rustwide/workdir" "-e" "CARGO_TARGET_DIR=/opt/rustwide/target" "-e" "CARGO_INCREMENTAL=0" "-e" "RUST_BACKTRACE=full" "-e" "RUSTFLAGS=--cap-lints=warn" "-e" "RUSTDOCFLAGS=--cap-lints=warn" "-e" "CARGO_HOME=/opt/rustwide/cargo-home" "-e" "RUSTUP_HOME=/opt/rustwide/rustup-home" "-w" "/opt/rustwide/workdir" "-m" "1610612736" "--user" "0:0" "--network" "none" "ghcr.io/rust-lang/crates-build-env/linux@sha256:f3a9d4ad9d972b27faf3965f35b62e55ba32bbce8f20bc8fe909558a86702fde" "/opt/rustwide/cargo-home/bin/cargo" "+beta-2024-12-08" "build" "--frozen" "--message-format=json", kill_on_drop: false }`
[INFO] [stdout] 0f94a2156b425d410359a72d0692987177d5ca3c16137bdefde5ca7bae909211
[INFO] running `Command { std: "docker" "start" "-a" "0f94a2156b425d410359a72d0692987177d5ca3c16137bdefde5ca7bae909211", kill_on_drop: false }`
[INFO] [stderr]    Compiling memchr v2.7.4
[INFO] [stderr]    Compiling regex-syntax v0.8.4
[INFO] [stderr]    Compiling aho-corasick v1.1.3
[INFO] [stderr]    Compiling regex-automata v0.4.7
[INFO] [stderr]    Compiling regex v1.10.6
[INFO] [stderr]    Compiling us_address_parser v0.1.4 (/opt/rustwide/workdir)
[INFO] [stderr]     Finished `dev` profile [unoptimized + debuginfo] target(s) in 10.28s
[INFO] running `Command { std: "docker" "inspect" "0f94a2156b425d410359a72d0692987177d5ca3c16137bdefde5ca7bae909211", kill_on_drop: false }`
[INFO] running `Command { std: "docker" "rm" "-f" "0f94a2156b425d410359a72d0692987177d5ca3c16137bdefde5ca7bae909211", kill_on_drop: false }`
[INFO] [stdout] 0f94a2156b425d410359a72d0692987177d5ca3c16137bdefde5ca7bae909211
[INFO] running `Command { std: "docker" "create" "-v" "/var/lib/crater-agent-workspace/builds/worker-5-tc2/target:/opt/rustwide/target:rw,Z" "-v" "/var/lib/crater-agent-workspace/builds/worker-5-tc2/source:/opt/rustwide/workdir:ro,Z" "-v" "/var/lib/crater-agent-workspace/cargo-home:/opt/rustwide/cargo-home:ro,Z" "-v" "/var/lib/crater-agent-workspace/rustup-home:/opt/rustwide/rustup-home:ro,Z" "-e" "SOURCE_DIR=/opt/rustwide/workdir" "-e" "CARGO_TARGET_DIR=/opt/rustwide/target" "-e" "CARGO_INCREMENTAL=0" "-e" "RUST_BACKTRACE=full" "-e" "RUSTFLAGS=--cap-lints=warn" "-e" "RUSTDOCFLAGS=--cap-lints=warn" "-e" "CARGO_HOME=/opt/rustwide/cargo-home" "-e" "RUSTUP_HOME=/opt/rustwide/rustup-home" "-w" "/opt/rustwide/workdir" "-m" "1610612736" "--user" "0:0" "--network" "none" "ghcr.io/rust-lang/crates-build-env/linux@sha256:f3a9d4ad9d972b27faf3965f35b62e55ba32bbce8f20bc8fe909558a86702fde" "/opt/rustwide/cargo-home/bin/cargo" "+beta-2024-12-08" "test" "--frozen" "--no-run" "--message-format=json", kill_on_drop: false }`
[INFO] [stdout] e9ac8d5309f5ebf10ddcd8e5215b3ecd759cda9d1c0ab76958383379710963c2
[INFO] running `Command { std: "docker" "start" "-a" "e9ac8d5309f5ebf10ddcd8e5215b3ecd759cda9d1c0ab76958383379710963c2", kill_on_drop: false }`
[INFO] [stderr]    Compiling us_address_parser v0.1.4 (/opt/rustwide/workdir)
[INFO] [stderr]     Finished `test` profile [unoptimized + debuginfo] target(s) in 1.41s
[INFO] running `Command { std: "docker" "inspect" "e9ac8d5309f5ebf10ddcd8e5215b3ecd759cda9d1c0ab76958383379710963c2", kill_on_drop: false }`
[INFO] running `Command { std: "docker" "rm" "-f" "e9ac8d5309f5ebf10ddcd8e5215b3ecd759cda9d1c0ab76958383379710963c2", kill_on_drop: false }`
[INFO] [stdout] e9ac8d5309f5ebf10ddcd8e5215b3ecd759cda9d1c0ab76958383379710963c2
[INFO] running `Command { std: "docker" "create" "-v" "/var/lib/crater-agent-workspace/builds/worker-5-tc2/target:/opt/rustwide/target:rw,Z" "-v" "/var/lib/crater-agent-workspace/builds/worker-5-tc2/source:/opt/rustwide/workdir:ro,Z" "-v" "/var/lib/crater-agent-workspace/cargo-home:/opt/rustwide/cargo-home:ro,Z" "-v" "/var/lib/crater-agent-workspace/rustup-home:/opt/rustwide/rustup-home:ro,Z" "-e" "SOURCE_DIR=/opt/rustwide/workdir" "-e" "CARGO_TARGET_DIR=/opt/rustwide/target" "-e" "CARGO_INCREMENTAL=0" "-e" "RUST_BACKTRACE=full" "-e" "RUSTFLAGS=--cap-lints=warn" "-e" "RUSTDOCFLAGS=--cap-lints=warn" "-e" "CARGO_HOME=/opt/rustwide/cargo-home" "-e" "RUSTUP_HOME=/opt/rustwide/rustup-home" "-w" "/opt/rustwide/workdir" "-m" "1610612736" "--user" "0:0" "--network" "none" "ghcr.io/rust-lang/crates-build-env/linux@sha256:f3a9d4ad9d972b27faf3965f35b62e55ba32bbce8f20bc8fe909558a86702fde" "/opt/rustwide/cargo-home/bin/cargo" "+beta-2024-12-08" "test" "--frozen", kill_on_drop: false }`
[INFO] [stdout] 4ab520cc58119978018bb3d26ae5a86eda37d1946803dd3f6fb89405f525d285
[INFO] running `Command { std: "docker" "start" "-a" "4ab520cc58119978018bb3d26ae5a86eda37d1946803dd3f6fb89405f525d285", kill_on_drop: false }`
[INFO] [stderr]     Finished `test` profile [unoptimized + debuginfo] target(s) in 0.04s
[INFO] [stderr]      Running unittests src/lib.rs (/opt/rustwide/target/debug/deps/us_address_parser-895f0e5ea2ee6b8e)
[INFO] [stdout] 
[INFO] [stdout] running 0 tests
[INFO] [stdout] 
[INFO] [stdout] test result: ok. 0 passed; 0 failed; 0 ignored; 0 measured; 0 filtered out; finished in 0.00s
[INFO] [stdout] 
[INFO] [stderr]    Doc-tests us_address_parser
[INFO] [stdout] 
[INFO] [stdout] running 2 tests
[INFO] [stdout] test src/lib.rs - AddressParsing (line 19) ... FAILED
[INFO] [stdout] test src/parse/mod.rs - parse::Address::street_name (line 37) ... FAILED
[INFO] [stdout] 
[INFO] [stdout] failures:
[INFO] [stdout] 
[INFO] [stdout] ---- src/lib.rs - AddressParsing (line 19) stdout ----
[INFO] [stdout] error[E0405]: cannot find trait `AddressParsing` in this scope
[INFO] [stdout]   --> src/lib.rs:27:6
[INFO] [stdout]    |
[INFO] [stdout] 11 | impl AddressParsing for CustomerInfo {
[INFO] [stdout]    |      ^^^^^^^^^^^^^^ not found in this scope
[INFO] [stdout]    |
[INFO] [stdout] help: consider importing this trait
[INFO] [stdout]    |
[INFO] [stdout] 2  + use us_address_parser::AddressParsing;
[INFO] [stdout]    |
[INFO] [stdout] 
[INFO] [stdout] error[E0412]: cannot find type `Address` in this scope
[INFO] [stdout]   --> src/lib.rs:28:28
[INFO] [stdout]    |
[INFO] [stdout] 12 |    fn parse_addr(&self) -> Address {
[INFO] [stdout]    |                            ^^^^^^^ not found in this scope
[INFO] [stdout]    |
[INFO] [stdout] help: consider importing this struct
[INFO] [stdout]    |
[INFO] [stdout] 2  + use us_address_parser::Address;
[INFO] [stdout]    |
[INFO] [stdout] 
[INFO] [stdout] error: aborting due to 2 previous errors
[INFO] [stdout] 
[INFO] [stdout] Some errors have detailed explanations: E0405, E0412.
[INFO] [stdout] For more information about an error, try `rustc --explain E0405`.
[INFO] [stdout] Couldn't compile the test.
[INFO] [stdout] ---- src/parse/mod.rs - parse::Address::street_name (line 37) stdout ----
[INFO] [stdout] error[E0425]: cannot find value `address` in this scope
[INFO] [stdout]  --> src/parse/mod.rs:38:1
[INFO] [stdout]   |
[INFO] [stdout] 3 | address
[INFO] [stdout]   | ^^^^^^^ not found in this scope
[INFO] [stdout] 
[INFO] [stdout] error[E0425]: cannot find value `full_address` in this scope
[INFO] [stdout]  --> src/parse/mod.rs:39:16
[INFO] [stdout]   |
[INFO] [stdout] 4 |    .street_no(&full_address)
[INFO] [stdout]   |                ^^^^^^^^^^^^ not found in this scope
[INFO] [stdout] 
[INFO] [stdout] error[E0425]: cannot find value `full_address` in this scope
[INFO] [stdout]  --> src/parse/mod.rs:40:18
[INFO] [stdout]   |
[INFO] [stdout] 5 |    .directional(&full_address)
[INFO] [stdout]   |                  ^^^^^^^^^^^^ not found in this scope
[INFO] [stdout] 
[INFO] [stdout] error[E0425]: cannot find value `full_address` in this scope
[INFO] [stdout]  --> src/parse/mod.rs:41:18
[INFO] [stdout]   |
[INFO] [stdout] 6 |    .street_type(&full_address)
[INFO] [stdout]   |                  ^^^^^^^^^^^^ not found in this scope
[INFO] [stdout] 
[INFO] [stdout] error[E0425]: cannot find value `full_address` in this scope
[INFO] [stdout]  --> src/parse/mod.rs:42:23
[INFO] [stdout]   |
[INFO] [stdout] 7 |    .unit_type_and_no(&full_address)
[INFO] [stdout]   |                       ^^^^^^^^^^^^ not found in this scope
[INFO] [stdout] 
[INFO] [stdout] error[E0425]: cannot find value `full_address` in this scope
[INFO] [stdout]  --> src/parse/mod.rs:43:18
[INFO] [stdout]   |
[INFO] [stdout] 8 |    .street_name(&full_address)
[INFO] [stdout]   |                  ^^^^^^^^^^^^ not found in this scope
[INFO] [stdout] 
[INFO] [stdout] error: aborting due to 6 previous errors
[INFO] [stdout] 
[INFO] [stdout] For more information about this error, try `rustc --explain E0425`.
[INFO] [stdout] Couldn't compile the test.
[INFO] [stdout] 
[INFO] [stdout] failures:
[INFO] [stdout]     src/lib.rs - AddressParsing (line 19)
[INFO] [stdout]     src/parse/mod.rs - parse::Address::street_name (line 37)
[INFO] [stdout] 
[INFO] [stdout] test result: FAILED. 0 passed; 2 failed; 0 ignored; 0 measured; 0 filtered out; finished in 0.18s
[INFO] [stdout] 
[INFO] [stderr] error: doctest failed, to rerun pass `--doc`
[INFO] running `Command { std: "docker" "inspect" "4ab520cc58119978018bb3d26ae5a86eda37d1946803dd3f6fb89405f525d285", kill_on_drop: false }`
[INFO] running `Command { std: "docker" "rm" "-f" "4ab520cc58119978018bb3d26ae5a86eda37d1946803dd3f6fb89405f525d285", kill_on_drop: false }`
[INFO] [stdout] 4ab520cc58119978018bb3d26ae5a86eda37d1946803dd3f6fb89405f525d285
