[INFO] cloning repository https://github.com/Cosiamo/oracle_sql_tools
[INFO] running `Command { std: "git" "-c" "credential.helper=" "-c" "credential.helper=/workspace/cargo-home/bin/git-credential-null" "clone" "--bare" "https://github.com/Cosiamo/oracle_sql_tools" "/workspace/cache/git-repos/https%3A%2F%2Fgithub.com%2FCosiamo%2Foracle_sql_tools", kill_on_drop: false }`
[INFO] [stderr] Cloning into bare repository '/workspace/cache/git-repos/https%3A%2F%2Fgithub.com%2FCosiamo%2Foracle_sql_tools'...
[INFO] running `Command { std: "git" "rev-parse" "HEAD", kill_on_drop: false }`
[INFO] [stdout] 20687cc72340f3cdab0d891a1a51ba9773eda015
[INFO] testing Cosiamo/oracle_sql_tools against 1.83.0 for beta-1.84.0-4-retry
[INFO] running `Command { std: "git" "clone" "/workspace/cache/git-repos/https%3A%2F%2Fgithub.com%2FCosiamo%2Foracle_sql_tools" "/workspace/builds/worker-0-tc1/source", kill_on_drop: false }`
[INFO] [stderr] Cloning into '/workspace/builds/worker-0-tc1/source'...
[INFO] [stderr] done.
[INFO] validating manifest of git repo https://github.com/Cosiamo/oracle_sql_tools on toolchain 1.83.0
[INFO] running `Command { std: CARGO_HOME="/workspace/cargo-home" RUSTUP_HOME="/workspace/rustup-home" "/workspace/cargo-home/bin/cargo" "+1.83.0" "metadata" "--manifest-path" "Cargo.toml" "--no-deps", kill_on_drop: false }`
[INFO] started tweaking git repo https://github.com/Cosiamo/oracle_sql_tools
[INFO] finished tweaking git repo https://github.com/Cosiamo/oracle_sql_tools
[INFO] tweaked toml for git repo https://github.com/Cosiamo/oracle_sql_tools written to /workspace/builds/worker-0-tc1/source/Cargo.toml
[INFO] crate git repo https://github.com/Cosiamo/oracle_sql_tools already has a lockfile, it will not be regenerated
[INFO] running `Command { std: CARGO_HOME="/workspace/cargo-home" RUSTUP_HOME="/workspace/rustup-home" "/workspace/cargo-home/bin/cargo" "+1.83.0" "fetch" "--manifest-path" "Cargo.toml", kill_on_drop: false }`
[INFO] [stderr]     Updating crates.io index
[INFO] [stderr]  Downloading crates ...
[INFO] [stderr]   Downloaded oracle_procmacro v0.1.2
[INFO] [stderr]   Downloaded oracle v0.5.7
[INFO] [stderr]   Downloaded syn v2.0.55
[INFO] running `Command { std: "docker" "create" "-v" "/var/lib/crater-agent-workspace/builds/worker-0-tc1/target:/opt/rustwide/target:rw,Z" "-v" "/var/lib/crater-agent-workspace/builds/worker-0-tc1/source:/opt/rustwide/workdir:ro,Z" "-v" "/var/lib/crater-agent-workspace/cargo-home:/opt/rustwide/cargo-home:ro,Z" "-v" "/var/lib/crater-agent-workspace/rustup-home:/opt/rustwide/rustup-home:ro,Z" "-e" "SOURCE_DIR=/opt/rustwide/workdir" "-e" "CARGO_TARGET_DIR=/opt/rustwide/target" "-e" "CARGO_HOME=/opt/rustwide/cargo-home" "-e" "RUSTUP_HOME=/opt/rustwide/rustup-home" "-w" "/opt/rustwide/workdir" "-m" "1610612736" "--user" "0:0" "--network" "none" "ghcr.io/rust-lang/crates-build-env/linux@sha256:f3a9d4ad9d972b27faf3965f35b62e55ba32bbce8f20bc8fe909558a86702fde" "/opt/rustwide/cargo-home/bin/cargo" "+1.83.0" "metadata" "--no-deps" "--format-version=1", kill_on_drop: false }`
[INFO] [stdout] e7e8656c1efddd2b67b562d5dddb48e0a97d8f7e104cb28de2c2af82aa9f7cf6
[INFO] running `Command { std: "docker" "start" "-a" "e7e8656c1efddd2b67b562d5dddb48e0a97d8f7e104cb28de2c2af82aa9f7cf6", kill_on_drop: false }`
[INFO] running `Command { std: "docker" "inspect" "e7e8656c1efddd2b67b562d5dddb48e0a97d8f7e104cb28de2c2af82aa9f7cf6", kill_on_drop: false }`
[INFO] running `Command { std: "docker" "rm" "-f" "e7e8656c1efddd2b67b562d5dddb48e0a97d8f7e104cb28de2c2af82aa9f7cf6", kill_on_drop: false }`
[INFO] [stdout] e7e8656c1efddd2b67b562d5dddb48e0a97d8f7e104cb28de2c2af82aa9f7cf6
[INFO] running `Command { std: "docker" "create" "-v" "/var/lib/crater-agent-workspace/builds/worker-0-tc1/target:/opt/rustwide/target:rw,Z" "-v" "/var/lib/crater-agent-workspace/builds/worker-0-tc1/source:/opt/rustwide/workdir:ro,Z" "-v" "/var/lib/crater-agent-workspace/cargo-home:/opt/rustwide/cargo-home:ro,Z" "-v" "/var/lib/crater-agent-workspace/rustup-home:/opt/rustwide/rustup-home:ro,Z" "-e" "SOURCE_DIR=/opt/rustwide/workdir" "-e" "CARGO_TARGET_DIR=/opt/rustwide/target" "-e" "CARGO_INCREMENTAL=0" "-e" "RUST_BACKTRACE=full" "-e" "RUSTFLAGS=--cap-lints=warn" "-e" "RUSTDOCFLAGS=--cap-lints=warn" "-e" "CARGO_HOME=/opt/rustwide/cargo-home" "-e" "RUSTUP_HOME=/opt/rustwide/rustup-home" "-w" "/opt/rustwide/workdir" "-m" "1610612736" "--user" "0:0" "--network" "none" "ghcr.io/rust-lang/crates-build-env/linux@sha256:f3a9d4ad9d972b27faf3965f35b62e55ba32bbce8f20bc8fe909558a86702fde" "/opt/rustwide/cargo-home/bin/cargo" "+1.83.0" "build" "--frozen" "--message-format=json", kill_on_drop: false }`
[INFO] [stdout] 45979143b0d4400af2dc2bfade649181e7d706dd8e19b16fa448a336f22c923b
[INFO] running `Command { std: "docker" "start" "-a" "45979143b0d4400af2dc2bfade649181e7d706dd8e19b16fa448a336f22c923b", kill_on_drop: false }`
[INFO] [stderr]    Compiling proc-macro2 v1.0.79
[INFO] [stderr]    Compiling unicode-ident v1.0.12
[INFO] [stderr]    Compiling syn v1.0.109
[INFO] [stderr]    Compiling ident_case v1.0.1
[INFO] [stderr]    Compiling autocfg v1.2.0
[INFO] [stderr]    Compiling libc v0.2.153
[INFO] [stderr]    Compiling fnv v1.0.7
[INFO] [stderr]    Compiling strsim v0.10.0
[INFO] [stderr]    Compiling portable-atomic v1.6.0
[INFO] [stderr]    Compiling paste v1.0.14
[INFO] [stderr]    Compiling cc v1.0.90
[INFO] [stderr]    Compiling lazy_static v1.4.0
[INFO] [stderr]    Compiling unicode-width v0.1.11
[INFO] [stderr]    Compiling thiserror v1.0.58
[INFO] [stderr]    Compiling iana-time-zone v0.1.60
[INFO] [stderr]    Compiling num-traits v0.2.18
[INFO] [stderr]    Compiling serde v1.0.197
[INFO] [stderr]    Compiling quote v1.0.35
[INFO] [stderr]    Compiling console v0.15.8
[INFO] [stderr]    Compiling number_prefix v0.4.0
[INFO] [stderr]    Compiling syn v2.0.55
[INFO] [stderr]    Compiling either v1.10.0
[INFO] [stderr]    Compiling itertools v0.12.1
[INFO] [stderr]    Compiling num_cpus v1.16.0
[INFO] [stderr]    Compiling indicatif v0.17.8
[INFO] [stderr]    Compiling oracle v0.5.7
[INFO] [stderr]    Compiling chrono v0.4.35
[INFO] [stderr]    Compiling serde_derive v1.0.197
[INFO] [stderr]    Compiling thiserror-impl v1.0.58
[INFO] [stderr]    Compiling darling_core v0.13.4
[INFO] [stderr]    Compiling darling_macro v0.13.4
[INFO] [stderr]    Compiling darling v0.13.4
[INFO] [stderr]    Compiling oracle_procmacro v0.1.2
[INFO] [stderr]    Compiling oracle_sql_tools v0.2.0 (/opt/rustwide/workdir)
[INFO] [stderr]     Finished `dev` profile [unoptimized + debuginfo] target(s) in 40.10s
[INFO] running `Command { std: "docker" "inspect" "45979143b0d4400af2dc2bfade649181e7d706dd8e19b16fa448a336f22c923b", kill_on_drop: false }`
[INFO] running `Command { std: "docker" "rm" "-f" "45979143b0d4400af2dc2bfade649181e7d706dd8e19b16fa448a336f22c923b", kill_on_drop: false }`
[INFO] [stdout] 45979143b0d4400af2dc2bfade649181e7d706dd8e19b16fa448a336f22c923b
[INFO] running `Command { std: "docker" "create" "-v" "/var/lib/crater-agent-workspace/builds/worker-0-tc1/target:/opt/rustwide/target:rw,Z" "-v" "/var/lib/crater-agent-workspace/builds/worker-0-tc1/source:/opt/rustwide/workdir:ro,Z" "-v" "/var/lib/crater-agent-workspace/cargo-home:/opt/rustwide/cargo-home:ro,Z" "-v" "/var/lib/crater-agent-workspace/rustup-home:/opt/rustwide/rustup-home:ro,Z" "-e" "SOURCE_DIR=/opt/rustwide/workdir" "-e" "CARGO_TARGET_DIR=/opt/rustwide/target" "-e" "CARGO_INCREMENTAL=0" "-e" "RUST_BACKTRACE=full" "-e" "RUSTFLAGS=--cap-lints=warn" "-e" "RUSTDOCFLAGS=--cap-lints=warn" "-e" "CARGO_HOME=/opt/rustwide/cargo-home" "-e" "RUSTUP_HOME=/opt/rustwide/rustup-home" "-w" "/opt/rustwide/workdir" "-m" "1610612736" "--user" "0:0" "--network" "none" "ghcr.io/rust-lang/crates-build-env/linux@sha256:f3a9d4ad9d972b27faf3965f35b62e55ba32bbce8f20bc8fe909558a86702fde" "/opt/rustwide/cargo-home/bin/cargo" "+1.83.0" "test" "--frozen" "--no-run" "--message-format=json", kill_on_drop: false }`
[INFO] [stdout] 4e52829374dd58ab50df6fe66a86480df77de4dc9c1d4383e9e2185734d696c4
[INFO] running `Command { std: "docker" "start" "-a" "4e52829374dd58ab50df6fe66a86480df77de4dc9c1d4383e9e2185734d696c4", kill_on_drop: false }`
[INFO] [stderr]    Compiling oracle_sql_tools v0.2.0 (/opt/rustwide/workdir)
[INFO] [stderr]     Finished `test` profile [unoptimized + debuginfo] target(s) in 0.80s
[INFO] running `Command { std: "docker" "inspect" "4e52829374dd58ab50df6fe66a86480df77de4dc9c1d4383e9e2185734d696c4", kill_on_drop: false }`
[INFO] running `Command { std: "docker" "rm" "-f" "4e52829374dd58ab50df6fe66a86480df77de4dc9c1d4383e9e2185734d696c4", kill_on_drop: false }`
[INFO] [stdout] 4e52829374dd58ab50df6fe66a86480df77de4dc9c1d4383e9e2185734d696c4
[INFO] running `Command { std: "docker" "create" "-v" "/var/lib/crater-agent-workspace/builds/worker-0-tc1/target:/opt/rustwide/target:rw,Z" "-v" "/var/lib/crater-agent-workspace/builds/worker-0-tc1/source:/opt/rustwide/workdir:ro,Z" "-v" "/var/lib/crater-agent-workspace/cargo-home:/opt/rustwide/cargo-home:ro,Z" "-v" "/var/lib/crater-agent-workspace/rustup-home:/opt/rustwide/rustup-home:ro,Z" "-e" "SOURCE_DIR=/opt/rustwide/workdir" "-e" "CARGO_TARGET_DIR=/opt/rustwide/target" "-e" "CARGO_INCREMENTAL=0" "-e" "RUST_BACKTRACE=full" "-e" "RUSTFLAGS=--cap-lints=warn" "-e" "RUSTDOCFLAGS=--cap-lints=warn" "-e" "CARGO_HOME=/opt/rustwide/cargo-home" "-e" "RUSTUP_HOME=/opt/rustwide/rustup-home" "-w" "/opt/rustwide/workdir" "-m" "1610612736" "--user" "0:0" "--network" "none" "ghcr.io/rust-lang/crates-build-env/linux@sha256:f3a9d4ad9d972b27faf3965f35b62e55ba32bbce8f20bc8fe909558a86702fde" "/opt/rustwide/cargo-home/bin/cargo" "+1.83.0" "test" "--frozen", kill_on_drop: false }`
[INFO] [stdout] 120be84d7477b2efcdeaddb3b29cfe37e1dc8c77d9e3d22fa9b80f37100af8c5
[INFO] running `Command { std: "docker" "start" "-a" "120be84d7477b2efcdeaddb3b29cfe37e1dc8c77d9e3d22fa9b80f37100af8c5", kill_on_drop: false }`
[INFO] [stderr]     Finished `test` profile [unoptimized + debuginfo] target(s) in 0.08s
[INFO] [stdout] 
[INFO] [stderr]      Running unittests src/lib.rs (/opt/rustwide/target/debug/deps/oracle_sql_tools-988a19437c2ffbad)
[INFO] [stdout] running 0 tests
[INFO] [stdout] 
[INFO] [stdout] test result: ok. 0 passed; 0 failed; 0 ignored; 0 measured; 0 filtered out; finished in 0.00s
[INFO] [stdout] 
[INFO] [stderr]    Doc-tests oracle_sql_tools
[INFO] [stdout] 
[INFO] [stdout] running 11 tests
[INFO] [stdout] test src/lib.rs - PrepData (line 30) - compile ... FAILED
[INFO] [stdout] test src/lib.rs - PrepData (line 20) - compile ... FAILED
[INFO] [stdout] test src/../README.md - (line 73) ... FAILED
[INFO] [stdout] test src/../README.md - (line 60) ... FAILED
[INFO] [stdout] test src/statements/insert/mod.rs - statements::insert::PreppedGridData::insert (line 18) - compile ... FAILED
[INFO] [stdout] test src/format_data.rs - format_data::FormatData (line 37) - compile ... FAILED
[INFO] [stdout] test src/../README.md - (line 38) ... FAILED
[INFO] [stdout] test src/../README.md - (line 20) ... FAILED
[INFO] [stdout] test src/format_data.rs - format_data::FormatData (line 19) - compile ... FAILED
[INFO] [stdout] test src/statements/select/mod.rs - statements::select::PreppedRowData::select (line 18) - compile ... FAILED
[INFO] [stdout] test src/statements/insert/mod.rs - statements::insert::PreppedGridData::insert_single_thread (line 43) - compile ... FAILED
[INFO] [stdout] 
[INFO] [stdout] failures:
[INFO] [stdout] 
[INFO] [stdout] ---- src/lib.rs - PrepData (line 30) stdout ----
[INFO] [stdout] error: expected one of `.`, `?`, `{`, or an operator, found `;`
[INFO] [stdout]  --> src/lib.rs:31:102
[INFO] [stdout]   |
[INFO] [stdout] 3 | let conn: oracle::Connection = match Connection::connect("<USERNAME>", "<PASSWORD>", "<IP ADDRESS>")?; 
[INFO] [stdout]   |                                -----                                                                 ^ expected one of `.`, `?`, `{`, or an operator
[INFO] [stdout]   |                                |
[INFO] [stdout]   |                                while parsing this `match` expression
[INFO] [stdout]   |                                help: try removing this `match`
[INFO] [stdout] 
[INFO] [stdout] error: aborting due to 1 previous error
[INFO] [stdout] 
[INFO] [stdout] Couldn't compile the test.
[INFO] [stdout] ---- src/lib.rs - PrepData (line 20) stdout ----
[INFO] [stdout] error: expected one of `.`, `?`, `{`, or an operator, found `;`
[INFO] [stdout]  --> src/lib.rs:21:102
[INFO] [stdout]   |
[INFO] [stdout] 3 | let conn: oracle::Connection = match Connection::connect("<USERNAME>", "<PASSWORD>", "<IP ADDRESS>")?; 
[INFO] [stdout]   |                                -----                                                                 ^ expected one of `.`, `?`, `{`, or an operator
[INFO] [stdout]   |                                |
[INFO] [stdout]   |                                while parsing this `match` expression
[INFO] [stdout]   |                                help: try removing this `match`
[INFO] [stdout] 
[INFO] [stdout] error: aborting due to 1 previous error
[INFO] [stdout] 
[INFO] [stdout] Couldn't compile the test.
[INFO] [stdout] ---- src/../README.md - (line 73) stdout ----
[INFO] [stdout] error: expected one of `.`, `?`, `{`, or an operator, found `;`
[INFO] [stdout]  --> src/../README.md:74:102
[INFO] [stdout]   |
[INFO] [stdout] 3 | let conn: oracle::Connection = match Connection::connect("<USERNAME>", "<PASSWORD>", "<IP ADDRESS>")?; 
[INFO] [stdout]   |                                -----                                                                 ^ expected one of `.`, `?`, `{`, or an operator
[INFO] [stdout]   |                                |
[INFO] [stdout]   |                                while parsing this `match` expression
[INFO] [stdout]   |                                help: try removing this `match`
[INFO] [stdout] 
[INFO] [stdout] error: aborting due to 1 previous error
[INFO] [stdout] 
[INFO] [stdout] Couldn't compile the test.
[INFO] [stdout] ---- src/../README.md - (line 60) stdout ----
[INFO] [stdout] error: expected one of `.`, `?`, `{`, or an operator, found `;`
[INFO] [stdout]  --> src/../README.md:61:102
[INFO] [stdout]   |
[INFO] [stdout] 3 | let conn: oracle::Connection = match Connection::connect("<USERNAME>", "<PASSWORD>", "<IP ADDRESS>")?; 
[INFO] [stdout]   |                                -----                                                                 ^ expected one of `.`, `?`, `{`, or an operator
[INFO] [stdout]   |                                |
[INFO] [stdout]   |                                while parsing this `match` expression
[INFO] [stdout]   |                                help: try removing this `match`
[INFO] [stdout] 
[INFO] [stdout] error: aborting due to 1 previous error
[INFO] [stdout] 
[INFO] [stdout] Couldn't compile the test.
[INFO] [stdout] ---- src/statements/insert/mod.rs - statements::insert::PreppedGridData::insert (line 18) stdout ----
[INFO] [stdout] error: expected one of `.`, `?`, `{`, or an operator, found `;`
[INFO] [stdout]  --> src/statements/insert/mod.rs:19:102
[INFO] [stdout]   |
[INFO] [stdout] 3 | let conn: oracle::Connection = match Connection::connect("<USERNAME>", "<PASSWORD>", "<IP ADDRESS>")?; 
[INFO] [stdout]   |                                -----                                                                 ^ expected one of `.`, `?`, `{`, or an operator
[INFO] [stdout]   |                                |
[INFO] [stdout]   |                                while parsing this `match` expression
[INFO] [stdout]   |                                help: try removing this `match`
[INFO] [stdout] 
[INFO] [stdout] error: aborting due to 1 previous error
[INFO] [stdout] 
[INFO] [stdout] Couldn't compile the test.
[INFO] [stdout] ---- src/format_data.rs - format_data::FormatData (line 37) stdout ----
[INFO] [stdout] error[E0432]: unresolved import `some_crate`
[INFO] [stdout]  --> src/format_data.rs:38:5
[INFO] [stdout]   |
[INFO] [stdout] 3 | use some_crate::SomeForeignType;
[INFO] [stdout]   |     ^^^^^^^^^^ use of undeclared crate or module `some_crate`
[INFO] [stdout] 
[INFO] [stdout] error[E0405]: cannot find trait `FormatData` in this scope
[INFO] [stdout]  --> src/format_data.rs:42:6
[INFO] [stdout]   |
[INFO] [stdout] 7 | impl FormatData for MyType<'_> {
[INFO] [stdout]   |      ^^^^^^^^^^ not found in this scope
[INFO] [stdout]   |
[INFO] [stdout] help: consider importing this trait
[INFO] [stdout]   |
[INFO] [stdout] 2 + use oracle_sql_tools::format_data::FormatData;
[INFO] [stdout]   |
[INFO] [stdout] 
[INFO] [stdout] error[E0412]: cannot find type `FormattedData` in this scope
[INFO] [stdout]  --> src/format_data.rs:43:26
[INFO] [stdout]   |
[INFO] [stdout] 8 |     fn fmt_data(self) -> FormattedData {
[INFO] [stdout]   |                          ^^^^^^^^^^^^^ not found in this scope
[INFO] [stdout]   |
[INFO] [stdout] help: consider importing this enum
[INFO] [stdout]   |
[INFO] [stdout] 2 + use oracle_sql_tools::format_data::FormattedData;
[INFO] [stdout]   |
[INFO] [stdout] 
[INFO] [stdout] error[E0433]: failed to resolve: use of undeclared type `FormattedData`
[INFO] [stdout]   --> src/format_data.rs:45:50
[INFO] [stdout]    |
[INFO] [stdout] 10 |             MyType(SomeForeignType::Int(val)) => FormattedData::INT(*val),
[INFO] [stdout]    |                                                  ^^^^^^^^^^^^^ use of undeclared type `FormattedData`
[INFO] [stdout]    |
[INFO] [stdout] help: consider importing this enum
[INFO] [stdout]    |
[INFO] [stdout] 2  + use oracle_sql_tools::format_data::FormattedData;
[INFO] [stdout]    |
[INFO] [stdout] 
[INFO] [stdout] error[E0433]: failed to resolve: use of undeclared type `FormattedData`
[INFO] [stdout]   --> src/format_data.rs:46:52
[INFO] [stdout]    |
[INFO] [stdout] 11 |             MyType(SomeForeignType::Float(val)) => FormattedData::FLOAT(*val),
[INFO] [stdout]    |                                                    ^^^^^^^^^^^^^ use of undeclared type `FormattedData`
[INFO] [stdout]    |
[INFO] [stdout] help: consider importing this enum
[INFO] [stdout]    |
[INFO] [stdout] 2  + use oracle_sql_tools::format_data::FormattedData;
[INFO] [stdout]    |
[INFO] [stdout] 
[INFO] [stdout] error[E0433]: failed to resolve: use of undeclared type `FormattedData`
[INFO] [stdout]   --> src/format_data.rs:47:53
[INFO] [stdout]    |
[INFO] [stdout] 12 |             MyType(SomeForeignType::String(val)) => FormattedData::STRING(val.to_owned()),
[INFO] [stdout]    |                                                     ^^^^^^^^^^^^^ use of undeclared type `FormattedData`
[INFO] [stdout]    |
[INFO] [stdout] help: consider importing this enum
[INFO] [stdout]    |
[INFO] [stdout] 2  + use oracle_sql_tools::format_data::FormattedData;
[INFO] [stdout]    |
[INFO] [stdout] 
[INFO] [stdout] error[E0433]: failed to resolve: use of undeclared type `FormattedData`
[INFO] [stdout]   --> src/format_data.rs:48:46
[INFO] [stdout]    |
[INFO] [stdout] 13 |             MyType(SomeForeignType::None) => FormattedData::EMPTY,
[INFO] [stdout]    |                                              ^^^^^^^^^^^^^ use of undeclared type `FormattedData`
[INFO] [stdout]    |
[INFO] [stdout] help: consider importing this enum
[INFO] [stdout]    |
[INFO] [stdout] 2  + use oracle_sql_tools::format_data::FormattedData;
[INFO] [stdout]    |
[INFO] [stdout] 
[INFO] [stdout] error: aborting due to 7 previous errors
[INFO] [stdout] 
[INFO] [stdout] Some errors have detailed explanations: E0405, E0412, E0432, E0433.
[INFO] [stdout] For more information about an error, try `rustc --explain E0405`.
[INFO] [stdout] Couldn't compile the test.
[INFO] [stdout] ---- src/../README.md - (line 38) stdout ----
[INFO] [stdout] error[E0432]: unresolved import `some_crate`
[INFO] [stdout]  --> src/../README.md:39:5
[INFO] [stdout]   |
[INFO] [stdout] 3 | use some_crate::SomeForeignType;
[INFO] [stdout]   |     ^^^^^^^^^^ use of undeclared crate or module `some_crate`
[INFO] [stdout] 
[INFO] [stdout] error[E0405]: cannot find trait `FormatData` in this scope
[INFO] [stdout]  --> src/../README.md:43:6
[INFO] [stdout]   |
[INFO] [stdout] 7 | impl FormatData for MyType<'_> {
[INFO] [stdout]   |      ^^^^^^^^^^ not found in this scope
[INFO] [stdout]   |
[INFO] [stdout] help: consider importing this trait
[INFO] [stdout]   |
[INFO] [stdout] 2 + use oracle_sql_tools::format_data::FormatData;
[INFO] [stdout]   |
[INFO] [stdout] 
[INFO] [stdout] error[E0412]: cannot find type `FormattedData` in this scope
[INFO] [stdout]  --> src/../README.md:44:26
[INFO] [stdout]   |
[INFO] [stdout] 8 |     fn fmt_data(self) -> FormattedData {
[INFO] [stdout]   |                          ^^^^^^^^^^^^^ not found in this scope
[INFO] [stdout]   |
[INFO] [stdout] help: consider importing this enum
[INFO] [stdout]   |
[INFO] [stdout] 2 + use oracle_sql_tools::format_data::FormattedData;
[INFO] [stdout]   |
[INFO] [stdout] 
[INFO] [stdout] error[E0433]: failed to resolve: use of undeclared type `FormattedData`
[INFO] [stdout]   --> src/../README.md:46:50
[INFO] [stdout]    |
[INFO] [stdout] 10 |             MyType(SomeForeignType::Int(val)) => FormattedData::INT(*val),
[INFO] [stdout]    |                                                  ^^^^^^^^^^^^^ use of undeclared type `FormattedData`
[INFO] [stdout]    |
[INFO] [stdout] help: consider importing this enum
[INFO] [stdout]    |
[INFO] [stdout] 2  + use oracle_sql_tools::format_data::FormattedData;
[INFO] [stdout]    |
[INFO] [stdout] 
[INFO] [stdout] error[E0433]: failed to resolve: use of undeclared type `FormattedData`
[INFO] [stdout]   --> src/../README.md:47:52
[INFO] [stdout]    |
[INFO] [stdout] 11 |             MyType(SomeForeignType::Float(val)) => FormattedData::FLOAT(*val),
[INFO] [stdout]    |                                                    ^^^^^^^^^^^^^ use of undeclared type `FormattedData`
[INFO] [stdout]    |
[INFO] [stdout] help: consider importing this enum
[INFO] [stdout]    |
[INFO] [stdout] 2  + use oracle_sql_tools::format_data::FormattedData;
[INFO] [stdout]    |
[INFO] [stdout] 
[INFO] [stdout] error[E0433]: failed to resolve: use of undeclared type `FormattedData`
[INFO] [stdout]   --> src/../README.md:48:53
[INFO] [stdout]    |
[INFO] [stdout] 12 |             MyType(SomeForeignType::String(val)) => FormattedData::STRING(val.to_owned()),
[INFO] [stdout]    |                                                     ^^^^^^^^^^^^^ use of undeclared type `FormattedData`
[INFO] [stdout]    |
[INFO] [stdout] help: consider importing this enum
[INFO] [stdout]    |
[INFO] [stdout] 2  + use oracle_sql_tools::format_data::FormattedData;
[INFO] [stdout]    |
[INFO] [stdout] 
[INFO] [stdout] error[E0433]: failed to resolve: use of undeclared type `FormattedData`
[INFO] [stdout]   --> src/../README.md:49:51
[INFO] [stdout]    |
[INFO] [stdout] 13 |             MyType(SomeForeignType::Date(val)) => FormattedData::DATE(*val),
[INFO] [stdout]    |                                                   ^^^^^^^^^^^^^ use of undeclared type `FormattedData`
[INFO] [stdout]    |
[INFO] [stdout] help: consider importing this enum
[INFO] [stdout]    |
[INFO] [stdout] 2  + use oracle_sql_tools::format_data::FormattedData;
[INFO] [stdout]    |
[INFO] [stdout] 
[INFO] [stdout] error[E0433]: failed to resolve: use of undeclared type `FormattedData`
[INFO] [stdout]   --> src/../README.md:50:55
[INFO] [stdout]    |
[INFO] [stdout] 14 |             MyType(SomeForeignType::DateTime(val)) => FormattedData::TIMESTAMP(*val),
[INFO] [stdout]    |                                                       ^^^^^^^^^^^^^ use of undeclared type `FormattedData`
[INFO] [stdout]    |
[INFO] [stdout] help: consider importing this enum
[INFO] [stdout]    |
[INFO] [stdout] 2  + use oracle_sql_tools::format_data::FormattedData;
[INFO] [stdout]    |
[INFO] [stdout] 
[INFO] [stdout] error[E0433]: failed to resolve: use of undeclared type `FormattedData`
[INFO] [stdout]   --> src/../README.md:51:46
[INFO] [stdout]    |
[INFO] [stdout] 15 |             MyType(SomeForeignType::None) => FormattedData::EMPTY,
[INFO] [stdout]    |                                              ^^^^^^^^^^^^^ use of undeclared type `FormattedData`
[INFO] [stdout]    |
[INFO] [stdout] help: consider importing this enum
[INFO] [stdout]    |
[INFO] [stdout] 2  + use oracle_sql_tools::format_data::FormattedData;
[INFO] [stdout]    |
[INFO] [stdout] 
[INFO] [stdout] error: aborting due to 9 previous errors
[INFO] [stdout] 
[INFO] [stdout] Some errors have detailed explanations: E0405, E0412, E0432, E0433.
[INFO] [stdout] For more information about an error, try `rustc --explain E0405`.
[INFO] [stdout] Couldn't compile the test.
[INFO] [stdout] ---- src/../README.md - (line 20) stdout ----
[INFO] [stdout] error[E0405]: cannot find trait `FormatData` in this scope
[INFO] [stdout]  --> src/../README.md:26:6
[INFO] [stdout]   |
[INFO] [stdout] 8 | impl FormatData for MyEnum {
[INFO] [stdout]   |      ^^^^^^^^^^ not found in this scope
[INFO] [stdout]   |
[INFO] [stdout] help: consider importing this trait
[INFO] [stdout]   |
[INFO] [stdout] 2 + use oracle_sql_tools::format_data::FormatData;
[INFO] [stdout]   |
[INFO] [stdout] 
[INFO] [stdout] error[E0412]: cannot find type `FormattedData` in this scope
[INFO] [stdout]  --> src/../README.md:27:26
[INFO] [stdout]   |
[INFO] [stdout] 9 |     fn fmt_data(self) -> FormattedData {
[INFO] [stdout]   |                          ^^^^^^^^^^^^^ not found in this scope
[INFO] [stdout]   |
[INFO] [stdout] help: consider importing this enum
[INFO] [stdout]   |
[INFO] [stdout] 2 + use oracle_sql_tools::format_data::FormattedData;
[INFO] [stdout]   |
[INFO] [stdout] 
[INFO] [stdout] error[E0433]: failed to resolve: use of undeclared type `FormattedData`
[INFO] [stdout]   --> src/../README.md:29:37
[INFO] [stdout]    |
[INFO] [stdout] 11 |             MyEnum::VARCHAR(val) => FormattedData::STRING(val.into()),
[INFO] [stdout]    |                                     ^^^^^^^^^^^^^ use of undeclared type `FormattedData`
[INFO] [stdout]    |
[INFO] [stdout] help: consider importing this enum
[INFO] [stdout]    |
[INFO] [stdout] 2  + use oracle_sql_tools::format_data::FormattedData;
[INFO] [stdout]    |
[INFO] [stdout] 
[INFO] [stdout] error[E0433]: failed to resolve: use of undeclared type `FormattedData`
[INFO] [stdout]   --> src/../README.md:30:36
[INFO] [stdout]    |
[INFO] [stdout] 12 |             MyEnum::NUMBER(val) => FormattedData::INT(val.into()),
[INFO] [stdout]    |                                    ^^^^^^^^^^^^^ use of undeclared type `FormattedData`
[INFO] [stdout]    |
[INFO] [stdout] help: consider importing this enum
[INFO] [stdout]    |
[INFO] [stdout] 2  + use oracle_sql_tools::format_data::FormattedData;
[INFO] [stdout]    |
[INFO] [stdout] 
[INFO] [stdout] error: aborting due to 4 previous errors
[INFO] [stdout] 
[INFO] [stdout] Some errors have detailed explanations: E0405, E0412, E0433.
[INFO] [stdout] For more information about an error, try `rustc --explain E0405`.
[INFO] [stdout] Couldn't compile the test.
[INFO] [stdout] ---- src/format_data.rs - format_data::FormatData (line 19) stdout ----
[INFO] [stdout] error[E0405]: cannot find trait `FormatData` in this scope
[INFO] [stdout]  --> src/format_data.rs:25:6
[INFO] [stdout]   |
[INFO] [stdout] 8 | impl FormatData for MyEnum {
[INFO] [stdout]   |      ^^^^^^^^^^ not found in this scope
[INFO] [stdout]   |
[INFO] [stdout] help: consider importing this trait
[INFO] [stdout]   |
[INFO] [stdout] 2 + use oracle_sql_tools::format_data::FormatData;
[INFO] [stdout]   |
[INFO] [stdout] 
[INFO] [stdout] error[E0412]: cannot find type `FormattedData` in this scope
[INFO] [stdout]  --> src/format_data.rs:26:26
[INFO] [stdout]   |
[INFO] [stdout] 9 |     fn fmt_data(self) -> FormattedData {
[INFO] [stdout]   |                          ^^^^^^^^^^^^^ not found in this scope
[INFO] [stdout]   |
[INFO] [stdout] help: consider importing this enum
[INFO] [stdout]   |
[INFO] [stdout] 2 + use oracle_sql_tools::format_data::FormattedData;
[INFO] [stdout]   |
[INFO] [stdout] 
[INFO] [stdout] error[E0433]: failed to resolve: use of undeclared type `FormattedData`
[INFO] [stdout]   --> src/format_data.rs:28:37
[INFO] [stdout]    |
[INFO] [stdout] 11 |             MyEnum::VARCHAR(val) => FormattedData::STRING(val.into()),
[INFO] [stdout]    |                                     ^^^^^^^^^^^^^ use of undeclared type `FormattedData`
[INFO] [stdout]    |
[INFO] [stdout] help: consider importing this enum
[INFO] [stdout]    |
[INFO] [stdout] 2  + use oracle_sql_tools::format_data::FormattedData;
[INFO] [stdout]    |
[INFO] [stdout] 
[INFO] [stdout] error[E0433]: failed to resolve: use of undeclared type `FormattedData`
[INFO] [stdout]   --> src/format_data.rs:29:36
[INFO] [stdout]    |
[INFO] [stdout] 12 |             MyEnum::NUMBER(val) => FormattedData::INT(val.into()),
[INFO] [stdout]    |                                    ^^^^^^^^^^^^^ use of undeclared type `FormattedData`
[INFO] [stdout]    |
[INFO] [stdout] help: consider importing this enum
[INFO] [stdout]    |
[INFO] [stdout] 2  + use oracle_sql_tools::format_data::FormattedData;
[INFO] [stdout]    |
[INFO] [stdout] 
[INFO] [stdout] error: aborting due to 4 previous errors
[INFO] [stdout] 
[INFO] [stdout] Some errors have detailed explanations: E0405, E0412, E0433.
[INFO] [stdout] For more information about an error, try `rustc --explain E0405`.
[INFO] [stdout] Couldn't compile the test.
[INFO] [stdout] ---- src/statements/select/mod.rs - statements::select::PreppedRowData::select (line 18) stdout ----
[INFO] [stdout] error: expected one of `.`, `?`, `{`, or an operator, found `;`
[INFO] [stdout]  --> src/statements/select/mod.rs:19:102
[INFO] [stdout]   |
[INFO] [stdout] 3 | let conn: oracle::Connection = match Connection::connect("<USERNAME>", "<PASSWORD>", "<IP ADDRESS>")?; 
[INFO] [stdout]   |                                -----                                                                 ^ expected one of `.`, `?`, `{`, or an operator
[INFO] [stdout]   |                                |
[INFO] [stdout]   |                                while parsing this `match` expression
[INFO] [stdout]   |                                help: try removing this `match`
[INFO] [stdout] 
[INFO] [stdout] error: aborting due to 1 previous error
[INFO] [stdout] 
[INFO] [stdout] Couldn't compile the test.
[INFO] [stdout] ---- src/statements/insert/mod.rs - statements::insert::PreppedGridData::insert_single_thread (line 43) stdout ----
[INFO] [stdout] error[E0412]: cannot find type `Arc` in this scope
[INFO] [stdout]  --> src/statements/insert/mod.rs:44:10
[INFO] [stdout]   |
[INFO] [stdout] 3 | let res: Arc<Connection> = data.prep_data(conn).insert_single_thread("MY_TABLE")?;
[INFO] [stdout]   |          ^^^ not found in this scope
[INFO] [stdout]   |
[INFO] [stdout] help: consider importing this struct
[INFO] [stdout]   |
[INFO] [stdout] 2 + use std::sync::Arc;
[INFO] [stdout]   |
[INFO] [stdout] 
[INFO] [stdout] error[E0412]: cannot find type `Connection` in this scope
[INFO] [stdout]  --> src/statements/insert/mod.rs:44:14
[INFO] [stdout]   |
[INFO] [stdout] 3 | let res: Arc<Connection> = data.prep_data(conn).insert_single_thread("MY_TABLE")?;
[INFO] [stdout]   |              ^^^^^^^^^^ not found in this scope
[INFO] [stdout]   |
[INFO] [stdout] help: consider importing this struct
[INFO] [stdout]   |
[INFO] [stdout] 2 + use oracle::Connection;
[INFO] [stdout]   |
[INFO] [stdout] 
[INFO] [stdout] error[E0425]: cannot find value `data` in this scope
[INFO] [stdout]  --> src/statements/insert/mod.rs:44:28
[INFO] [stdout]   |
[INFO] [stdout] 3 | let res: Arc<Connection> = data.prep_data(conn).insert_single_thread("MY_TABLE")?;
[INFO] [stdout]   |                            ^^^^ not found in this scope
[INFO] [stdout] 
[INFO] [stdout] error[E0425]: cannot find value `conn` in this scope
[INFO] [stdout]  --> src/statements/insert/mod.rs:44:43
[INFO] [stdout]   |
[INFO] [stdout] 3 | let res: Arc<Connection> = data.prep_data(conn).insert_single_thread("MY_TABLE")?;
[INFO] [stdout]   |                                           ^^^^ not found in this scope
[INFO] [stdout] 
[INFO] [stdout] error: aborting due to 4 previous errors
[INFO] [stdout] 
[INFO] [stdout] Some errors have detailed explanations: E0412, E0425.
[INFO] [stdout] For more information about an error, try `rustc --explain E0412`.
[INFO] [stdout] Couldn't compile the test.
[INFO] [stdout] 
[INFO] [stdout] failures:
[INFO] [stdout]     src/../README.md - (line 20)
[INFO] [stdout]     src/../README.md - (line 38)
[INFO] [stdout]     src/../README.md - (line 60)
[INFO] [stdout]     src/../README.md - (line 73)
[INFO] [stdout]     src/format_data.rs - format_data::FormatData (line 19)
[INFO] [stdout]     src/format_data.rs - format_data::FormatData (line 37)
[INFO] [stdout]     src/lib.rs - PrepData (line 20)
[INFO] [stdout]     src/lib.rs - PrepData (line 30)
[INFO] [stdout]     src/statements/insert/mod.rs - statements::insert::PreppedGridData::insert (line 18)
[INFO] [stdout]     src/statements/insert/mod.rs - statements::insert::PreppedGridData::insert_single_thread (line 43)
[INFO] [stdout]     src/statements/select/mod.rs - statements::select::PreppedRowData::select (line 18)
[INFO] [stdout] 
[INFO] [stdout] test result: FAILED. 0 passed; 11 failed; 0 ignored; 0 measured; 0 filtered out; finished in 0.52s
[INFO] [stdout] 
[INFO] [stderr] error: doctest failed, to rerun pass `--doc`
[INFO] running `Command { std: "docker" "inspect" "120be84d7477b2efcdeaddb3b29cfe37e1dc8c77d9e3d22fa9b80f37100af8c5", kill_on_drop: false }`
[INFO] running `Command { std: "docker" "rm" "-f" "120be84d7477b2efcdeaddb3b29cfe37e1dc8c77d9e3d22fa9b80f37100af8c5", kill_on_drop: false }`
[INFO] [stdout] 120be84d7477b2efcdeaddb3b29cfe37e1dc8c77d9e3d22fa9b80f37100af8c5
