[INFO] cloning repository https://github.com/CoralRocker/Nids2
[INFO] running `Command { std: "git" "-c" "credential.helper=" "-c" "credential.helper=/workspace/cargo-home/bin/git-credential-null" "clone" "--bare" "https://github.com/CoralRocker/Nids2" "/workspace/cache/git-repos/https%3A%2F%2Fgithub.com%2FCoralRocker%2FNids2", kill_on_drop: false }`
[INFO] [stderr] Cloning into bare repository '/workspace/cache/git-repos/https%3A%2F%2Fgithub.com%2FCoralRocker%2FNids2'...
[INFO] running `Command { std: "git" "rev-parse" "HEAD", kill_on_drop: false }`
[INFO] [stdout] 962f2bc35271ac3fb0eaa3fff0418063cbed2e11
[INFO] testing CoralRocker/Nids2 against 1.83.0 for beta-1.84.0-4-retry
[INFO] running `Command { std: "git" "clone" "/workspace/cache/git-repos/https%3A%2F%2Fgithub.com%2FCoralRocker%2FNids2" "/workspace/builds/worker-1-tc1/source", kill_on_drop: false }`
[INFO] [stderr] Cloning into '/workspace/builds/worker-1-tc1/source'...
[INFO] [stderr] done.
[INFO] validating manifest of git repo https://github.com/CoralRocker/Nids2 on toolchain 1.83.0
[INFO] running `Command { std: CARGO_HOME="/workspace/cargo-home" RUSTUP_HOME="/workspace/rustup-home" "/workspace/cargo-home/bin/cargo" "+1.83.0" "metadata" "--manifest-path" "Cargo.toml" "--no-deps", kill_on_drop: false }`
[INFO] started tweaking git repo https://github.com/CoralRocker/Nids2
[INFO] finished tweaking git repo https://github.com/CoralRocker/Nids2
[INFO] tweaked toml for git repo https://github.com/CoralRocker/Nids2 written to /workspace/builds/worker-1-tc1/source/Cargo.toml
[INFO] crate git repo https://github.com/CoralRocker/Nids2 already has a lockfile, it will not be regenerated
[INFO] running `Command { std: CARGO_HOME="/workspace/cargo-home" RUSTUP_HOME="/workspace/rustup-home" "/workspace/cargo-home/bin/cargo" "+1.83.0" "fetch" "--manifest-path" "Cargo.toml", kill_on_drop: false }`
[INFO] running `Command { std: "docker" "create" "-v" "/var/lib/crater-agent-workspace/builds/worker-1-tc1/target:/opt/rustwide/target:rw,Z" "-v" "/var/lib/crater-agent-workspace/builds/worker-1-tc1/source:/opt/rustwide/workdir:ro,Z" "-v" "/var/lib/crater-agent-workspace/cargo-home:/opt/rustwide/cargo-home:ro,Z" "-v" "/var/lib/crater-agent-workspace/rustup-home:/opt/rustwide/rustup-home:ro,Z" "-e" "SOURCE_DIR=/opt/rustwide/workdir" "-e" "CARGO_TARGET_DIR=/opt/rustwide/target" "-e" "CARGO_HOME=/opt/rustwide/cargo-home" "-e" "RUSTUP_HOME=/opt/rustwide/rustup-home" "-w" "/opt/rustwide/workdir" "-m" "1610612736" "--user" "0:0" "--network" "none" "ghcr.io/rust-lang/crates-build-env/linux@sha256:f3a9d4ad9d972b27faf3965f35b62e55ba32bbce8f20bc8fe909558a86702fde" "/opt/rustwide/cargo-home/bin/cargo" "+1.83.0" "metadata" "--no-deps" "--format-version=1", kill_on_drop: false }`
[INFO] [stdout] 72ad80d9e6ac5bd4232661cca3d91aa3ff0441201426b9a85f677ec58db3f679
[INFO] running `Command { std: "docker" "start" "-a" "72ad80d9e6ac5bd4232661cca3d91aa3ff0441201426b9a85f677ec58db3f679", kill_on_drop: false }`
[INFO] running `Command { std: "docker" "inspect" "72ad80d9e6ac5bd4232661cca3d91aa3ff0441201426b9a85f677ec58db3f679", kill_on_drop: false }`
[INFO] running `Command { std: "docker" "rm" "-f" "72ad80d9e6ac5bd4232661cca3d91aa3ff0441201426b9a85f677ec58db3f679", kill_on_drop: false }`
[INFO] [stdout] 72ad80d9e6ac5bd4232661cca3d91aa3ff0441201426b9a85f677ec58db3f679
[INFO] running `Command { std: "docker" "create" "-v" "/var/lib/crater-agent-workspace/builds/worker-1-tc1/target:/opt/rustwide/target:rw,Z" "-v" "/var/lib/crater-agent-workspace/builds/worker-1-tc1/source:/opt/rustwide/workdir:ro,Z" "-v" "/var/lib/crater-agent-workspace/cargo-home:/opt/rustwide/cargo-home:ro,Z" "-v" "/var/lib/crater-agent-workspace/rustup-home:/opt/rustwide/rustup-home:ro,Z" "-e" "SOURCE_DIR=/opt/rustwide/workdir" "-e" "CARGO_TARGET_DIR=/opt/rustwide/target" "-e" "CARGO_INCREMENTAL=0" "-e" "RUST_BACKTRACE=full" "-e" "RUSTFLAGS=--cap-lints=warn" "-e" "RUSTDOCFLAGS=--cap-lints=warn" "-e" "CARGO_HOME=/opt/rustwide/cargo-home" "-e" "RUSTUP_HOME=/opt/rustwide/rustup-home" "-w" "/opt/rustwide/workdir" "-m" "1610612736" "--user" "0:0" "--network" "none" "ghcr.io/rust-lang/crates-build-env/linux@sha256:f3a9d4ad9d972b27faf3965f35b62e55ba32bbce8f20bc8fe909558a86702fde" "/opt/rustwide/cargo-home/bin/cargo" "+1.83.0" "build" "--frozen" "--message-format=json", kill_on_drop: false }`
[INFO] [stdout] f0ddfadae1b88e22af86ee33ac1a12fc5abccbd9388db8350c2a7cad851bc6d8
[INFO] running `Command { std: "docker" "start" "-a" "f0ddfadae1b88e22af86ee33ac1a12fc5abccbd9388db8350c2a7cad851bc6d8", kill_on_drop: false }`
[INFO] [stderr]    Compiling proc-macro2 v1.0.36
[INFO] [stderr]    Compiling unicode-xid v0.2.2
[INFO] [stderr]    Compiling syn v1.0.86
[INFO] [stderr]    Compiling cc v1.0.72
[INFO] [stderr]    Compiling fs_extra v1.2.0
[INFO] [stderr]    Compiling serde_derive v1.0.136
[INFO] [stderr]    Compiling libc v0.2.117
[INFO] [stderr]    Compiling serde v1.0.136
[INFO] [stderr]    Compiling cmake v0.1.48
[INFO] [stderr]    Compiling quote v1.0.15
[INFO] [stderr]    Compiling raylib-sys v3.7.0
[INFO] [stderr]    Compiling toml v0.5.8
[INFO] [stderr]    Compiling raylib v3.7.0
[INFO] [stderr]    Compiling nids2 v0.1.0 (/opt/rustwide/workdir)
[INFO] [stderr]     Finished `dev` profile [unoptimized + debuginfo] target(s) in 36.40s
[INFO] [stderr] warning: the following packages contain code that will be rejected by a future version of Rust: fs_extra v1.2.0
[INFO] [stderr] note: to see what the problems were, use the option `--future-incompat-report`, or run `cargo report future-incompatibilities --id 2`
[INFO] running `Command { std: "docker" "inspect" "f0ddfadae1b88e22af86ee33ac1a12fc5abccbd9388db8350c2a7cad851bc6d8", kill_on_drop: false }`
[INFO] running `Command { std: "docker" "rm" "-f" "f0ddfadae1b88e22af86ee33ac1a12fc5abccbd9388db8350c2a7cad851bc6d8", kill_on_drop: false }`
[INFO] [stdout] f0ddfadae1b88e22af86ee33ac1a12fc5abccbd9388db8350c2a7cad851bc6d8
[INFO] running `Command { std: "docker" "create" "-v" "/var/lib/crater-agent-workspace/builds/worker-1-tc1/target:/opt/rustwide/target:rw,Z" "-v" "/var/lib/crater-agent-workspace/builds/worker-1-tc1/source:/opt/rustwide/workdir:ro,Z" "-v" "/var/lib/crater-agent-workspace/cargo-home:/opt/rustwide/cargo-home:ro,Z" "-v" "/var/lib/crater-agent-workspace/rustup-home:/opt/rustwide/rustup-home:ro,Z" "-e" "SOURCE_DIR=/opt/rustwide/workdir" "-e" "CARGO_TARGET_DIR=/opt/rustwide/target" "-e" "CARGO_INCREMENTAL=0" "-e" "RUST_BACKTRACE=full" "-e" "RUSTFLAGS=--cap-lints=warn" "-e" "RUSTDOCFLAGS=--cap-lints=warn" "-e" "CARGO_HOME=/opt/rustwide/cargo-home" "-e" "RUSTUP_HOME=/opt/rustwide/rustup-home" "-w" "/opt/rustwide/workdir" "-m" "1610612736" "--user" "0:0" "--network" "none" "ghcr.io/rust-lang/crates-build-env/linux@sha256:f3a9d4ad9d972b27faf3965f35b62e55ba32bbce8f20bc8fe909558a86702fde" "/opt/rustwide/cargo-home/bin/cargo" "+1.83.0" "test" "--frozen" "--no-run" "--message-format=json", kill_on_drop: false }`
[INFO] [stdout] 527c92b776b22f1f1e196649780a51f90db249b447d8303e5b92d7a8caf94268
[INFO] running `Command { std: "docker" "start" "-a" "527c92b776b22f1f1e196649780a51f90db249b447d8303e5b92d7a8caf94268", kill_on_drop: false }`
[INFO] [stderr]    Compiling nids2 v0.1.0 (/opt/rustwide/workdir)
[INFO] [stderr]     Finished `test` profile [unoptimized + debuginfo] target(s) in 0.83s
[INFO] [stderr] warning: the following packages contain code that will be rejected by a future version of Rust: fs_extra v1.2.0
[INFO] [stderr] note: to see what the problems were, use the option `--future-incompat-report`, or run `cargo report future-incompatibilities --id 2`
[INFO] running `Command { std: "docker" "inspect" "527c92b776b22f1f1e196649780a51f90db249b447d8303e5b92d7a8caf94268", kill_on_drop: false }`
[INFO] running `Command { std: "docker" "rm" "-f" "527c92b776b22f1f1e196649780a51f90db249b447d8303e5b92d7a8caf94268", kill_on_drop: false }`
[INFO] [stdout] 527c92b776b22f1f1e196649780a51f90db249b447d8303e5b92d7a8caf94268
[INFO] running `Command { std: "docker" "create" "-v" "/var/lib/crater-agent-workspace/builds/worker-1-tc1/target:/opt/rustwide/target:rw,Z" "-v" "/var/lib/crater-agent-workspace/builds/worker-1-tc1/source:/opt/rustwide/workdir:ro,Z" "-v" "/var/lib/crater-agent-workspace/cargo-home:/opt/rustwide/cargo-home:ro,Z" "-v" "/var/lib/crater-agent-workspace/rustup-home:/opt/rustwide/rustup-home:ro,Z" "-e" "SOURCE_DIR=/opt/rustwide/workdir" "-e" "CARGO_TARGET_DIR=/opt/rustwide/target" "-e" "CARGO_INCREMENTAL=0" "-e" "RUST_BACKTRACE=full" "-e" "RUSTFLAGS=--cap-lints=warn" "-e" "RUSTDOCFLAGS=--cap-lints=warn" "-e" "CARGO_HOME=/opt/rustwide/cargo-home" "-e" "RUSTUP_HOME=/opt/rustwide/rustup-home" "-w" "/opt/rustwide/workdir" "-m" "1610612736" "--user" "0:0" "--network" "none" "ghcr.io/rust-lang/crates-build-env/linux@sha256:f3a9d4ad9d972b27faf3965f35b62e55ba32bbce8f20bc8fe909558a86702fde" "/opt/rustwide/cargo-home/bin/cargo" "+1.83.0" "test" "--frozen", kill_on_drop: false }`
[INFO] [stdout] 6d517e1e9181971ccc173f73dfe9a2785b90742defd24f86cb1ff88f2f1367e3
[INFO] running `Command { std: "docker" "start" "-a" "6d517e1e9181971ccc173f73dfe9a2785b90742defd24f86cb1ff88f2f1367e3", kill_on_drop: false }`
[INFO] [stderr]     Finished `test` profile [unoptimized + debuginfo] target(s) in 0.04s
[INFO] [stderr] warning: the following packages contain code that will be rejected by a future version of Rust: fs_extra v1.2.0
[INFO] [stderr] note: to see what the problems were, use the option `--future-incompat-report`, or run `cargo report future-incompatibilities --id 2`
[INFO] [stderr]      Running unittests src/lib.rs (/opt/rustwide/target/debug/deps/nids2-18f415228288d15f)
[INFO] [stdout] 
[INFO] [stdout] running 0 tests
[INFO] [stdout] 
[INFO] [stdout] test result: ok. 0 passed; 0 failed; 0 ignored; 0 measured; 0 filtered out; finished in 0.00s
[INFO] [stdout] 
[INFO] [stderr]      Running unittests src/bin/creator.rs (/opt/rustwide/target/debug/deps/creator-a4239aab95b92f5e)
[INFO] [stdout] 
[INFO] [stdout] running 0 tests
[INFO] [stdout] 
[INFO] [stdout] test result: ok. 0 passed; 0 failed; 0 ignored; 0 measured; 0 filtered out; finished in 0.00s
[INFO] [stdout] 
[INFO] [stderr]      Running unittests src/bin/nids2.rs (/opt/rustwide/target/debug/deps/nids2-465550db982e85ad)
[INFO] [stdout] 
[INFO] [stdout] running 0 tests
[INFO] [stdout] 
[INFO] [stdout] test result: ok. 0 passed; 0 failed; 0 ignored; 0 measured; 0 filtered out; finished in 0.00s
[INFO] [stdout] 
[INFO] [stderr]      Running unittests src/bin/poc.rs (/opt/rustwide/target/debug/deps/poc-d6133ced17416226)
[INFO] [stdout] 
[INFO] [stdout] running 0 tests
[INFO] [stdout] 
[INFO] [stdout] test result: ok. 0 passed; 0 failed; 0 ignored; 0 measured; 0 filtered out; finished in 0.00s
[INFO] [stdout] 
[INFO] [stderr]    Doc-tests nids2
[INFO] [stdout] 
[INFO] [stdout] running 1 test
[INFO] [stdout] test src/save.rs - save::Saveable (line 27) ... FAILED
[INFO] [stdout] 
[INFO] [stdout] failures:
[INFO] [stdout] 
[INFO] [stdout] ---- src/save.rs - save::Saveable (line 27) stdout ----
[INFO] [stdout] error[E0405]: cannot find trait `Saveable` in this scope
[INFO] [stdout]  --> src/save.rs:28:6
[INFO] [stdout]   |
[INFO] [stdout] 3 | impl Saveable<str> for str { /*...*/ } // wouldn't work because `from_bytes` cannot return str as it has no definite size.
[INFO] [stdout]   |      ^^^^^^^^ not found in this scope
[INFO] [stdout]   |
[INFO] [stdout] help: consider importing this trait
[INFO] [stdout]   |
[INFO] [stdout] 2 + use nids2::save::Saveable;
[INFO] [stdout]   |
[INFO] [stdout] 
[INFO] [stdout] error[E0405]: cannot find trait `Saveable` in this scope
[INFO] [stdout]  --> src/save.rs:29:6
[INFO] [stdout]   |
[INFO] [stdout] 4 | impl Saveable<String> for str { /*...*/ } // would work because `String` can be returned.
[INFO] [stdout]   |      ^^^^^^^^ not found in this scope
[INFO] [stdout]   |
[INFO] [stdout] help: consider importing this trait
[INFO] [stdout]   |
[INFO] [stdout] 2 + use nids2::save::Saveable;
[INFO] [stdout]   |
[INFO] [stdout] 
[INFO] [stdout] error: aborting due to 2 previous errors
[INFO] [stdout] 
[INFO] [stdout] For more information about this error, try `rustc --explain E0405`.
[INFO] [stdout] Couldn't compile the test.
[INFO] [stdout] 
[INFO] [stdout] failures:
[INFO] [stdout]     src/save.rs - save::Saveable (line 27)
[INFO] [stdout] 
[INFO] [stdout] test result: FAILED. 0 passed; 1 failed; 0 ignored; 0 measured; 0 filtered out; finished in 0.12s
[INFO] [stdout] 
[INFO] [stderr] error: doctest failed, to rerun pass `--doc`
[INFO] running `Command { std: "docker" "inspect" "6d517e1e9181971ccc173f73dfe9a2785b90742defd24f86cb1ff88f2f1367e3", kill_on_drop: false }`
[INFO] running `Command { std: "docker" "rm" "-f" "6d517e1e9181971ccc173f73dfe9a2785b90742defd24f86cb1ff88f2f1367e3", kill_on_drop: false }`
[INFO] [stdout] 6d517e1e9181971ccc173f73dfe9a2785b90742defd24f86cb1ff88f2f1367e3
