[INFO] cloning repository https://github.com/Confused-Engineer/davids-standard-library
[INFO] running `Command { std: "git" "-c" "credential.helper=" "-c" "credential.helper=/workspace/cargo-home/bin/git-credential-null" "clone" "--bare" "https://github.com/Confused-Engineer/davids-standard-library" "/workspace/cache/git-repos/https%3A%2F%2Fgithub.com%2FConfused-Engineer%2Fdavids-standard-library", kill_on_drop: false }`
[INFO] [stderr] Cloning into bare repository '/workspace/cache/git-repos/https%3A%2F%2Fgithub.com%2FConfused-Engineer%2Fdavids-standard-library'...
[INFO] running `Command { std: "git" "rev-parse" "HEAD", kill_on_drop: false }`
[INFO] [stdout] 5db607e63bd77b1d027d6491303b2052b4daaf93
[INFO] testing Confused-Engineer/davids-standard-library against beta-2024-12-08 for beta-1.84.0-4-retry
[INFO] running `Command { std: "git" "clone" "/workspace/cache/git-repos/https%3A%2F%2Fgithub.com%2FConfused-Engineer%2Fdavids-standard-library" "/workspace/builds/worker-1-tc2/source", kill_on_drop: false }`
[INFO] [stderr] Cloning into '/workspace/builds/worker-1-tc2/source'...
[INFO] [stderr] done.
[INFO] validating manifest of git repo https://github.com/Confused-Engineer/davids-standard-library on toolchain beta-2024-12-08
[INFO] running `Command { std: CARGO_HOME="/workspace/cargo-home" RUSTUP_HOME="/workspace/rustup-home" "/workspace/cargo-home/bin/cargo" "+beta-2024-12-08" "metadata" "--manifest-path" "Cargo.toml" "--no-deps", kill_on_drop: false }`
[INFO] started tweaking git repo https://github.com/Confused-Engineer/davids-standard-library
[INFO] finished tweaking git repo https://github.com/Confused-Engineer/davids-standard-library
[INFO] tweaked toml for git repo https://github.com/Confused-Engineer/davids-standard-library written to /workspace/builds/worker-1-tc2/source/Cargo.toml
[INFO] crate git repo https://github.com/Confused-Engineer/davids-standard-library already has a lockfile, it will not be regenerated
[INFO] running `Command { std: CARGO_HOME="/workspace/cargo-home" RUSTUP_HOME="/workspace/rustup-home" "/workspace/cargo-home/bin/cargo" "+beta-2024-12-08" "fetch" "--manifest-path" "Cargo.toml", kill_on_drop: false }`
[INFO] running `Command { std: "docker" "create" "-v" "/var/lib/crater-agent-workspace/builds/worker-1-tc2/target:/opt/rustwide/target:rw,Z" "-v" "/var/lib/crater-agent-workspace/builds/worker-1-tc2/source:/opt/rustwide/workdir:ro,Z" "-v" "/var/lib/crater-agent-workspace/cargo-home:/opt/rustwide/cargo-home:ro,Z" "-v" "/var/lib/crater-agent-workspace/rustup-home:/opt/rustwide/rustup-home:ro,Z" "-e" "SOURCE_DIR=/opt/rustwide/workdir" "-e" "CARGO_TARGET_DIR=/opt/rustwide/target" "-e" "CARGO_HOME=/opt/rustwide/cargo-home" "-e" "RUSTUP_HOME=/opt/rustwide/rustup-home" "-w" "/opt/rustwide/workdir" "-m" "1610612736" "--user" "0:0" "--network" "none" "ghcr.io/rust-lang/crates-build-env/linux@sha256:f3a9d4ad9d972b27faf3965f35b62e55ba32bbce8f20bc8fe909558a86702fde" "/opt/rustwide/cargo-home/bin/cargo" "+beta-2024-12-08" "metadata" "--no-deps" "--format-version=1", kill_on_drop: false }`
[INFO] [stdout] 432131c4ed4ff4fc667122ea1b8c5400d3bae7f819ebecc2a8ad94b4120a6590
[INFO] running `Command { std: "docker" "start" "-a" "432131c4ed4ff4fc667122ea1b8c5400d3bae7f819ebecc2a8ad94b4120a6590", kill_on_drop: false }`
[INFO] running `Command { std: "docker" "inspect" "432131c4ed4ff4fc667122ea1b8c5400d3bae7f819ebecc2a8ad94b4120a6590", kill_on_drop: false }`
[INFO] running `Command { std: "docker" "rm" "-f" "432131c4ed4ff4fc667122ea1b8c5400d3bae7f819ebecc2a8ad94b4120a6590", kill_on_drop: false }`
[INFO] [stdout] 432131c4ed4ff4fc667122ea1b8c5400d3bae7f819ebecc2a8ad94b4120a6590
[INFO] running `Command { std: "docker" "create" "-v" "/var/lib/crater-agent-workspace/builds/worker-1-tc2/target:/opt/rustwide/target:rw,Z" "-v" "/var/lib/crater-agent-workspace/builds/worker-1-tc2/source:/opt/rustwide/workdir:ro,Z" "-v" "/var/lib/crater-agent-workspace/cargo-home:/opt/rustwide/cargo-home:ro,Z" "-v" "/var/lib/crater-agent-workspace/rustup-home:/opt/rustwide/rustup-home:ro,Z" "-e" "SOURCE_DIR=/opt/rustwide/workdir" "-e" "CARGO_TARGET_DIR=/opt/rustwide/target" "-e" "CARGO_INCREMENTAL=0" "-e" "RUST_BACKTRACE=full" "-e" "RUSTFLAGS=--cap-lints=warn" "-e" "RUSTDOCFLAGS=--cap-lints=warn" "-e" "CARGO_HOME=/opt/rustwide/cargo-home" "-e" "RUSTUP_HOME=/opt/rustwide/rustup-home" "-w" "/opt/rustwide/workdir" "-m" "1610612736" "--user" "0:0" "--network" "none" "ghcr.io/rust-lang/crates-build-env/linux@sha256:f3a9d4ad9d972b27faf3965f35b62e55ba32bbce8f20bc8fe909558a86702fde" "/opt/rustwide/cargo-home/bin/cargo" "+beta-2024-12-08" "build" "--frozen" "--message-format=json", kill_on_drop: false }`
[INFO] [stdout] 60325e8c8273fea522f63308392e1801c2e3ba19bd47370f9996d8cad6ed9f7e
[INFO] running `Command { std: "docker" "start" "-a" "60325e8c8273fea522f63308392e1801c2e3ba19bd47370f9996d8cad6ed9f7e", kill_on_drop: false }`
[INFO] [stderr]    Compiling davids-standard-library v0.1.0 (/opt/rustwide/workdir)
[INFO] [stderr]     Finished `dev` profile [unoptimized + debuginfo] target(s) in 0.32s
[INFO] running `Command { std: "docker" "inspect" "60325e8c8273fea522f63308392e1801c2e3ba19bd47370f9996d8cad6ed9f7e", kill_on_drop: false }`
[INFO] running `Command { std: "docker" "rm" "-f" "60325e8c8273fea522f63308392e1801c2e3ba19bd47370f9996d8cad6ed9f7e", kill_on_drop: false }`
[INFO] [stdout] 60325e8c8273fea522f63308392e1801c2e3ba19bd47370f9996d8cad6ed9f7e
[INFO] running `Command { std: "docker" "create" "-v" "/var/lib/crater-agent-workspace/builds/worker-1-tc2/target:/opt/rustwide/target:rw,Z" "-v" "/var/lib/crater-agent-workspace/builds/worker-1-tc2/source:/opt/rustwide/workdir:ro,Z" "-v" "/var/lib/crater-agent-workspace/cargo-home:/opt/rustwide/cargo-home:ro,Z" "-v" "/var/lib/crater-agent-workspace/rustup-home:/opt/rustwide/rustup-home:ro,Z" "-e" "SOURCE_DIR=/opt/rustwide/workdir" "-e" "CARGO_TARGET_DIR=/opt/rustwide/target" "-e" "CARGO_INCREMENTAL=0" "-e" "RUST_BACKTRACE=full" "-e" "RUSTFLAGS=--cap-lints=warn" "-e" "RUSTDOCFLAGS=--cap-lints=warn" "-e" "CARGO_HOME=/opt/rustwide/cargo-home" "-e" "RUSTUP_HOME=/opt/rustwide/rustup-home" "-w" "/opt/rustwide/workdir" "-m" "1610612736" "--user" "0:0" "--network" "none" "ghcr.io/rust-lang/crates-build-env/linux@sha256:f3a9d4ad9d972b27faf3965f35b62e55ba32bbce8f20bc8fe909558a86702fde" "/opt/rustwide/cargo-home/bin/cargo" "+beta-2024-12-08" "test" "--frozen" "--no-run" "--message-format=json", kill_on_drop: false }`
[INFO] [stdout] c4c7bc1a51808a8b002d9ba430ff514818c832c210632fe1d54dfe6f0a0f2d92
[INFO] running `Command { std: "docker" "start" "-a" "c4c7bc1a51808a8b002d9ba430ff514818c832c210632fe1d54dfe6f0a0f2d92", kill_on_drop: false }`
[INFO] [stderr]    Compiling davids-standard-library v0.1.0 (/opt/rustwide/workdir)
[INFO] [stderr]     Finished `test` profile [unoptimized + debuginfo] target(s) in 0.47s
[INFO] running `Command { std: "docker" "inspect" "c4c7bc1a51808a8b002d9ba430ff514818c832c210632fe1d54dfe6f0a0f2d92", kill_on_drop: false }`
[INFO] running `Command { std: "docker" "rm" "-f" "c4c7bc1a51808a8b002d9ba430ff514818c832c210632fe1d54dfe6f0a0f2d92", kill_on_drop: false }`
[INFO] [stdout] c4c7bc1a51808a8b002d9ba430ff514818c832c210632fe1d54dfe6f0a0f2d92
[INFO] running `Command { std: "docker" "create" "-v" "/var/lib/crater-agent-workspace/builds/worker-1-tc2/target:/opt/rustwide/target:rw,Z" "-v" "/var/lib/crater-agent-workspace/builds/worker-1-tc2/source:/opt/rustwide/workdir:ro,Z" "-v" "/var/lib/crater-agent-workspace/cargo-home:/opt/rustwide/cargo-home:ro,Z" "-v" "/var/lib/crater-agent-workspace/rustup-home:/opt/rustwide/rustup-home:ro,Z" "-e" "SOURCE_DIR=/opt/rustwide/workdir" "-e" "CARGO_TARGET_DIR=/opt/rustwide/target" "-e" "CARGO_INCREMENTAL=0" "-e" "RUST_BACKTRACE=full" "-e" "RUSTFLAGS=--cap-lints=warn" "-e" "RUSTDOCFLAGS=--cap-lints=warn" "-e" "CARGO_HOME=/opt/rustwide/cargo-home" "-e" "RUSTUP_HOME=/opt/rustwide/rustup-home" "-w" "/opt/rustwide/workdir" "-m" "1610612736" "--user" "0:0" "--network" "none" "ghcr.io/rust-lang/crates-build-env/linux@sha256:f3a9d4ad9d972b27faf3965f35b62e55ba32bbce8f20bc8fe909558a86702fde" "/opt/rustwide/cargo-home/bin/cargo" "+beta-2024-12-08" "test" "--frozen", kill_on_drop: false }`
[INFO] [stdout] 0d1b2ba10850bfe44179f699c9a90b26733f7a70a83400bd88276f9312122d6d
[INFO] running `Command { std: "docker" "start" "-a" "0d1b2ba10850bfe44179f699c9a90b26733f7a70a83400bd88276f9312122d6d", kill_on_drop: false }`
[INFO] [stderr]     Finished `test` profile [unoptimized + debuginfo] target(s) in 0.01s
[INFO] [stderr]      Running unittests src/lib.rs (/opt/rustwide/target/debug/deps/davids_standard_library-e097ae2666f93520)
[INFO] [stdout] 
[INFO] [stderr]    Doc-tests davids_standard_library
[INFO] [stdout] running 1 test
[INFO] [stdout] test tests::it_works ... ok
[INFO] [stdout] 
[INFO] [stdout] test result: ok. 1 passed; 0 failed; 0 ignored; 0 measured; 0 filtered out; finished in 0.00s
[INFO] [stdout] 
[INFO] [stdout] 
[INFO] [stdout] running 6 tests
[INFO] [stdout] test src/log/log.rs - log::log::LogFile::file_name (line 45) ... FAILED
[INFO] [stdout] test src/log/log.rs - log::log::LogFile::custom_file_path (line 31) ... FAILED
[INFO] [stdout] test src/log/log.rs - log::log::LogFile::default_file_path (line 16) ... ok
[INFO] [stdout] test src/log/log.rs - log::log::LogFile::clear_log (line 82) ... ok
[INFO] [stdout] test src/log/log.rs - log::log::LogFile::write_log (line 59) ... ok
[INFO] [stdout] test src/log/mod.rs - log::LogFile::new (line 30) ... ok
[INFO] [stdout] 
[INFO] [stdout] failures:
[INFO] [stdout] 
[INFO] [stdout] ---- src/log/log.rs - log::log::LogFile::file_name (line 45) stdout ----
[INFO] [stdout] error[E0308]: mismatched types
[INFO] [stdout]   --> src/log/log.rs:48:16
[INFO] [stdout]    |
[INFO] [stdout] 6  | test.file_name("log.log");
[INFO] [stdout]    |      --------- ^^^^^^^^^- help: try using a conversion method: `.to_string()`
[INFO] [stdout]    |      |         |
[INFO] [stdout]    |      |         expected `String`, found `&str`
[INFO] [stdout]    |      arguments to this method are incorrect
[INFO] [stdout]    |
[INFO] [stdout] note: method defined here
[INFO] [stdout]   --> /opt/rustwide/workdir/src/log/log.rs:51:12
[INFO] [stdout]    |
[INFO] [stdout] 51 |     pub fn file_name(&mut self, filename: String) -> &mut Self {
[INFO] [stdout]    |            ^^^^^^^^^
[INFO] [stdout] 
[INFO] [stdout] error: aborting due to 1 previous error
[INFO] [stdout] 
[INFO] [stdout] For more information about this error, try `rustc --explain E0308`.
[INFO] [stdout] Couldn't compile the test.
[INFO] [stdout] ---- src/log/log.rs - log::log::LogFile::custom_file_path (line 31) stdout ----
[INFO] [stdout] error[E0308]: mismatched types
[INFO] [stdout]   --> src/log/log.rs:34:23
[INFO] [stdout]    |
[INFO] [stdout] 6  | test.custom_file_path("..\\");
[INFO] [stdout]    |      ---------------- ^^^^^^- help: try using a conversion method: `.to_string()`
[INFO] [stdout]    |      |                |
[INFO] [stdout]    |      |                expected `String`, found `&str`
[INFO] [stdout]    |      arguments to this method are incorrect
[INFO] [stdout]    |
[INFO] [stdout] note: method defined here
[INFO] [stdout]   --> /opt/rustwide/workdir/src/log/log.rs:37:12
[INFO] [stdout]    |
[INFO] [stdout] 37 |     pub fn custom_file_path(&mut self, filepath: String) -> &mut Self {
[INFO] [stdout]    |            ^^^^^^^^^^^^^^^^
[INFO] [stdout] 
[INFO] [stdout] error: aborting due to 1 previous error
[INFO] [stdout] 
[INFO] [stdout] For more information about this error, try `rustc --explain E0308`.
[INFO] [stdout] Couldn't compile the test.
[INFO] [stdout] 
[INFO] [stdout] failures:
[INFO] [stdout]     src/log/log.rs - log::log::LogFile::custom_file_path (line 31)
[INFO] [stdout]     src/log/log.rs - log::log::LogFile::file_name (line 45)
[INFO] [stdout] 
[INFO] [stdout] test result: FAILED. 4 passed; 2 failed; 0 ignored; 0 measured; 0 filtered out; finished in 0.66s
[INFO] [stdout] 
[INFO] [stderr] error: doctest failed, to rerun pass `--doc`
[INFO] running `Command { std: "docker" "inspect" "0d1b2ba10850bfe44179f699c9a90b26733f7a70a83400bd88276f9312122d6d", kill_on_drop: false }`
[INFO] running `Command { std: "docker" "rm" "-f" "0d1b2ba10850bfe44179f699c9a90b26733f7a70a83400bd88276f9312122d6d", kill_on_drop: false }`
[INFO] [stdout] 0d1b2ba10850bfe44179f699c9a90b26733f7a70a83400bd88276f9312122d6d
