[INFO] cloning repository https://github.com/Confused-Engineer/davids-awesome-library
[INFO] running `Command { std: "git" "-c" "credential.helper=" "-c" "credential.helper=/workspace/cargo-home/bin/git-credential-null" "clone" "--bare" "https://github.com/Confused-Engineer/davids-awesome-library" "/workspace/cache/git-repos/https%3A%2F%2Fgithub.com%2FConfused-Engineer%2Fdavids-awesome-library", kill_on_drop: false }`
[INFO] [stderr] Cloning into bare repository '/workspace/cache/git-repos/https%3A%2F%2Fgithub.com%2FConfused-Engineer%2Fdavids-awesome-library'...
[INFO] running `Command { std: "git" "rev-parse" "HEAD", kill_on_drop: false }`
[INFO] [stdout] 29d5b205fe6d715185dcf320f731450002a70eb5
[INFO] testing Confused-Engineer/davids-awesome-library against 1.83.0 for beta-1.84.0-4-retry
[INFO] running `Command { std: "git" "clone" "/workspace/cache/git-repos/https%3A%2F%2Fgithub.com%2FConfused-Engineer%2Fdavids-awesome-library" "/workspace/builds/worker-3-tc1/source", kill_on_drop: false }`
[INFO] [stderr] Cloning into '/workspace/builds/worker-3-tc1/source'...
[INFO] [stderr] done.
[INFO] validating manifest of git repo https://github.com/Confused-Engineer/davids-awesome-library on toolchain 1.83.0
[INFO] running `Command { std: CARGO_HOME="/workspace/cargo-home" RUSTUP_HOME="/workspace/rustup-home" "/workspace/cargo-home/bin/cargo" "+1.83.0" "metadata" "--manifest-path" "Cargo.toml" "--no-deps", kill_on_drop: false }`
[INFO] started tweaking git repo https://github.com/Confused-Engineer/davids-awesome-library
[INFO] finished tweaking git repo https://github.com/Confused-Engineer/davids-awesome-library
[INFO] tweaked toml for git repo https://github.com/Confused-Engineer/davids-awesome-library written to /workspace/builds/worker-3-tc1/source/Cargo.toml
[INFO] crate git repo https://github.com/Confused-Engineer/davids-awesome-library already has a lockfile, it will not be regenerated
[INFO] running `Command { std: CARGO_HOME="/workspace/cargo-home" RUSTUP_HOME="/workspace/rustup-home" "/workspace/cargo-home/bin/cargo" "+1.83.0" "fetch" "--manifest-path" "Cargo.toml", kill_on_drop: false }`
[INFO] [stderr] warning: version requirement `0.9.34+deprecated` for dependency `serde_yaml` includes semver metadata which will be ignored, removing the metadata is recommended to avoid confusion
[INFO] [stderr]     Updating crates.io index
[INFO] [stderr]  Downloading crates ...
[INFO] [stderr]   Downloaded encoding_rs_io v0.1.7
[INFO] [stderr]   Downloaded rustls v0.23.14
[INFO] running `Command { std: "docker" "create" "-v" "/var/lib/crater-agent-workspace/builds/worker-3-tc1/target:/opt/rustwide/target:rw,Z" "-v" "/var/lib/crater-agent-workspace/builds/worker-3-tc1/source:/opt/rustwide/workdir:ro,Z" "-v" "/var/lib/crater-agent-workspace/cargo-home:/opt/rustwide/cargo-home:ro,Z" "-v" "/var/lib/crater-agent-workspace/rustup-home:/opt/rustwide/rustup-home:ro,Z" "-e" "SOURCE_DIR=/opt/rustwide/workdir" "-e" "CARGO_TARGET_DIR=/opt/rustwide/target" "-e" "CARGO_HOME=/opt/rustwide/cargo-home" "-e" "RUSTUP_HOME=/opt/rustwide/rustup-home" "-w" "/opt/rustwide/workdir" "-m" "1610612736" "--user" "0:0" "--network" "none" "ghcr.io/rust-lang/crates-build-env/linux@sha256:f3a9d4ad9d972b27faf3965f35b62e55ba32bbce8f20bc8fe909558a86702fde" "/opt/rustwide/cargo-home/bin/cargo" "+1.83.0" "metadata" "--no-deps" "--format-version=1", kill_on_drop: false }`
[INFO] [stdout] bf0bd0341d3730016d795f8666bb8c96069b15aaad94b3e9f9c8b60a04d9aba6
[INFO] running `Command { std: "docker" "start" "-a" "bf0bd0341d3730016d795f8666bb8c96069b15aaad94b3e9f9c8b60a04d9aba6", kill_on_drop: false }`
[INFO] running `Command { std: "docker" "inspect" "bf0bd0341d3730016d795f8666bb8c96069b15aaad94b3e9f9c8b60a04d9aba6", kill_on_drop: false }`
[INFO] running `Command { std: "docker" "rm" "-f" "bf0bd0341d3730016d795f8666bb8c96069b15aaad94b3e9f9c8b60a04d9aba6", kill_on_drop: false }`
[INFO] [stdout] bf0bd0341d3730016d795f8666bb8c96069b15aaad94b3e9f9c8b60a04d9aba6
[INFO] running `Command { std: "docker" "create" "-v" "/var/lib/crater-agent-workspace/builds/worker-3-tc1/target:/opt/rustwide/target:rw,Z" "-v" "/var/lib/crater-agent-workspace/builds/worker-3-tc1/source:/opt/rustwide/workdir:ro,Z" "-v" "/var/lib/crater-agent-workspace/cargo-home:/opt/rustwide/cargo-home:ro,Z" "-v" "/var/lib/crater-agent-workspace/rustup-home:/opt/rustwide/rustup-home:ro,Z" "-e" "SOURCE_DIR=/opt/rustwide/workdir" "-e" "CARGO_TARGET_DIR=/opt/rustwide/target" "-e" "CARGO_INCREMENTAL=0" "-e" "RUST_BACKTRACE=full" "-e" "RUSTFLAGS=--cap-lints=warn" "-e" "RUSTDOCFLAGS=--cap-lints=warn" "-e" "CARGO_HOME=/opt/rustwide/cargo-home" "-e" "RUSTUP_HOME=/opt/rustwide/rustup-home" "-w" "/opt/rustwide/workdir" "-m" "1610612736" "--user" "0:0" "--network" "none" "ghcr.io/rust-lang/crates-build-env/linux@sha256:f3a9d4ad9d972b27faf3965f35b62e55ba32bbce8f20bc8fe909558a86702fde" "/opt/rustwide/cargo-home/bin/cargo" "+1.83.0" "build" "--frozen" "--message-format=json", kill_on_drop: false }`
[INFO] [stdout] b83ab85ab7664b158ea31ecbd2130cca7f23a14e0954915350a4966cfefcb055
[INFO] running `Command { std: "docker" "start" "-a" "b83ab85ab7664b158ea31ecbd2130cca7f23a14e0954915350a4966cfefcb055", kill_on_drop: false }`
[INFO] [stderr] warning: version requirement `0.9.34+deprecated` for dependency `serde_yaml` includes semver metadata which will be ignored, removing the metadata is recommended to avoid confusion
[INFO] [stderr]    Compiling libc v0.2.159
[INFO] [stderr]    Compiling once_cell v1.20.2
[INFO] [stderr]    Compiling proc-macro2 v1.0.87
[INFO] [stderr]    Compiling autocfg v1.4.0
[INFO] [stderr]    Compiling pkg-config v0.3.31
[INFO] [stderr]    Compiling unicode-ident v1.0.13
[INFO] [stderr]    Compiling bytes v1.7.2
[INFO] [stderr]    Compiling pin-project-lite v0.2.14
[INFO] [stderr]    Compiling itoa v1.0.11
[INFO] [stderr]    Compiling futures-core v0.3.31
[INFO] [stderr]    Compiling memchr v2.7.4
[INFO] [stderr]    Compiling futures-sink v0.3.31
[INFO] [stderr]    Compiling cc v1.1.28
[INFO] [stderr]    Compiling hashbrown v0.15.0
[INFO] [stderr]    Compiling bitflags v2.6.0
[INFO] [stderr]    Compiling futures-task v0.3.31
[INFO] [stderr]    Compiling futures-io v0.3.31
[INFO] [stderr]    Compiling version_check v0.9.5
[INFO] [stderr]    Compiling httparse v1.9.5
[INFO] [stderr]    Compiling serde v1.0.215
[INFO] [stderr]    Compiling futures-channel v0.3.31
[INFO] [stderr]    Compiling zerocopy v0.7.35
[INFO] [stderr]    Compiling tracing-core v0.1.32
[INFO] [stderr]    Compiling log v0.4.22
[INFO] [stderr]    Compiling unicode-normalization v0.1.24
[INFO] [stderr]    Compiling ryu v1.0.18
[INFO] [stderr]    Compiling unicode-bidi v0.3.17
[INFO] [stderr]    Compiling encoding_rs v0.8.35
[INFO] [stderr]    Compiling ahash v0.8.11
[INFO] [stderr]    Compiling slab v0.4.9
[INFO] [stderr]    Compiling num-traits v0.2.19
[INFO] [stderr]    Compiling http v1.1.0
[INFO] [stderr]    Compiling tracing v0.1.40
[INFO] [stderr]    Compiling regex-syntax v0.8.5
[INFO] [stderr]    Compiling rustls-pki-types v1.9.0
[INFO] [stderr]    Compiling quote v1.0.37
[INFO] [stderr]    Compiling futures-util v0.3.31
[INFO] [stderr]    Compiling indexmap v2.6.0
[INFO] [stderr]    Compiling syn v2.0.85
[INFO] [stderr]    Compiling hashbrown v0.14.5
[INFO] [stderr]    Compiling idna v0.5.0
[INFO] [stderr]    Compiling aho-corasick v1.1.3
[INFO] [stderr]    Compiling sync_wrapper v1.0.1
[INFO] [stderr]    Compiling rustls-pemfile v2.2.0
[INFO] [stderr]    Compiling mio v1.0.2
[INFO] [stderr]    Compiling socket2 v0.5.7
[INFO] [stderr]    Compiling iana-time-zone v0.1.61
[INFO] [stderr]    Compiling fallible-streaming-iterator v0.1.9
[INFO] [stderr]    Compiling url v2.5.2
[INFO] [stderr]    Compiling unsafe-libyaml v0.2.11
[INFO] [stderr]    Compiling ipnet v2.10.1
[INFO] [stderr]    Compiling tokio v1.40.0
[INFO] [stderr]    Compiling http-body v1.0.1
[INFO] [stderr]    Compiling fallible-iterator v0.3.0
[INFO] [stderr]    Compiling chrono v0.4.38
[INFO] [stderr]    Compiling openssl-sys v0.9.103
[INFO] [stderr]    Compiling libsqlite3-sys v0.30.1
[INFO] [stderr]    Compiling hashlink v0.9.1
[INFO] [stderr]    Compiling encoding_rs_io v0.1.7
[INFO] [stderr]    Compiling openssl v0.10.66
[INFO] [stderr]    Compiling native-tls v0.2.12
[INFO] [stderr]    Compiling regex-automata v0.4.8
[INFO] [stderr]    Compiling http-body-util v0.1.2
[INFO] [stderr]    Compiling openssl-macros v0.1.1
[INFO] [stderr]    Compiling serde_derive v1.0.215
[INFO] [stderr]    Compiling tokio-util v0.7.12
[INFO] [stderr]    Compiling regex v1.11.1
[INFO] [stderr]    Compiling h2 v0.4.6
[INFO] [stderr]    Compiling tokio-native-tls v0.3.1
[INFO] [stderr]    Compiling hyper v1.4.1
[INFO] [stderr]    Compiling serde_urlencoded v0.7.1
[INFO] [stderr]    Compiling serde_yaml v0.9.34+deprecated
[INFO] [stderr]    Compiling hyper-util v0.1.9
[INFO] [stderr]    Compiling rusqlite v0.32.1
[INFO] [stderr]    Compiling hyper-tls v0.6.0
[INFO] [stderr]    Compiling reqwest v0.12.9
[INFO] [stderr]    Compiling davids-awesome-library v0.1.0 (/opt/rustwide/workdir)
[INFO] [stderr]     Finished `dev` profile [unoptimized + debuginfo] target(s) in 46.86s
[INFO] running `Command { std: "docker" "inspect" "b83ab85ab7664b158ea31ecbd2130cca7f23a14e0954915350a4966cfefcb055", kill_on_drop: false }`
[INFO] running `Command { std: "docker" "rm" "-f" "b83ab85ab7664b158ea31ecbd2130cca7f23a14e0954915350a4966cfefcb055", kill_on_drop: false }`
[INFO] [stdout] b83ab85ab7664b158ea31ecbd2130cca7f23a14e0954915350a4966cfefcb055
[INFO] running `Command { std: "docker" "create" "-v" "/var/lib/crater-agent-workspace/builds/worker-3-tc1/target:/opt/rustwide/target:rw,Z" "-v" "/var/lib/crater-agent-workspace/builds/worker-3-tc1/source:/opt/rustwide/workdir:ro,Z" "-v" "/var/lib/crater-agent-workspace/cargo-home:/opt/rustwide/cargo-home:ro,Z" "-v" "/var/lib/crater-agent-workspace/rustup-home:/opt/rustwide/rustup-home:ro,Z" "-e" "SOURCE_DIR=/opt/rustwide/workdir" "-e" "CARGO_TARGET_DIR=/opt/rustwide/target" "-e" "CARGO_INCREMENTAL=0" "-e" "RUST_BACKTRACE=full" "-e" "RUSTFLAGS=--cap-lints=warn" "-e" "RUSTDOCFLAGS=--cap-lints=warn" "-e" "CARGO_HOME=/opt/rustwide/cargo-home" "-e" "RUSTUP_HOME=/opt/rustwide/rustup-home" "-w" "/opt/rustwide/workdir" "-m" "1610612736" "--user" "0:0" "--network" "none" "ghcr.io/rust-lang/crates-build-env/linux@sha256:f3a9d4ad9d972b27faf3965f35b62e55ba32bbce8f20bc8fe909558a86702fde" "/opt/rustwide/cargo-home/bin/cargo" "+1.83.0" "test" "--frozen" "--no-run" "--message-format=json", kill_on_drop: false }`
[INFO] [stdout] 672587cec5a57c07d409cf2c12917de4d8104a406027be3471c2a61786dae887
[INFO] running `Command { std: "docker" "start" "-a" "672587cec5a57c07d409cf2c12917de4d8104a406027be3471c2a61786dae887", kill_on_drop: false }`
[INFO] [stderr] warning: version requirement `0.9.34+deprecated` for dependency `serde_yaml` includes semver metadata which will be ignored, removing the metadata is recommended to avoid confusion
[INFO] [stderr]    Compiling davids-awesome-library v0.1.0 (/opt/rustwide/workdir)
[INFO] [stderr]     Finished `test` profile [unoptimized + debuginfo] target(s) in 2.52s
[INFO] running `Command { std: "docker" "inspect" "672587cec5a57c07d409cf2c12917de4d8104a406027be3471c2a61786dae887", kill_on_drop: false }`
[INFO] running `Command { std: "docker" "rm" "-f" "672587cec5a57c07d409cf2c12917de4d8104a406027be3471c2a61786dae887", kill_on_drop: false }`
[INFO] [stdout] 672587cec5a57c07d409cf2c12917de4d8104a406027be3471c2a61786dae887
[INFO] running `Command { std: "docker" "create" "-v" "/var/lib/crater-agent-workspace/builds/worker-3-tc1/target:/opt/rustwide/target:rw,Z" "-v" "/var/lib/crater-agent-workspace/builds/worker-3-tc1/source:/opt/rustwide/workdir:ro,Z" "-v" "/var/lib/crater-agent-workspace/cargo-home:/opt/rustwide/cargo-home:ro,Z" "-v" "/var/lib/crater-agent-workspace/rustup-home:/opt/rustwide/rustup-home:ro,Z" "-e" "SOURCE_DIR=/opt/rustwide/workdir" "-e" "CARGO_TARGET_DIR=/opt/rustwide/target" "-e" "CARGO_INCREMENTAL=0" "-e" "RUST_BACKTRACE=full" "-e" "RUSTFLAGS=--cap-lints=warn" "-e" "RUSTDOCFLAGS=--cap-lints=warn" "-e" "CARGO_HOME=/opt/rustwide/cargo-home" "-e" "RUSTUP_HOME=/opt/rustwide/rustup-home" "-w" "/opt/rustwide/workdir" "-m" "1610612736" "--user" "0:0" "--network" "none" "ghcr.io/rust-lang/crates-build-env/linux@sha256:f3a9d4ad9d972b27faf3965f35b62e55ba32bbce8f20bc8fe909558a86702fde" "/opt/rustwide/cargo-home/bin/cargo" "+1.83.0" "test" "--frozen", kill_on_drop: false }`
[INFO] [stdout] 463cc77781c547582b14653c698ca7ba2a14a9e6f76da3f576765f63bdf60a77
[INFO] running `Command { std: "docker" "start" "-a" "463cc77781c547582b14653c698ca7ba2a14a9e6f76da3f576765f63bdf60a77", kill_on_drop: false }`
[INFO] [stderr] warning: version requirement `0.9.34+deprecated` for dependency `serde_yaml` includes semver metadata which will be ignored, removing the metadata is recommended to avoid confusion
[INFO] [stderr]     Finished `test` profile [unoptimized + debuginfo] target(s) in 0.15s
[INFO] [stderr]      Running unittests src/lib.rs (/opt/rustwide/target/debug/deps/davids_awesome_library-7eea0a33eb0c261d)
[INFO] [stdout] 
[INFO] [stdout] running 4 tests
[INFO] [stdout] test database::tests::home_dir ... ok
[INFO] [stdout] test env::tests::home ... ok
[INFO] [stdout] test yaml::basic_game::tests::home_dir ... ok
[INFO] [stdout] test tests::log_test ... ok
[INFO] [stdout] 
[INFO] [stdout] test result: ok. 4 passed; 0 failed; 0 ignored; 0 measured; 0 filtered out; finished in 5.01s
[INFO] [stdout] 
[INFO] [stderr]    Doc-tests davids_awesome_library
[INFO] [stdout] 
[INFO] [stdout] running 10 tests
[INFO] [stdout] test src/log/log.rs - log::log::LogFile::custom_file_path (line 28) ... FAILED
[INFO] [stdout] test src/files/read.rs - files::read::File::find_line_by_text (line 61) ... FAILED
[INFO] [stdout] test src/log/log.rs - log::log::LogFile::default_file_path (line 11) ... FAILED
[INFO] [stdout] test src/log/log.rs - log::log::LogFile::write_log (line 56) ... FAILED
[INFO] [stdout] test src/files/read.rs - files::read::File::last_file_line (line 10) ... ok
[INFO] [stdout] test src/log/mod.rs - log::LogFile::new (line 25) ... ok
[INFO] [stdout] test src/files/mod.rs - files::File::set_file (line 33) ... ok
[INFO] [stdout] test src/log/log.rs - log::log::LogFile::file_name (line 42) ... ok
[INFO] [stdout] test src/log/log.rs - log::log::LogFile::clear_log (line 79) ... ok
[INFO] [stdout] test src/files/read.rs - files::read::File::first_file_line (line 35) ... ok
[INFO] [stderr] error: doctest failed, to rerun pass `--doc`
[INFO] [stdout] 
[INFO] [stdout] failures:
[INFO] [stdout] 
[INFO] [stdout] ---- src/log/log.rs - log::log::LogFile::custom_file_path (line 28) stdout ----
[INFO] [stdout] error: linking with `cc` failed: exit status: 1
[INFO] [stdout]   |
[INFO] [stdout]   = note: LC_ALL="C" PATH="/opt/rustwide/rustup-home/toolchains/1.83.0-x86_64-unknown-linux-gnu/lib/rustlib/x86_64-unknown-linux-gnu/bin:/opt/rustwide/cargo-home/bin:/usr/local/sbin:/usr/local/bin:/usr/sbin:/usr/bin:/sbin:/bin" VSLANG="1033" "cc" "-m64" "/tmp/rustcecfVyP/symbols.o" "/tmp/rustdoctestjeUkWZ/rust_out.rust_out.cb03291d53e4e161-cgu.0.rcgu.o" "/tmp/rustdoctestjeUkWZ/rust_out.1s7umcihpz0t7nkz1uc2ifee9.rcgu.o" "-Wl,--as-needed" "-Wl,-Bstatic" "/opt/rustwide/target/debug/deps/libdavids_awesome_library-c2d937b9b4294adf.rlib" "/opt/rustwide/target/debug/deps/librusqlite-ba2b81eed37680ff.rlib" "/opt/rustwide/target/debug/deps/libfallible_streaming_iterator-2966e5f7e535c2fb.rlib" "/opt/rustwide/target/debug/deps/libfallible_iterator-4dc02d9cc7e5d322.rlib" "/opt/rustwide/target/debug/deps/libhashlink-8ced193ab19d1704.rlib" "/opt/rustwide/target/debug/deps/libhashbrown-a91b5bc85a484bae.rlib" "/opt/rustwide/target/debug/deps/libahash-414f2e9fcf3b21eb.rlib" "/opt/rustwide/target/debug/deps/libzerocopy-9a2912bb2fae3461.rlib" "/opt/rustwide/target/debug/deps/liblibsqlite3_sys-23dc9b5870328cfe.rlib" "/opt/rustwide/target/debug/deps/libserde_yaml-b056328ea5e512c2.rlib" "/opt/rustwide/target/debug/deps/libunsafe_libyaml-cb75bca4c2622b18.rlib" "/opt/rustwide/target/debug/deps/libreqwest-6d3e78054f107a9b.rlib" "/opt/rustwide/target/debug/deps/librustls_pemfile-8d4657b12b58890d.rlib" "/opt/rustwide/target/debug/deps/librustls_pki_types-d630e372ed62b969.rlib" "/opt/rustwide/target/debug/deps/libsync_wrapper-3f21a5db2f5c3181.rlib" "/opt/rustwide/target/debug/deps/libbase64-1d5853d8a2dd9229.rlib" "/opt/rustwide/target/debug/deps/libipnet-8bcb02e74b665020.rlib" "/opt/rustwide/target/debug/deps/libhyper_tls-e41ca712e0048225.rlib" "/opt/rustwide/target/debug/deps/libtokio_native_tls-32233c55a0fce51b.rlib" "/opt/rustwide/target/debug/deps/libserde_urlencoded-091925a01c7263e1.rlib" "/opt/rustwide/target/debug/deps/libryu-bba83beca99dd7c0.rlib" "/opt/rustwide/target/debug/deps/libmime-566b615028bbb9d4.rlib" "/opt/rustwide/target/debug/deps/libnative_tls-52b339f7dd75d75a.rlib" "/opt/rustwide/target/debug/deps/libopenssl_probe-111dcb0b3b714b0f.rlib" "/opt/rustwide/target/debug/deps/libopenssl-0f86f1e8196462c7.rlib" "/opt/rustwide/target/debug/deps/libbitflags-53c76c4f639396f9.rlib" "/opt/rustwide/target/debug/deps/libforeign_types-504d8dbdd27ff197.rlib" "/opt/rustwide/target/debug/deps/libforeign_types_shared-f6b6a54f87ce1292.rlib" "/opt/rustwide/target/debug/deps/libopenssl_sys-35421f284d8dd7e0.rlib" "/opt/rustwide/target/debug/deps/libhyper_util-8cf428a065eefa6d.rlib" "/opt/rustwide/target/debug/deps/libtower_service-153488c259ad6c35.rlib" "/opt/rustwide/target/debug/deps/libhyper-26cc2364d393fde0.rlib" "/opt/rustwide/target/debug/deps/libwant-3f13e9c0d2560241.rlib" "/opt/rustwide/target/debug/deps/libtry_lock-f3f4362ed4ca7e4a.rlib" "/opt/rustwide/target/debug/deps/libsmallvec-09a1a6c0c4f8c0ff.rlib" "/opt/rustwide/target/debug/deps/libhttparse-63cb856626cec0ca.rlib" "/opt/rustwide/target/debug/deps/libh2-6088095697761cf6.rlib" "/opt/rustwide/target/debug/deps/libtracing-dd4c7c6e71557b52.rlib" "/opt/rustwide/target/debug/deps/libtracing_core-f8f0b4af6c34417e.rlib" "/opt/rustwide/target/debug/deps/libonce_cell-6f631f2a5f71cecc.rlib" "/opt/rustwide/target/debug/deps/libindexmap-3b61befb0fcbe039.rlib" "/opt/rustwide/target/debug/deps/libequivalent-4d5cfde55792e26d.rlib" "/opt/rustwide/target/debug/deps/libhashbrown-6289f19fff399cbf.rlib" "/opt/rustwide/target/debug/deps/libatomic_waker-20cf0e6ccfae60b1.rlib" "/opt/rustwide/target/debug/deps/libtokio_util-7dc6df7261e95e2f.rlib" "/opt/rustwide/target/debug/deps/libfutures_channel-c27f4a4ff696df8c.rlib" "/opt/rustwide/target/debug/deps/libtokio-27000315aa75f224.rlib" "/opt/rustwide/target/debug/deps/libsocket2-a931dfd19583e381.rlib" "/opt/rustwide/target/debug/deps/libmio-74e9d0fb4b1a82eb.rlib" "/opt/rustwide/target/debug/deps/liblibc-c79c75013b5c6287.rlib" "/opt/rustwide/target/debug/deps/libhttp_body_util-3d1b4408006c981c.rlib" "/opt/rustwide/target/debug/deps/libhttp_body-93742b1046f2b116.rlib" "/opt/rustwide/target/debug/deps/liblog-2579a5a2dbce8c4d.rlib" "/opt/rustwide/target/debug/deps/libfutures_util-46bcca876b9fe884.rlib" "/opt/rustwide/target/debug/deps/libmemchr-a61794c77f52d343.rlib" "/opt/rustwide/target/debug/deps/libfutures_io-306100ebd700a899.rlib" "/opt/rustwide/target/debug/deps/libslab-083dd68e0bc19c95.rlib" "/opt/rustwide/target/debug/deps/libpin_project_lite-04d37b8eb510eecb.rlib" "/opt/rustwide/target/debug/deps/libfutures_sink-140504a081023950.rlib" "/opt/rustwide/target/debug/deps/libfutures_task-b8cf8cc4fcc89c75.rlib" "/opt/rustwide/target/debug/deps/libpin_utils-6bd6355de79f98af.rlib" "/opt/rustwide/target/debug/deps/libfutures_core-6acc1f6b4df0dd33.rlib" "/opt/rustwide/target/debug/deps/liburl-947c281904c02483.rlib" "/opt/rustwide/target/debug/deps/libidna-19737b3a3c5ab393.rlib" "/opt/rustwide/target/debug/deps/libunicode_normalization-597357b71f4c2d3e.rlib" "/opt/rustwide/target/debug/deps/libtinyvec-ae8d3c8ddfe5386c.rlib" "/opt/rustwide/target/debug/deps/libtinyvec_macros-bb1333ecdeeba2ad.rlib" "/opt/rustwide/target/debug/deps/libunicode_bidi-bf47b57c3332bce2.rlib" "/opt/rustwide/target/debug/deps/libform_urlencoded-533db7122d3ddfc5.rlib" "/opt/rustwide/target/debug/deps/libpercent_encoding-88cba40a7181d984.rlib" "/opt/rustwide/target/debug/deps/libhttp-d4d5884f47b91d66.rlib" "/opt/rustwide/target/debug/deps/libitoa-cde9c8f28780c780.rlib" "/opt/rustwide/target/debug/deps/libbytes-f13b9daec80db726.rlib" "/opt/rustwide/target/debug/deps/libfnv-b4bd047f342dff07.rlib" "/opt/rustwide/target/debug/deps/libencoding_rs_io-9811685f1602e67c.rlib" "/opt/rustwide/target/debug/deps/libencoding_rs-769073f1aea0b84b.rlib" "/opt/rustwide/target/debug/deps/libcfg_if-8217498f8667ada9.rlib" "/opt/rustwide/target/debug/deps/libchrono-944906783d510b7a.rlib" "/opt/rustwide/target/debug/deps/libnum_traits-e0ed76299063a97d.rlib" "/opt/rustwide/target/debug/deps/libiana_time_zone-327d1375b89fcc29.rlib" "/opt/rustwide/target/debug/deps/libserde-959f8a9efeb2c5f7.rlib" "/opt/rustwide/rustup-home/toolchains/1.83.0-x86_64-unknown-linux-gnu/lib/rustlib/x86_64-unknown-linux-gnu/lib/libstd-ca74a2d9c5166d9f.rlib" "/opt/rustwide/rustup-home/toolchains/1.83.0-x86_64-unknown-linux-gnu/lib/rustlib/x86_64-unknown-linux-gnu/lib/libpanic_unwind-e31ab23316ed5080.rlib" "/opt/rustwide/rustup-home/toolchains/1.83.0-x86_64-unknown-linux-gnu/lib/rustlib/x86_64-unknown-linux-gnu/lib/libobject-27dc4aa955912662.rlib" "/opt/rustwide/rustup-home/toolchains/1.83.0-x86_64-unknown-linux-gnu/lib/rustlib/x86_64-unknown-linux-gnu/lib/libmemchr-bd0d6cccce077b99.rlib" "/opt/rustwide/rustup-home/toolchains/1.83.0-x86_64-unknown-linux-gnu/lib/rustlib/x86_64-unknown-linux-gnu/lib/libaddr2line-8d001680935b5e3c.rlib" "/opt/rustwide/rustup-home/toolchains/1.83.0-x86_64-unknown-linux-gnu/lib/rustlib/x86_64-unknown-linux-gnu/lib/libgimli-ba8ce71964f984f4.rlib" "/opt/rustwide/rustup-home/toolchains/1.83.0-x86_64-unknown-linux-gnu/lib/rustlib/x86_64-unknown-linux-gnu/lib/librustc_demangle-99a73526abcec14b.rlib" "/opt/rustwide/rustup-home/toolchains/1.83.0-x86_64-unknown-linux-gnu/lib/rustlib/x86_64-unknown-linux-gnu/lib/libstd_detect-63ac0d22cff92579.rlib" "/opt/rustwide/rustup-home/toolchains/1.83.0-x86_64-unknown-linux-gnu/lib/rustlib/x86_64-unknown-linux-gnu/lib/libhashbrown-9057355c92c922d5.rlib" "/opt/rustwide/rustup-home/toolchains/1.83.0-x86_64-unknown-linux-gnu/lib/rustlib/x86_64-unknown-linux-gnu/lib/librustc_std_workspace_alloc-358be9bc1f6bab04.rlib" "/opt/rustwide/rustup-home/toolchains/1.83.0-x86_64-unknown-linux-gnu/lib/rustlib/x86_64-unknown-linux-gnu/lib/libminiz_oxide-aca15549d5bff974.rlib" "/opt/rustwide/rustup-home/toolchains/1.83.0-x86_64-unknown-linux-gnu/lib/rustlib/x86_64-unknown-linux-gnu/lib/libadler-8251d2cef7072448.rlib" "/opt/rustwide/rustup-home/toolchains/1.83.0-x86_64-unknown-linux-gnu/lib/rustlib/x86_64-unknown-linux-gnu/lib/libunwind-7d50b86011c66411.rlib" "/opt/rustwide/rustup-home/toolchains/1.83.0-x86_64-unknown-linux-gnu/lib/rustlib/x86_64-unknown-linux-gnu/lib/libcfg_if-51ea098fce5006bf.rlib" "/opt/rustwide/rustup-home/toolchains/1.83.0-x86_64-unknown-linux-gnu/lib/rustlib/x86_64-unknown-linux-gnu/lib/liblibc-5a14e0d0b712e731.rlib" "/opt/rustwide/rustup-home/toolchains/1.83.0-x86_64-unknown-linux-gnu/lib/rustlib/x86_64-unknown-linux-gnu/lib/liballoc-8b83dbf3a7b8f999.rlib" "/opt/rustwide/rustup-home/toolchains/1.83.0-x86_64-unknown-linux-gnu/lib/rustlib/x86_64-unknown-linux-gnu/lib/librustc_std_workspace_core-c6fd227bdc7b39ff.rlib" "/opt/rustwide/rustup-home/toolchains/1.83.0-x86_64-unknown-linux-gnu/lib/rustlib/x86_64-unknown-linux-gnu/lib/libcore-959d3389fa3da8a5.rlib" "/opt/rustwide/rustup-home/toolchains/1.83.0-x86_64-unknown-linux-gnu/lib/rustlib/x86_64-unknown-linux-gnu/lib/libcompiler_builtins-abe05db089cc2c62.rlib" "-Wl,-Bdynamic" "-lssl" "-lcrypto" "-lgcc_s" "-lutil" "-lrt" "-lpthread" "-lm" "-ldl" "-lc" "-Wl,--eh-frame-hdr" "-Wl,-z,noexecstack" "-L" "/opt/rustwide/target/debug/build/libsqlite3-sys-f06e8ca06fde3a38/out" "-L" "/opt/rustwide/rustup-home/toolchains/1.83.0-x86_64-unknown-linux-gnu/lib/rustlib/x86_64-unknown-linux-gnu/lib" "-o" "/tmp/rustdoctestjeUkWZ/rust_out" "-Wl,--gc-sections" "-pie" "-Wl,-z,relro,-z,now" "-nodefaultlibs"
[INFO] [stdout]   = note: collect2: fatal error: ld terminated with signal 9 [Killed]
[INFO] [stdout]           compilation terminated.
[INFO] [stdout]           
[INFO] [stdout] 
[INFO] [stdout] error: aborting due to 1 previous error
[INFO] [stdout] 
[INFO] [stdout] Couldn't compile the test.
[INFO] [stdout] ---- src/files/read.rs - files::read::File::find_line_by_text (line 61) stdout ----
[INFO] [stdout] error: linking with `cc` failed: exit status: 1
[INFO] [stdout]   |
[INFO] [stdout]   = note: LC_ALL="C" PATH="/opt/rustwide/rustup-home/toolchains/1.83.0-x86_64-unknown-linux-gnu/lib/rustlib/x86_64-unknown-linux-gnu/bin:/opt/rustwide/cargo-home/bin:/usr/local/sbin:/usr/local/bin:/usr/sbin:/usr/bin:/sbin:/bin" VSLANG="1033" "cc" "-m64" "/tmp/rustcSlcprN/symbols.o" "/tmp/rustdoctestRsxIbc/rust_out.rust_out.cb03291d53e4e161-cgu.0.rcgu.o" "/tmp/rustdoctestRsxIbc/rust_out.1s7umcihpz0t7nkz1uc2ifee9.rcgu.o" "-Wl,--as-needed" "-Wl,-Bstatic" "/opt/rustwide/target/debug/deps/libdavids_awesome_library-c2d937b9b4294adf.rlib" "/opt/rustwide/target/debug/deps/librusqlite-ba2b81eed37680ff.rlib" "/opt/rustwide/target/debug/deps/libfallible_streaming_iterator-2966e5f7e535c2fb.rlib" "/opt/rustwide/target/debug/deps/libfallible_iterator-4dc02d9cc7e5d322.rlib" "/opt/rustwide/target/debug/deps/libhashlink-8ced193ab19d1704.rlib" "/opt/rustwide/target/debug/deps/libhashbrown-a91b5bc85a484bae.rlib" "/opt/rustwide/target/debug/deps/libahash-414f2e9fcf3b21eb.rlib" "/opt/rustwide/target/debug/deps/libzerocopy-9a2912bb2fae3461.rlib" "/opt/rustwide/target/debug/deps/liblibsqlite3_sys-23dc9b5870328cfe.rlib" "/opt/rustwide/target/debug/deps/libserde_yaml-b056328ea5e512c2.rlib" "/opt/rustwide/target/debug/deps/libunsafe_libyaml-cb75bca4c2622b18.rlib" "/opt/rustwide/target/debug/deps/libreqwest-6d3e78054f107a9b.rlib" "/opt/rustwide/target/debug/deps/librustls_pemfile-8d4657b12b58890d.rlib" "/opt/rustwide/target/debug/deps/librustls_pki_types-d630e372ed62b969.rlib" "/opt/rustwide/target/debug/deps/libsync_wrapper-3f21a5db2f5c3181.rlib" "/opt/rustwide/target/debug/deps/libbase64-1d5853d8a2dd9229.rlib" "/opt/rustwide/target/debug/deps/libipnet-8bcb02e74b665020.rlib" "/opt/rustwide/target/debug/deps/libhyper_tls-e41ca712e0048225.rlib" "/opt/rustwide/target/debug/deps/libtokio_native_tls-32233c55a0fce51b.rlib" "/opt/rustwide/target/debug/deps/libserde_urlencoded-091925a01c7263e1.rlib" "/opt/rustwide/target/debug/deps/libryu-bba83beca99dd7c0.rlib" "/opt/rustwide/target/debug/deps/libmime-566b615028bbb9d4.rlib" "/opt/rustwide/target/debug/deps/libnative_tls-52b339f7dd75d75a.rlib" "/opt/rustwide/target/debug/deps/libopenssl_probe-111dcb0b3b714b0f.rlib" "/opt/rustwide/target/debug/deps/libopenssl-0f86f1e8196462c7.rlib" "/opt/rustwide/target/debug/deps/libbitflags-53c76c4f639396f9.rlib" "/opt/rustwide/target/debug/deps/libforeign_types-504d8dbdd27ff197.rlib" "/opt/rustwide/target/debug/deps/libforeign_types_shared-f6b6a54f87ce1292.rlib" "/opt/rustwide/target/debug/deps/libopenssl_sys-35421f284d8dd7e0.rlib" "/opt/rustwide/target/debug/deps/libhyper_util-8cf428a065eefa6d.rlib" "/opt/rustwide/target/debug/deps/libtower_service-153488c259ad6c35.rlib" "/opt/rustwide/target/debug/deps/libhyper-26cc2364d393fde0.rlib" "/opt/rustwide/target/debug/deps/libwant-3f13e9c0d2560241.rlib" "/opt/rustwide/target/debug/deps/libtry_lock-f3f4362ed4ca7e4a.rlib" "/opt/rustwide/target/debug/deps/libsmallvec-09a1a6c0c4f8c0ff.rlib" "/opt/rustwide/target/debug/deps/libhttparse-63cb856626cec0ca.rlib" "/opt/rustwide/target/debug/deps/libh2-6088095697761cf6.rlib" "/opt/rustwide/target/debug/deps/libtracing-dd4c7c6e71557b52.rlib" "/opt/rustwide/target/debug/deps/libtracing_core-f8f0b4af6c34417e.rlib" "/opt/rustwide/target/debug/deps/libonce_cell-6f631f2a5f71cecc.rlib" "/opt/rustwide/target/debug/deps/libindexmap-3b61befb0fcbe039.rlib" "/opt/rustwide/target/debug/deps/libequivalent-4d5cfde55792e26d.rlib" "/opt/rustwide/target/debug/deps/libhashbrown-6289f19fff399cbf.rlib" "/opt/rustwide/target/debug/deps/libatomic_waker-20cf0e6ccfae60b1.rlib" "/opt/rustwide/target/debug/deps/libtokio_util-7dc6df7261e95e2f.rlib" "/opt/rustwide/target/debug/deps/libfutures_channel-c27f4a4ff696df8c.rlib" "/opt/rustwide/target/debug/deps/libtokio-27000315aa75f224.rlib" "/opt/rustwide/target/debug/deps/libsocket2-a931dfd19583e381.rlib" "/opt/rustwide/target/debug/deps/libmio-74e9d0fb4b1a82eb.rlib" "/opt/rustwide/target/debug/deps/liblibc-c79c75013b5c6287.rlib" "/opt/rustwide/target/debug/deps/libhttp_body_util-3d1b4408006c981c.rlib" "/opt/rustwide/target/debug/deps/libhttp_body-93742b1046f2b116.rlib" "/opt/rustwide/target/debug/deps/liblog-2579a5a2dbce8c4d.rlib" "/opt/rustwide/target/debug/deps/libfutures_util-46bcca876b9fe884.rlib" "/opt/rustwide/target/debug/deps/libmemchr-a61794c77f52d343.rlib" "/opt/rustwide/target/debug/deps/libfutures_io-306100ebd700a899.rlib" "/opt/rustwide/target/debug/deps/libslab-083dd68e0bc19c95.rlib" "/opt/rustwide/target/debug/deps/libpin_project_lite-04d37b8eb510eecb.rlib" "/opt/rustwide/target/debug/deps/libfutures_sink-140504a081023950.rlib" "/opt/rustwide/target/debug/deps/libfutures_task-b8cf8cc4fcc89c75.rlib" "/opt/rustwide/target/debug/deps/libpin_utils-6bd6355de79f98af.rlib" "/opt/rustwide/target/debug/deps/libfutures_core-6acc1f6b4df0dd33.rlib" "/opt/rustwide/target/debug/deps/liburl-947c281904c02483.rlib" "/opt/rustwide/target/debug/deps/libidna-19737b3a3c5ab393.rlib" "/opt/rustwide/target/debug/deps/libunicode_normalization-597357b71f4c2d3e.rlib" "/opt/rustwide/target/debug/deps/libtinyvec-ae8d3c8ddfe5386c.rlib" "/opt/rustwide/target/debug/deps/libtinyvec_macros-bb1333ecdeeba2ad.rlib" "/opt/rustwide/target/debug/deps/libunicode_bidi-bf47b57c3332bce2.rlib" "/opt/rustwide/target/debug/deps/libform_urlencoded-533db7122d3ddfc5.rlib" "/opt/rustwide/target/debug/deps/libpercent_encoding-88cba40a7181d984.rlib" "/opt/rustwide/target/debug/deps/libhttp-d4d5884f47b91d66.rlib" "/opt/rustwide/target/debug/deps/libitoa-cde9c8f28780c780.rlib" "/opt/rustwide/target/debug/deps/libbytes-f13b9daec80db726.rlib" "/opt/rustwide/target/debug/deps/libfnv-b4bd047f342dff07.rlib" "/opt/rustwide/target/debug/deps/libencoding_rs_io-9811685f1602e67c.rlib" "/opt/rustwide/target/debug/deps/libencoding_rs-769073f1aea0b84b.rlib" "/opt/rustwide/target/debug/deps/libcfg_if-8217498f8667ada9.rlib" "/opt/rustwide/target/debug/deps/libchrono-944906783d510b7a.rlib" "/opt/rustwide/target/debug/deps/libnum_traits-e0ed76299063a97d.rlib" "/opt/rustwide/target/debug/deps/libiana_time_zone-327d1375b89fcc29.rlib" "/opt/rustwide/target/debug/deps/libserde-959f8a9efeb2c5f7.rlib" "/opt/rustwide/rustup-home/toolchains/1.83.0-x86_64-unknown-linux-gnu/lib/rustlib/x86_64-unknown-linux-gnu/lib/libstd-ca74a2d9c5166d9f.rlib" "/opt/rustwide/rustup-home/toolchains/1.83.0-x86_64-unknown-linux-gnu/lib/rustlib/x86_64-unknown-linux-gnu/lib/libpanic_unwind-e31ab23316ed5080.rlib" "/opt/rustwide/rustup-home/toolchains/1.83.0-x86_64-unknown-linux-gnu/lib/rustlib/x86_64-unknown-linux-gnu/lib/libobject-27dc4aa955912662.rlib" "/opt/rustwide/rustup-home/toolchains/1.83.0-x86_64-unknown-linux-gnu/lib/rustlib/x86_64-unknown-linux-gnu/lib/libmemchr-bd0d6cccce077b99.rlib" "/opt/rustwide/rustup-home/toolchains/1.83.0-x86_64-unknown-linux-gnu/lib/rustlib/x86_64-unknown-linux-gnu/lib/libaddr2line-8d001680935b5e3c.rlib" "/opt/rustwide/rustup-home/toolchains/1.83.0-x86_64-unknown-linux-gnu/lib/rustlib/x86_64-unknown-linux-gnu/lib/libgimli-ba8ce71964f984f4.rlib" "/opt/rustwide/rustup-home/toolchains/1.83.0-x86_64-unknown-linux-gnu/lib/rustlib/x86_64-unknown-linux-gnu/lib/librustc_demangle-99a73526abcec14b.rlib" "/opt/rustwide/rustup-home/toolchains/1.83.0-x86_64-unknown-linux-gnu/lib/rustlib/x86_64-unknown-linux-gnu/lib/libstd_detect-63ac0d22cff92579.rlib" "/opt/rustwide/rustup-home/toolchains/1.83.0-x86_64-unknown-linux-gnu/lib/rustlib/x86_64-unknown-linux-gnu/lib/libhashbrown-9057355c92c922d5.rlib" "/opt/rustwide/rustup-home/toolchains/1.83.0-x86_64-unknown-linux-gnu/lib/rustlib/x86_64-unknown-linux-gnu/lib/librustc_std_workspace_alloc-358be9bc1f6bab04.rlib" "/opt/rustwide/rustup-home/toolchains/1.83.0-x86_64-unknown-linux-gnu/lib/rustlib/x86_64-unknown-linux-gnu/lib/libminiz_oxide-aca15549d5bff974.rlib" "/opt/rustwide/rustup-home/toolchains/1.83.0-x86_64-unknown-linux-gnu/lib/rustlib/x86_64-unknown-linux-gnu/lib/libadler-8251d2cef7072448.rlib" "/opt/rustwide/rustup-home/toolchains/1.83.0-x86_64-unknown-linux-gnu/lib/rustlib/x86_64-unknown-linux-gnu/lib/libunwind-7d50b86011c66411.rlib" "/opt/rustwide/rustup-home/toolchains/1.83.0-x86_64-unknown-linux-gnu/lib/rustlib/x86_64-unknown-linux-gnu/lib/libcfg_if-51ea098fce5006bf.rlib" "/opt/rustwide/rustup-home/toolchains/1.83.0-x86_64-unknown-linux-gnu/lib/rustlib/x86_64-unknown-linux-gnu/lib/liblibc-5a14e0d0b712e731.rlib" "/opt/rustwide/rustup-home/toolchains/1.83.0-x86_64-unknown-linux-gnu/lib/rustlib/x86_64-unknown-linux-gnu/lib/liballoc-8b83dbf3a7b8f999.rlib" "/opt/rustwide/rustup-home/toolchains/1.83.0-x86_64-unknown-linux-gnu/lib/rustlib/x86_64-unknown-linux-gnu/lib/librustc_std_workspace_core-c6fd227bdc7b39ff.rlib" "/opt/rustwide/rustup-home/toolchains/1.83.0-x86_64-unknown-linux-gnu/lib/rustlib/x86_64-unknown-linux-gnu/lib/libcore-959d3389fa3da8a5.rlib" "/opt/rustwide/rustup-home/toolchains/1.83.0-x86_64-unknown-linux-gnu/lib/rustlib/x86_64-unknown-linux-gnu/lib/libcompiler_builtins-abe05db089cc2c62.rlib" "-Wl,-Bdynamic" "-lssl" "-lcrypto" "-lgcc_s" "-lutil" "-lrt" "-lpthread" "-lm" "-ldl" "-lc" "-Wl,--eh-frame-hdr" "-Wl,-z,noexecstack" "-L" "/opt/rustwide/target/debug/build/libsqlite3-sys-f06e8ca06fde3a38/out" "-L" "/opt/rustwide/rustup-home/toolchains/1.83.0-x86_64-unknown-linux-gnu/lib/rustlib/x86_64-unknown-linux-gnu/lib" "-o" "/tmp/rustdoctestRsxIbc/rust_out" "-Wl,--gc-sections" "-pie" "-Wl,-z,relro,-z,now" "-nodefaultlibs"
[INFO] [stdout]   = note: collect2: fatal error: ld terminated with signal 9 [Killed]
[INFO] [stdout]           compilation terminated.
[INFO] [stdout]           
[INFO] [stdout] 
[INFO] [stdout] error: aborting due to 1 previous error
[INFO] [stdout] 
[INFO] [stdout] Couldn't compile the test.
[INFO] [stdout] ---- src/log/log.rs - log::log::LogFile::default_file_path (line 11) stdout ----
[INFO] [stdout] error: linking with `cc` failed: exit status: 1
[INFO] [stdout]   |
[INFO] [stdout]   = note: LC_ALL="C" PATH="/opt/rustwide/rustup-home/toolchains/1.83.0-x86_64-unknown-linux-gnu/lib/rustlib/x86_64-unknown-linux-gnu/bin:/opt/rustwide/cargo-home/bin:/usr/local/sbin:/usr/local/bin:/usr/sbin:/usr/bin:/sbin:/bin" VSLANG="1033" "cc" "-m64" "/tmp/rustcaYprY8/symbols.o" "/tmp/rustdoctestEX4Kau/rust_out.rust_out.cb03291d53e4e161-cgu.0.rcgu.o" "/tmp/rustdoctestEX4Kau/rust_out.1s7umcihpz0t7nkz1uc2ifee9.rcgu.o" "-Wl,--as-needed" "-Wl,-Bstatic" "/opt/rustwide/target/debug/deps/libdavids_awesome_library-c2d937b9b4294adf.rlib" "/opt/rustwide/target/debug/deps/librusqlite-ba2b81eed37680ff.rlib" "/opt/rustwide/target/debug/deps/libfallible_streaming_iterator-2966e5f7e535c2fb.rlib" "/opt/rustwide/target/debug/deps/libfallible_iterator-4dc02d9cc7e5d322.rlib" "/opt/rustwide/target/debug/deps/libhashlink-8ced193ab19d1704.rlib" "/opt/rustwide/target/debug/deps/libhashbrown-a91b5bc85a484bae.rlib" "/opt/rustwide/target/debug/deps/libahash-414f2e9fcf3b21eb.rlib" "/opt/rustwide/target/debug/deps/libzerocopy-9a2912bb2fae3461.rlib" "/opt/rustwide/target/debug/deps/liblibsqlite3_sys-23dc9b5870328cfe.rlib" "/opt/rustwide/target/debug/deps/libserde_yaml-b056328ea5e512c2.rlib" "/opt/rustwide/target/debug/deps/libunsafe_libyaml-cb75bca4c2622b18.rlib" "/opt/rustwide/target/debug/deps/libreqwest-6d3e78054f107a9b.rlib" "/opt/rustwide/target/debug/deps/librustls_pemfile-8d4657b12b58890d.rlib" "/opt/rustwide/target/debug/deps/librustls_pki_types-d630e372ed62b969.rlib" "/opt/rustwide/target/debug/deps/libsync_wrapper-3f21a5db2f5c3181.rlib" "/opt/rustwide/target/debug/deps/libbase64-1d5853d8a2dd9229.rlib" "/opt/rustwide/target/debug/deps/libipnet-8bcb02e74b665020.rlib" "/opt/rustwide/target/debug/deps/libhyper_tls-e41ca712e0048225.rlib" "/opt/rustwide/target/debug/deps/libtokio_native_tls-32233c55a0fce51b.rlib" "/opt/rustwide/target/debug/deps/libserde_urlencoded-091925a01c7263e1.rlib" "/opt/rustwide/target/debug/deps/libryu-bba83beca99dd7c0.rlib" "/opt/rustwide/target/debug/deps/libmime-566b615028bbb9d4.rlib" "/opt/rustwide/target/debug/deps/libnative_tls-52b339f7dd75d75a.rlib" "/opt/rustwide/target/debug/deps/libopenssl_probe-111dcb0b3b714b0f.rlib" "/opt/rustwide/target/debug/deps/libopenssl-0f86f1e8196462c7.rlib" "/opt/rustwide/target/debug/deps/libbitflags-53c76c4f639396f9.rlib" "/opt/rustwide/target/debug/deps/libforeign_types-504d8dbdd27ff197.rlib" "/opt/rustwide/target/debug/deps/libforeign_types_shared-f6b6a54f87ce1292.rlib" "/opt/rustwide/target/debug/deps/libopenssl_sys-35421f284d8dd7e0.rlib" "/opt/rustwide/target/debug/deps/libhyper_util-8cf428a065eefa6d.rlib" "/opt/rustwide/target/debug/deps/libtower_service-153488c259ad6c35.rlib" "/opt/rustwide/target/debug/deps/libhyper-26cc2364d393fde0.rlib" "/opt/rustwide/target/debug/deps/libwant-3f13e9c0d2560241.rlib" "/opt/rustwide/target/debug/deps/libtry_lock-f3f4362ed4ca7e4a.rlib" "/opt/rustwide/target/debug/deps/libsmallvec-09a1a6c0c4f8c0ff.rlib" "/opt/rustwide/target/debug/deps/libhttparse-63cb856626cec0ca.rlib" "/opt/rustwide/target/debug/deps/libh2-6088095697761cf6.rlib" "/opt/rustwide/target/debug/deps/libtracing-dd4c7c6e71557b52.rlib" "/opt/rustwide/target/debug/deps/libtracing_core-f8f0b4af6c34417e.rlib" "/opt/rustwide/target/debug/deps/libonce_cell-6f631f2a5f71cecc.rlib" "/opt/rustwide/target/debug/deps/libindexmap-3b61befb0fcbe039.rlib" "/opt/rustwide/target/debug/deps/libequivalent-4d5cfde55792e26d.rlib" "/opt/rustwide/target/debug/deps/libhashbrown-6289f19fff399cbf.rlib" "/opt/rustwide/target/debug/deps/libatomic_waker-20cf0e6ccfae60b1.rlib" "/opt/rustwide/target/debug/deps/libtokio_util-7dc6df7261e95e2f.rlib" "/opt/rustwide/target/debug/deps/libfutures_channel-c27f4a4ff696df8c.rlib" "/opt/rustwide/target/debug/deps/libtokio-27000315aa75f224.rlib" "/opt/rustwide/target/debug/deps/libsocket2-a931dfd19583e381.rlib" "/opt/rustwide/target/debug/deps/libmio-74e9d0fb4b1a82eb.rlib" "/opt/rustwide/target/debug/deps/liblibc-c79c75013b5c6287.rlib" "/opt/rustwide/target/debug/deps/libhttp_body_util-3d1b4408006c981c.rlib" "/opt/rustwide/target/debug/deps/libhttp_body-93742b1046f2b116.rlib" "/opt/rustwide/target/debug/deps/liblog-2579a5a2dbce8c4d.rlib" "/opt/rustwide/target/debug/deps/libfutures_util-46bcca876b9fe884.rlib" "/opt/rustwide/target/debug/deps/libmemchr-a61794c77f52d343.rlib" "/opt/rustwide/target/debug/deps/libfutures_io-306100ebd700a899.rlib" "/opt/rustwide/target/debug/deps/libslab-083dd68e0bc19c95.rlib" "/opt/rustwide/target/debug/deps/libpin_project_lite-04d37b8eb510eecb.rlib" "/opt/rustwide/target/debug/deps/libfutures_sink-140504a081023950.rlib" "/opt/rustwide/target/debug/deps/libfutures_task-b8cf8cc4fcc89c75.rlib" "/opt/rustwide/target/debug/deps/libpin_utils-6bd6355de79f98af.rlib" "/opt/rustwide/target/debug/deps/libfutures_core-6acc1f6b4df0dd33.rlib" "/opt/rustwide/target/debug/deps/liburl-947c281904c02483.rlib" "/opt/rustwide/target/debug/deps/libidna-19737b3a3c5ab393.rlib" "/opt/rustwide/target/debug/deps/libunicode_normalization-597357b71f4c2d3e.rlib" "/opt/rustwide/target/debug/deps/libtinyvec-ae8d3c8ddfe5386c.rlib" "/opt/rustwide/target/debug/deps/libtinyvec_macros-bb1333ecdeeba2ad.rlib" "/opt/rustwide/target/debug/deps/libunicode_bidi-bf47b57c3332bce2.rlib" "/opt/rustwide/target/debug/deps/libform_urlencoded-533db7122d3ddfc5.rlib" "/opt/rustwide/target/debug/deps/libpercent_encoding-88cba40a7181d984.rlib" "/opt/rustwide/target/debug/deps/libhttp-d4d5884f47b91d66.rlib" "/opt/rustwide/target/debug/deps/libitoa-cde9c8f28780c780.rlib" "/opt/rustwide/target/debug/deps/libbytes-f13b9daec80db726.rlib" "/opt/rustwide/target/debug/deps/libfnv-b4bd047f342dff07.rlib" "/opt/rustwide/target/debug/deps/libencoding_rs_io-9811685f1602e67c.rlib" "/opt/rustwide/target/debug/deps/libencoding_rs-769073f1aea0b84b.rlib" "/opt/rustwide/target/debug/deps/libcfg_if-8217498f8667ada9.rlib" "/opt/rustwide/target/debug/deps/libchrono-944906783d510b7a.rlib" "/opt/rustwide/target/debug/deps/libnum_traits-e0ed76299063a97d.rlib" "/opt/rustwide/target/debug/deps/libiana_time_zone-327d1375b89fcc29.rlib" "/opt/rustwide/target/debug/deps/libserde-959f8a9efeb2c5f7.rlib" "/opt/rustwide/rustup-home/toolchains/1.83.0-x86_64-unknown-linux-gnu/lib/rustlib/x86_64-unknown-linux-gnu/lib/libstd-ca74a2d9c5166d9f.rlib" "/opt/rustwide/rustup-home/toolchains/1.83.0-x86_64-unknown-linux-gnu/lib/rustlib/x86_64-unknown-linux-gnu/lib/libpanic_unwind-e31ab23316ed5080.rlib" "/opt/rustwide/rustup-home/toolchains/1.83.0-x86_64-unknown-linux-gnu/lib/rustlib/x86_64-unknown-linux-gnu/lib/libobject-27dc4aa955912662.rlib" "/opt/rustwide/rustup-home/toolchains/1.83.0-x86_64-unknown-linux-gnu/lib/rustlib/x86_64-unknown-linux-gnu/lib/libmemchr-bd0d6cccce077b99.rlib" "/opt/rustwide/rustup-home/toolchains/1.83.0-x86_64-unknown-linux-gnu/lib/rustlib/x86_64-unknown-linux-gnu/lib/libaddr2line-8d001680935b5e3c.rlib" "/opt/rustwide/rustup-home/toolchains/1.83.0-x86_64-unknown-linux-gnu/lib/rustlib/x86_64-unknown-linux-gnu/lib/libgimli-ba8ce71964f984f4.rlib" "/opt/rustwide/rustup-home/toolchains/1.83.0-x86_64-unknown-linux-gnu/lib/rustlib/x86_64-unknown-linux-gnu/lib/librustc_demangle-99a73526abcec14b.rlib" "/opt/rustwide/rustup-home/toolchains/1.83.0-x86_64-unknown-linux-gnu/lib/rustlib/x86_64-unknown-linux-gnu/lib/libstd_detect-63ac0d22cff92579.rlib" "/opt/rustwide/rustup-home/toolchains/1.83.0-x86_64-unknown-linux-gnu/lib/rustlib/x86_64-unknown-linux-gnu/lib/libhashbrown-9057355c92c922d5.rlib" "/opt/rustwide/rustup-home/toolchains/1.83.0-x86_64-unknown-linux-gnu/lib/rustlib/x86_64-unknown-linux-gnu/lib/librustc_std_workspace_alloc-358be9bc1f6bab04.rlib" "/opt/rustwide/rustup-home/toolchains/1.83.0-x86_64-unknown-linux-gnu/lib/rustlib/x86_64-unknown-linux-gnu/lib/libminiz_oxide-aca15549d5bff974.rlib" "/opt/rustwide/rustup-home/toolchains/1.83.0-x86_64-unknown-linux-gnu/lib/rustlib/x86_64-unknown-linux-gnu/lib/libadler-8251d2cef7072448.rlib" "/opt/rustwide/rustup-home/toolchains/1.83.0-x86_64-unknown-linux-gnu/lib/rustlib/x86_64-unknown-linux-gnu/lib/libunwind-7d50b86011c66411.rlib" "/opt/rustwide/rustup-home/toolchains/1.83.0-x86_64-unknown-linux-gnu/lib/rustlib/x86_64-unknown-linux-gnu/lib/libcfg_if-51ea098fce5006bf.rlib" "/opt/rustwide/rustup-home/toolchains/1.83.0-x86_64-unknown-linux-gnu/lib/rustlib/x86_64-unknown-linux-gnu/lib/liblibc-5a14e0d0b712e731.rlib" "/opt/rustwide/rustup-home/toolchains/1.83.0-x86_64-unknown-linux-gnu/lib/rustlib/x86_64-unknown-linux-gnu/lib/liballoc-8b83dbf3a7b8f999.rlib" "/opt/rustwide/rustup-home/toolchains/1.83.0-x86_64-unknown-linux-gnu/lib/rustlib/x86_64-unknown-linux-gnu/lib/librustc_std_workspace_core-c6fd227bdc7b39ff.rlib" "/opt/rustwide/rustup-home/toolchains/1.83.0-x86_64-unknown-linux-gnu/lib/rustlib/x86_64-unknown-linux-gnu/lib/libcore-959d3389fa3da8a5.rlib" "/opt/rustwide/rustup-home/toolchains/1.83.0-x86_64-unknown-linux-gnu/lib/rustlib/x86_64-unknown-linux-gnu/lib/libcompiler_builtins-abe05db089cc2c62.rlib" "-Wl,-Bdynamic" "-lssl" "-lcrypto" "-lgcc_s" "-lutil" "-lrt" "-lpthread" "-lm" "-ldl" "-lc" "-Wl,--eh-frame-hdr" "-Wl,-z,noexecstack" "-L" "/opt/rustwide/target/debug/build/libsqlite3-sys-f06e8ca06fde3a38/out" "-L" "/opt/rustwide/rustup-home/toolchains/1.83.0-x86_64-unknown-linux-gnu/lib/rustlib/x86_64-unknown-linux-gnu/lib" "-o" "/tmp/rustdoctestEX4Kau/rust_out" "-Wl,--gc-sections" "-pie" "-Wl,-z,relro,-z,now" "-nodefaultlibs"
[INFO] [stdout]   = note: collect2: fatal error: ld terminated with signal 9 [Killed]
[INFO] [stdout]           compilation terminated.
[INFO] [stdout]           
[INFO] [stdout] 
[INFO] [stdout] error: aborting due to 1 previous error
[INFO] [stdout] 
[INFO] [stdout] Couldn't compile the test.
[INFO] [stdout] ---- src/log/log.rs - log::log::LogFile::write_log (line 56) stdout ----
[INFO] [stdout] error: linking with `cc` failed: exit status: 1
[INFO] [stdout]   |
[INFO] [stdout]   = note: LC_ALL="C" PATH="/opt/rustwide/rustup-home/toolchains/1.83.0-x86_64-unknown-linux-gnu/lib/rustlib/x86_64-unknown-linux-gnu/bin:/opt/rustwide/cargo-home/bin:/usr/local/sbin:/usr/local/bin:/usr/sbin:/usr/bin:/sbin:/bin" VSLANG="1033" "cc" "-m64" "/tmp/rustcI8btwC/symbols.o" "/tmp/rustdoctest8nfOpC/rust_out.rust_out.cb03291d53e4e161-cgu.0.rcgu.o" "/tmp/rustdoctest8nfOpC/rust_out.1s7umcihpz0t7nkz1uc2ifee9.rcgu.o" "-Wl,--as-needed" "-Wl,-Bstatic" "/opt/rustwide/target/debug/deps/libdavids_awesome_library-c2d937b9b4294adf.rlib" "/opt/rustwide/target/debug/deps/librusqlite-ba2b81eed37680ff.rlib" "/opt/rustwide/target/debug/deps/libfallible_streaming_iterator-2966e5f7e535c2fb.rlib" "/opt/rustwide/target/debug/deps/libfallible_iterator-4dc02d9cc7e5d322.rlib" "/opt/rustwide/target/debug/deps/libhashlink-8ced193ab19d1704.rlib" "/opt/rustwide/target/debug/deps/libhashbrown-a91b5bc85a484bae.rlib" "/opt/rustwide/target/debug/deps/libahash-414f2e9fcf3b21eb.rlib" "/opt/rustwide/target/debug/deps/libzerocopy-9a2912bb2fae3461.rlib" "/opt/rustwide/target/debug/deps/liblibsqlite3_sys-23dc9b5870328cfe.rlib" "/opt/rustwide/target/debug/deps/libserde_yaml-b056328ea5e512c2.rlib" "/opt/rustwide/target/debug/deps/libunsafe_libyaml-cb75bca4c2622b18.rlib" "/opt/rustwide/target/debug/deps/libreqwest-6d3e78054f107a9b.rlib" "/opt/rustwide/target/debug/deps/librustls_pemfile-8d4657b12b58890d.rlib" "/opt/rustwide/target/debug/deps/librustls_pki_types-d630e372ed62b969.rlib" "/opt/rustwide/target/debug/deps/libsync_wrapper-3f21a5db2f5c3181.rlib" "/opt/rustwide/target/debug/deps/libbase64-1d5853d8a2dd9229.rlib" "/opt/rustwide/target/debug/deps/libipnet-8bcb02e74b665020.rlib" "/opt/rustwide/target/debug/deps/libhyper_tls-e41ca712e0048225.rlib" "/opt/rustwide/target/debug/deps/libtokio_native_tls-32233c55a0fce51b.rlib" "/opt/rustwide/target/debug/deps/libserde_urlencoded-091925a01c7263e1.rlib" "/opt/rustwide/target/debug/deps/libryu-bba83beca99dd7c0.rlib" "/opt/rustwide/target/debug/deps/libmime-566b615028bbb9d4.rlib" "/opt/rustwide/target/debug/deps/libnative_tls-52b339f7dd75d75a.rlib" "/opt/rustwide/target/debug/deps/libopenssl_probe-111dcb0b3b714b0f.rlib" "/opt/rustwide/target/debug/deps/libopenssl-0f86f1e8196462c7.rlib" "/opt/rustwide/target/debug/deps/libbitflags-53c76c4f639396f9.rlib" "/opt/rustwide/target/debug/deps/libforeign_types-504d8dbdd27ff197.rlib" "/opt/rustwide/target/debug/deps/libforeign_types_shared-f6b6a54f87ce1292.rlib" "/opt/rustwide/target/debug/deps/libopenssl_sys-35421f284d8dd7e0.rlib" "/opt/rustwide/target/debug/deps/libhyper_util-8cf428a065eefa6d.rlib" "/opt/rustwide/target/debug/deps/libtower_service-153488c259ad6c35.rlib" "/opt/rustwide/target/debug/deps/libhyper-26cc2364d393fde0.rlib" "/opt/rustwide/target/debug/deps/libwant-3f13e9c0d2560241.rlib" "/opt/rustwide/target/debug/deps/libtry_lock-f3f4362ed4ca7e4a.rlib" "/opt/rustwide/target/debug/deps/libsmallvec-09a1a6c0c4f8c0ff.rlib" "/opt/rustwide/target/debug/deps/libhttparse-63cb856626cec0ca.rlib" "/opt/rustwide/target/debug/deps/libh2-6088095697761cf6.rlib" "/opt/rustwide/target/debug/deps/libtracing-dd4c7c6e71557b52.rlib" "/opt/rustwide/target/debug/deps/libtracing_core-f8f0b4af6c34417e.rlib" "/opt/rustwide/target/debug/deps/libonce_cell-6f631f2a5f71cecc.rlib" "/opt/rustwide/target/debug/deps/libindexmap-3b61befb0fcbe039.rlib" "/opt/rustwide/target/debug/deps/libequivalent-4d5cfde55792e26d.rlib" "/opt/rustwide/target/debug/deps/libhashbrown-6289f19fff399cbf.rlib" "/opt/rustwide/target/debug/deps/libatomic_waker-20cf0e6ccfae60b1.rlib" "/opt/rustwide/target/debug/deps/libtokio_util-7dc6df7261e95e2f.rlib" "/opt/rustwide/target/debug/deps/libfutures_channel-c27f4a4ff696df8c.rlib" "/opt/rustwide/target/debug/deps/libtokio-27000315aa75f224.rlib" "/opt/rustwide/target/debug/deps/libsocket2-a931dfd19583e381.rlib" "/opt/rustwide/target/debug/deps/libmio-74e9d0fb4b1a82eb.rlib" "/opt/rustwide/target/debug/deps/liblibc-c79c75013b5c6287.rlib" "/opt/rustwide/target/debug/deps/libhttp_body_util-3d1b4408006c981c.rlib" "/opt/rustwide/target/debug/deps/libhttp_body-93742b1046f2b116.rlib" "/opt/rustwide/target/debug/deps/liblog-2579a5a2dbce8c4d.rlib" "/opt/rustwide/target/debug/deps/libfutures_util-46bcca876b9fe884.rlib" "/opt/rustwide/target/debug/deps/libmemchr-a61794c77f52d343.rlib" "/opt/rustwide/target/debug/deps/libfutures_io-306100ebd700a899.rlib" "/opt/rustwide/target/debug/deps/libslab-083dd68e0bc19c95.rlib" "/opt/rustwide/target/debug/deps/libpin_project_lite-04d37b8eb510eecb.rlib" "/opt/rustwide/target/debug/deps/libfutures_sink-140504a081023950.rlib" "/opt/rustwide/target/debug/deps/libfutures_task-b8cf8cc4fcc89c75.rlib" "/opt/rustwide/target/debug/deps/libpin_utils-6bd6355de79f98af.rlib" "/opt/rustwide/target/debug/deps/libfutures_core-6acc1f6b4df0dd33.rlib" "/opt/rustwide/target/debug/deps/liburl-947c281904c02483.rlib" "/opt/rustwide/target/debug/deps/libidna-19737b3a3c5ab393.rlib" "/opt/rustwide/target/debug/deps/libunicode_normalization-597357b71f4c2d3e.rlib" "/opt/rustwide/target/debug/deps/libtinyvec-ae8d3c8ddfe5386c.rlib" "/opt/rustwide/target/debug/deps/libtinyvec_macros-bb1333ecdeeba2ad.rlib" "/opt/rustwide/target/debug/deps/libunicode_bidi-bf47b57c3332bce2.rlib" "/opt/rustwide/target/debug/deps/libform_urlencoded-533db7122d3ddfc5.rlib" "/opt/rustwide/target/debug/deps/libpercent_encoding-88cba40a7181d984.rlib" "/opt/rustwide/target/debug/deps/libhttp-d4d5884f47b91d66.rlib" "/opt/rustwide/target/debug/deps/libitoa-cde9c8f28780c780.rlib" "/opt/rustwide/target/debug/deps/libbytes-f13b9daec80db726.rlib" "/opt/rustwide/target/debug/deps/libfnv-b4bd047f342dff07.rlib" "/opt/rustwide/target/debug/deps/libencoding_rs_io-9811685f1602e67c.rlib" "/opt/rustwide/target/debug/deps/libencoding_rs-769073f1aea0b84b.rlib" "/opt/rustwide/target/debug/deps/libcfg_if-8217498f8667ada9.rlib" "/opt/rustwide/target/debug/deps/libchrono-944906783d510b7a.rlib" "/opt/rustwide/target/debug/deps/libnum_traits-e0ed76299063a97d.rlib" "/opt/rustwide/target/debug/deps/libiana_time_zone-327d1375b89fcc29.rlib" "/opt/rustwide/target/debug/deps/libserde-959f8a9efeb2c5f7.rlib" "/opt/rustwide/rustup-home/toolchains/1.83.0-x86_64-unknown-linux-gnu/lib/rustlib/x86_64-unknown-linux-gnu/lib/libstd-ca74a2d9c5166d9f.rlib" "/opt/rustwide/rustup-home/toolchains/1.83.0-x86_64-unknown-linux-gnu/lib/rustlib/x86_64-unknown-linux-gnu/lib/libpanic_unwind-e31ab23316ed5080.rlib" "/opt/rustwide/rustup-home/toolchains/1.83.0-x86_64-unknown-linux-gnu/lib/rustlib/x86_64-unknown-linux-gnu/lib/libobject-27dc4aa955912662.rlib" "/opt/rustwide/rustup-home/toolchains/1.83.0-x86_64-unknown-linux-gnu/lib/rustlib/x86_64-unknown-linux-gnu/lib/libmemchr-bd0d6cccce077b99.rlib" "/opt/rustwide/rustup-home/toolchains/1.83.0-x86_64-unknown-linux-gnu/lib/rustlib/x86_64-unknown-linux-gnu/lib/libaddr2line-8d001680935b5e3c.rlib" "/opt/rustwide/rustup-home/toolchains/1.83.0-x86_64-unknown-linux-gnu/lib/rustlib/x86_64-unknown-linux-gnu/lib/libgimli-ba8ce71964f984f4.rlib" "/opt/rustwide/rustup-home/toolchains/1.83.0-x86_64-unknown-linux-gnu/lib/rustlib/x86_64-unknown-linux-gnu/lib/librustc_demangle-99a73526abcec14b.rlib" "/opt/rustwide/rustup-home/toolchains/1.83.0-x86_64-unknown-linux-gnu/lib/rustlib/x86_64-unknown-linux-gnu/lib/libstd_detect-63ac0d22cff92579.rlib" "/opt/rustwide/rustup-home/toolchains/1.83.0-x86_64-unknown-linux-gnu/lib/rustlib/x86_64-unknown-linux-gnu/lib/libhashbrown-9057355c92c922d5.rlib" "/opt/rustwide/rustup-home/toolchains/1.83.0-x86_64-unknown-linux-gnu/lib/rustlib/x86_64-unknown-linux-gnu/lib/librustc_std_workspace_alloc-358be9bc1f6bab04.rlib" "/opt/rustwide/rustup-home/toolchains/1.83.0-x86_64-unknown-linux-gnu/lib/rustlib/x86_64-unknown-linux-gnu/lib/libminiz_oxide-aca15549d5bff974.rlib" "/opt/rustwide/rustup-home/toolchains/1.83.0-x86_64-unknown-linux-gnu/lib/rustlib/x86_64-unknown-linux-gnu/lib/libadler-8251d2cef7072448.rlib" "/opt/rustwide/rustup-home/toolchains/1.83.0-x86_64-unknown-linux-gnu/lib/rustlib/x86_64-unknown-linux-gnu/lib/libunwind-7d50b86011c66411.rlib" "/opt/rustwide/rustup-home/toolchains/1.83.0-x86_64-unknown-linux-gnu/lib/rustlib/x86_64-unknown-linux-gnu/lib/libcfg_if-51ea098fce5006bf.rlib" "/opt/rustwide/rustup-home/toolchains/1.83.0-x86_64-unknown-linux-gnu/lib/rustlib/x86_64-unknown-linux-gnu/lib/liblibc-5a14e0d0b712e731.rlib" "/opt/rustwide/rustup-home/toolchains/1.83.0-x86_64-unknown-linux-gnu/lib/rustlib/x86_64-unknown-linux-gnu/lib/liballoc-8b83dbf3a7b8f999.rlib" "/opt/rustwide/rustup-home/toolchains/1.83.0-x86_64-unknown-linux-gnu/lib/rustlib/x86_64-unknown-linux-gnu/lib/librustc_std_workspace_core-c6fd227bdc7b39ff.rlib" "/opt/rustwide/rustup-home/toolchains/1.83.0-x86_64-unknown-linux-gnu/lib/rustlib/x86_64-unknown-linux-gnu/lib/libcore-959d3389fa3da8a5.rlib" "/opt/rustwide/rustup-home/toolchains/1.83.0-x86_64-unknown-linux-gnu/lib/rustlib/x86_64-unknown-linux-gnu/lib/libcompiler_builtins-abe05db089cc2c62.rlib" "-Wl,-Bdynamic" "-lssl" "-lcrypto" "-lgcc_s" "-lutil" "-lrt" "-lpthread" "-lm" "-ldl" "-lc" "-Wl,--eh-frame-hdr" "-Wl,-z,noexecstack" "-L" "/opt/rustwide/target/debug/build/libsqlite3-sys-f06e8ca06fde3a38/out" "-L" "/opt/rustwide/rustup-home/toolchains/1.83.0-x86_64-unknown-linux-gnu/lib/rustlib/x86_64-unknown-linux-gnu/lib" "-o" "/tmp/rustdoctest8nfOpC/rust_out" "-Wl,--gc-sections" "-pie" "-Wl,-z,relro,-z,now" "-nodefaultlibs"
[INFO] [stdout]   = note: collect2: fatal error: ld terminated with signal 9 [Killed]
[INFO] [stdout]           compilation terminated.
[INFO] [stdout]           
[INFO] [stdout] 
[INFO] [stdout] error: aborting due to 1 previous error
[INFO] [stdout] 
[INFO] [stdout] Couldn't compile the test.
[INFO] [stdout] 
[INFO] [stdout] failures:
[INFO] [stdout]     src/files/read.rs - files::read::File::find_line_by_text (line 61)
[INFO] [stdout]     src/log/log.rs - log::log::LogFile::custom_file_path (line 28)
[INFO] [stdout]     src/log/log.rs - log::log::LogFile::default_file_path (line 11)
[INFO] [stdout]     src/log/log.rs - log::log::LogFile::write_log (line 56)
[INFO] [stdout] 
[INFO] [stdout] test result: FAILED. 6 passed; 4 failed; 0 ignored; 0 measured; 0 filtered out; finished in 9.58s
[INFO] [stdout] 
[INFO] running `Command { std: "docker" "inspect" "463cc77781c547582b14653c698ca7ba2a14a9e6f76da3f576765f63bdf60a77", kill_on_drop: false }`
[INFO] running `Command { std: "docker" "rm" "-f" "463cc77781c547582b14653c698ca7ba2a14a9e6f76da3f576765f63bdf60a77", kill_on_drop: false }`
[INFO] [stdout] 463cc77781c547582b14653c698ca7ba2a14a9e6f76da3f576765f63bdf60a77
