[INFO] cloning repository https://github.com/Coko7/aoc-2024
[INFO] running `Command { std: "git" "-c" "credential.helper=" "-c" "credential.helper=/workspace/cargo-home/bin/git-credential-null" "clone" "--bare" "https://github.com/Coko7/aoc-2024" "/workspace/cache/git-repos/https%3A%2F%2Fgithub.com%2FCoko7%2Faoc-2024", kill_on_drop: false }`
[INFO] [stderr] Cloning into bare repository '/workspace/cache/git-repos/https%3A%2F%2Fgithub.com%2FCoko7%2Faoc-2024'...
[INFO] running `Command { std: "git" "rev-parse" "HEAD", kill_on_drop: false }`
[INFO] [stdout] ee81834b4e5164e147e0711ef032505b21e81034
[INFO] testing Coko7/aoc-2024 against 1.83.0 for beta-1.84.0-4-retry
[INFO] running `Command { std: "git" "clone" "/workspace/cache/git-repos/https%3A%2F%2Fgithub.com%2FCoko7%2Faoc-2024" "/workspace/builds/worker-5-tc1/source", kill_on_drop: false }`
[INFO] [stderr] Cloning into '/workspace/builds/worker-5-tc1/source'...
[INFO] [stderr] done.
[INFO] validating manifest of git repo https://github.com/Coko7/aoc-2024 on toolchain 1.83.0
[INFO] running `Command { std: CARGO_HOME="/workspace/cargo-home" RUSTUP_HOME="/workspace/rustup-home" "/workspace/cargo-home/bin/cargo" "+1.83.0" "metadata" "--manifest-path" "Cargo.toml" "--no-deps", kill_on_drop: false }`
[INFO] removed /workspace/builds/worker-5-tc1/source/.cargo/config.toml
[INFO] started tweaking git repo https://github.com/Coko7/aoc-2024
[INFO] finished tweaking git repo https://github.com/Coko7/aoc-2024
[INFO] tweaked toml for git repo https://github.com/Coko7/aoc-2024 written to /workspace/builds/worker-5-tc1/source/Cargo.toml
[INFO] crate git repo https://github.com/Coko7/aoc-2024 already has a lockfile, it will not be regenerated
[INFO] running `Command { std: CARGO_HOME="/workspace/cargo-home" RUSTUP_HOME="/workspace/rustup-home" "/workspace/cargo-home/bin/cargo" "+1.83.0" "fetch" "--manifest-path" "Cargo.toml", kill_on_drop: false }`
[INFO] running `Command { std: "docker" "create" "-v" "/var/lib/crater-agent-workspace/builds/worker-5-tc1/target:/opt/rustwide/target:rw,Z" "-v" "/var/lib/crater-agent-workspace/builds/worker-5-tc1/source:/opt/rustwide/workdir:ro,Z" "-v" "/var/lib/crater-agent-workspace/cargo-home:/opt/rustwide/cargo-home:ro,Z" "-v" "/var/lib/crater-agent-workspace/rustup-home:/opt/rustwide/rustup-home:ro,Z" "-e" "SOURCE_DIR=/opt/rustwide/workdir" "-e" "CARGO_TARGET_DIR=/opt/rustwide/target" "-e" "CARGO_HOME=/opt/rustwide/cargo-home" "-e" "RUSTUP_HOME=/opt/rustwide/rustup-home" "-w" "/opt/rustwide/workdir" "-m" "1610612736" "--user" "0:0" "--network" "none" "ghcr.io/rust-lang/crates-build-env/linux@sha256:f3a9d4ad9d972b27faf3965f35b62e55ba32bbce8f20bc8fe909558a86702fde" "/opt/rustwide/cargo-home/bin/cargo" "+1.83.0" "metadata" "--no-deps" "--format-version=1", kill_on_drop: false }`
[INFO] [stdout] 8d97debb040330b08c349e54ab5e94841adade9d9b18711beb95b098ffb0ca8d
[INFO] running `Command { std: "docker" "start" "-a" "8d97debb040330b08c349e54ab5e94841adade9d9b18711beb95b098ffb0ca8d", kill_on_drop: false }`
[INFO] running `Command { std: "docker" "inspect" "8d97debb040330b08c349e54ab5e94841adade9d9b18711beb95b098ffb0ca8d", kill_on_drop: false }`
[INFO] running `Command { std: "docker" "rm" "-f" "8d97debb040330b08c349e54ab5e94841adade9d9b18711beb95b098ffb0ca8d", kill_on_drop: false }`
[INFO] [stdout] 8d97debb040330b08c349e54ab5e94841adade9d9b18711beb95b098ffb0ca8d
[INFO] running `Command { std: "docker" "create" "-v" "/var/lib/crater-agent-workspace/builds/worker-5-tc1/target:/opt/rustwide/target:rw,Z" "-v" "/var/lib/crater-agent-workspace/builds/worker-5-tc1/source:/opt/rustwide/workdir:ro,Z" "-v" "/var/lib/crater-agent-workspace/cargo-home:/opt/rustwide/cargo-home:ro,Z" "-v" "/var/lib/crater-agent-workspace/rustup-home:/opt/rustwide/rustup-home:ro,Z" "-e" "SOURCE_DIR=/opt/rustwide/workdir" "-e" "CARGO_TARGET_DIR=/opt/rustwide/target" "-e" "CARGO_INCREMENTAL=0" "-e" "RUST_BACKTRACE=full" "-e" "RUSTFLAGS=--cap-lints=warn" "-e" "RUSTDOCFLAGS=--cap-lints=warn" "-e" "CARGO_HOME=/opt/rustwide/cargo-home" "-e" "RUSTUP_HOME=/opt/rustwide/rustup-home" "-w" "/opt/rustwide/workdir" "-m" "1610612736" "--user" "0:0" "--network" "none" "ghcr.io/rust-lang/crates-build-env/linux@sha256:f3a9d4ad9d972b27faf3965f35b62e55ba32bbce8f20bc8fe909558a86702fde" "/opt/rustwide/cargo-home/bin/cargo" "+1.83.0" "build" "--frozen" "--message-format=json", kill_on_drop: false }`
[INFO] [stdout] a46009c1e50b5dc5ef869aa9c474ffdd0d2ae61832973feae6a88dbf24a68673
[INFO] running `Command { std: "docker" "start" "-a" "a46009c1e50b5dc5ef869aa9c474ffdd0d2ae61832973feae6a88dbf24a68673", kill_on_drop: false }`
[INFO] [stderr]    Compiling either v1.13.0
[INFO] [stderr]    Compiling tinyjson v2.5.1
[INFO] [stderr]    Compiling pico-args v0.5.0
[INFO] [stderr]    Compiling itertools v0.13.0
[INFO] [stderr]    Compiling advent_of_code v0.11.0 (/opt/rustwide/workdir)
[INFO] [stdout] warning: unused import: `std::ops::Sub`
[INFO] [stdout]  --> src/bin/02.rs:1:5
[INFO] [stdout]   |
[INFO] [stdout] 1 | use std::ops::Sub;
[INFO] [stdout]   |     ^^^^^^^^^^^^^
[INFO] [stdout]   |
[INFO] [stdout]   = note: `#[warn(unused_imports)]` on by default
[INFO] [stdout] 
[INFO] [stdout] 
[INFO] [stdout] warning: unused variable: `input`
[INFO] [stdout]   --> src/bin/11.rs:47:17
[INFO] [stdout]    |
[INFO] [stdout] 47 | pub fn part_two(input: &str) -> Option<u32> {
[INFO] [stdout]    |                 ^^^^^ help: if this is intentional, prefix it with an underscore: `_input`
[INFO] [stdout]    |
[INFO] [stdout]    = note: `#[warn(unused_variables)]` on by default
[INFO] [stdout] 
[INFO] [stdout] 
[INFO] [stdout] warning: unused variable: `blocks`
[INFO] [stdout]    --> src/bin/09.rs:143:9
[INFO] [stdout]     |
[INFO] [stdout] 143 |     let blocks = optimize_file_system2(fs);
[INFO] [stdout]     |         ^^^^^^ help: if this is intentional, prefix it with an underscore: `_blocks`
[INFO] [stdout]     |
[INFO] [stdout]     = note: `#[warn(unused_variables)]` on by default
[INFO] [stdout] 
[INFO] [stdout] 
[INFO] [stdout] warning: unused variable: `i`
[INFO] [stdout]   --> src/bin/01.rs:19:9
[INFO] [stdout]    |
[INFO] [stdout] 19 |     for i in 0..left.len() {
[INFO] [stdout]    |         ^ help: if this is intentional, prefix it with an underscore: `_i`
[INFO] [stdout]    |
[INFO] [stdout]    = note: `#[warn(unused_variables)]` on by default
[INFO] [stdout] 
[INFO] [stdout] 
[INFO] [stdout] warning: unused variable: `input`
[INFO] [stdout]    --> src/bin/12.rs:177:17
[INFO] [stdout]     |
[INFO] [stdout] 177 | pub fn part_two(input: &str) -> Option<u32> {
[INFO] [stdout]     |                 ^^^^^ help: if this is intentional, prefix it with an underscore: `_input`
[INFO] [stdout]     |
[INFO] [stdout]     = note: `#[warn(unused_variables)]` on by default
[INFO] [stdout] 
[INFO] [stdout] 
[INFO] [stderr]     Finished `dev` profile [unoptimized + debuginfo] target(s) in 4.39s
[INFO] running `Command { std: "docker" "inspect" "a46009c1e50b5dc5ef869aa9c474ffdd0d2ae61832973feae6a88dbf24a68673", kill_on_drop: false }`
[INFO] running `Command { std: "docker" "rm" "-f" "a46009c1e50b5dc5ef869aa9c474ffdd0d2ae61832973feae6a88dbf24a68673", kill_on_drop: false }`
[INFO] [stdout] a46009c1e50b5dc5ef869aa9c474ffdd0d2ae61832973feae6a88dbf24a68673
[INFO] running `Command { std: "docker" "create" "-v" "/var/lib/crater-agent-workspace/builds/worker-5-tc1/target:/opt/rustwide/target:rw,Z" "-v" "/var/lib/crater-agent-workspace/builds/worker-5-tc1/source:/opt/rustwide/workdir:ro,Z" "-v" "/var/lib/crater-agent-workspace/cargo-home:/opt/rustwide/cargo-home:ro,Z" "-v" "/var/lib/crater-agent-workspace/rustup-home:/opt/rustwide/rustup-home:ro,Z" "-e" "SOURCE_DIR=/opt/rustwide/workdir" "-e" "CARGO_TARGET_DIR=/opt/rustwide/target" "-e" "CARGO_INCREMENTAL=0" "-e" "RUST_BACKTRACE=full" "-e" "RUSTFLAGS=--cap-lints=warn" "-e" "RUSTDOCFLAGS=--cap-lints=warn" "-e" "CARGO_HOME=/opt/rustwide/cargo-home" "-e" "RUSTUP_HOME=/opt/rustwide/rustup-home" "-w" "/opt/rustwide/workdir" "-m" "1610612736" "--user" "0:0" "--network" "none" "ghcr.io/rust-lang/crates-build-env/linux@sha256:f3a9d4ad9d972b27faf3965f35b62e55ba32bbce8f20bc8fe909558a86702fde" "/opt/rustwide/cargo-home/bin/cargo" "+1.83.0" "test" "--frozen" "--no-run" "--message-format=json", kill_on_drop: false }`
[INFO] [stdout] 7556fe0eafb0620df20963c804f0a458922103748a0a821710dae282e104ab55
[INFO] running `Command { std: "docker" "start" "-a" "7556fe0eafb0620df20963c804f0a458922103748a0a821710dae282e104ab55", kill_on_drop: false }`
[INFO] [stderr]    Compiling advent_of_code v0.11.0 (/opt/rustwide/workdir)
[INFO] [stdout] warning: unused variable: `blocks`
[INFO] [stdout]    --> src/bin/09.rs:143:9
[INFO] [stdout]     |
[INFO] [stdout] 143 |     let blocks = optimize_file_system2(fs);
[INFO] [stdout]     |         ^^^^^^ help: if this is intentional, prefix it with an underscore: `_blocks`
[INFO] [stdout]     |
[INFO] [stdout]     = note: `#[warn(unused_variables)]` on by default
[INFO] [stdout] 
[INFO] [stdout] 
[INFO] [stdout] warning: unused variable: `input`
[INFO] [stdout]   --> src/bin/11.rs:47:17
[INFO] [stdout]    |
[INFO] [stdout] 47 | pub fn part_two(input: &str) -> Option<u32> {
[INFO] [stdout]    |                 ^^^^^ help: if this is intentional, prefix it with an underscore: `_input`
[INFO] [stdout]    |
[INFO] [stdout]    = note: `#[warn(unused_variables)]` on by default
[INFO] [stdout] 
[INFO] [stdout] 
[INFO] [stdout] warning: unused import: `std::ops::Sub`
[INFO] [stdout]  --> src/bin/02.rs:1:5
[INFO] [stdout]   |
[INFO] [stdout] 1 | use std::ops::Sub;
[INFO] [stdout]   |     ^^^^^^^^^^^^^
[INFO] [stdout]   |
[INFO] [stdout]   = note: `#[warn(unused_imports)]` on by default
[INFO] [stdout] 
[INFO] [stdout] 
[INFO] [stdout] warning: unused variable: `i`
[INFO] [stdout]   --> src/bin/01.rs:19:9
[INFO] [stdout]    |
[INFO] [stdout] 19 |     for i in 0..left.len() {
[INFO] [stdout]    |         ^ help: if this is intentional, prefix it with an underscore: `_i`
[INFO] [stdout]    |
[INFO] [stdout]    = note: `#[warn(unused_variables)]` on by default
[INFO] [stdout] 
[INFO] [stdout] 
[INFO] [stdout] warning: unused variable: `input`
[INFO] [stdout]    --> src/bin/12.rs:177:17
[INFO] [stdout]     |
[INFO] [stdout] 177 | pub fn part_two(input: &str) -> Option<u32> {
[INFO] [stdout]     |                 ^^^^^ help: if this is intentional, prefix it with an underscore: `_input`
[INFO] [stdout]     |
[INFO] [stdout]     = note: `#[warn(unused_variables)]` on by default
[INFO] [stdout] 
[INFO] [stdout] 
[INFO] [stderr]     Finished `test` profile [unoptimized + debuginfo] target(s) in 1.54s
[INFO] running `Command { std: "docker" "inspect" "7556fe0eafb0620df20963c804f0a458922103748a0a821710dae282e104ab55", kill_on_drop: false }`
[INFO] running `Command { std: "docker" "rm" "-f" "7556fe0eafb0620df20963c804f0a458922103748a0a821710dae282e104ab55", kill_on_drop: false }`
[INFO] [stdout] 7556fe0eafb0620df20963c804f0a458922103748a0a821710dae282e104ab55
[INFO] running `Command { std: "docker" "create" "-v" "/var/lib/crater-agent-workspace/builds/worker-5-tc1/target:/opt/rustwide/target:rw,Z" "-v" "/var/lib/crater-agent-workspace/builds/worker-5-tc1/source:/opt/rustwide/workdir:ro,Z" "-v" "/var/lib/crater-agent-workspace/cargo-home:/opt/rustwide/cargo-home:ro,Z" "-v" "/var/lib/crater-agent-workspace/rustup-home:/opt/rustwide/rustup-home:ro,Z" "-e" "SOURCE_DIR=/opt/rustwide/workdir" "-e" "CARGO_TARGET_DIR=/opt/rustwide/target" "-e" "CARGO_INCREMENTAL=0" "-e" "RUST_BACKTRACE=full" "-e" "RUSTFLAGS=--cap-lints=warn" "-e" "RUSTDOCFLAGS=--cap-lints=warn" "-e" "CARGO_HOME=/opt/rustwide/cargo-home" "-e" "RUSTUP_HOME=/opt/rustwide/rustup-home" "-w" "/opt/rustwide/workdir" "-m" "1610612736" "--user" "0:0" "--network" "none" "ghcr.io/rust-lang/crates-build-env/linux@sha256:f3a9d4ad9d972b27faf3965f35b62e55ba32bbce8f20bc8fe909558a86702fde" "/opt/rustwide/cargo-home/bin/cargo" "+1.83.0" "test" "--frozen", kill_on_drop: false }`
[INFO] [stdout] bc55c78274f5331c6242ad5e3895d8ace74b8428aa8be6245cc37dce4d09d249
[INFO] running `Command { std: "docker" "start" "-a" "bc55c78274f5331c6242ad5e3895d8ace74b8428aa8be6245cc37dce4d09d249", kill_on_drop: false }`
[INFO] [stderr] warning: unused variable: `blocks`
[INFO] [stderr]    --> src/bin/09.rs:143:9
[INFO] [stderr]     |
[INFO] [stderr] 143 |     let blocks = optimize_file_system2(fs);
[INFO] [stderr]     |         ^^^^^^ help: if this is intentional, prefix it with an underscore: `_blocks`
[INFO] [stderr]     |
[INFO] [stderr]     = note: `#[warn(unused_variables)]` on by default
[INFO] [stderr] 
[INFO] [stderr] warning: unused variable: `input`
[INFO] [stderr]    --> src/bin/12.rs:177:17
[INFO] [stderr]     |
[INFO] [stderr] 177 | pub fn part_two(input: &str) -> Option<u32> {
[INFO] [stderr]     |                 ^^^^^ help: if this is intentional, prefix it with an underscore: `_input`
[INFO] [stderr]     |
[INFO] [stderr]     = note: `#[warn(unused_variables)]` on by default
[INFO] [stderr] 
[INFO] [stderr] warning: unused variable: `i`
[INFO] [stderr]   --> src/bin/01.rs:19:9
[INFO] [stderr]    |
[INFO] [stderr] 19 |     for i in 0..left.len() {
[INFO] [stderr]    |         ^ help: if this is intentional, prefix it with an underscore: `_i`
[INFO] [stderr]    |
[INFO] [stderr]    = note: `#[warn(unused_variables)]` on by default
[INFO] [stderr] 
[INFO] [stderr] warning: unused import: `std::ops::Sub`
[INFO] [stderr]  --> src/bin/02.rs:1:5
[INFO] [stderr]   |
[INFO] [stderr] 1 | use std::ops::Sub;
[INFO] [stderr]   |     ^^^^^^^^^^^^^
[INFO] [stderr]   |
[INFO] [stderr]   = note: `#[warn(unused_imports)]` on by default
[INFO] [stderr] 
[INFO] [stderr] warning: unused variable: `input`
[INFO] [stderr]   --> src/bin/11.rs:47:17
[INFO] [stderr]    |
[INFO] [stderr] 47 | pub fn part_two(input: &str) -> Option<u32> {
[INFO] [stderr]    |                 ^^^^^ help: if this is intentional, prefix it with an underscore: `_input`
[INFO] [stderr]    |
[INFO] [stderr]    = note: `#[warn(unused_variables)]` on by default
[INFO] [stderr] 
[INFO] [stderr] warning: `advent_of_code` (bin "09" test) generated 1 warning
[INFO] [stderr] warning: `advent_of_code` (bin "12" test) generated 1 warning
[INFO] [stderr] warning: `advent_of_code` (bin "01" test) generated 1 warning
[INFO] [stderr] warning: `advent_of_code` (bin "02" test) generated 1 warning (run `cargo fix --bin "02" --tests` to apply 1 suggestion)
[INFO] [stderr] warning: `advent_of_code` (bin "11" test) generated 1 warning
[INFO] [stderr]     Finished `test` profile [unoptimized + debuginfo] target(s) in 0.04s
[INFO] [stderr]      Running unittests src/lib.rs (/opt/rustwide/target/debug/deps/advent_of_code-05f61da50905a54d)
[INFO] [stdout] 
[INFO] [stdout] running 0 tests
[INFO] [stdout] 
[INFO] [stdout] test result: ok. 0 passed; 0 failed; 0 ignored; 0 measured; 0 filtered out; finished in 0.00s
[INFO] [stdout] 
[INFO] [stderr]      Running unittests src/bin/01.rs (/opt/rustwide/target/debug/deps/01-0f02cbfb26e4141a)
[INFO] [stdout] 
[INFO] [stdout] running 2 tests
[INFO] [stdout] test tests::test_part_one ... ok
[INFO] [stdout] test tests::test_part_two ... ok
[INFO] [stdout] 
[INFO] [stdout] test result: ok. 2 passed; 0 failed; 0 ignored; 0 measured; 0 filtered out; finished in 0.00s
[INFO] [stdout] 
[INFO] [stderr]      Running unittests src/bin/02.rs (/opt/rustwide/target/debug/deps/02-e871cf8cfc91258f)
[INFO] [stdout] 
[INFO] [stdout] running 2 tests
[INFO] [stdout] test tests::test_part_one ... ok
[INFO] [stdout] test tests::test_part_two ... ok
[INFO] [stdout] 
[INFO] [stdout] test result: ok. 2 passed; 0 failed; 0 ignored; 0 measured; 0 filtered out; finished in 0.00s
[INFO] [stdout] 
[INFO] [stderr]      Running unittests src/bin/03.rs (/opt/rustwide/target/debug/deps/03-17b2e5b9477e3d00)
[INFO] [stdout] 
[INFO] [stdout] running 2 tests
[INFO] [stdout] test tests::test_part_one ... ok
[INFO] [stdout] test tests::test_part_two ... ok
[INFO] [stdout] 
[INFO] [stdout] test result: ok. 2 passed; 0 failed; 0 ignored; 0 measured; 0 filtered out; finished in 0.00s
[INFO] [stdout] 
[INFO] [stderr]      Running unittests src/bin/04.rs (/opt/rustwide/target/debug/deps/04-b456e1bdb2c3a89f)
[INFO] [stdout] 
[INFO] [stdout] running 2 tests
[INFO] [stderr]      Running unittests src/bin/05.rs (/opt/rustwide/target/debug/deps/05-4070b8c3047344de)
[INFO] [stdout] test tests::test_part_two ... ok
[INFO] [stdout] test tests::test_part_one ... ok
[INFO] [stdout] 
[INFO] [stdout] test result: ok. 2 passed; 0 failed; 0 ignored; 0 measured; 0 filtered out; finished in 0.00s
[INFO] [stdout] 
[INFO] [stdout] 
[INFO] [stdout] running 2 tests
[INFO] [stdout] test tests::test_part_one ... ok
[INFO] [stdout] test tests::test_part_two ... ok
[INFO] [stdout] 
[INFO] [stdout] test result: ok. 2 passed; 0 failed; 0 ignored; 0 measured; 0 filtered out; finished in 0.00s
[INFO] [stdout] 
[INFO] [stderr]      Running unittests src/bin/06.rs (/opt/rustwide/target/debug/deps/06-933be577c0b55911)
[INFO] [stdout] 
[INFO] [stdout] running 2 tests
[INFO] [stdout] test tests::test_part_one ... ok
[INFO] [stdout] test tests::test_part_two ... ok
[INFO] [stdout] 
[INFO] [stdout] test result: ok. 2 passed; 0 failed; 0 ignored; 0 measured; 0 filtered out; finished in 0.00s
[INFO] [stdout] 
[INFO] [stderr]      Running unittests src/bin/07.rs (/opt/rustwide/target/debug/deps/07-d2ef6d45be74e9a4)
[INFO] [stdout] 
[INFO] [stdout] running 2 tests
[INFO] [stdout] test tests::test_part_one ... ok
[INFO] [stdout] test tests::test_part_two ... ok
[INFO] [stdout] 
[INFO] [stdout] test result: ok. 2 passed; 0 failed; 0 ignored; 0 measured; 0 filtered out; finished in 0.00s
[INFO] [stdout] 
[INFO] [stderr]      Running unittests src/bin/08.rs (/opt/rustwide/target/debug/deps/08-3f8a1b0819439b1c)
[INFO] [stdout] 
[INFO] [stdout] running 2 tests
[INFO] [stdout] test tests::test_part_one ... ok
[INFO] [stdout] test tests::test_part_two ... ok
[INFO] [stdout] 
[INFO] [stdout] test result: ok. 2 passed; 0 failed; 0 ignored; 0 measured; 0 filtered out; finished in 0.00s
[INFO] [stdout] 
[INFO] [stderr]      Running unittests src/bin/09.rs (/opt/rustwide/target/debug/deps/09-fc59f421f4573b45)
[INFO] [stdout] 
[INFO] [stdout] running 2 tests
[INFO] [stdout] test tests::test_part_one ... ok
[INFO] [stderr] error: test failed, to rerun pass `--bin 09`
[INFO] [stdout] test tests::test_part_two ... FAILED
[INFO] [stdout] 
[INFO] [stdout] failures:
[INFO] [stdout] 
[INFO] [stdout] ---- tests::test_part_two stdout ----
[INFO] [stdout] 0,0,.,.,.,1,1,1,.,.,.,2,.,.,.,3,3,3,.,4,4,.,5,5,5,5,.,6,6,6,6,.,7,7,7,.,8,8,8,8,.,9,9
[INFO] [stdout] last: 9,9
[INFO] [stdout] 0,0,9,9,.,1,1,1,.,.,.,2,.,.,.,3,3,3,.,4,4,.,5,5,5,5,.,6,6,6,6,.,7,7,7,.,8,8,8,8,.,.,.
[INFO] [stdout] last: 
[INFO] [stdout] 0,0,9,9,.,1,1,1,.,.,.,2,.,.,.,3,3,3,.,4,4,.,5,5,5,5,.,6,6,6,6,.,7,7,7,.,8,8,8,8,.,.,.
[INFO] [stdout] last: 
[INFO] [stdout] 0,0,9,9,.,1,1,1,.,.,.,2,.,.,.,3,3,3,.,4,4,.,5,5,5,5,.,6,6,6,6,.,7,7,7,.,8,8,8,8,.,.,.
[INFO] [stdout] last: 
[INFO] [stdout] 0,0,9,9,.,1,1,1,.,.,.,2,.,.,.,3,3,3,.,4,4,.,5,5,5,5,.,6,6,6,6,.,7,7,7,.,8,8,8,8,.,.,.
[INFO] [stdout] last: 
[INFO] [stdout] 0,0,9,9,.,1,1,1,.,.,.,2,.,.,.,3,3,3,.,4,4,.,5,5,5,5,.,6,6,6,6,.,7,7,7,.,8,8,8,8,.,.,.
[INFO] [stdout] last: 
[INFO] [stdout] 0,0,9,9,.,1,1,1,.,.,.,2,.,.,.,3,3,3,.,4,4,.,5,5,5,5,.,6,6,6,6,.,7,7,7,.,8,8,8,8,.,.,.
[INFO] [stdout] last: 
[INFO] [stdout] 0,0,9,9,.,1,1,1,.,.,.,2,.,.,.,3,3,3,.,4,4,.,5,5,5,5,.,6,6,6,6,.,7,7,7,.,8,8,8,8,.,.,.
[INFO] [stdout] last: 
[INFO] [stdout] 0,0,9,9,.,1,1,1,.,.,.,2,.,.,.,3,3,3,.,4,4,.,5,5,5,5,.,6,6,6,6,.,7,7,7,.,8,8,8,8,.,.,.
[INFO] [stdout] last: 
[INFO] [stdout] 0,0,9,9,.,1,1,1,.,.,.,2,.,.,.,3,3,3,.,4,4,.,5,5,5,5,.,6,6,6,6,.,7,7,7,.,8,8,8,8,.,.,.
[INFO] [stdout] last: 
[INFO] [stdout] 0,0,9,9,.,1,1,1,.,.,.,2,.,.,.,3,3,3,.,4,4,.,5,5,5,5,.,6,6,6,6,.,7,7,7,.,8,8,8,8,.,.,.
[INFO] [stdout] last: 
[INFO] [stdout] 0,0,9,9,.,1,1,1,.,.,.,2,.,.,.,3,3,3,.,4,4,.,5,5,5,5,.,6,6,6,6,.,7,7,7,.,8,8,8,8,.,.,.
[INFO] [stdout] last: 
[INFO] [stdout] 0,0,9,9,.,1,1,1,.,.,.,2,.,.,.,3,3,3,.,4,4,.,5,5,5,5,.,6,6,6,6,.,7,7,7,.,8,8,8,8,.,.,.
[INFO] [stdout] last: 
[INFO] [stdout] 0,0,9,9,.,1,1,1,.,.,.,2,.,.,.,3,3,3,.,4,4,.,5,5,5,5,.,6,6,6,6,.,7,7,7,.,8,8,8,8,.,.,.
[INFO] [stdout] last: 
[INFO] [stdout] 0,0,9,9,.,1,1,1,.,.,.,2,.,.,.,3,3,3,.,4,4,.,5,5,5,5,.,6,6,6,6,.,7,7,7,.,8,8,8,8,.,.,.
[INFO] [stdout] last: 
[INFO] [stdout] 0,0,9,9,.,1,1,1,.,.,.,2,.,.,.,3,3,3,.,4,4,.,5,5,5,5,.,6,6,6,6,.,7,7,7,.,8,8,8,8,.,.,.
[INFO] [stdout] last: 
[INFO] [stdout] 0,0,9,9,.,1,1,1,.,.,.,2,.,.,.,3,3,3,.,4,4,.,5,5,5,5,.,6,6,6,6,.,7,7,7,.,8,8,8,8,.,.,.
[INFO] [stdout] last: 
[INFO] [stdout] 0,0,9,9,.,1,1,1,.,.,.,2,.,.,.,3,3,3,.,4,4,.,5,5,5,5,.,6,6,6,6,.,7,7,7,.,8,8,8,8,.,.,.
[INFO] [stdout] last: 
[INFO] [stdout] 0,0,9,9,.,1,1,1,.,.,.,2,.,.,.,3,3,3,.,4,4,.,5,5,5,5,.,6,6,6,6,.,7,7,7,.,8,8,8,8,.,.,.
[INFO] [stdout] last: 
[INFO] [stdout] 0,0,9,9,.,1,1,1,.,.,.,2,.,.,.,3,3,3,.,4,4,.,5,5,5,5,.,6,6,6,6,.,7,7,7,.,8,8,8,8,.,.,.
[INFO] [stdout] last: 
[INFO] [stdout] 0,0,9,9,.,1,1,1,.,.,.,2,.,.,.,3,3,3,.,4,4,.,5,5,5,5,.,6,6,6,6,.,7,7,7,.,8,8,8,8,.,.,.
[INFO] [stdout] last: 
[INFO] [stdout] 0,0,9,9,.,1,1,1,.,.,.,2,.,.,.,3,3,3,.,4,4,.,5,5,5,5,.,6,6,6,6,.,7,7,7,.,8,8,8,8,.,.,.
[INFO] [stdout] last: 
[INFO] [stdout] 0,0,9,9,.,1,1,1,.,.,.,2,.,.,.,3,3,3,.,4,4,.,5,5,5,5,.,6,6,6,6,.,7,7,7,.,8,8,8,8,.,.,.
[INFO] [stdout] last: 
[INFO] [stdout] 0,0,9,9,.,1,1,1,.,.,.,2,.,.,.,3,3,3,.,4,4,.,5,5,5,5,.,6,6,6,6,.,7,7,7,.,8,8,8,8,.,.,.
[INFO] [stdout] last: 
[INFO] [stdout] 0,0,9,9,.,1,1,1,.,.,.,2,.,.,.,3,3,3,.,4,4,.,5,5,5,5,.,6,6,6,6,.,7,7,7,.,8,8,8,8,.,.,.
[INFO] [stdout] last: 
[INFO] [stdout] 0,0,9,9,.,1,1,1,.,.,.,2,.,.,.,3,3,3,.,4,4,.,5,5,5,5,.,6,6,6,6,.,7,7,7,.,8,8,8,8,.,.,.
[INFO] [stdout] last: 
[INFO] [stdout] 0,0,9,9,.,1,1,1,.,.,.,2,.,.,.,3,3,3,.,4,4,.,5,5,5,5,.,6,6,6,6,.,7,7,7,.,8,8,8,8,.,.,.
[INFO] [stdout] last: 
[INFO] [stdout] 0,0,9,9,.,1,1,1,.,.,.,2,.,.,.,3,3,3,.,4,4,.,5,5,5,5,.,6,6,6,6,.,7,7,7,.,8,8,8,8,.,.,.
[INFO] [stdout] last: 
[INFO] [stdout] 0,0,9,9,.,1,1,1,.,.,.,2,.,.,.,3,3,3,.,4,4,.,5,5,5,5,.,6,6,6,6,.,7,7,7,.,8,8,8,8,.,.,.
[INFO] [stdout] last: 
[INFO] [stdout] 0,0,9,9,.,1,1,1,.,.,.,2,.,.,.,3,3,3,.,4,4,.,5,5,5,5,.,6,6,6,6,.,7,7,7,.,8,8,8,8,.,.,.
[INFO] [stdout] last: 
[INFO] [stdout] 0,0,9,9,.,1,1,1,.,.,.,2,.,.,.,3,3,3,.,4,4,.,5,5,5,5,.,6,6,6,6,.,7,7,7,.,8,8,8,8,.,.,.
[INFO] [stdout] last: 
[INFO] [stdout] 0,0,9,9,.,1,1,1,.,.,.,2,.,.,.,3,3,3,.,4,4,.,5,5,5,5,.,6,6,6,6,.,7,7,7,.,8,8,8,8,.,.,.
[INFO] [stdout] last: 
[INFO] [stdout] 0,0,9,9,.,1,1,1,.,.,.,2,.,.,.,3,3,3,.,4,4,.,5,5,5,5,.,6,6,6,6,.,7,7,7,.,8,8,8,8,.,.,.
[INFO] [stdout] last: 
[INFO] [stdout] 0,0,9,9,.,1,1,1,.,.,.,2,.,.,.,3,3,3,.,4,4,.,5,5,5,5,.,6,6,6,6,.,7,7,7,.,8,8,8,8,.,.,.
[INFO] [stdout] last: 
[INFO] [stdout] 0,0,9,9,.,1,1,1,.,.,.,2,.,.,.,3,3,3,.,4,4,.,5,5,5,5,.,6,6,6,6,.,7,7,7,.,8,8,8,8,.,.,.
[INFO] [stdout] last: 
[INFO] [stdout] 0,0,9,9,.,1,1,1,.,.,.,2,.,.,.,3,3,3,.,4,4,.,5,5,5,5,.,6,6,6,6,.,7,7,7,.,8,8,8,8,.,.,.
[INFO] [stdout] last: 
[INFO] [stdout] 0,0,9,9,.,1,1,1,.,.,.,2,.,.,.,3,3,3,.,4,4,.,5,5,5,5,.,6,6,6,6,.,7,7,7,.,8,8,8,8,.,.,.
[INFO] [stdout] last: 
[INFO] [stdout] 0,0,9,9,.,1,1,1,.,.,.,2,.,.,.,3,3,3,.,4,4,.,5,5,5,5,.,6,6,6,6,.,7,7,7,.,8,8,8,8,.,.,.
[INFO] [stdout] last: 
[INFO] [stdout] 0,0,9,9,.,1,1,1,.,.,.,2,.,.,.,3,3,3,.,4,4,.,5,5,5,5,.,6,6,6,6,.,7,7,7,.,8,8,8,8,.,.,.
[INFO] [stdout] last: 
[INFO] [stdout] 0,0,9,9,.,1,1,1,.,.,.,2,.,.,.,3,3,3,.,4,4,.,5,5,5,5,.,6,6,6,6,.,7,7,7,.,8,8,8,8,.,.,.
[INFO] [stdout] last: 
[INFO] [stdout] 0,0,9,9,.,1,1,1,.,.,.,2,.,.,.,3,3,3,.,4,4,.,5,5,5,5,.,6,6,6,6,.,7,7,7,.,8,8,8,8,.,.,.
[INFO] [stdout] last: 
[INFO] [stdout] 0,0,9,9,.,1,1,1,.,.,.,2,.,.,.,3,3,3,.,4,4,.,5,5,5,5,.,6,6,6,6,.,7,7,7,.,8,8,8,8,.,.,.
[INFO] [stdout] last: 
[INFO] [stdout] 0,0,9,9,.,1,1,1,.,.,.,2,.,.,.,3,3,3,.,4,4,.,5,5,5,5,.,6,6,6,6,.,7,7,7,.,8,8,8,8,.,.,.
[INFO] [stdout] last: 
[INFO] [stdout] 0,0,9,9,.,1,1,1,.,.,.,2,.,.,.,3,3,3,.,4,4,.,5,5,5,5,.,6,6,6,6,.,7,7,7,.,8,8,8,8,.,.,.
[INFO] [stdout] last: 
[INFO] [stdout] 0,0,9,9,.,1,1,1,.,.,.,2,.,.,.,3,3,3,.,4,4,.,5,5,5,5,.,6,6,6,6,.,7,7,7,.,8,8,8,8,.,.,.
[INFO] [stdout] last: 
[INFO] [stdout] 0,0,9,9,.,1,1,1,.,.,.,2,.,.,.,3,3,3,.,4,4,.,5,5,5,5,.,6,6,6,6,.,7,7,7,.,8,8,8,8,.,.,.
[INFO] [stdout] last: 
[INFO] [stdout] 0,0,9,9,.,1,1,1,.,.,.,2,.,.,.,3,3,3,.,4,4,.,5,5,5,5,.,6,6,6,6,.,7,7,7,.,8,8,8,8,.,.,.
[INFO] [stdout] last: 
[INFO] [stdout] 0,0,9,9,.,1,1,1,.,.,.,2,.,.,.,3,3,3,.,4,4,.,5,5,5,5,.,6,6,6,6,.,7,7,7,.,8,8,8,8,.,.,.
[INFO] [stdout] last: 
[INFO] [stdout] 0,0,9,9,.,1,1,1,.,.,.,2,.,.,.,3,3,3,.,4,4,.,5,5,5,5,.,6,6,6,6,.,7,7,7,.,8,8,8,8,.,.,.
[INFO] [stdout] last: 
[INFO] [stdout] 0,0,9,9,.,1,1,1,.,.,.,2,.,.,.,3,3,3,.,4,4,.,5,5,5,5,.,6,6,6,6,.,7,7,7,.,8,8,8,8,.,.,.
[INFO] [stdout] last: 
[INFO] [stdout] 0,0,9,9,.,1,1,1,.,.,.,2,.,.,.,3,3,3,.,4,4,.,5,5,5,5,.,6,6,6,6,.,7,7,7,.,8,8,8,8,.,.,.
[INFO] [stdout] thread 'tests::test_part_two' panicked at src/bin/09.rs:163:9:
[INFO] [stdout] assertion `left == right` failed
[INFO] [stdout]   left: None
[INFO] [stdout]  right: Some(2858)
[INFO] [stdout] stack backtrace:
[INFO] [stdout]    0:     0x5e0d7dd3de3a - std::backtrace_rs::backtrace::libunwind::trace::h5a5b8284f2d0c266
[INFO] [stdout]                                at /rustc/90b35a6239c3d8bdabc530a6a0816f7ff89a0aaf/library/std/src/../../backtrace/src/backtrace/libunwind.rs:116:5
[INFO] [stdout]    1:     0x5e0d7dd3de3a - std::backtrace_rs::backtrace::trace_unsynchronized::h76d4f1c9b0b875e3
[INFO] [stdout]                                at /rustc/90b35a6239c3d8bdabc530a6a0816f7ff89a0aaf/library/std/src/../../backtrace/src/backtrace/mod.rs:66:5
[INFO] [stdout]    2:     0x5e0d7dd3de3a - std::sys::backtrace::_print_fmt::hc4546b8364a537c6
[INFO] [stdout]                                at /rustc/90b35a6239c3d8bdabc530a6a0816f7ff89a0aaf/library/std/src/sys/backtrace.rs:66:9
[INFO] [stdout]    3:     0x5e0d7dd3de3a - <std::sys::backtrace::BacktraceLock::print::DisplayBacktrace as core::fmt::Display>::fmt::h5b6bd5631a6d1f6b
[INFO] [stdout]                                at /rustc/90b35a6239c3d8bdabc530a6a0816f7ff89a0aaf/library/std/src/sys/backtrace.rs:39:26
[INFO] [stdout]    4:     0x5e0d7dd63333 - core::fmt::rt::Argument::fmt::h270f6602a2b96f62
[INFO] [stdout]                                at /rustc/90b35a6239c3d8bdabc530a6a0816f7ff89a0aaf/library/core/src/fmt/rt.rs:177:76
[INFO] [stdout]    5:     0x5e0d7dd63333 - core::fmt::write::h7550c97b06c86515
[INFO] [stdout]                                at /rustc/90b35a6239c3d8bdabc530a6a0816f7ff89a0aaf/library/core/src/fmt/mod.rs:1186:21
[INFO] [stdout]    6:     0x5e0d7dd3ae63 - std::io::Write::write_fmt::h509ff860e5956e5e
[INFO] [stdout]                                at /rustc/90b35a6239c3d8bdabc530a6a0816f7ff89a0aaf/library/std/src/io/mod.rs:1839:15
[INFO] [stdout]    7:     0x5e0d7dd3dc82 - std::sys::backtrace::BacktraceLock::print::h2395ccd2c84ba3aa
[INFO] [stdout]                                at /rustc/90b35a6239c3d8bdabc530a6a0816f7ff89a0aaf/library/std/src/sys/backtrace.rs:42:9
[INFO] [stdout]    8:     0x5e0d7dd3f29a - std::panicking::default_hook::{{closure}}::he19d4c7230e07961
[INFO] [stdout]                                at /rustc/90b35a6239c3d8bdabc530a6a0816f7ff89a0aaf/library/std/src/panicking.rs:268:22
[INFO] [stdout]    9:     0x5e0d7dd3f0a4 - std::panicking::default_hook::hf614597d3c67bbdb
[INFO] [stdout]                                at /rustc/90b35a6239c3d8bdabc530a6a0816f7ff89a0aaf/library/std/src/panicking.rs:292:9
[INFO] [stdout]   10:     0x5e0d7dcff029 - <alloc::boxed::Box<F,A> as core::ops::function::Fn<Args>>::call::h39b51ce4599c23d1
[INFO] [stdout]                                at /rustc/90b35a6239c3d8bdabc530a6a0816f7ff89a0aaf/library/alloc/src/boxed.rs:2468:9
[INFO] [stdout]   11:     0x5e0d7dcff029 - test::test_main::{{closure}}::he977ae839a582784
[INFO] [stdout]                                at /rustc/90b35a6239c3d8bdabc530a6a0816f7ff89a0aaf/library/test/src/lib.rs:133:21
[INFO] [stdout]   12:     0x5e0d7dd3f938 - <alloc::boxed::Box<F,A> as core::ops::function::Fn<Args>>::call::h9455091b6b06f9fb
[INFO] [stdout]                                at /rustc/90b35a6239c3d8bdabc530a6a0816f7ff89a0aaf/library/alloc/src/boxed.rs:2468:9
[INFO] [stdout]   13:     0x5e0d7dd3f938 - std::panicking::rust_panic_with_hook::h8942133a8b252070
[INFO] [stdout]                                at /rustc/90b35a6239c3d8bdabc530a6a0816f7ff89a0aaf/library/std/src/panicking.rs:809:13
[INFO] [stdout]   14:     0x5e0d7dd3f6fa - std::panicking::begin_panic_handler::{{closure}}::hb5f5963570096b29
[INFO] [stdout]                                at /rustc/90b35a6239c3d8bdabc530a6a0816f7ff89a0aaf/library/std/src/panicking.rs:674:13
[INFO] [stdout]   15:     0x5e0d7dd3e319 - std::sys::backtrace::__rust_end_short_backtrace::h6208cedc1922feda
[INFO] [stdout]                                at /rustc/90b35a6239c3d8bdabc530a6a0816f7ff89a0aaf/library/std/src/sys/backtrace.rs:170:18
[INFO] [stdout]   16:     0x5e0d7dd3f38c - rust_begin_unwind
[INFO] [stdout]                                at /rustc/90b35a6239c3d8bdabc530a6a0816f7ff89a0aaf/library/std/src/panicking.rs:665:5
[INFO] [stdout]   17:     0x5e0d7dcbea60 - core::panicking::panic_fmt::h0c3082644d1bf418
[INFO] [stdout]                                at /rustc/90b35a6239c3d8bdabc530a6a0816f7ff89a0aaf/library/core/src/panicking.rs:74:14
[INFO] [stdout]   18:     0x5e0d7dcbed8b - core::panicking::assert_failed_inner::h2ddf1fcc067fa858
[INFO] [stdout]   19:     0x5e0d7dcc1fcc - core::panicking::assert_failed::hf98bb487c101d161
[INFO] [stdout]                                at /rustc/90b35a6239c3d8bdabc530a6a0816f7ff89a0aaf/library/core/src/panicking.rs:367:5
[INFO] [stdout]   20:     0x5e0d7dcc6cf3 - _09::tests::test_part_two::h1a53c336767009f6
[INFO] [stdout]                                at /opt/rustwide/workdir/src/bin/09.rs:163:9
[INFO] [stdout]   21:     0x5e0d7dcc6bd7 - _09::tests::test_part_two::{{closure}}::h01c00069ea2f4f68
[INFO] [stdout]                                at /opt/rustwide/workdir/src/bin/09.rs:161:23
[INFO] [stdout]   22:     0x5e0d7dcbfe56 - core::ops::function::FnOnce::call_once::ha4c9497ad67e6710
[INFO] [stdout]                                at /rustc/90b35a6239c3d8bdabc530a6a0816f7ff89a0aaf/library/core/src/ops/function.rs:250:5
[INFO] [stdout]   23:     0x5e0d7dd039eb - core::ops::function::FnOnce::call_once::h109cf8051a59b34e
[INFO] [stdout]                                at /rustc/90b35a6239c3d8bdabc530a6a0816f7ff89a0aaf/library/core/src/ops/function.rs:250:5
[INFO] [stdout]   24:     0x5e0d7dd039eb - test::__rust_begin_short_backtrace::hf4fff89d377446ba
[INFO] [stdout]                                at /rustc/90b35a6239c3d8bdabc530a6a0816f7ff89a0aaf/library/test/src/lib.rs:621:18
[INFO] [stdout]   25:     0x5e0d7dd03227 - test::run_test_in_process::{{closure}}::h0e39181dd7ee5a43
[INFO] [stdout]                                at /rustc/90b35a6239c3d8bdabc530a6a0816f7ff89a0aaf/library/test/src/lib.rs:644:60
[INFO] [stdout]   26:     0x5e0d7dd03227 - <core::panic::unwind_safe::AssertUnwindSafe<F> as core::ops::function::FnOnce<()>>::call_once::hc5a66a30f0bdfd1f
[INFO] [stdout]                                at /rustc/90b35a6239c3d8bdabc530a6a0816f7ff89a0aaf/library/core/src/panic/unwind_safe.rs:272:9
[INFO] [stdout]   27:     0x5e0d7dd03227 - std::panicking::try::do_call::h873b7cf639554a5e
[INFO] [stdout]                                at /rustc/90b35a6239c3d8bdabc530a6a0816f7ff89a0aaf/library/std/src/panicking.rs:557:40
[INFO] [stdout]   28:     0x5e0d7dd03227 - std::panicking::try::hdb19862fad9c8bd1
[INFO] [stdout]                                at /rustc/90b35a6239c3d8bdabc530a6a0816f7ff89a0aaf/library/std/src/panicking.rs:520:19
[INFO] [stdout]   29:     0x5e0d7dd03227 - std::panic::catch_unwind::h281fe732d236d260
[INFO] [stdout]                                at /rustc/90b35a6239c3d8bdabc530a6a0816f7ff89a0aaf/library/std/src/panic.rs:358:14
[INFO] [stdout]   30:     0x5e0d7dd03227 - test::run_test_in_process::h949b6df8457ed338
[INFO] [stdout]                                at /rustc/90b35a6239c3d8bdabc530a6a0816f7ff89a0aaf/library/test/src/lib.rs:644:27
[INFO] [stdout]   31:     0x5e0d7dd03227 - test::run_test::{{closure}}::h52c556a6d4740e10
[INFO] [stdout]                                at /rustc/90b35a6239c3d8bdabc530a6a0816f7ff89a0aaf/library/test/src/lib.rs:565:43
[INFO] [stdout]   32:     0x5e0d7dcc8504 - test::run_test::{{closure}}::h4237f6381c45ccb9
[INFO] [stdout]                                at /rustc/90b35a6239c3d8bdabc530a6a0816f7ff89a0aaf/library/test/src/lib.rs:595:41
[INFO] [stdout]   33:     0x5e0d7dcc8504 - std::sys::backtrace::__rust_begin_short_backtrace::h505c97a579eca628
[INFO] [stdout]                                at /rustc/90b35a6239c3d8bdabc530a6a0816f7ff89a0aaf/library/std/src/sys/backtrace.rs:154:18
[INFO] [stdout]   34:     0x5e0d7dccbbce - std::thread::Builder::spawn_unchecked_::{{closure}}::{{closure}}::h9e86b2e2bc107ea3
[INFO] [stdout]                                at /rustc/90b35a6239c3d8bdabc530a6a0816f7ff89a0aaf/library/std/src/thread/mod.rs:538:17
[INFO] [stdout]   35:     0x5e0d7dccbbce - <core::panic::unwind_safe::AssertUnwindSafe<F> as core::ops::function::FnOnce<()>>::call_once::h8b06ddb275ff4a25
[INFO] [stdout]                                at /rustc/90b35a6239c3d8bdabc530a6a0816f7ff89a0aaf/library/core/src/panic/unwind_safe.rs:272:9
[INFO] [stdout]   36:     0x5e0d7dccbbce - std::panicking::try::do_call::hb26ecd7cd9a9355d
[INFO] [stdout]                                at /rustc/90b35a6239c3d8bdabc530a6a0816f7ff89a0aaf/library/std/src/panicking.rs:557:40
[INFO] [stdout]   37:     0x5e0d7dccbbce - std::panicking::try::h8ddeca9d705f9069
[INFO] [stdout]                                at /rustc/90b35a6239c3d8bdabc530a6a0816f7ff89a0aaf/library/std/src/panicking.rs:520:19
[INFO] [stdout]   38:     0x5e0d7dccbbce - std::panic::catch_unwind::h49e1c33078844c46
[INFO] [stdout]                                at /rustc/90b35a6239c3d8bdabc530a6a0816f7ff89a0aaf/library/std/src/panic.rs:358:14
[INFO] [stdout]   39:     0x5e0d7dccbbce - std::thread::Builder::spawn_unchecked_::{{closure}}::h6073db6ff56ad35d
[INFO] [stdout]                                at /rustc/90b35a6239c3d8bdabc530a6a0816f7ff89a0aaf/library/std/src/thread/mod.rs:537:30
[INFO] [stdout]   40:     0x5e0d7dccbbce - core::ops::function::FnOnce::call_once{{vtable.shim}}::h2c5a5f3779c774f1
[INFO] [stdout]                                at /rustc/90b35a6239c3d8bdabc530a6a0816f7ff89a0aaf/library/core/src/ops/function.rs:250:5
[INFO] [stdout]   41:     0x5e0d7dd4368b - <alloc::boxed::Box<F,A> as core::ops::function::FnOnce<Args>>::call_once::hf75717d9f28faebf
[INFO] [stdout]                                at /rustc/90b35a6239c3d8bdabc530a6a0816f7ff89a0aaf/library/alloc/src/boxed.rs:2454:9
[INFO] [stdout]   42:     0x5e0d7dd4368b - <alloc::boxed::Box<F,A> as core::ops::function::FnOnce<Args>>::call_once::h7bd883a5f3c5f3c1
[INFO] [stdout]                                at /rustc/90b35a6239c3d8bdabc530a6a0816f7ff89a0aaf/library/alloc/src/boxed.rs:2454:9
[INFO] [stdout]   43:     0x5e0d7dd4368b - std::sys::pal::unix::thread::Thread::new::thread_start::hcc78f3943333fa94
[INFO] [stdout]                                at /rustc/90b35a6239c3d8bdabc530a6a0816f7ff89a0aaf/library/std/src/sys/pal/unix/thread.rs:105:17
[INFO] [stdout]   44:     0x7a246a948ac3 - <unknown>
[INFO] [stdout]   45:     0x7a246a9d9a04 - clone
[INFO] [stdout]   46:                0x0 - <unknown>
[INFO] [stdout] 
[INFO] [stdout] 
[INFO] [stdout] failures:
[INFO] [stdout]     tests::test_part_two
[INFO] [stdout] 
[INFO] [stdout] test result: FAILED. 1 passed; 1 failed; 0 ignored; 0 measured; 0 filtered out; finished in 0.02s
[INFO] [stdout] 
[INFO] running `Command { std: "docker" "inspect" "bc55c78274f5331c6242ad5e3895d8ace74b8428aa8be6245cc37dce4d09d249", kill_on_drop: false }`
[INFO] running `Command { std: "docker" "rm" "-f" "bc55c78274f5331c6242ad5e3895d8ace74b8428aa8be6245cc37dce4d09d249", kill_on_drop: false }`
[INFO] [stdout] bc55c78274f5331c6242ad5e3895d8ace74b8428aa8be6245cc37dce4d09d249
