[INFO] cloning repository https://github.com/ChristianPayne/AdventOfCode2024
[INFO] running `Command { std: "git" "-c" "credential.helper=" "-c" "credential.helper=/workspace/cargo-home/bin/git-credential-null" "clone" "--bare" "https://github.com/ChristianPayne/AdventOfCode2024" "/workspace/cache/git-repos/https%3A%2F%2Fgithub.com%2FChristianPayne%2FAdventOfCode2024", kill_on_drop: false }`
[INFO] [stderr] Cloning into bare repository '/workspace/cache/git-repos/https%3A%2F%2Fgithub.com%2FChristianPayne%2FAdventOfCode2024'...
[INFO] running `Command { std: "git" "rev-parse" "HEAD", kill_on_drop: false }`
[INFO] [stdout] 15c11e2de0e6701e3ee976028749e57cc8591024
[INFO] testing ChristianPayne/AdventOfCode2024 against beta-2024-12-08 for beta-1.84.0-4-retry
[INFO] running `Command { std: "git" "clone" "/workspace/cache/git-repos/https%3A%2F%2Fgithub.com%2FChristianPayne%2FAdventOfCode2024" "/workspace/builds/worker-1-tc2/source", kill_on_drop: false }`
[INFO] [stderr] Cloning into '/workspace/builds/worker-1-tc2/source'...
[INFO] [stderr] done.
[INFO] validating manifest of git repo https://github.com/ChristianPayne/AdventOfCode2024 on toolchain beta-2024-12-08
[INFO] running `Command { std: CARGO_HOME="/workspace/cargo-home" RUSTUP_HOME="/workspace/rustup-home" "/workspace/cargo-home/bin/cargo" "+beta-2024-12-08" "metadata" "--manifest-path" "Cargo.toml" "--no-deps", kill_on_drop: false }`
[INFO] started tweaking git repo https://github.com/ChristianPayne/AdventOfCode2024
[INFO] finished tweaking git repo https://github.com/ChristianPayne/AdventOfCode2024
[INFO] tweaked toml for git repo https://github.com/ChristianPayne/AdventOfCode2024 written to /workspace/builds/worker-1-tc2/source/Cargo.toml
[INFO] crate git repo https://github.com/ChristianPayne/AdventOfCode2024 already has a lockfile, it will not be regenerated
[INFO] running `Command { std: CARGO_HOME="/workspace/cargo-home" RUSTUP_HOME="/workspace/rustup-home" "/workspace/cargo-home/bin/cargo" "+beta-2024-12-08" "fetch" "--manifest-path" "Cargo.toml", kill_on_drop: false }`
[INFO] running `Command { std: "docker" "create" "-v" "/var/lib/crater-agent-workspace/builds/worker-1-tc2/target:/opt/rustwide/target:rw,Z" "-v" "/var/lib/crater-agent-workspace/builds/worker-1-tc2/source:/opt/rustwide/workdir:ro,Z" "-v" "/var/lib/crater-agent-workspace/cargo-home:/opt/rustwide/cargo-home:ro,Z" "-v" "/var/lib/crater-agent-workspace/rustup-home:/opt/rustwide/rustup-home:ro,Z" "-e" "SOURCE_DIR=/opt/rustwide/workdir" "-e" "CARGO_TARGET_DIR=/opt/rustwide/target" "-e" "CARGO_HOME=/opt/rustwide/cargo-home" "-e" "RUSTUP_HOME=/opt/rustwide/rustup-home" "-w" "/opt/rustwide/workdir" "-m" "1610612736" "--user" "0:0" "--network" "none" "ghcr.io/rust-lang/crates-build-env/linux@sha256:f3a9d4ad9d972b27faf3965f35b62e55ba32bbce8f20bc8fe909558a86702fde" "/opt/rustwide/cargo-home/bin/cargo" "+beta-2024-12-08" "metadata" "--no-deps" "--format-version=1", kill_on_drop: false }`
[INFO] [stdout] ba1fc31c87f53292bbcdb1bbb9c8bcd2015fc9a596ad7464922558692cce304e
[INFO] running `Command { std: "docker" "start" "-a" "ba1fc31c87f53292bbcdb1bbb9c8bcd2015fc9a596ad7464922558692cce304e", kill_on_drop: false }`
[INFO] running `Command { std: "docker" "inspect" "ba1fc31c87f53292bbcdb1bbb9c8bcd2015fc9a596ad7464922558692cce304e", kill_on_drop: false }`
[INFO] running `Command { std: "docker" "rm" "-f" "ba1fc31c87f53292bbcdb1bbb9c8bcd2015fc9a596ad7464922558692cce304e", kill_on_drop: false }`
[INFO] [stdout] ba1fc31c87f53292bbcdb1bbb9c8bcd2015fc9a596ad7464922558692cce304e
[INFO] running `Command { std: "docker" "create" "-v" "/var/lib/crater-agent-workspace/builds/worker-1-tc2/target:/opt/rustwide/target:rw,Z" "-v" "/var/lib/crater-agent-workspace/builds/worker-1-tc2/source:/opt/rustwide/workdir:ro,Z" "-v" "/var/lib/crater-agent-workspace/cargo-home:/opt/rustwide/cargo-home:ro,Z" "-v" "/var/lib/crater-agent-workspace/rustup-home:/opt/rustwide/rustup-home:ro,Z" "-e" "SOURCE_DIR=/opt/rustwide/workdir" "-e" "CARGO_TARGET_DIR=/opt/rustwide/target" "-e" "CARGO_INCREMENTAL=0" "-e" "RUST_BACKTRACE=full" "-e" "RUSTFLAGS=--cap-lints=warn" "-e" "RUSTDOCFLAGS=--cap-lints=warn" "-e" "CARGO_HOME=/opt/rustwide/cargo-home" "-e" "RUSTUP_HOME=/opt/rustwide/rustup-home" "-w" "/opt/rustwide/workdir" "-m" "1610612736" "--user" "0:0" "--network" "none" "ghcr.io/rust-lang/crates-build-env/linux@sha256:f3a9d4ad9d972b27faf3965f35b62e55ba32bbce8f20bc8fe909558a86702fde" "/opt/rustwide/cargo-home/bin/cargo" "+beta-2024-12-08" "build" "--frozen" "--message-format=json", kill_on_drop: false }`
[INFO] [stdout] e2653d753f74877e8eb9e7ffd04339264b7222ecb2b92431597614fc0c96274d
[INFO] running `Command { std: "docker" "start" "-a" "e2653d753f74877e8eb9e7ffd04339264b7222ecb2b92431597614fc0c96274d", kill_on_drop: false }`
[INFO] [stderr] warning: output filename collision.
[INFO] [stderr] The bin target `part1` in package `day-02 v0.1.0 (/opt/rustwide/workdir/day-02)` has the same output filename as the bin target `part1` in package `day-01 v0.1.0 (/opt/rustwide/workdir/day-01)`.
[INFO] [stderr] Colliding filename is: /opt/rustwide/target/debug/part1
[INFO] [stderr] The targets should have unique names.
[INFO] [stderr] Consider changing their names to be unique or compiling them separately.
[INFO] [stderr] This may become a hard error in the future; see <https://github.com/rust-lang/cargo/issues/6313>.
[INFO] [stderr] warning: output filename collision.
[INFO] [stderr] The bin target `part1` in package `day-02 v0.1.0 (/opt/rustwide/workdir/day-02)` has the same output filename as the bin target `part1` in package `day-01 v0.1.0 (/opt/rustwide/workdir/day-01)`.
[INFO] [stderr] Colliding filename is: /opt/rustwide/target/debug/part1.dwp
[INFO] [stderr] The targets should have unique names.
[INFO] [stderr] Consider changing their names to be unique or compiling them separately.
[INFO] [stderr] This may become a hard error in the future; see <https://github.com/rust-lang/cargo/issues/6313>.
[INFO] [stderr] warning: output filename collision.
[INFO] [stderr] The bin target `part2` in package `day-02 v0.1.0 (/opt/rustwide/workdir/day-02)` has the same output filename as the bin target `part2` in package `day-01 v0.1.0 (/opt/rustwide/workdir/day-01)`.
[INFO] [stderr] Colliding filename is: /opt/rustwide/target/debug/part2
[INFO] [stderr] The targets should have unique names.
[INFO] [stderr] Consider changing their names to be unique or compiling them separately.
[INFO] [stderr] This may become a hard error in the future; see <https://github.com/rust-lang/cargo/issues/6313>.
[INFO] [stderr] warning: output filename collision.
[INFO] [stderr] The bin target `part2` in package `day-02 v0.1.0 (/opt/rustwide/workdir/day-02)` has the same output filename as the bin target `part2` in package `day-01 v0.1.0 (/opt/rustwide/workdir/day-01)`.
[INFO] [stderr] Colliding filename is: /opt/rustwide/target/debug/part2.dwp
[INFO] [stderr] The targets should have unique names.
[INFO] [stderr] Consider changing their names to be unique or compiling them separately.
[INFO] [stderr] This may become a hard error in the future; see <https://github.com/rust-lang/cargo/issues/6313>.
[INFO] [stderr] warning: output filename collision.
[INFO] [stderr] The bin target `part1` in package `day-03 v0.1.0 (/opt/rustwide/workdir/day-03)` has the same output filename as the bin target `part1` in package `day-02 v0.1.0 (/opt/rustwide/workdir/day-02)`.
[INFO] [stderr] Colliding filename is: /opt/rustwide/target/debug/part1
[INFO] [stderr] The targets should have unique names.
[INFO] [stderr] Consider changing their names to be unique or compiling them separately.
[INFO] [stderr] This may become a hard error in the future; see <https://github.com/rust-lang/cargo/issues/6313>.
[INFO] [stderr] warning: output filename collision.
[INFO] [stderr] The bin target `part1` in package `day-03 v0.1.0 (/opt/rustwide/workdir/day-03)` has the same output filename as the bin target `part1` in package `day-02 v0.1.0 (/opt/rustwide/workdir/day-02)`.
[INFO] [stderr] Colliding filename is: /opt/rustwide/target/debug/part1.dwp
[INFO] [stderr] The targets should have unique names.
[INFO] [stderr] Consider changing their names to be unique or compiling them separately.
[INFO] [stderr] This may become a hard error in the future; see <https://github.com/rust-lang/cargo/issues/6313>.
[INFO] [stderr] warning: output filename collision.
[INFO] [stderr] The bin target `part2` in package `day-03 v0.1.0 (/opt/rustwide/workdir/day-03)` has the same output filename as the bin target `part2` in package `day-02 v0.1.0 (/opt/rustwide/workdir/day-02)`.
[INFO] [stderr] Colliding filename is: /opt/rustwide/target/debug/part2
[INFO] [stderr] The targets should have unique names.
[INFO] [stderr] Consider changing their names to be unique or compiling them separately.
[INFO] [stderr] This may become a hard error in the future; see <https://github.com/rust-lang/cargo/issues/6313>.
[INFO] [stderr] warning: output filename collision.
[INFO] [stderr] The bin target `part2` in package `day-03 v0.1.0 (/opt/rustwide/workdir/day-03)` has the same output filename as the bin target `part2` in package `day-02 v0.1.0 (/opt/rustwide/workdir/day-02)`.
[INFO] [stderr] Colliding filename is: /opt/rustwide/target/debug/part2.dwp
[INFO] [stderr] The targets should have unique names.
[INFO] [stderr] Consider changing their names to be unique or compiling them separately.
[INFO] [stderr] This may become a hard error in the future; see <https://github.com/rust-lang/cargo/issues/6313>.
[INFO] [stderr] warning: output filename collision.
[INFO] [stderr] The bin target `part1` in package `day-04 v0.1.0 (/opt/rustwide/workdir/day-04)` has the same output filename as the bin target `part1` in package `day-03 v0.1.0 (/opt/rustwide/workdir/day-03)`.
[INFO] [stderr] Colliding filename is: /opt/rustwide/target/debug/part1
[INFO] [stderr] The targets should have unique names.
[INFO] [stderr] Consider changing their names to be unique or compiling them separately.
[INFO] [stderr] This may become a hard error in the future; see <https://github.com/rust-lang/cargo/issues/6313>.
[INFO] [stderr] warning: output filename collision.
[INFO] [stderr] The bin target `part1` in package `day-04 v0.1.0 (/opt/rustwide/workdir/day-04)` has the same output filename as the bin target `part1` in package `day-03 v0.1.0 (/opt/rustwide/workdir/day-03)`.
[INFO] [stderr] Colliding filename is: /opt/rustwide/target/debug/part1.dwp
[INFO] [stderr] The targets should have unique names.
[INFO] [stderr] Consider changing their names to be unique or compiling them separately.
[INFO] [stderr] This may become a hard error in the future; see <https://github.com/rust-lang/cargo/issues/6313>.
[INFO] [stderr] warning: output filename collision.
[INFO] [stderr] The bin target `part2` in package `day-04 v0.1.0 (/opt/rustwide/workdir/day-04)` has the same output filename as the bin target `part2` in package `day-03 v0.1.0 (/opt/rustwide/workdir/day-03)`.
[INFO] [stderr] Colliding filename is: /opt/rustwide/target/debug/part2
[INFO] [stderr] The targets should have unique names.
[INFO] [stderr] Consider changing their names to be unique or compiling them separately.
[INFO] [stderr] This may become a hard error in the future; see <https://github.com/rust-lang/cargo/issues/6313>.
[INFO] [stderr] warning: output filename collision.
[INFO] [stderr] The bin target `part2` in package `day-04 v0.1.0 (/opt/rustwide/workdir/day-04)` has the same output filename as the bin target `part2` in package `day-03 v0.1.0 (/opt/rustwide/workdir/day-03)`.
[INFO] [stderr] Colliding filename is: /opt/rustwide/target/debug/part2.dwp
[INFO] [stderr] The targets should have unique names.
[INFO] [stderr] Consider changing their names to be unique or compiling them separately.
[INFO] [stderr] This may become a hard error in the future; see <https://github.com/rust-lang/cargo/issues/6313>.
[INFO] [stderr] warning: output filename collision.
[INFO] [stderr] The bin target `part1` in package `day-05 v0.1.0 (/opt/rustwide/workdir/day-05)` has the same output filename as the bin target `part1` in package `day-04 v0.1.0 (/opt/rustwide/workdir/day-04)`.
[INFO] [stderr] Colliding filename is: /opt/rustwide/target/debug/part1
[INFO] [stderr] The targets should have unique names.
[INFO] [stderr] Consider changing their names to be unique or compiling them separately.
[INFO] [stderr] This may become a hard error in the future; see <https://github.com/rust-lang/cargo/issues/6313>.
[INFO] [stderr] warning: output filename collision.
[INFO] [stderr] The bin target `part1` in package `day-05 v0.1.0 (/opt/rustwide/workdir/day-05)` has the same output filename as the bin target `part1` in package `day-04 v0.1.0 (/opt/rustwide/workdir/day-04)`.
[INFO] [stderr] Colliding filename is: /opt/rustwide/target/debug/part1.dwp
[INFO] [stderr] The targets should have unique names.
[INFO] [stderr] Consider changing their names to be unique or compiling them separately.
[INFO] [stderr] This may become a hard error in the future; see <https://github.com/rust-lang/cargo/issues/6313>.
[INFO] [stderr] warning: output filename collision.
[INFO] [stderr] The bin target `part2` in package `day-05 v0.1.0 (/opt/rustwide/workdir/day-05)` has the same output filename as the bin target `part2` in package `day-04 v0.1.0 (/opt/rustwide/workdir/day-04)`.
[INFO] [stderr] Colliding filename is: /opt/rustwide/target/debug/part2
[INFO] [stderr] The targets should have unique names.
[INFO] [stderr] Consider changing their names to be unique or compiling them separately.
[INFO] [stderr] This may become a hard error in the future; see <https://github.com/rust-lang/cargo/issues/6313>.
[INFO] [stderr] warning: output filename collision.
[INFO] [stderr] The bin target `part2` in package `day-05 v0.1.0 (/opt/rustwide/workdir/day-05)` has the same output filename as the bin target `part2` in package `day-04 v0.1.0 (/opt/rustwide/workdir/day-04)`.
[INFO] [stderr] Colliding filename is: /opt/rustwide/target/debug/part2.dwp
[INFO] [stderr] The targets should have unique names.
[INFO] [stderr] Consider changing their names to be unique or compiling them separately.
[INFO] [stderr] This may become a hard error in the future; see <https://github.com/rust-lang/cargo/issues/6313>.
[INFO] [stderr] warning: output filename collision.
[INFO] [stderr] The bin target `part1` in package `day-06 v0.1.0 (/opt/rustwide/workdir/day-06)` has the same output filename as the bin target `part1` in package `day-05 v0.1.0 (/opt/rustwide/workdir/day-05)`.
[INFO] [stderr] Colliding filename is: /opt/rustwide/target/debug/part1
[INFO] [stderr] The targets should have unique names.
[INFO] [stderr] Consider changing their names to be unique or compiling them separately.
[INFO] [stderr] This may become a hard error in the future; see <https://github.com/rust-lang/cargo/issues/6313>.
[INFO] [stderr] warning: output filename collision.
[INFO] [stderr] The bin target `part1` in package `day-06 v0.1.0 (/opt/rustwide/workdir/day-06)` has the same output filename as the bin target `part1` in package `day-05 v0.1.0 (/opt/rustwide/workdir/day-05)`.
[INFO] [stderr] Colliding filename is: /opt/rustwide/target/debug/part1.dwp
[INFO] [stderr] The targets should have unique names.
[INFO] [stderr] Consider changing their names to be unique or compiling them separately.
[INFO] [stderr] This may become a hard error in the future; see <https://github.com/rust-lang/cargo/issues/6313>.
[INFO] [stderr] warning: output filename collision.
[INFO] [stderr] The bin target `part2` in package `day-06 v0.1.0 (/opt/rustwide/workdir/day-06)` has the same output filename as the bin target `part2` in package `day-05 v0.1.0 (/opt/rustwide/workdir/day-05)`.
[INFO] [stderr] Colliding filename is: /opt/rustwide/target/debug/part2
[INFO] [stderr] The targets should have unique names.
[INFO] [stderr] Consider changing their names to be unique or compiling them separately.
[INFO] [stderr] This may become a hard error in the future; see <https://github.com/rust-lang/cargo/issues/6313>.
[INFO] [stderr] warning: output filename collision.
[INFO] [stderr] The bin target `part2` in package `day-06 v0.1.0 (/opt/rustwide/workdir/day-06)` has the same output filename as the bin target `part2` in package `day-05 v0.1.0 (/opt/rustwide/workdir/day-05)`.
[INFO] [stderr] Colliding filename is: /opt/rustwide/target/debug/part2.dwp
[INFO] [stderr] The targets should have unique names.
[INFO] [stderr] Consider changing their names to be unique or compiling them separately.
[INFO] [stderr] This may become a hard error in the future; see <https://github.com/rust-lang/cargo/issues/6313>.
[INFO] [stderr] warning: output filename collision.
[INFO] [stderr] The bin target `part1` in package `day-07 v0.1.0 (/opt/rustwide/workdir/day-07)` has the same output filename as the bin target `part1` in package `day-06 v0.1.0 (/opt/rustwide/workdir/day-06)`.
[INFO] [stderr] Colliding filename is: /opt/rustwide/target/debug/part1
[INFO] [stderr] The targets should have unique names.
[INFO] [stderr] Consider changing their names to be unique or compiling them separately.
[INFO] [stderr] This may become a hard error in the future; see <https://github.com/rust-lang/cargo/issues/6313>.
[INFO] [stderr] warning: output filename collision.
[INFO] [stderr] The bin target `part1` in package `day-07 v0.1.0 (/opt/rustwide/workdir/day-07)` has the same output filename as the bin target `part1` in package `day-06 v0.1.0 (/opt/rustwide/workdir/day-06)`.
[INFO] [stderr] Colliding filename is: /opt/rustwide/target/debug/part1.dwp
[INFO] [stderr] The targets should have unique names.
[INFO] [stderr] Consider changing their names to be unique or compiling them separately.
[INFO] [stderr] This may become a hard error in the future; see <https://github.com/rust-lang/cargo/issues/6313>.
[INFO] [stderr] warning: output filename collision.
[INFO] [stderr] The bin target `part1` in package `day-08 v0.1.0 (/opt/rustwide/workdir/day-08)` has the same output filename as the bin target `part1` in package `day-07 v0.1.0 (/opt/rustwide/workdir/day-07)`.
[INFO] [stderr] Colliding filename is: /opt/rustwide/target/debug/part1
[INFO] [stderr] The targets should have unique names.
[INFO] [stderr] Consider changing their names to be unique or compiling them separately.
[INFO] [stderr] This may become a hard error in the future; see <https://github.com/rust-lang/cargo/issues/6313>.
[INFO] [stderr] warning: output filename collision.
[INFO] [stderr] The bin target `part1` in package `day-08 v0.1.0 (/opt/rustwide/workdir/day-08)` has the same output filename as the bin target `part1` in package `day-07 v0.1.0 (/opt/rustwide/workdir/day-07)`.
[INFO] [stderr] Colliding filename is: /opt/rustwide/target/debug/part1.dwp
[INFO] [stderr] The targets should have unique names.
[INFO] [stderr] Consider changing their names to be unique or compiling them separately.
[INFO] [stderr] This may become a hard error in the future; see <https://github.com/rust-lang/cargo/issues/6313>.
[INFO] [stderr] warning: output filename collision.
[INFO] [stderr] The bin target `part1` in package `day-09 v0.1.0 (/opt/rustwide/workdir/day-09)` has the same output filename as the bin target `part1` in package `day-08 v0.1.0 (/opt/rustwide/workdir/day-08)`.
[INFO] [stderr] Colliding filename is: /opt/rustwide/target/debug/part1
[INFO] [stderr] The targets should have unique names.
[INFO] [stderr] Consider changing their names to be unique or compiling them separately.
[INFO] [stderr] This may become a hard error in the future; see <https://github.com/rust-lang/cargo/issues/6313>.
[INFO] [stderr] warning: output filename collision.
[INFO] [stderr] The bin target `part1` in package `day-09 v0.1.0 (/opt/rustwide/workdir/day-09)` has the same output filename as the bin target `part1` in package `day-08 v0.1.0 (/opt/rustwide/workdir/day-08)`.
[INFO] [stderr] Colliding filename is: /opt/rustwide/target/debug/part1.dwp
[INFO] [stderr] The targets should have unique names.
[INFO] [stderr] Consider changing their names to be unique or compiling them separately.
[INFO] [stderr] This may become a hard error in the future; see <https://github.com/rust-lang/cargo/issues/6313>.
[INFO] [stderr]    Compiling memchr v2.7.4
[INFO] [stderr]    Compiling minimal-lexical v0.2.1
[INFO] [stderr]    Compiling day-01 v0.1.0 (/opt/rustwide/workdir/day-01)
[INFO] [stderr]    Compiling day-04 v0.1.0 (/opt/rustwide/workdir/day-04)
[INFO] [stderr]    Compiling day-02 v0.1.0 (/opt/rustwide/workdir/day-02)
[INFO] [stderr]    Compiling day-08 v0.1.0 (/opt/rustwide/workdir/day-08)
[INFO] [stdout] warning: unused variable: `input`
[INFO] [stdout]  --> day-04/src/bin/part1.rs:7:11
[INFO] [stdout]   |
[INFO] [stdout] 7 | fn part_1(input: &str) -> i32 {
[INFO] [stdout]   |           ^^^^^ help: if this is intentional, prefix it with an underscore: `_input`
[INFO] [stdout]   |
[INFO] [stdout]   = note: `#[warn(unused_variables)]` on by default
[INFO] [stdout] 
[INFO] [stdout] 
[INFO] [stdout] warning: unused variable: `input`
[INFO] [stdout]  --> day-08/src/bin/part1.rs:7:11
[INFO] [stdout]   |
[INFO] [stdout] 7 | fn part_1(input: &str) -> i32 {
[INFO] [stdout]   |           ^^^^^ help: if this is intentional, prefix it with an underscore: `_input`
[INFO] [stdout]   |
[INFO] [stdout]   = note: `#[warn(unused_variables)]` on by default
[INFO] [stdout] 
[INFO] [stdout] 
[INFO] [stdout] warning: unused variable: `input`
[INFO] [stdout]  --> day-04/src/bin/part2.rs:7:11
[INFO] [stdout]   |
[INFO] [stdout] 7 | fn part_2(input: &str) -> i32 {
[INFO] [stdout]   |           ^^^^^ help: if this is intentional, prefix it with an underscore: `_input`
[INFO] [stdout]   |
[INFO] [stdout]   = note: `#[warn(unused_variables)]` on by default
[INFO] [stdout] 
[INFO] [stdout] 
[INFO] [stderr]    Compiling day-09 v0.1.0 (/opt/rustwide/workdir/day-09)
[INFO] [stderr]    Compiling nom v7.1.3
[INFO] [stderr]    Compiling day-07 v0.1.0 (/opt/rustwide/workdir/day-07)
[INFO] [stderr]    Compiling day-05 v0.1.0 (/opt/rustwide/workdir/day-05)
[INFO] [stderr]    Compiling day-03 v0.1.0 (/opt/rustwide/workdir/day-03)
[INFO] [stderr]    Compiling day-06 v0.1.0 (/opt/rustwide/workdir/day-06)
[INFO] [stdout] warning: unused imports: `many0`, `map`, and `tuple`
[INFO] [stdout]  --> day-03/src/bin/part2.rs:5:18
[INFO] [stdout]   |
[INFO] [stdout] 5 |     combinator::{map, value},
[INFO] [stdout]   |                  ^^^
[INFO] [stdout] 6 |     multi::{many0, many1, many_till},
[INFO] [stdout]   |             ^^^^^
[INFO] [stdout] 7 |     sequence::{delimited, separated_pair, tuple},
[INFO] [stdout]   |                                           ^^^^^
[INFO] [stdout]   |
[INFO] [stdout]   = note: `#[warn(unused_imports)]` on by default
[INFO] [stdout] 
[INFO] [stdout] 
[INFO] [stderr]     Finished `dev` profile [unoptimized + debuginfo] target(s) in 7.68s
[INFO] running `Command { std: "docker" "inspect" "e2653d753f74877e8eb9e7ffd04339264b7222ecb2b92431597614fc0c96274d", kill_on_drop: false }`
[INFO] running `Command { std: "docker" "rm" "-f" "e2653d753f74877e8eb9e7ffd04339264b7222ecb2b92431597614fc0c96274d", kill_on_drop: false }`
[INFO] [stdout] e2653d753f74877e8eb9e7ffd04339264b7222ecb2b92431597614fc0c96274d
[INFO] running `Command { std: "docker" "create" "-v" "/var/lib/crater-agent-workspace/builds/worker-1-tc2/target:/opt/rustwide/target:rw,Z" "-v" "/var/lib/crater-agent-workspace/builds/worker-1-tc2/source:/opt/rustwide/workdir:ro,Z" "-v" "/var/lib/crater-agent-workspace/cargo-home:/opt/rustwide/cargo-home:ro,Z" "-v" "/var/lib/crater-agent-workspace/rustup-home:/opt/rustwide/rustup-home:ro,Z" "-e" "SOURCE_DIR=/opt/rustwide/workdir" "-e" "CARGO_TARGET_DIR=/opt/rustwide/target" "-e" "CARGO_INCREMENTAL=0" "-e" "RUST_BACKTRACE=full" "-e" "RUSTFLAGS=--cap-lints=warn" "-e" "RUSTDOCFLAGS=--cap-lints=warn" "-e" "CARGO_HOME=/opt/rustwide/cargo-home" "-e" "RUSTUP_HOME=/opt/rustwide/rustup-home" "-w" "/opt/rustwide/workdir" "-m" "1610612736" "--user" "0:0" "--network" "none" "ghcr.io/rust-lang/crates-build-env/linux@sha256:f3a9d4ad9d972b27faf3965f35b62e55ba32bbce8f20bc8fe909558a86702fde" "/opt/rustwide/cargo-home/bin/cargo" "+beta-2024-12-08" "test" "--frozen" "--no-run" "--message-format=json", kill_on_drop: false }`
[INFO] [stdout] b27be4748adf9368a1c9f7f13a250618ce9b19f530644232e6242ff1b6152f05
[INFO] running `Command { std: "docker" "start" "-a" "b27be4748adf9368a1c9f7f13a250618ce9b19f530644232e6242ff1b6152f05", kill_on_drop: false }`
[INFO] [stderr]    Compiling day-03 v0.1.0 (/opt/rustwide/workdir/day-03)
[INFO] [stderr]    Compiling day-07 v0.1.0 (/opt/rustwide/workdir/day-07)
[INFO] [stderr]    Compiling day-05 v0.1.0 (/opt/rustwide/workdir/day-05)
[INFO] [stderr]    Compiling day-06 v0.1.0 (/opt/rustwide/workdir/day-06)
[INFO] [stderr]    Compiling day-04 v0.1.0 (/opt/rustwide/workdir/day-04)
[INFO] [stdout] warning: unused imports: `many0`, `map`, and `tuple`
[INFO] [stdout]  --> day-03/src/bin/part2.rs:5:18
[INFO] [stdout]   |
[INFO] [stdout] 5 |     combinator::{map, value},
[INFO] [stdout]   |                  ^^^
[INFO] [stdout] 6 |     multi::{many0, many1, many_till},
[INFO] [stdout]   |             ^^^^^
[INFO] [stdout] 7 |     sequence::{delimited, separated_pair, tuple},
[INFO] [stdout]   |                                           ^^^^^
[INFO] [stdout]   |
[INFO] [stdout]   = note: `#[warn(unused_imports)]` on by default
[INFO] [stdout] 
[INFO] [stdout] 
[INFO] [stdout] warning: unused variable: `input`
[INFO] [stdout]  --> day-04/src/bin/part1.rs:7:11
[INFO] [stdout]   |
[INFO] [stdout] 7 | fn part_1(input: &str) -> i32 {
[INFO] [stdout]   |           ^^^^^ help: if this is intentional, prefix it with an underscore: `_input`
[INFO] [stdout]   |
[INFO] [stdout]   = note: `#[warn(unused_variables)]` on by default
[INFO] [stdout] 
[INFO] [stdout] 
[INFO] [stderr]    Compiling day-01 v0.1.0 (/opt/rustwide/workdir/day-01)
[INFO] [stderr]    Compiling day-09 v0.1.0 (/opt/rustwide/workdir/day-09)
[INFO] [stderr]    Compiling day-02 v0.1.0 (/opt/rustwide/workdir/day-02)
[INFO] [stderr]    Compiling day-08 v0.1.0 (/opt/rustwide/workdir/day-08)
[INFO] [stdout] warning: unused variable: `input`
[INFO] [stdout]  --> day-08/src/bin/part1.rs:7:11
[INFO] [stdout]   |
[INFO] [stdout] 7 | fn part_1(input: &str) -> i32 {
[INFO] [stdout]   |           ^^^^^ help: if this is intentional, prefix it with an underscore: `_input`
[INFO] [stdout]   |
[INFO] [stdout]   = note: `#[warn(unused_variables)]` on by default
[INFO] [stdout] 
[INFO] [stdout] 
[INFO] [stdout] warning: function `part_2_tests` is never used
[INFO] [stdout]    --> day-02/src/bin/part2.rs:152:8
[INFO] [stdout]     |
[INFO] [stdout] 152 |     fn part_2_tests() {
[INFO] [stdout]     |        ^^^^^^^^^^^^
[INFO] [stdout]     |
[INFO] [stdout]     = note: `#[warn(dead_code)]` on by default
[INFO] [stdout] 
[INFO] [stdout] 
[INFO] [stdout] warning: function `part_2_sample` is never used
[INFO] [stdout]    --> day-02/src/bin/part2.rs:158:8
[INFO] [stdout]     |
[INFO] [stdout] 158 |     fn part_2_sample() {
[INFO] [stdout]     |        ^^^^^^^^^^^^^
[INFO] [stdout] 
[INFO] [stdout] 
[INFO] [stdout] warning: unused import: `super::*`
[INFO] [stdout]   --> day-04/src/bin/part2.rs:13:9
[INFO] [stdout]    |
[INFO] [stdout] 13 |     use super::*;
[INFO] [stdout]    |         ^^^^^^^^
[INFO] [stdout]    |
[INFO] [stdout]    = note: `#[warn(unused_imports)]` on by default
[INFO] [stdout] 
[INFO] [stdout] 
[INFO] [stdout] warning: unused variable: `input`
[INFO] [stdout]  --> day-04/src/bin/part2.rs:7:11
[INFO] [stdout]   |
[INFO] [stdout] 7 | fn part_2(input: &str) -> i32 {
[INFO] [stdout]   |           ^^^^^ help: if this is intentional, prefix it with an underscore: `_input`
[INFO] [stdout]   |
[INFO] [stdout]   = note: `#[warn(unused_variables)]` on by default
[INFO] [stdout] 
[INFO] [stdout] 
[INFO] [stderr]     Finished `test` profile [unoptimized + debuginfo] target(s) in 6.10s
[INFO] running `Command { std: "docker" "inspect" "b27be4748adf9368a1c9f7f13a250618ce9b19f530644232e6242ff1b6152f05", kill_on_drop: false }`
[INFO] running `Command { std: "docker" "rm" "-f" "b27be4748adf9368a1c9f7f13a250618ce9b19f530644232e6242ff1b6152f05", kill_on_drop: false }`
[INFO] [stdout] b27be4748adf9368a1c9f7f13a250618ce9b19f530644232e6242ff1b6152f05
[INFO] running `Command { std: "docker" "create" "-v" "/var/lib/crater-agent-workspace/builds/worker-1-tc2/target:/opt/rustwide/target:rw,Z" "-v" "/var/lib/crater-agent-workspace/builds/worker-1-tc2/source:/opt/rustwide/workdir:ro,Z" "-v" "/var/lib/crater-agent-workspace/cargo-home:/opt/rustwide/cargo-home:ro,Z" "-v" "/var/lib/crater-agent-workspace/rustup-home:/opt/rustwide/rustup-home:ro,Z" "-e" "SOURCE_DIR=/opt/rustwide/workdir" "-e" "CARGO_TARGET_DIR=/opt/rustwide/target" "-e" "CARGO_INCREMENTAL=0" "-e" "RUST_BACKTRACE=full" "-e" "RUSTFLAGS=--cap-lints=warn" "-e" "RUSTDOCFLAGS=--cap-lints=warn" "-e" "CARGO_HOME=/opt/rustwide/cargo-home" "-e" "RUSTUP_HOME=/opt/rustwide/rustup-home" "-w" "/opt/rustwide/workdir" "-m" "1610612736" "--user" "0:0" "--network" "none" "ghcr.io/rust-lang/crates-build-env/linux@sha256:f3a9d4ad9d972b27faf3965f35b62e55ba32bbce8f20bc8fe909558a86702fde" "/opt/rustwide/cargo-home/bin/cargo" "+beta-2024-12-08" "test" "--frozen", kill_on_drop: false }`
[INFO] [stdout] 3e75c538c812b3a1bdecbf50ea281e0539ba1a01b1a8b1d4e3e97be4bbacb7d6
[INFO] running `Command { std: "docker" "start" "-a" "3e75c538c812b3a1bdecbf50ea281e0539ba1a01b1a8b1d4e3e97be4bbacb7d6", kill_on_drop: false }`
[INFO] [stderr] warning: unused imports: `many0`, `map`, and `tuple`
[INFO] [stderr]  --> day-03/src/bin/part2.rs:5:18
[INFO] [stderr]   |
[INFO] [stderr] 5 |     combinator::{map, value},
[INFO] [stderr]   |                  ^^^
[INFO] [stderr] 6 |     multi::{many0, many1, many_till},
[INFO] [stderr]   |             ^^^^^
[INFO] [stderr] 7 |     sequence::{delimited, separated_pair, tuple},
[INFO] [stderr]   |                                           ^^^^^
[INFO] [stderr]   |
[INFO] [stderr]   = note: `#[warn(unused_imports)]` on by default
[INFO] [stderr] 
[INFO] [stderr] warning: `day-03` (bin "part2" test) generated 1 warning (run `cargo fix --bin "part2" --tests` to apply 1 suggestion)
[INFO] [stderr] warning: unused variable: `input`
[INFO] [stderr]  --> day-08/src/bin/part1.rs:7:11
[INFO] [stderr]   |
[INFO] [stderr] 7 | fn part_1(input: &str) -> i32 {
[INFO] [stderr]   |           ^^^^^ help: if this is intentional, prefix it with an underscore: `_input`
[INFO] [stderr]   |
[INFO] [stderr]   = note: `#[warn(unused_variables)]` on by default
[INFO] [stderr] 
[INFO] [stderr] warning: `day-08` (bin "part1" test) generated 1 warning
[INFO] [stderr] warning: function `part_2_tests` is never used
[INFO] [stderr]    --> day-02/src/bin/part2.rs:152:8
[INFO] [stderr]     |
[INFO] [stderr] 152 |     fn part_2_tests() {
[INFO] [stderr]     |        ^^^^^^^^^^^^
[INFO] [stderr]     |
[INFO] [stderr]     = note: `#[warn(dead_code)]` on by default
[INFO] [stderr] 
[INFO] [stderr] warning: function `part_2_sample` is never used
[INFO] [stderr]    --> day-02/src/bin/part2.rs:158:8
[INFO] [stderr]     |
[INFO] [stderr] 158 |     fn part_2_sample() {
[INFO] [stderr]     |        ^^^^^^^^^^^^^
[INFO] [stderr] 
[INFO] [stderr] warning: `day-02` (bin "part2" test) generated 2 warnings
[INFO] [stderr] warning: unused import: `super::*`
[INFO] [stderr]   --> day-04/src/bin/part2.rs:13:9
[INFO] [stderr]    |
[INFO] [stderr] 13 |     use super::*;
[INFO] [stderr]    |         ^^^^^^^^
[INFO] [stderr]    |
[INFO] [stderr]    = note: `#[warn(unused_imports)]` on by default
[INFO] [stderr] 
[INFO] [stderr] warning: unused variable: `input`
[INFO] [stderr]  --> day-04/src/bin/part2.rs:7:11
[INFO] [stderr]   |
[INFO] [stderr] 7 | fn part_2(input: &str) -> i32 {
[INFO] [stderr]   |           ^^^^^ help: if this is intentional, prefix it with an underscore: `_input`
[INFO] [stderr]   |
[INFO] [stderr]   = note: `#[warn(unused_variables)]` on by default
[INFO] [stderr] 
[INFO] [stderr] warning: `day-04` (bin "part2" test) generated 2 warnings (run `cargo fix --bin "part2" --tests` to apply 1 suggestion)
[INFO] [stderr] warning: unused variable: `input`
[INFO] [stderr]  --> day-04/src/bin/part1.rs:7:11
[INFO] [stderr]   |
[INFO] [stderr] 7 | fn part_1(input: &str) -> i32 {
[INFO] [stderr]   |           ^^^^^ help: if this is intentional, prefix it with an underscore: `_input`
[INFO] [stderr]   |
[INFO] [stderr]   = note: `#[warn(unused_variables)]` on by default
[INFO] [stderr] 
[INFO] [stderr] warning: `day-04` (bin "part1" test) generated 1 warning
[INFO] [stderr]     Finished `test` profile [unoptimized + debuginfo] target(s) in 0.03s
[INFO] [stderr]      Running unittests src/bin/part1.rs (/opt/rustwide/target/debug/deps/part1-8727704e1858268d)
[INFO] [stdout] 
[INFO] [stdout] running 1 test
[INFO] [stdout] test tests::part_1_sample ... ok
[INFO] [stdout] 
[INFO] [stdout] test result: ok. 1 passed; 0 failed; 0 ignored; 0 measured; 0 filtered out; finished in 0.01s
[INFO] [stdout] 
[INFO] [stderr]      Running unittests src/bin/part2.rs (/opt/rustwide/target/debug/deps/part2-99ff7613e25174eb)
[INFO] [stdout] 
[INFO] [stdout] running 1 test
[INFO] [stdout] test tests::part_2_sample ... ok
[INFO] [stdout] 
[INFO] [stdout] test result: ok. 1 passed; 0 failed; 0 ignored; 0 measured; 0 filtered out; finished in 0.00s
[INFO] [stdout] 
[INFO] [stderr]      Running unittests src/bin/part1.rs (/opt/rustwide/target/debug/deps/part1-4be68d170b07c076)
[INFO] [stdout] 
[INFO] [stdout] running 1 test
[INFO] [stdout] test tests::part_1_sample ... ok
[INFO] [stdout] 
[INFO] [stdout] test result: ok. 1 passed; 0 failed; 0 ignored; 0 measured; 0 filtered out; finished in 0.00s
[INFO] [stdout] 
[INFO] [stderr]      Running unittests src/bin/part2.rs (/opt/rustwide/target/debug/deps/part2-511e1d59ad3cd292)
[INFO] [stdout] 
[INFO] [stdout] running 1 test
[INFO] [stdout] test tests::part_2_reddit ... FAILED
[INFO] [stdout] 
[INFO] [stdout] failures:
[INFO] [stdout] 
[INFO] [stdout] ---- tests::part_2_reddit stdout ----
[INFO] [stdout] START TEST
[INFO] [stdout] ---
[INFO] [stdout] Failed direction on 0 index: [48, 46, 47, 49, 51, 54, 56]
[INFO] [stdout] Passed direction [46, 47, 49, 51, 54, 56]
[INFO] [stdout] Passed distance [46, 47, 49, 51, 54, 56]
[INFO] [stdout] ---
[INFO] [stdout] Failed direction on 0 index: [1, 1, 2, 3, 4, 5]
[INFO] [stdout] Passed direction [1, 2, 3, 4, 5]
[INFO] [stdout] Passed distance [1, 2, 3, 4, 5]
[INFO] [stdout] ---
[INFO] [stdout] Failed direction on 4 index: [1, 2, 3, 4, 5, 5]
[INFO] [stdout] Passed direction [1, 2, 3, 4, 5]
[INFO] [stdout] Passed distance [1, 2, 3, 4, 5]
[INFO] [stdout] ---
[INFO] [stdout] Failed direction on 0 index: [5, 1, 2, 3, 4, 5]
[INFO] [stdout] Passed direction [1, 2, 3, 4, 5]
[INFO] [stdout] Passed distance [1, 2, 3, 4, 5]
[INFO] [stdout] ---
[INFO] [stdout] Failed direction on 0 index: [1, 4, 3, 2, 1]
[INFO] [stdout] Passed direction [4, 3, 2, 1]
[INFO] [stdout] Passed distance [4, 3, 2, 1]
[INFO] [stdout] ---
[INFO] [stdout] Passed direction [1, 6, 7, 8, 9]
[INFO] [stdout] Failed distance on 0 index: [1, 6, 7, 8, 9]
[INFO] [stdout] Passed direction [6, 7, 8, 9]
[INFO] [stdout] Passed distance [6, 7, 8, 9]
[INFO] [stdout] ---
[INFO] [stdout] Failed direction on 3 index: [1, 2, 3, 4, 3]
[INFO] [stdout] Failed direction on 2 index: [1, 2, 3, 3]
[INFO] [stdout] ---
[INFO] [stdout] Failed direction on 3 index: [9, 8, 7, 6, 7]
[INFO] [stdout] Failed direction on 2 index: [9, 8, 7, 7]
[INFO] [stdout] ---
[INFO] [stdout] Failed direction on 1 index: [7, 10, 8, 10, 11]
[INFO] [stdout] Passed direction [7, 8, 10, 11]
[INFO] [stdout] Passed distance [7, 8, 10, 11]
[INFO] [stdout] ---
[INFO] [stdout] Failed direction on 3 index: [29, 28, 27, 25, 26, 25, 22, 20]
[INFO] [stdout] Passed direction [29, 28, 27, 26, 25, 22, 20]
[INFO] [stdout] Passed distance [29, 28, 27, 26, 25, 22, 20]
[INFO] [stdout] thread 'tests::part_2_reddit' panicked at day-02/src/bin/part2.rs:184:9:
[INFO] [stdout] assertion `left == right` failed
[INFO] [stdout]   left: 8
[INFO] [stdout]  right: 10
[INFO] [stdout] stack backtrace:
[INFO] [stdout]    0:     0x5df71b12b09a - std::backtrace_rs::backtrace::libunwind::trace::h8810477743020387
[INFO] [stdout]                                at /rustc/202008a1b8de96d2e5b6bc02d379db03a877d34d/library/std/src/../../backtrace/src/backtrace/libunwind.rs:116:5
[INFO] [stdout]    1:     0x5df71b12b09a - std::backtrace_rs::backtrace::trace_unsynchronized::h3aa55355dd6c54a6
[INFO] [stdout]                                at /rustc/202008a1b8de96d2e5b6bc02d379db03a877d34d/library/std/src/../../backtrace/src/backtrace/mod.rs:66:5
[INFO] [stdout]    2:     0x5df71b12b09a - std::sys::backtrace::_print_fmt::h8588b0f62410823f
[INFO] [stdout]                                at /rustc/202008a1b8de96d2e5b6bc02d379db03a877d34d/library/std/src/sys/backtrace.rs:66:9
[INFO] [stdout]    3:     0x5df71b12b09a - <std::sys::backtrace::BacktraceLock::print::DisplayBacktrace as core::fmt::Display>::fmt::h98c26ac25ffe89bb
[INFO] [stdout]                                at /rustc/202008a1b8de96d2e5b6bc02d379db03a877d34d/library/std/src/sys/backtrace.rs:39:26
[INFO] [stdout]    4:     0x5df71b150b03 - core::fmt::rt::Argument::fmt::hf95377f4aebd453b
[INFO] [stdout]                                at /rustc/202008a1b8de96d2e5b6bc02d379db03a877d34d/library/core/src/fmt/rt.rs:177:76
[INFO] [stdout]    5:     0x5df71b150b03 - core::fmt::write::h0dd5f6e2238c7982
[INFO] [stdout]                                at /rustc/202008a1b8de96d2e5b6bc02d379db03a877d34d/library/core/src/fmt/mod.rs:1189:21
[INFO] [stdout]    6:     0x5df71b128233 - std::io::Write::write_fmt::h03bb0ca26e6faf8c
[INFO] [stdout]                                at /rustc/202008a1b8de96d2e5b6bc02d379db03a877d34d/library/std/src/io/mod.rs:1884:15
[INFO] [stdout]    7:     0x5df71b12aee2 - std::sys::backtrace::BacktraceLock::print::h5c19c1c038ee186d
[INFO] [stdout]                                at /rustc/202008a1b8de96d2e5b6bc02d379db03a877d34d/library/std/src/sys/backtrace.rs:42:9
[INFO] [stdout]    8:     0x5df71b12c51d - std::panicking::default_hook::{{closure}}::h77172f079a1fcb13
[INFO] [stdout]                                at /rustc/202008a1b8de96d2e5b6bc02d379db03a877d34d/library/std/src/panicking.rs:268:22
[INFO] [stdout]    9:     0x5df71b12c327 - std::panicking::default_hook::he5f8e3b203ccddba
[INFO] [stdout]                                at /rustc/202008a1b8de96d2e5b6bc02d379db03a877d34d/library/std/src/panicking.rs:292:9
[INFO] [stdout]   10:     0x5df71b0f5c57 - <alloc::boxed::Box<F,A> as core::ops::function::Fn<Args>>::call::h7a3c7b4a1ae77f2f
[INFO] [stdout]                                at /rustc/202008a1b8de96d2e5b6bc02d379db03a877d34d/library/alloc/src/boxed.rs:1986:9
[INFO] [stdout]   11:     0x5df71b0f5c57 - test::test_main::{{closure}}::hf0d3b69ae9b353d1
[INFO] [stdout]                                at /rustc/202008a1b8de96d2e5b6bc02d379db03a877d34d/library/test/src/lib.rs:134:21
[INFO] [stdout]   12:     0x5df71b12cbc8 - <alloc::boxed::Box<F,A> as core::ops::function::Fn<Args>>::call::h6332e82e7b189abd
[INFO] [stdout]                                at /rustc/202008a1b8de96d2e5b6bc02d379db03a877d34d/library/alloc/src/boxed.rs:1986:9
[INFO] [stdout]   13:     0x5df71b12cbc8 - std::panicking::rust_panic_with_hook::h53863d4e9018df39
[INFO] [stdout]                                at /rustc/202008a1b8de96d2e5b6bc02d379db03a877d34d/library/std/src/panicking.rs:809:13
[INFO] [stdout]   14:     0x5df71b12c98a - std::panicking::begin_panic_handler::{{closure}}::h67280e6fa0757873
[INFO] [stdout]                                at /rustc/202008a1b8de96d2e5b6bc02d379db03a877d34d/library/std/src/panicking.rs:674:13
[INFO] [stdout]   15:     0x5df71b12b579 - std::sys::backtrace::__rust_end_short_backtrace::h1dac3f54d6fbbeb2
[INFO] [stdout]                                at /rustc/202008a1b8de96d2e5b6bc02d379db03a877d34d/library/std/src/sys/backtrace.rs:170:18
[INFO] [stdout]   16:     0x5df71b12c61c - rust_begin_unwind
[INFO] [stdout]                                at /rustc/202008a1b8de96d2e5b6bc02d379db03a877d34d/library/std/src/panicking.rs:665:5
[INFO] [stdout]   17:     0x5df71b0aeab0 - core::panicking::panic_fmt::h6792bd1b2bf01041
[INFO] [stdout]                                at /rustc/202008a1b8de96d2e5b6bc02d379db03a877d34d/library/core/src/panicking.rs:76:14
[INFO] [stdout]   18:     0x5df71b0aeddb - core::panicking::assert_failed_inner::hf2c17e6d30928787
[INFO] [stdout]   19:     0x5df71b0b9f4c - core::panicking::assert_failed::h8b73f91b96f4c508
[INFO] [stdout]                                at /rustc/202008a1b8de96d2e5b6bc02d379db03a877d34d/library/core/src/panicking.rs:373:5
[INFO] [stdout]   20:     0x5df71b0b7765 - part2::tests::part_2_reddit::h88a720faea3ffad2
[INFO] [stdout]                                at /opt/rustwide/workdir/day-02/src/bin/part2.rs:184:9
[INFO] [stdout]   21:     0x5df71b0b76e7 - part2::tests::part_2_reddit::{{closure}}::h7172b75053d96888
[INFO] [stdout]                                at /opt/rustwide/workdir/day-02/src/bin/part2.rs:171:23
[INFO] [stdout]   22:     0x5df71b0b8b36 - core::ops::function::FnOnce::call_once::h96afa9d0f15a9076
[INFO] [stdout]                                at /rustc/202008a1b8de96d2e5b6bc02d379db03a877d34d/library/core/src/ops/function.rs:250:5
[INFO] [stdout]   23:     0x5df71b0fa77b - core::ops::function::FnOnce::call_once::h871bf86719ec9aa4
[INFO] [stdout]                                at /rustc/202008a1b8de96d2e5b6bc02d379db03a877d34d/library/core/src/ops/function.rs:250:5
[INFO] [stdout]   24:     0x5df71b0fa77b - test::__rust_begin_short_backtrace::h2167df1e2b7d76fd
[INFO] [stdout]                                at /rustc/202008a1b8de96d2e5b6bc02d379db03a877d34d/library/test/src/lib.rs:632:18
[INFO] [stdout]   25:     0x5df71b0fa168 - test::run_test_in_process::{{closure}}::h15d92f75a3adfb79
[INFO] [stdout]                                at /rustc/202008a1b8de96d2e5b6bc02d379db03a877d34d/library/test/src/lib.rs:655:60
[INFO] [stdout]   26:     0x5df71b0fa168 - <core::panic::unwind_safe::AssertUnwindSafe<F> as core::ops::function::FnOnce<()>>::call_once::hb6c8955835a8dbbb
[INFO] [stdout]                                at /rustc/202008a1b8de96d2e5b6bc02d379db03a877d34d/library/core/src/panic/unwind_safe.rs:272:9
[INFO] [stdout]   27:     0x5df71b0fa168 - std::panicking::try::do_call::hc79d0fc888a0bd30
[INFO] [stdout]                                at /rustc/202008a1b8de96d2e5b6bc02d379db03a877d34d/library/std/src/panicking.rs:557:40
[INFO] [stdout]   28:     0x5df71b0fa168 - std::panicking::try::hb8a7878e3a8589d6
[INFO] [stdout]                                at /rustc/202008a1b8de96d2e5b6bc02d379db03a877d34d/library/std/src/panicking.rs:520:19
[INFO] [stdout]   29:     0x5df71b0fa168 - std::panic::catch_unwind::hb8e4600ff0ff5cfa
[INFO] [stdout]                                at /rustc/202008a1b8de96d2e5b6bc02d379db03a877d34d/library/std/src/panic.rs:358:14
[INFO] [stdout]   30:     0x5df71b0fa168 - test::run_test_in_process::hc2900b0b18688dd6
[INFO] [stdout]                                at /rustc/202008a1b8de96d2e5b6bc02d379db03a877d34d/library/test/src/lib.rs:655:27
[INFO] [stdout]   31:     0x5df71b0fa168 - test::run_test::{{closure}}::hac2a9cb07be3d48d
[INFO] [stdout]                                at /rustc/202008a1b8de96d2e5b6bc02d379db03a877d34d/library/test/src/lib.rs:576:43
[INFO] [stdout]   32:     0x5df71b0bdc0a - test::run_test::{{closure}}::h4a5b729e66a38cd8
[INFO] [stdout]                                at /rustc/202008a1b8de96d2e5b6bc02d379db03a877d34d/library/test/src/lib.rs:606:41
[INFO] [stdout]   33:     0x5df71b0bdc0a - std::sys::backtrace::__rust_begin_short_backtrace::h0496fb742492f573
[INFO] [stdout]                                at /rustc/202008a1b8de96d2e5b6bc02d379db03a877d34d/library/std/src/sys/backtrace.rs:154:18
[INFO] [stdout]   34:     0x5df71b0c1584 - std::thread::Builder::spawn_unchecked_::{{closure}}::{{closure}}::hbb6d257c550a54bd
[INFO] [stdout]                                at /rustc/202008a1b8de96d2e5b6bc02d379db03a877d34d/library/std/src/thread/mod.rs:561:17
[INFO] [stdout]   35:     0x5df71b0c1584 - <core::panic::unwind_safe::AssertUnwindSafe<F> as core::ops::function::FnOnce<()>>::call_once::h46696fe4a6832328
[INFO] [stdout]                                at /rustc/202008a1b8de96d2e5b6bc02d379db03a877d34d/library/core/src/panic/unwind_safe.rs:272:9
[INFO] [stdout]   36:     0x5df71b0c1584 - std::panicking::try::do_call::h2625a51b667bfb64
[INFO] [stdout]                                at /rustc/202008a1b8de96d2e5b6bc02d379db03a877d34d/library/std/src/panicking.rs:557:40
[INFO] [stdout]   37:     0x5df71b0c1584 - std::panicking::try::hb956a59a1973aa4c
[INFO] [stdout]                                at /rustc/202008a1b8de96d2e5b6bc02d379db03a877d34d/library/std/src/panicking.rs:520:19
[INFO] [stdout]   38:     0x5df71b0c1584 - std::panic::catch_unwind::h64f3b9d1067ef6a0
[INFO] [stdout]                                at /rustc/202008a1b8de96d2e5b6bc02d379db03a877d34d/library/std/src/panic.rs:358:14
[INFO] [stdout]   39:     0x5df71b0c1584 - std::thread::Builder::spawn_unchecked_::{{closure}}::h42b2841295b6c0b2
[INFO] [stdout]                                at /rustc/202008a1b8de96d2e5b6bc02d379db03a877d34d/library/std/src/thread/mod.rs:559:30
[INFO] [stdout]   40:     0x5df71b0c1584 - core::ops::function::FnOnce::call_once{{vtable.shim}}::h6127de71b8124639
[INFO] [stdout]                                at /rustc/202008a1b8de96d2e5b6bc02d379db03a877d34d/library/core/src/ops/function.rs:250:5
[INFO] [stdout]   41:     0x5df71b130b0b - <alloc::boxed::Box<F,A> as core::ops::function::FnOnce<Args>>::call_once::h42f0ba71002a1b2c
[INFO] [stdout]                                at /rustc/202008a1b8de96d2e5b6bc02d379db03a877d34d/library/alloc/src/boxed.rs:1972:9
[INFO] [stdout]   42:     0x5df71b130b0b - <alloc::boxed::Box<F,A> as core::ops::function::FnOnce<Args>>::call_once::had9e47d7a3dcecb8
[INFO] [stdout]                                at /rustc/202008a1b8de96d2e5b6bc02d379db03a877d34d/library/alloc/src/boxed.rs:1972:9
[INFO] [stdout]   43:     0x5df71b130b0b - std::sys::pal::unix::thread::Thread::new::thread_start::h48cf765408f6f5f2
[INFO] [stdout]                                at /rustc/202008a1b8de96d2e5b6bc02d379db03a877d34d/library/std/src/sys/pal/unix/thread.rs:105:17
[INFO] [stdout]   44:     0x703211dd3ac3 - <unknown>
[INFO] [stdout]   45:     0x703211e64a04 - clone
[INFO] [stdout]   46:                0x0 - <unknown>
[INFO] [stdout] 
[INFO] [stdout] 
[INFO] [stdout] failures:
[INFO] [stdout]     tests::part_2_reddit
[INFO] [stdout] 
[INFO] [stdout] test result: FAILED. 0 passed; 1 failed; 0 ignored; 0 measured; 0 filtered out; finished in 0.04s
[INFO] [stdout] 
[INFO] [stderr] error: test failed, to rerun pass `-p day-02 --bin part2`
[INFO] running `Command { std: "docker" "inspect" "3e75c538c812b3a1bdecbf50ea281e0539ba1a01b1a8b1d4e3e97be4bbacb7d6", kill_on_drop: false }`
[INFO] running `Command { std: "docker" "rm" "-f" "3e75c538c812b3a1bdecbf50ea281e0539ba1a01b1a8b1d4e3e97be4bbacb7d6", kill_on_drop: false }`
[INFO] [stdout] 3e75c538c812b3a1bdecbf50ea281e0539ba1a01b1a8b1d4e3e97be4bbacb7d6
