[INFO] cloning repository https://github.com/ChAoSUnItY/tangle
[INFO] running `Command { std: "git" "-c" "credential.helper=" "-c" "credential.helper=/workspace/cargo-home/bin/git-credential-null" "clone" "--bare" "https://github.com/ChAoSUnItY/tangle" "/workspace/cache/git-repos/https%3A%2F%2Fgithub.com%2FChAoSUnItY%2Ftangle", kill_on_drop: false }`
[INFO] [stderr] Cloning into bare repository '/workspace/cache/git-repos/https%3A%2F%2Fgithub.com%2FChAoSUnItY%2Ftangle'...
[INFO] running `Command { std: "git" "rev-parse" "HEAD", kill_on_drop: false }`
[INFO] [stdout] 82ce6307ce2949ba260d65ba8f436f39a92fad1d
[INFO] testing ChAoSUnItY/tangle against 1.83.0 for beta-1.84.0-4-retry
[INFO] running `Command { std: "git" "clone" "/workspace/cache/git-repos/https%3A%2F%2Fgithub.com%2FChAoSUnItY%2Ftangle" "/workspace/builds/worker-5-tc1/source", kill_on_drop: false }`
[INFO] [stderr] Cloning into '/workspace/builds/worker-5-tc1/source'...
[INFO] [stderr] done.
[INFO] validating manifest of git repo https://github.com/ChAoSUnItY/tangle on toolchain 1.83.0
[INFO] running `Command { std: CARGO_HOME="/workspace/cargo-home" RUSTUP_HOME="/workspace/rustup-home" "/workspace/cargo-home/bin/cargo" "+1.83.0" "metadata" "--manifest-path" "Cargo.toml" "--no-deps", kill_on_drop: false }`
[INFO] started tweaking git repo https://github.com/ChAoSUnItY/tangle
[INFO] finished tweaking git repo https://github.com/ChAoSUnItY/tangle
[INFO] tweaked toml for git repo https://github.com/ChAoSUnItY/tangle written to /workspace/builds/worker-5-tc1/source/Cargo.toml
[INFO] crate git repo https://github.com/ChAoSUnItY/tangle already has a lockfile, it will not be regenerated
[INFO] running `Command { std: CARGO_HOME="/workspace/cargo-home" RUSTUP_HOME="/workspace/rustup-home" "/workspace/cargo-home/bin/cargo" "+1.83.0" "fetch" "--manifest-path" "Cargo.toml", kill_on_drop: false }`
[INFO] [stderr]  Downloading crates ...
[INFO] [stderr]   Downloaded syn v2.0.63
[INFO] running `Command { std: "docker" "create" "-v" "/var/lib/crater-agent-workspace/builds/worker-5-tc1/target:/opt/rustwide/target:rw,Z" "-v" "/var/lib/crater-agent-workspace/builds/worker-5-tc1/source:/opt/rustwide/workdir:ro,Z" "-v" "/var/lib/crater-agent-workspace/cargo-home:/opt/rustwide/cargo-home:ro,Z" "-v" "/var/lib/crater-agent-workspace/rustup-home:/opt/rustwide/rustup-home:ro,Z" "-e" "SOURCE_DIR=/opt/rustwide/workdir" "-e" "CARGO_TARGET_DIR=/opt/rustwide/target" "-e" "CARGO_HOME=/opt/rustwide/cargo-home" "-e" "RUSTUP_HOME=/opt/rustwide/rustup-home" "-w" "/opt/rustwide/workdir" "-m" "1610612736" "--user" "0:0" "--network" "none" "ghcr.io/rust-lang/crates-build-env/linux@sha256:f3a9d4ad9d972b27faf3965f35b62e55ba32bbce8f20bc8fe909558a86702fde" "/opt/rustwide/cargo-home/bin/cargo" "+1.83.0" "metadata" "--no-deps" "--format-version=1", kill_on_drop: false }`
[INFO] [stdout] 7a6f18254c13929c425eb78310ab275696095405b9dcaad1a519ba5ea87aa5ef
[INFO] running `Command { std: "docker" "start" "-a" "7a6f18254c13929c425eb78310ab275696095405b9dcaad1a519ba5ea87aa5ef", kill_on_drop: false }`
[INFO] running `Command { std: "docker" "inspect" "7a6f18254c13929c425eb78310ab275696095405b9dcaad1a519ba5ea87aa5ef", kill_on_drop: false }`
[INFO] running `Command { std: "docker" "rm" "-f" "7a6f18254c13929c425eb78310ab275696095405b9dcaad1a519ba5ea87aa5ef", kill_on_drop: false }`
[INFO] [stdout] 7a6f18254c13929c425eb78310ab275696095405b9dcaad1a519ba5ea87aa5ef
[INFO] running `Command { std: "docker" "create" "-v" "/var/lib/crater-agent-workspace/builds/worker-5-tc1/target:/opt/rustwide/target:rw,Z" "-v" "/var/lib/crater-agent-workspace/builds/worker-5-tc1/source:/opt/rustwide/workdir:ro,Z" "-v" "/var/lib/crater-agent-workspace/cargo-home:/opt/rustwide/cargo-home:ro,Z" "-v" "/var/lib/crater-agent-workspace/rustup-home:/opt/rustwide/rustup-home:ro,Z" "-e" "SOURCE_DIR=/opt/rustwide/workdir" "-e" "CARGO_TARGET_DIR=/opt/rustwide/target" "-e" "CARGO_INCREMENTAL=0" "-e" "RUST_BACKTRACE=full" "-e" "RUSTFLAGS=--cap-lints=warn" "-e" "RUSTDOCFLAGS=--cap-lints=warn" "-e" "CARGO_HOME=/opt/rustwide/cargo-home" "-e" "RUSTUP_HOME=/opt/rustwide/rustup-home" "-w" "/opt/rustwide/workdir" "-m" "1610612736" "--user" "0:0" "--network" "none" "ghcr.io/rust-lang/crates-build-env/linux@sha256:f3a9d4ad9d972b27faf3965f35b62e55ba32bbce8f20bc8fe909558a86702fde" "/opt/rustwide/cargo-home/bin/cargo" "+1.83.0" "build" "--frozen" "--message-format=json", kill_on_drop: false }`
[INFO] [stdout] 49a66894d33aac67038f962f603dd17e34320beaef2bf80eddab5b7e557b062f
[INFO] running `Command { std: "docker" "start" "-a" "49a66894d33aac67038f962f603dd17e34320beaef2bf80eddab5b7e557b062f", kill_on_drop: false }`
[INFO] [stderr]    Compiling tangle v0.1.0 (/opt/rustwide/workdir)
[INFO] [stdout] warning: unused variable: `token_str`
[INFO] [stdout]    --> src/lexer.rs:158:13
[INFO] [stdout]     |
[INFO] [stdout] 158 |         let token_str = self.current_token_str();
[INFO] [stdout]     |             ^^^^^^^^^ help: if this is intentional, prefix it with an underscore: `_token_str`
[INFO] [stdout]     |
[INFO] [stdout]     = note: `#[warn(unused_variables)]` on by default
[INFO] [stdout] 
[INFO] [stdout] 
[INFO] [stdout] warning: unused variable: `source`
[INFO] [stdout]   --> src/lib.rs:10:9
[INFO] [stdout]    |
[INFO] [stdout] 10 |     let source = get_source();
[INFO] [stdout]    |         ^^^^^^ help: if this is intentional, prefix it with an underscore: `_source`
[INFO] [stdout] 
[INFO] [stdout] 
[INFO] [stdout] warning: function `main` is never used
[INFO] [stdout]  --> src/lib.rs:9:4
[INFO] [stdout]   |
[INFO] [stdout] 9 | fn main() {
[INFO] [stdout]   |    ^^^^
[INFO] [stdout]   |
[INFO] [stdout]   = note: `#[warn(dead_code)]` on by default
[INFO] [stdout] 
[INFO] [stdout] 
[INFO] [stdout] warning: static `SOURCE` is never used
[INFO] [stdout]   --> src/globals.rs:11:12
[INFO] [stdout]    |
[INFO] [stdout] 11 | pub static SOURCE: OnceLock<String> = OnceLock::new();
[INFO] [stdout]    |            ^^^^^^
[INFO] [stdout] 
[INFO] [stdout] 
[INFO] [stdout] warning: function `read_source_file` is never used
[INFO] [stdout]   --> src/globals.rs:13:4
[INFO] [stdout]    |
[INFO] [stdout] 13 | fn read_source_file(file_path: impl Into<PathBuf>) -> Result<String, Error> {
[INFO] [stdout]    |    ^^^^^^^^^^^^^^^^
[INFO] [stdout] 
[INFO] [stdout] 
[INFO] [stdout] warning: function `get_source` is never used
[INFO] [stdout]   --> src/globals.rs:46:8
[INFO] [stdout]    |
[INFO] [stdout] 46 | pub fn get_source() -> &'static str {
[INFO] [stdout]    |        ^^^^^^^^^^
[INFO] [stdout] 
[INFO] [stdout] 
[INFO] [stdout] warning: method `undef_alias` is never used
[INFO] [stdout]    --> src/lexer.rs:269:12
[INFO] [stdout]     |
[INFO] [stdout] 96  | impl Lexer {
[INFO] [stdout]     | ---------- method in this implementation
[INFO] [stdout] ...
[INFO] [stdout] 269 |     pub fn undef_alias(&mut self, alias: &str) -> bool {
[INFO] [stdout]     |            ^^^^^^^^^^^
[INFO] [stdout] 
[INFO] [stdout] 
[INFO] [stdout] warning: fields `ignore_stringify` and `preproc_match` are never read
[INFO] [stdout]    --> src/lexer.rs:307:9
[INFO] [stdout]     |
[INFO] [stdout] 300 | pub struct RegionalLexer {
[INFO] [stdout]     |            ------------- fields in this struct
[INFO] [stdout] ...
[INFO] [stdout] 307 |     pub ignore_stringify: bool,
[INFO] [stdout]     |         ^^^^^^^^^^^^^^^^
[INFO] [stdout] 308 |     pub skip_backslash_newline: bool,
[INFO] [stdout] 309 |     pub preproc_match: bool,
[INFO] [stdout]     |         ^^^^^^^^^^^^^
[INFO] [stdout] 
[INFO] [stdout] 
[INFO] [stdout] warning: associated function `is_numeric` is never used
[INFO] [stdout]    --> src/lexer.rs:353:8
[INFO] [stdout]     |
[INFO] [stdout] 312 | impl RegionalLexer {
[INFO] [stdout]     | ------------------ associated function in this implementation
[INFO] [stdout] ...
[INFO] [stdout] 353 |     fn is_numeric(buf: &[u8]) -> bool {
[INFO] [stdout]     |        ^^^^^^^^^^
[INFO] [stdout] 
[INFO] [stdout] 
[INFO] [stderr]     Finished `dev` profile [unoptimized + debuginfo] target(s) in 0.40s
[INFO] running `Command { std: "docker" "inspect" "49a66894d33aac67038f962f603dd17e34320beaef2bf80eddab5b7e557b062f", kill_on_drop: false }`
[INFO] running `Command { std: "docker" "rm" "-f" "49a66894d33aac67038f962f603dd17e34320beaef2bf80eddab5b7e557b062f", kill_on_drop: false }`
[INFO] [stdout] 49a66894d33aac67038f962f603dd17e34320beaef2bf80eddab5b7e557b062f
[INFO] running `Command { std: "docker" "create" "-v" "/var/lib/crater-agent-workspace/builds/worker-5-tc1/target:/opt/rustwide/target:rw,Z" "-v" "/var/lib/crater-agent-workspace/builds/worker-5-tc1/source:/opt/rustwide/workdir:ro,Z" "-v" "/var/lib/crater-agent-workspace/cargo-home:/opt/rustwide/cargo-home:ro,Z" "-v" "/var/lib/crater-agent-workspace/rustup-home:/opt/rustwide/rustup-home:ro,Z" "-e" "SOURCE_DIR=/opt/rustwide/workdir" "-e" "CARGO_TARGET_DIR=/opt/rustwide/target" "-e" "CARGO_INCREMENTAL=0" "-e" "RUST_BACKTRACE=full" "-e" "RUSTFLAGS=--cap-lints=warn" "-e" "RUSTDOCFLAGS=--cap-lints=warn" "-e" "CARGO_HOME=/opt/rustwide/cargo-home" "-e" "RUSTUP_HOME=/opt/rustwide/rustup-home" "-w" "/opt/rustwide/workdir" "-m" "1610612736" "--user" "0:0" "--network" "none" "ghcr.io/rust-lang/crates-build-env/linux@sha256:f3a9d4ad9d972b27faf3965f35b62e55ba32bbce8f20bc8fe909558a86702fde" "/opt/rustwide/cargo-home/bin/cargo" "+1.83.0" "test" "--frozen" "--no-run" "--message-format=json", kill_on_drop: false }`
[INFO] [stdout] 6f98639330927875dc561148d85cf0dd2dc103b3fdf072e9bba6beeec002d6d6
[INFO] running `Command { std: "docker" "start" "-a" "6f98639330927875dc561148d85cf0dd2dc103b3fdf072e9bba6beeec002d6d6", kill_on_drop: false }`
[INFO] [stderr]    Compiling proc-macro2 v1.0.82
[INFO] [stderr]    Compiling unicode-ident v1.0.12
[INFO] [stderr]    Compiling crossbeam-utils v0.8.19
[INFO] [stderr]    Compiling serde v1.0.201
[INFO] [stderr]    Compiling autocfg v1.3.0
[INFO] [stderr]    Compiling serde_json v1.0.117
[INFO] [stderr]    Compiling rayon-core v1.12.1
[INFO] [stderr]    Compiling either v1.11.0
[INFO] [stderr]    Compiling libc v0.2.154
[INFO] [stderr]    Compiling ryu v1.0.18
[INFO] [stderr]    Compiling anstyle v1.0.7
[INFO] [stderr]    Compiling plotters-backend v0.3.5
[INFO] [stderr]    Compiling regex-syntax v0.8.3
[INFO] [stderr]    Compiling ciborium-io v0.2.2
[INFO] [stderr]    Compiling itoa v1.0.11
[INFO] [stderr]    Compiling half v2.4.1
[INFO] [stderr]    Compiling clap_lex v0.7.0
[INFO] [stderr]    Compiling same-file v1.0.6
[INFO] [stderr]    Compiling cast v0.3.0
[INFO] [stderr]    Compiling itertools v0.10.5
[INFO] [stderr]    Compiling clap_builder v4.5.2
[INFO] [stderr]    Compiling walkdir v2.5.0
[INFO] [stderr]    Compiling plotters-svg v0.3.5
[INFO] [stderr]    Compiling once_cell v1.19.0
[INFO] [stderr]    Compiling oorandom v11.1.3
[INFO] [stderr]    Compiling anes v0.1.6
[INFO] [stderr]    Compiling ciborium-ll v0.2.2
[INFO] [stdout] warning: unused variable: `token_str`
[INFO] [stdout]    --> src/lexer.rs:158:13
[INFO] [stdout]     |
[INFO] [stdout] 158 |         let token_str = self.current_token_str();
[INFO] [stdout]     |             ^^^^^^^^^ help: if this is intentional, prefix it with an underscore: `_token_str`
[INFO] [stdout]     |
[INFO] [stdout]     = note: `#[warn(unused_variables)]` on by default
[INFO] [stdout] 
[INFO] [stdout] 
[INFO] [stdout] warning: unused variable: `source`
[INFO] [stdout]   --> src/lib.rs:10:9
[INFO] [stdout]    |
[INFO] [stdout] 10 |     let source = get_source();
[INFO] [stdout]    |         ^^^^^^ help: if this is intentional, prefix it with an underscore: `_source`
[INFO] [stdout] 
[INFO] [stdout] 
[INFO] [stdout] warning: function `main` is never used
[INFO] [stdout]  --> src/lib.rs:9:4
[INFO] [stdout]   |
[INFO] [stdout] 9 | fn main() {
[INFO] [stdout]   |    ^^^^
[INFO] [stdout]   |
[INFO] [stdout]   = note: `#[warn(dead_code)]` on by default
[INFO] [stdout] 
[INFO] [stdout] 
[INFO] [stdout] warning: static `SOURCE` is never used
[INFO] [stdout]   --> src/globals.rs:11:12
[INFO] [stdout]    |
[INFO] [stdout] 11 | pub static SOURCE: OnceLock<String> = OnceLock::new();
[INFO] [stdout]    |            ^^^^^^
[INFO] [stdout] 
[INFO] [stdout] 
[INFO] [stdout] warning: function `read_source_file` is never used
[INFO] [stdout]   --> src/globals.rs:13:4
[INFO] [stdout]    |
[INFO] [stdout] 13 | fn read_source_file(file_path: impl Into<PathBuf>) -> Result<String, Error> {
[INFO] [stdout]    |    ^^^^^^^^^^^^^^^^
[INFO] [stdout] 
[INFO] [stdout] 
[INFO] [stdout] warning: function `get_source` is never used
[INFO] [stdout]   --> src/globals.rs:46:8
[INFO] [stdout]    |
[INFO] [stdout] 46 | pub fn get_source() -> &'static str {
[INFO] [stdout]    |        ^^^^^^^^^^
[INFO] [stdout] 
[INFO] [stdout] 
[INFO] [stdout] warning: method `undef_alias` is never used
[INFO] [stdout]    --> src/lexer.rs:269:12
[INFO] [stdout]     |
[INFO] [stdout] 96  | impl Lexer {
[INFO] [stdout]     | ---------- method in this implementation
[INFO] [stdout] ...
[INFO] [stdout] 269 |     pub fn undef_alias(&mut self, alias: &str) -> bool {
[INFO] [stdout]     |            ^^^^^^^^^^^
[INFO] [stdout] 
[INFO] [stdout] 
[INFO] [stdout] warning: fields `ignore_stringify` and `preproc_match` are never read
[INFO] [stdout]    --> src/lexer.rs:307:9
[INFO] [stdout]     |
[INFO] [stdout] 300 | pub struct RegionalLexer {
[INFO] [stdout]     |            ------------- fields in this struct
[INFO] [stdout] ...
[INFO] [stdout] 307 |     pub ignore_stringify: bool,
[INFO] [stdout]     |         ^^^^^^^^^^^^^^^^
[INFO] [stdout] 308 |     pub skip_backslash_newline: bool,
[INFO] [stdout] 309 |     pub preproc_match: bool,
[INFO] [stdout]     |         ^^^^^^^^^^^^^
[INFO] [stdout] 
[INFO] [stdout] 
[INFO] [stdout] warning: associated function `is_numeric` is never used
[INFO] [stdout]    --> src/lexer.rs:353:8
[INFO] [stdout]     |
[INFO] [stdout] 312 | impl RegionalLexer {
[INFO] [stdout]     | ------------------ associated function in this implementation
[INFO] [stdout] ...
[INFO] [stdout] 353 |     fn is_numeric(buf: &[u8]) -> bool {
[INFO] [stdout]     |        ^^^^^^^^^^
[INFO] [stdout] 
[INFO] [stdout] 
[INFO] [stderr]    Compiling num-traits v0.2.19
[INFO] [stderr]    Compiling crossbeam-epoch v0.9.18
[INFO] [stderr]    Compiling is-terminal v0.4.12
[INFO] [stderr]    Compiling regex-automata v0.4.6
[INFO] [stderr]    Compiling crossbeam-deque v0.8.5
[INFO] [stderr]    Compiling quote v1.0.36
[INFO] [stderr]    Compiling syn v2.0.63
[INFO] [stderr]    Compiling rayon v1.10.0
[INFO] [stderr]    Compiling criterion-plot v0.5.0
[INFO] [stderr]    Compiling plotters v0.3.5
[INFO] [stderr]    Compiling regex v1.10.4
[INFO] [stderr]    Compiling clap v4.5.4
[INFO] [stderr]    Compiling test-case-core v3.3.1
[INFO] [stderr]    Compiling serde_derive v1.0.201
[INFO] [stderr]    Compiling test-case-macros v3.3.1
[INFO] [stderr]    Compiling test-case v3.3.1
[INFO] [stderr]    Compiling ciborium v0.2.2
[INFO] [stderr]    Compiling tinytemplate v1.2.1
[INFO] [stderr]    Compiling criterion v0.5.1
[INFO] [stderr]    Compiling tangle v0.1.0 (/opt/rustwide/workdir)
[INFO] [stdout] warning: unused variable: `token_str`
[INFO] [stdout]    --> src/lexer.rs:158:13
[INFO] [stdout]     |
[INFO] [stdout] 158 |         let token_str = self.current_token_str();
[INFO] [stdout]     |             ^^^^^^^^^ help: if this is intentional, prefix it with an underscore: `_token_str`
[INFO] [stdout]     |
[INFO] [stdout]     = note: `#[warn(unused_variables)]` on by default
[INFO] [stdout] 
[INFO] [stdout] 
[INFO] [stdout] warning: unused variable: `source`
[INFO] [stdout]   --> src/lib.rs:10:9
[INFO] [stdout]    |
[INFO] [stdout] 10 |     let source = get_source();
[INFO] [stdout]    |         ^^^^^^ help: if this is intentional, prefix it with an underscore: `_source`
[INFO] [stdout] 
[INFO] [stdout] 
[INFO] [stdout] warning: method `undef_alias` is never used
[INFO] [stdout]    --> src/lexer.rs:269:12
[INFO] [stdout]     |
[INFO] [stdout] 96  | impl Lexer {
[INFO] [stdout]     | ---------- method in this implementation
[INFO] [stdout] ...
[INFO] [stdout] 269 |     pub fn undef_alias(&mut self, alias: &str) -> bool {
[INFO] [stdout]     |            ^^^^^^^^^^^
[INFO] [stdout]     |
[INFO] [stdout]     = note: `#[warn(dead_code)]` on by default
[INFO] [stdout] 
[INFO] [stdout] 
[INFO] [stdout] warning: fields `ignore_stringify` and `preproc_match` are never read
[INFO] [stdout]    --> src/lexer.rs:307:9
[INFO] [stdout]     |
[INFO] [stdout] 300 | pub struct RegionalLexer {
[INFO] [stdout]     |            ------------- fields in this struct
[INFO] [stdout] ...
[INFO] [stdout] 307 |     pub ignore_stringify: bool,
[INFO] [stdout]     |         ^^^^^^^^^^^^^^^^
[INFO] [stdout] 308 |     pub skip_backslash_newline: bool,
[INFO] [stdout] 309 |     pub preproc_match: bool,
[INFO] [stdout]     |         ^^^^^^^^^^^^^
[INFO] [stdout] 
[INFO] [stdout] 
[INFO] [stdout] warning: associated function `is_numeric` is never used
[INFO] [stdout]    --> src/lexer.rs:353:8
[INFO] [stdout]     |
[INFO] [stdout] 312 | impl RegionalLexer {
[INFO] [stdout]     | ------------------ associated function in this implementation
[INFO] [stdout] ...
[INFO] [stdout] 353 |     fn is_numeric(buf: &[u8]) -> bool {
[INFO] [stdout]     |        ^^^^^^^^^^
[INFO] [stdout] 
[INFO] [stdout] 
[INFO] [stderr]     Finished `test` profile [unoptimized + debuginfo] target(s) in 28.13s
[INFO] running `Command { std: "docker" "inspect" "6f98639330927875dc561148d85cf0dd2dc103b3fdf072e9bba6beeec002d6d6", kill_on_drop: false }`
[INFO] running `Command { std: "docker" "rm" "-f" "6f98639330927875dc561148d85cf0dd2dc103b3fdf072e9bba6beeec002d6d6", kill_on_drop: false }`
[INFO] [stdout] 6f98639330927875dc561148d85cf0dd2dc103b3fdf072e9bba6beeec002d6d6
[INFO] running `Command { std: "docker" "create" "-v" "/var/lib/crater-agent-workspace/builds/worker-5-tc1/target:/opt/rustwide/target:rw,Z" "-v" "/var/lib/crater-agent-workspace/builds/worker-5-tc1/source:/opt/rustwide/workdir:ro,Z" "-v" "/var/lib/crater-agent-workspace/cargo-home:/opt/rustwide/cargo-home:ro,Z" "-v" "/var/lib/crater-agent-workspace/rustup-home:/opt/rustwide/rustup-home:ro,Z" "-e" "SOURCE_DIR=/opt/rustwide/workdir" "-e" "CARGO_TARGET_DIR=/opt/rustwide/target" "-e" "CARGO_INCREMENTAL=0" "-e" "RUST_BACKTRACE=full" "-e" "RUSTFLAGS=--cap-lints=warn" "-e" "RUSTDOCFLAGS=--cap-lints=warn" "-e" "CARGO_HOME=/opt/rustwide/cargo-home" "-e" "RUSTUP_HOME=/opt/rustwide/rustup-home" "-w" "/opt/rustwide/workdir" "-m" "1610612736" "--user" "0:0" "--network" "none" "ghcr.io/rust-lang/crates-build-env/linux@sha256:f3a9d4ad9d972b27faf3965f35b62e55ba32bbce8f20bc8fe909558a86702fde" "/opt/rustwide/cargo-home/bin/cargo" "+1.83.0" "test" "--frozen", kill_on_drop: false }`
[INFO] [stdout] ad6c7fe1121f547e52f2013c9ad53f7529ec86ae587550afa6a8685636568727
[INFO] running `Command { std: "docker" "start" "-a" "ad6c7fe1121f547e52f2013c9ad53f7529ec86ae587550afa6a8685636568727", kill_on_drop: false }`
[INFO] [stderr] warning: unused variable: `token_str`
[INFO] [stderr]    --> src/lexer.rs:158:13
[INFO] [stderr]     |
[INFO] [stderr] 158 |         let token_str = self.current_token_str();
[INFO] [stderr]     |             ^^^^^^^^^ help: if this is intentional, prefix it with an underscore: `_token_str`
[INFO] [stderr]     |
[INFO] [stderr]     = note: `#[warn(unused_variables)]` on by default
[INFO] [stderr] 
[INFO] [stderr] warning: unused variable: `source`
[INFO] [stderr]   --> src/lib.rs:10:9
[INFO] [stderr]    |
[INFO] [stderr] 10 |     let source = get_source();
[INFO] [stderr]    |         ^^^^^^ help: if this is intentional, prefix it with an underscore: `_source`
[INFO] [stderr] 
[INFO] [stderr] warning: function `main` is never used
[INFO] [stderr]  --> src/lib.rs:9:4
[INFO] [stderr]   |
[INFO] [stderr] 9 | fn main() {
[INFO] [stderr]   |    ^^^^
[INFO] [stderr]   |
[INFO] [stderr]   = note: `#[warn(dead_code)]` on by default
[INFO] [stderr] 
[INFO] [stderr] warning: static `SOURCE` is never used
[INFO] [stderr]   --> src/globals.rs:11:12
[INFO] [stderr]    |
[INFO] [stderr] 11 | pub static SOURCE: OnceLock<String> = OnceLock::new();
[INFO] [stderr]    |            ^^^^^^
[INFO] [stderr] 
[INFO] [stderr] warning: function `read_source_file` is never used
[INFO] [stderr]   --> src/globals.rs:13:4
[INFO] [stderr]    |
[INFO] [stderr] 13 | fn read_source_file(file_path: impl Into<PathBuf>) -> Result<String, Error> {
[INFO] [stderr]    |    ^^^^^^^^^^^^^^^^
[INFO] [stderr] 
[INFO] [stderr] warning: function `get_source` is never used
[INFO] [stderr]   --> src/globals.rs:46:8
[INFO] [stderr]    |
[INFO] [stderr] 46 | pub fn get_source() -> &'static str {
[INFO] [stderr]    |        ^^^^^^^^^^
[INFO] [stderr] 
[INFO] [stderr] warning: method `undef_alias` is never used
[INFO] [stderr]    --> src/lexer.rs:269:12
[INFO] [stderr]     |
[INFO] [stderr] 96  | impl Lexer {
[INFO] [stderr]     | ---------- method in this implementation
[INFO] [stderr] ...
[INFO] [stderr] 269 |     pub fn undef_alias(&mut self, alias: &str) -> bool {
[INFO] [stderr]     |            ^^^^^^^^^^^
[INFO] [stderr] 
[INFO] [stderr] warning: fields `ignore_stringify` and `preproc_match` are never read
[INFO] [stderr]    --> src/lexer.rs:307:9
[INFO] [stderr]     |
[INFO] [stderr] 300 | pub struct RegionalLexer {
[INFO] [stderr]     |            ------------- fields in this struct
[INFO] [stderr] ...
[INFO] [stderr] 307 |     pub ignore_stringify: bool,
[INFO] [stderr]     |         ^^^^^^^^^^^^^^^^
[INFO] [stderr] 308 |     pub skip_backslash_newline: bool,
[INFO] [stderr] 309 |     pub preproc_match: bool,
[INFO] [stderr]     |         ^^^^^^^^^^^^^
[INFO] [stderr] 
[INFO] [stderr] warning: associated function `is_numeric` is never used
[INFO] [stderr]    --> src/lexer.rs:353:8
[INFO] [stderr]     |
[INFO] [stderr] 312 | impl RegionalLexer {
[INFO] [stderr]     | ------------------ associated function in this implementation
[INFO] [stderr] ...
[INFO] [stderr] 353 |     fn is_numeric(buf: &[u8]) -> bool {
[INFO] [stderr]     |        ^^^^^^^^^^
[INFO] [stderr] 
[INFO] [stderr] warning: `tangle` (lib) generated 9 warnings
[INFO] [stderr] warning: method `undef_alias` is never used
[INFO] [stderr]    --> src/lexer.rs:269:12
[INFO] [stderr]     |
[INFO] [stderr] 96  | impl Lexer {
[INFO] [stderr]     | ---------- method in this implementation
[INFO] [stderr] ...
[INFO] [stderr] 269 |     pub fn undef_alias(&mut self, alias: &str) -> bool {
[INFO] [stderr]     |            ^^^^^^^^^^^
[INFO] [stderr]     |
[INFO] [stderr]     = note: `#[warn(dead_code)]` on by default
[INFO] [stderr] 
[INFO] [stderr] warning: `tangle` (lib test) generated 5 warnings (4 duplicates)
[INFO] [stderr]     Finished `test` profile [unoptimized + debuginfo] target(s) in 0.07s
[INFO] [stderr]      Running unittests src/lib.rs (/opt/rustwide/target/debug/deps/tangle-3070cf488202af97)
[INFO] [stdout] 
[INFO] [stdout] running 3 tests
[INFO] [stdout] test test::test_cpp_result_eq_::test_alias_expansion ... ok
[INFO] [stdout] test test::test_cpp_result_eq_::test_macro_expansion ... ok
[INFO] [stdout] test test::test_cpp_result_eq ... FAILED
[INFO] [stdout] 
[INFO] [stdout] failures:
[INFO] [stdout] 
[INFO] [stdout] ---- test::test_cpp_result_eq stdout ----
[INFO] [stdout] thread 'test::test_cpp_result_eq' panicked at src/lib.rs:43:9:
[INFO] [stdout] assertion `left == right` failed
[INFO] [stdout]   left: "1+9+1;100+2+1+1+1;1+2+1;1,2;1+2;1+;\"1\";\"1+1\";\"1+9\";\"1+9\";"
[INFO] [stdout]  right: "1+9+1;100+2+1+1+1;1+2+1;1,2;1+2;1+;\"1\";\"1+1\";\"CONSTANT_10\";\"1+9\";"
[INFO] [stdout] stack backtrace:
[INFO] [stdout]    0:     0x59b0ff772daa - std::backtrace_rs::backtrace::libunwind::trace::h5a5b8284f2d0c266
[INFO] [stdout]                                at /rustc/90b35a6239c3d8bdabc530a6a0816f7ff89a0aaf/library/std/src/../../backtrace/src/backtrace/libunwind.rs:116:5
[INFO] [stdout]    1:     0x59b0ff772daa - std::backtrace_rs::backtrace::trace_unsynchronized::h76d4f1c9b0b875e3
[INFO] [stdout]                                at /rustc/90b35a6239c3d8bdabc530a6a0816f7ff89a0aaf/library/std/src/../../backtrace/src/backtrace/mod.rs:66:5
[INFO] [stdout]    2:     0x59b0ff772daa - std::sys::backtrace::_print_fmt::hc4546b8364a537c6
[INFO] [stdout]                                at /rustc/90b35a6239c3d8bdabc530a6a0816f7ff89a0aaf/library/std/src/sys/backtrace.rs:66:9
[INFO] [stdout]    3:     0x59b0ff772daa - <std::sys::backtrace::BacktraceLock::print::DisplayBacktrace as core::fmt::Display>::fmt::h5b6bd5631a6d1f6b
[INFO] [stdout]                                at /rustc/90b35a6239c3d8bdabc530a6a0816f7ff89a0aaf/library/std/src/sys/backtrace.rs:39:26
[INFO] [stdout]    4:     0x59b0ff798383 - core::fmt::rt::Argument::fmt::h270f6602a2b96f62
[INFO] [stdout]                                at /rustc/90b35a6239c3d8bdabc530a6a0816f7ff89a0aaf/library/core/src/fmt/rt.rs:177:76
[INFO] [stdout]    5:     0x59b0ff798383 - core::fmt::write::h7550c97b06c86515
[INFO] [stdout]                                at /rustc/90b35a6239c3d8bdabc530a6a0816f7ff89a0aaf/library/core/src/fmt/mod.rs:1186:21
[INFO] [stdout]    6:     0x59b0ff76fda3 - std::io::Write::write_fmt::h509ff860e5956e5e
[INFO] [stdout]                                at /rustc/90b35a6239c3d8bdabc530a6a0816f7ff89a0aaf/library/std/src/io/mod.rs:1839:15
[INFO] [stdout]    7:     0x59b0ff772bf2 - std::sys::backtrace::BacktraceLock::print::h2395ccd2c84ba3aa
[INFO] [stdout]                                at /rustc/90b35a6239c3d8bdabc530a6a0816f7ff89a0aaf/library/std/src/sys/backtrace.rs:42:9
[INFO] [stdout]    8:     0x59b0ff77420a - std::panicking::default_hook::{{closure}}::he19d4c7230e07961
[INFO] [stdout]                                at /rustc/90b35a6239c3d8bdabc530a6a0816f7ff89a0aaf/library/std/src/panicking.rs:268:22
[INFO] [stdout]    9:     0x59b0ff774014 - std::panicking::default_hook::hf614597d3c67bbdb
[INFO] [stdout]                                at /rustc/90b35a6239c3d8bdabc530a6a0816f7ff89a0aaf/library/std/src/panicking.rs:292:9
[INFO] [stdout]   10:     0x59b0ff73e069 - <alloc::boxed::Box<F,A> as core::ops::function::Fn<Args>>::call::h39b51ce4599c23d1
[INFO] [stdout]                                at /rustc/90b35a6239c3d8bdabc530a6a0816f7ff89a0aaf/library/alloc/src/boxed.rs:2468:9
[INFO] [stdout]   11:     0x59b0ff73e069 - test::test_main::{{closure}}::he977ae839a582784
[INFO] [stdout]                                at /rustc/90b35a6239c3d8bdabc530a6a0816f7ff89a0aaf/library/test/src/lib.rs:133:21
[INFO] [stdout]   12:     0x59b0ff7748a8 - <alloc::boxed::Box<F,A> as core::ops::function::Fn<Args>>::call::h9455091b6b06f9fb
[INFO] [stdout]                                at /rustc/90b35a6239c3d8bdabc530a6a0816f7ff89a0aaf/library/alloc/src/boxed.rs:2468:9
[INFO] [stdout]   13:     0x59b0ff7748a8 - std::panicking::rust_panic_with_hook::h8942133a8b252070
[INFO] [stdout]                                at /rustc/90b35a6239c3d8bdabc530a6a0816f7ff89a0aaf/library/std/src/panicking.rs:809:13
[INFO] [stdout]   14:     0x59b0ff77466a - std::panicking::begin_panic_handler::{{closure}}::hb5f5963570096b29
[INFO] [stdout]                                at /rustc/90b35a6239c3d8bdabc530a6a0816f7ff89a0aaf/library/std/src/panicking.rs:674:13
[INFO] [stdout]   15:     0x59b0ff773289 - std::sys::backtrace::__rust_end_short_backtrace::h6208cedc1922feda
[INFO] [stdout]                                at /rustc/90b35a6239c3d8bdabc530a6a0816f7ff89a0aaf/library/std/src/sys/backtrace.rs:170:18
[INFO] [stdout]   16:     0x59b0ff7742fc - rust_begin_unwind
[INFO] [stdout]                                at /rustc/90b35a6239c3d8bdabc530a6a0816f7ff89a0aaf/library/std/src/panicking.rs:665:5
[INFO] [stdout]   17:     0x59b0ff6eca60 - core::panicking::panic_fmt::h0c3082644d1bf418
[INFO] [stdout]                                at /rustc/90b35a6239c3d8bdabc530a6a0816f7ff89a0aaf/library/core/src/panicking.rs:74:14
[INFO] [stdout]   18:     0x59b0ff6ecd8b - core::panicking::assert_failed_inner::h2ddf1fcc067fa858
[INFO] [stdout]   19:     0x59b0ff6fd428 - core::panicking::assert_failed::hf2f36a997e701870
[INFO] [stdout]                                at /rustc/90b35a6239c3d8bdabc530a6a0816f7ff89a0aaf/library/core/src/panicking.rs:367:5
[INFO] [stdout]   20:     0x59b0ff6fc183 - tangle::test::test_cpp_result_eq::h5694bc7db54cf45e
[INFO] [stdout]                                at /opt/rustwide/workdir/src/lib.rs:43:9
[INFO] [stdout]   21:     0x59b0ff6fbe17 - tangle::test::test_cpp_result_eq::{{closure}}::heb1e14e10fa586cc
[INFO] [stdout]                                at /opt/rustwide/workdir/src/lib.rs:27:28
[INFO] [stdout]   22:     0x59b0ff6f22e6 - core::ops::function::FnOnce::call_once::h3c042582c29e5d15
[INFO] [stdout]                                at /rustc/90b35a6239c3d8bdabc530a6a0816f7ff89a0aaf/library/core/src/ops/function.rs:250:5
[INFO] [stdout]   23:     0x59b0ff742a2b - core::ops::function::FnOnce::call_once::h109cf8051a59b34e
[INFO] [stdout]                                at /rustc/90b35a6239c3d8bdabc530a6a0816f7ff89a0aaf/library/core/src/ops/function.rs:250:5
[INFO] [stdout]   24:     0x59b0ff742a2b - test::__rust_begin_short_backtrace::hf4fff89d377446ba
[INFO] [stdout]                                at /rustc/90b35a6239c3d8bdabc530a6a0816f7ff89a0aaf/library/test/src/lib.rs:621:18
[INFO] [stdout]   25:     0x59b0ff742267 - test::run_test_in_process::{{closure}}::h0e39181dd7ee5a43
[INFO] [stdout]                                at /rustc/90b35a6239c3d8bdabc530a6a0816f7ff89a0aaf/library/test/src/lib.rs:644:60
[INFO] [stdout]   26:     0x59b0ff742267 - <core::panic::unwind_safe::AssertUnwindSafe<F> as core::ops::function::FnOnce<()>>::call_once::hc5a66a30f0bdfd1f
[INFO] [stdout]                                at /rustc/90b35a6239c3d8bdabc530a6a0816f7ff89a0aaf/library/core/src/panic/unwind_safe.rs:272:9
[INFO] [stdout]   27:     0x59b0ff742267 - std::panicking::try::do_call::h873b7cf639554a5e
[INFO] [stdout]                                at /rustc/90b35a6239c3d8bdabc530a6a0816f7ff89a0aaf/library/std/src/panicking.rs:557:40
[INFO] [stdout]   28:     0x59b0ff742267 - std::panicking::try::hdb19862fad9c8bd1
[INFO] [stdout]                                at /rustc/90b35a6239c3d8bdabc530a6a0816f7ff89a0aaf/library/std/src/panicking.rs:520:19
[INFO] [stdout]   29:     0x59b0ff742267 - std::panic::catch_unwind::h281fe732d236d260
[INFO] [stdout]                                at /rustc/90b35a6239c3d8bdabc530a6a0816f7ff89a0aaf/library/std/src/panic.rs:358:14
[INFO] [stdout]   30:     0x59b0ff742267 - test::run_test_in_process::h949b6df8457ed338
[INFO] [stdout]                                at /rustc/90b35a6239c3d8bdabc530a6a0816f7ff89a0aaf/library/test/src/lib.rs:644:27
[INFO] [stdout]   31:     0x59b0ff742267 - test::run_test::{{closure}}::h52c556a6d4740e10
[INFO] [stdout]                                at /rustc/90b35a6239c3d8bdabc530a6a0816f7ff89a0aaf/library/test/src/lib.rs:565:43
[INFO] [stdout]   32:     0x59b0ff707544 - test::run_test::{{closure}}::h4237f6381c45ccb9
[INFO] [stdout]                                at /rustc/90b35a6239c3d8bdabc530a6a0816f7ff89a0aaf/library/test/src/lib.rs:595:41
[INFO] [stdout]   33:     0x59b0ff707544 - std::sys::backtrace::__rust_begin_short_backtrace::h505c97a579eca628
[INFO] [stdout]                                at /rustc/90b35a6239c3d8bdabc530a6a0816f7ff89a0aaf/library/std/src/sys/backtrace.rs:154:18
[INFO] [stdout]   34:     0x59b0ff70ac0e - std::thread::Builder::spawn_unchecked_::{{closure}}::{{closure}}::h9e86b2e2bc107ea3
[INFO] [stdout]                                at /rustc/90b35a6239c3d8bdabc530a6a0816f7ff89a0aaf/library/std/src/thread/mod.rs:538:17
[INFO] [stdout]   35:     0x59b0ff70ac0e - <core::panic::unwind_safe::AssertUnwindSafe<F> as core::ops::function::FnOnce<()>>::call_once::h8b06ddb275ff4a25
[INFO] [stdout]                                at /rustc/90b35a6239c3d8bdabc530a6a0816f7ff89a0aaf/library/core/src/panic/unwind_safe.rs:272:9
[INFO] [stdout]   36:     0x59b0ff70ac0e - std::panicking::try::do_call::hb26ecd7cd9a9355d
[INFO] [stdout]                                at /rustc/90b35a6239c3d8bdabc530a6a0816f7ff89a0aaf/library/std/src/panicking.rs:557:40
[INFO] [stdout]   37:     0x59b0ff70ac0e - std::panicking::try::h8ddeca9d705f9069
[INFO] [stdout]                                at /rustc/90b35a6239c3d8bdabc530a6a0816f7ff89a0aaf/library/std/src/panicking.rs:520:19
[INFO] [stdout]   38:     0x59b0ff70ac0e - std::panic::catch_unwind::h49e1c33078844c46
[INFO] [stdout]                                at /rustc/90b35a6239c3d8bdabc530a6a0816f7ff89a0aaf/library/std/src/panic.rs:358:14
[INFO] [stdout]   39:     0x59b0ff70ac0e - std::thread::Builder::spawn_unchecked_::{{closure}}::h6073db6ff56ad35d
[INFO] [stdout]                                at /rustc/90b35a6239c3d8bdabc530a6a0816f7ff89a0aaf/library/std/src/thread/mod.rs:537:30
[INFO] [stdout]   40:     0x59b0ff70ac0e - core::ops::function::FnOnce::call_once{{vtable.shim}}::h2c5a5f3779c774f1
[INFO] [stdout]                                at /rustc/90b35a6239c3d8bdabc530a6a0816f7ff89a0aaf/library/core/src/ops/function.rs:250:5
[INFO] [stdout]   41:     0x59b0ff7786eb - <alloc::boxed::Box<F,A> as core::ops::function::FnOnce<Args>>::call_once::hf75717d9f28faebf
[INFO] [stdout]                                at /rustc/90b35a6239c3d8bdabc530a6a0816f7ff89a0aaf/library/alloc/src/boxed.rs:2454:9
[INFO] [stdout]   42:     0x59b0ff7786eb - <alloc::boxed::Box<F,A> as core::ops::function::FnOnce<Args>>::call_once::h7bd883a5f3c5f3c1
[INFO] [stdout]                                at /rustc/90b35a6239c3d8bdabc530a6a0816f7ff89a0aaf/library/alloc/src/boxed.rs:2454:9
[INFO] [stdout]   43:     0x59b0ff7786eb - std::sys::pal::unix::thread::Thread::new::thread_start::hcc78f3943333fa94
[INFO] [stdout]                                at /rustc/90b35a6239c3d8bdabc530a6a0816f7ff89a0aaf/library/std/src/sys/pal/unix/thread.rs:105:17
[INFO] [stdout]   44:     0x7fd700f19ac3 - <unknown>
[INFO] [stdout]   45:     0x7fd700faaa04 - clone
[INFO] [stdout]   46:                0x0 - <unknown>
[INFO] [stdout] 
[INFO] [stdout] 
[INFO] [stdout] failures:
[INFO] [stdout]     test::test_cpp_result_eq
[INFO] [stdout] 
[INFO] [stdout] test result: FAILED. 2 passed; 1 failed; 0 ignored; 0 measured; 0 filtered out; finished in 0.06s
[INFO] [stdout] 
[INFO] [stderr] error: test failed, to rerun pass `--lib`
[INFO] running `Command { std: "docker" "inspect" "ad6c7fe1121f547e52f2013c9ad53f7529ec86ae587550afa6a8685636568727", kill_on_drop: false }`
[INFO] running `Command { std: "docker" "rm" "-f" "ad6c7fe1121f547e52f2013c9ad53f7529ec86ae587550afa6a8685636568727", kill_on_drop: false }`
[INFO] [stdout] ad6c7fe1121f547e52f2013c9ad53f7529ec86ae587550afa6a8685636568727
