[INFO] cloning repository https://github.com/CarlosEduardoL/R8
[INFO] running `Command { std: "git" "-c" "credential.helper=" "-c" "credential.helper=/workspace/cargo-home/bin/git-credential-null" "clone" "--bare" "https://github.com/CarlosEduardoL/R8" "/workspace/cache/git-repos/https%3A%2F%2Fgithub.com%2FCarlosEduardoL%2FR8", kill_on_drop: false }`
[INFO] [stderr] Cloning into bare repository '/workspace/cache/git-repos/https%3A%2F%2Fgithub.com%2FCarlosEduardoL%2FR8'...
[INFO] running `Command { std: "git" "rev-parse" "HEAD", kill_on_drop: false }`
[INFO] [stdout] 4dbc593df973e17b75150eee0e33ad69f02c9e9f
[INFO] testing CarlosEduardoL/R8 against 1.83.0 for beta-1.84.0-4-retry
[INFO] running `Command { std: "git" "clone" "/workspace/cache/git-repos/https%3A%2F%2Fgithub.com%2FCarlosEduardoL%2FR8" "/workspace/builds/worker-0-tc1/source", kill_on_drop: false }`
[INFO] [stderr] Cloning into '/workspace/builds/worker-0-tc1/source'...
[INFO] [stderr] done.
[INFO] validating manifest of git repo https://github.com/CarlosEduardoL/R8 on toolchain 1.83.0
[INFO] running `Command { std: CARGO_HOME="/workspace/cargo-home" RUSTUP_HOME="/workspace/rustup-home" "/workspace/cargo-home/bin/cargo" "+1.83.0" "metadata" "--manifest-path" "Cargo.toml" "--no-deps", kill_on_drop: false }`
[INFO] started tweaking git repo https://github.com/CarlosEduardoL/R8
[INFO] finished tweaking git repo https://github.com/CarlosEduardoL/R8
[INFO] tweaked toml for git repo https://github.com/CarlosEduardoL/R8 written to /workspace/builds/worker-0-tc1/source/Cargo.toml
[INFO] crate git repo https://github.com/CarlosEduardoL/R8 already has a lockfile, it will not be regenerated
[INFO] running `Command { std: CARGO_HOME="/workspace/cargo-home" RUSTUP_HOME="/workspace/rustup-home" "/workspace/cargo-home/bin/cargo" "+1.83.0" "fetch" "--manifest-path" "Cargo.toml", kill_on_drop: false }`
[INFO] [stderr]     Updating crates.io index
[INFO] [stderr]  Downloading crates ...
[INFO] [stderr]   Downloaded bevy_file_dialog v0.5.0
[INFO] [stderr]   Downloaded thread-id v3.3.0
[INFO] [stderr]   Downloaded simple-logging v2.0.2
[INFO] [stderr]   Downloaded anstyle-wincon v3.0.1
[INFO] [stderr]   Downloaded anstream v0.6.4
[INFO] [stderr]   Downloaded rfd v0.14.1
[INFO] [stderr]   Downloaded clap_builder v4.4.8
[INFO] [stderr]   Downloaded clap v4.4.8
[INFO] [stderr]   Downloaded gdk-pixbuf-sys v0.18.0
[INFO] [stderr]   Downloaded gtk-sys v0.18.0
[INFO] [stderr]   Downloaded objc2-core-data v0.2.0
[INFO] [stderr]   Downloaded bevy_math v0.13.2
[INFO] [stderr]   Downloaded bevy_asset_macros v0.13.2
[INFO] [stderr]   Downloaded encase_derive_impl v0.7.0
[INFO] [stderr]   Downloaded bevy_dylib v0.13.2
[INFO] [stderr]   Downloaded bevy_diagnostic v0.13.2
[INFO] [stderr]   Downloaded bevy_asset v0.13.2
[INFO] [stderr]   Downloaded wayland-backend v0.3.4
[INFO] [stderr]   Downloaded objc2-app-kit v0.2.0
[INFO] [stderr]   Downloaded naga_oil v0.13.0
[INFO] [stderr]   Downloaded objc2 v0.4.1
[INFO] [stderr]   Downloaded objc2-foundation v0.2.0
[INFO] [stderr]   Downloaded gilrs v0.10.7
[INFO] [stderr]   Downloaded bevy_render v0.13.2
[INFO] [stderr]   Downloaded bevy_pbr v0.13.2
[INFO] [stderr]   Downloaded quick-xml v0.31.0
[INFO] [stderr]   Downloaded bevy_egui v0.27.1
[INFO] [stderr]   Downloaded egui v0.27.2
[INFO] [stderr]   Downloaded taffy v0.3.19
[INFO] [stderr]   Downloaded android-activity v0.5.2
[INFO] [stderr]   Downloaded bevy_time v0.13.2
[INFO] [stderr]   Downloaded xml-rs v0.8.18
[INFO] [stderr]   Downloaded bevy_gizmos v0.13.2
[INFO] [stderr]   Downloaded bevy_scene v0.13.2
[INFO] [stderr]   Downloaded bevy_mikktspace v0.13.2
[INFO] [stderr]   Downloaded bevy_render_macros v0.13.2
[INFO] [stderr]   Downloaded wayland-scanner v0.31.2
[INFO] [stderr]   Downloaded bevy_app v0.13.2
[INFO] [stderr]   Downloaded bevy_gilrs v0.13.2
[INFO] [stderr]   Downloaded bevy_gizmos_macros v0.13.2
[INFO] [stderr]   Downloaded bevy_animation v0.13.2
[INFO] [stderr]   Downloaded naga v0.19.2
[INFO] [stderr]   Downloaded bevy_gltf v0.13.2
[INFO] [stderr]   Downloaded winit v0.29.15
[INFO] [stderr]   Downloaded bevy_encase_derive v0.13.2
[INFO] [stderr]   Downloaded bevy_core_pipeline v0.13.2
[INFO] [stderr]   Downloaded webbrowser v0.8.15
[INFO] [stderr]   Downloaded block2 v0.3.0
[INFO] [stderr]   Downloaded objc2-encode v3.0.0
[INFO] [stderr]   Downloaded sctk-adwaita v0.8.1
[INFO] [stderr]   Downloaded wayland-cursor v0.31.3
[INFO] [stderr]   Downloaded wayland-sys v0.31.2
[INFO] [stderr]   Downloaded wayland-client v0.31.3
[INFO] [stderr]   Downloaded bevy_derive v0.13.2
[INFO] [stderr]   Downloaded encase_derive v0.7.0
[INFO] [stderr]   Downloaded ruzstd v0.5.0
[INFO] [stderr]   Downloaded wgpu-core v0.19.4
[INFO] [stderr]   Downloaded d3d12 v0.19.0
[INFO] [stderr]   Downloaded epaint v0.27.2
[INFO] [stderr]   Downloaded wgpu-hal v0.19.4
[INFO] [stderr]   Downloaded wgpu v0.19.4
[INFO] [stderr]   Downloaded bevy_text v0.13.2
[INFO] [stderr]   Downloaded bevy_ui v0.13.2
[INFO] [stderr]   Downloaded bevy_a11y v0.13.2
[INFO] [stderr]   Downloaded bevy_window v0.13.2
[INFO] [stderr]   Downloaded ecolor v0.27.2
[INFO] [stderr]   Downloaded emath v0.27.2
[INFO] [stderr]   Downloaded block-sys v0.2.1
[INFO] [stderr]   Downloaded encase v0.7.0
[INFO] [stderr]   Downloaded hexasphere v10.0.0
[INFO] [stderr]   Downloaded icrate v0.0.4
[INFO] [stderr]   Downloaded wgpu-types v0.19.2
[INFO] [stderr]   Downloaded bevy_sprite v0.13.2
[INFO] [stderr]   Downloaded bevy_transform v0.13.2
[INFO] [stderr]   Downloaded accesskit_winit v0.17.0
[INFO] [stderr]   Downloaded bevy_core v0.13.2
[INFO] [stderr]   Downloaded bevy_log v0.13.2
[INFO] [stderr]   Downloaded bevy_hierarchy v0.13.2
[INFO] [stderr]   Downloaded accesskit v0.12.3
[INFO] [stderr]   Downloaded bevy_input v0.13.2
[INFO] [stderr]   Downloaded bevy_winit v0.13.2
[INFO] [stderr]   Downloaded bevy_internal v0.13.2
[INFO] [stderr]   Downloaded bevy v0.13.2
[INFO] [stderr]   Downloaded bevy_ptr v0.13.2
[INFO] [stderr]   Downloaded winnow v0.5.17
[INFO] [stderr]   Downloaded bevy_macro_utils v0.13.2
[INFO] [stderr]   Downloaded bevy_reflect_derive v0.13.2
[INFO] [stderr]   Downloaded glam v0.25.0
[INFO] [stderr]   Downloaded bevy_tasks v0.13.2
[INFO] [stderr]   Downloaded atk-sys v0.18.0
[INFO] [stderr]   Downloaded cairo-sys-rs v0.18.2
[INFO] [stderr]   Downloaded gdk-sys v0.18.0
[INFO] [stderr]   Downloaded gio-sys v0.18.1
[INFO] [stderr]   Downloaded pango-sys v0.18.0
[INFO] [stderr]   Downloaded system-deps v6.2.2
[INFO] [stderr]   Downloaded bevy_reflect v0.13.2
[INFO] [stderr]   Downloaded bevy_ecs v0.13.2
[INFO] [stderr]   Downloaded bevy_utils_proc_macros v0.13.2
[INFO] [stderr]   Downloaded uuid v1.9.0
[INFO] [stderr]   Downloaded bevy_utils v0.13.2
[INFO] [stderr]   Downloaded gobject-sys v0.18.0
[INFO] [stderr]   Downloaded version-compare v0.2.0
[INFO] [stderr]   Downloaded bevy_audio v0.13.2
[INFO] [stderr]   Downloaded bevy_ecs_macros v0.13.2
[INFO] [stderr]   Downloaded glib-sys v0.18.1
[INFO] running `Command { std: "docker" "create" "-v" "/var/lib/crater-agent-workspace/builds/worker-0-tc1/target:/opt/rustwide/target:rw,Z" "-v" "/var/lib/crater-agent-workspace/builds/worker-0-tc1/source:/opt/rustwide/workdir:ro,Z" "-v" "/var/lib/crater-agent-workspace/cargo-home:/opt/rustwide/cargo-home:ro,Z" "-v" "/var/lib/crater-agent-workspace/rustup-home:/opt/rustwide/rustup-home:ro,Z" "-e" "SOURCE_DIR=/opt/rustwide/workdir" "-e" "CARGO_TARGET_DIR=/opt/rustwide/target" "-e" "CARGO_HOME=/opt/rustwide/cargo-home" "-e" "RUSTUP_HOME=/opt/rustwide/rustup-home" "-w" "/opt/rustwide/workdir" "-m" "1610612736" "--user" "0:0" "--network" "none" "ghcr.io/rust-lang/crates-build-env/linux@sha256:f3a9d4ad9d972b27faf3965f35b62e55ba32bbce8f20bc8fe909558a86702fde" "/opt/rustwide/cargo-home/bin/cargo" "+1.83.0" "metadata" "--no-deps" "--format-version=1", kill_on_drop: false }`
[INFO] [stdout] 7ac4c5a4f192a5a14db02b4a6d3578f5a133c6e249171f069066dcad8117efd6
[INFO] running `Command { std: "docker" "start" "-a" "7ac4c5a4f192a5a14db02b4a6d3578f5a133c6e249171f069066dcad8117efd6", kill_on_drop: false }`
[INFO] running `Command { std: "docker" "inspect" "7ac4c5a4f192a5a14db02b4a6d3578f5a133c6e249171f069066dcad8117efd6", kill_on_drop: false }`
[INFO] running `Command { std: "docker" "rm" "-f" "7ac4c5a4f192a5a14db02b4a6d3578f5a133c6e249171f069066dcad8117efd6", kill_on_drop: false }`
[INFO] [stdout] 7ac4c5a4f192a5a14db02b4a6d3578f5a133c6e249171f069066dcad8117efd6
[INFO] running `Command { std: "docker" "create" "-v" "/var/lib/crater-agent-workspace/builds/worker-0-tc1/target:/opt/rustwide/target:rw,Z" "-v" "/var/lib/crater-agent-workspace/builds/worker-0-tc1/source:/opt/rustwide/workdir:ro,Z" "-v" "/var/lib/crater-agent-workspace/cargo-home:/opt/rustwide/cargo-home:ro,Z" "-v" "/var/lib/crater-agent-workspace/rustup-home:/opt/rustwide/rustup-home:ro,Z" "-e" "SOURCE_DIR=/opt/rustwide/workdir" "-e" "CARGO_TARGET_DIR=/opt/rustwide/target" "-e" "CARGO_INCREMENTAL=0" "-e" "RUST_BACKTRACE=full" "-e" "RUSTFLAGS=--cap-lints=warn" "-e" "RUSTDOCFLAGS=--cap-lints=warn" "-e" "CARGO_HOME=/opt/rustwide/cargo-home" "-e" "RUSTUP_HOME=/opt/rustwide/rustup-home" "-w" "/opt/rustwide/workdir" "-m" "1610612736" "--user" "0:0" "--network" "none" "ghcr.io/rust-lang/crates-build-env/linux@sha256:f3a9d4ad9d972b27faf3965f35b62e55ba32bbce8f20bc8fe909558a86702fde" "/opt/rustwide/cargo-home/bin/cargo" "+1.83.0" "build" "--frozen" "--message-format=json", kill_on_drop: false }`
[INFO] [stdout] 00b36bcb7b502356f6e07de558b66d7416292e44c66c5b185e0d83e086bb0b5f
[INFO] running `Command { std: "docker" "start" "-a" "00b36bcb7b502356f6e07de558b66d7416292e44c66c5b185e0d83e086bb0b5f", kill_on_drop: false }`
[INFO] [stderr]    Compiling libc v0.2.155
[INFO] [stderr]    Compiling log v0.4.20
[INFO] [stderr]    Compiling lazy_static v1.4.0
[INFO] [stderr]    Compiling thread-id v3.3.0
[INFO] [stderr]    Compiling simple-logging v2.0.2
[INFO] [stderr]    Compiling r8 v0.2.0 (/opt/rustwide/workdir)
[INFO] [stderr]     Finished `dev` profile [optimized + debuginfo] target(s) in 4.73s
[INFO] running `Command { std: "docker" "inspect" "00b36bcb7b502356f6e07de558b66d7416292e44c66c5b185e0d83e086bb0b5f", kill_on_drop: false }`
[INFO] running `Command { std: "docker" "rm" "-f" "00b36bcb7b502356f6e07de558b66d7416292e44c66c5b185e0d83e086bb0b5f", kill_on_drop: false }`
[INFO] [stdout] 00b36bcb7b502356f6e07de558b66d7416292e44c66c5b185e0d83e086bb0b5f
[INFO] running `Command { std: "docker" "create" "-v" "/var/lib/crater-agent-workspace/builds/worker-0-tc1/target:/opt/rustwide/target:rw,Z" "-v" "/var/lib/crater-agent-workspace/builds/worker-0-tc1/source:/opt/rustwide/workdir:ro,Z" "-v" "/var/lib/crater-agent-workspace/cargo-home:/opt/rustwide/cargo-home:ro,Z" "-v" "/var/lib/crater-agent-workspace/rustup-home:/opt/rustwide/rustup-home:ro,Z" "-e" "SOURCE_DIR=/opt/rustwide/workdir" "-e" "CARGO_TARGET_DIR=/opt/rustwide/target" "-e" "CARGO_INCREMENTAL=0" "-e" "RUST_BACKTRACE=full" "-e" "RUSTFLAGS=--cap-lints=warn" "-e" "RUSTDOCFLAGS=--cap-lints=warn" "-e" "CARGO_HOME=/opt/rustwide/cargo-home" "-e" "RUSTUP_HOME=/opt/rustwide/rustup-home" "-w" "/opt/rustwide/workdir" "-m" "1610612736" "--user" "0:0" "--network" "none" "ghcr.io/rust-lang/crates-build-env/linux@sha256:f3a9d4ad9d972b27faf3965f35b62e55ba32bbce8f20bc8fe909558a86702fde" "/opt/rustwide/cargo-home/bin/cargo" "+1.83.0" "test" "--frozen" "--no-run" "--message-format=json", kill_on_drop: false }`
[INFO] [stdout] 796e9f4f423cb3592b998697993b888688e59b280a6c22e6fe4e15f60d68b322
[INFO] running `Command { std: "docker" "start" "-a" "796e9f4f423cb3592b998697993b888688e59b280a6c22e6fe4e15f60d68b322", kill_on_drop: false }`
[INFO] [stderr]    Compiling r8 v0.2.0 (/opt/rustwide/workdir)
[INFO] [stderr]     Finished `test` profile [optimized + debuginfo] target(s) in 2.99s
[INFO] running `Command { std: "docker" "inspect" "796e9f4f423cb3592b998697993b888688e59b280a6c22e6fe4e15f60d68b322", kill_on_drop: false }`
[INFO] running `Command { std: "docker" "rm" "-f" "796e9f4f423cb3592b998697993b888688e59b280a6c22e6fe4e15f60d68b322", kill_on_drop: false }`
[INFO] [stdout] 796e9f4f423cb3592b998697993b888688e59b280a6c22e6fe4e15f60d68b322
[INFO] running `Command { std: "docker" "create" "-v" "/var/lib/crater-agent-workspace/builds/worker-0-tc1/target:/opt/rustwide/target:rw,Z" "-v" "/var/lib/crater-agent-workspace/builds/worker-0-tc1/source:/opt/rustwide/workdir:ro,Z" "-v" "/var/lib/crater-agent-workspace/cargo-home:/opt/rustwide/cargo-home:ro,Z" "-v" "/var/lib/crater-agent-workspace/rustup-home:/opt/rustwide/rustup-home:ro,Z" "-e" "SOURCE_DIR=/opt/rustwide/workdir" "-e" "CARGO_TARGET_DIR=/opt/rustwide/target" "-e" "CARGO_INCREMENTAL=0" "-e" "RUST_BACKTRACE=full" "-e" "RUSTFLAGS=--cap-lints=warn" "-e" "RUSTDOCFLAGS=--cap-lints=warn" "-e" "CARGO_HOME=/opt/rustwide/cargo-home" "-e" "RUSTUP_HOME=/opt/rustwide/rustup-home" "-w" "/opt/rustwide/workdir" "-m" "1610612736" "--user" "0:0" "--network" "none" "ghcr.io/rust-lang/crates-build-env/linux@sha256:f3a9d4ad9d972b27faf3965f35b62e55ba32bbce8f20bc8fe909558a86702fde" "/opt/rustwide/cargo-home/bin/cargo" "+1.83.0" "test" "--frozen", kill_on_drop: false }`
[INFO] [stdout] 6409525955db6ffcf08d231fe64c918faa38e834019793eed3c7bf2311acb4bc
[INFO] running `Command { std: "docker" "start" "-a" "6409525955db6ffcf08d231fe64c918faa38e834019793eed3c7bf2311acb4bc", kill_on_drop: false }`
[INFO] [stderr]     Finished `test` profile [optimized + debuginfo] target(s) in 0.21s
[INFO] [stderr]      Running unittests src/emulator/lib.rs (/opt/rustwide/target/debug/deps/r8-ca669f91d5a5000f)
[INFO] [stdout] 
[INFO] [stdout] running 10 tests
[INFO] [stdout] test stack::tests::test_clear ... ok
[INFO] [stdout] test stack::tests::test_push ... ok
[INFO] [stdout] test stack::tests::test_push_overflow ... ok
[INFO] [stdout] test tests::memory_load_and_access ... ok
[INFO] [stdout] test stack::tests::test_pop_underflow ... ok
[INFO] [stdout] test stack::tests::test_pop ... ok
[INFO] [stdout] test stack::tests::test_new ... ok
[INFO] [stdout] test tests::test_jump_instructions ... ok
[INFO] [stdout] test tests::test_skip ... ok
[INFO] [stdout] test assembler::test::test_assemble ... FAILED
[INFO] [stderr] error: test failed, to rerun pass `--lib`
[INFO] [stdout] 
[INFO] [stdout] failures:
[INFO] [stdout] 
[INFO] [stdout] ---- assembler::test::test_assemble stdout ----
[INFO] [stdout] thread 'assembler::test::test_assemble' panicked at src/emulator/assembler/mod.rs:287:71:
[INFO] [stdout] called `Result::unwrap()` on an `Err` value: Os { code: 2, kind: NotFound, message: "No such file or directory" }
[INFO] [stdout] stack backtrace:
[INFO] [stdout]    0:     0x637c8ac9db7a - std::backtrace_rs::backtrace::libunwind::trace::h5a5b8284f2d0c266
[INFO] [stdout]                                at /rustc/90b35a6239c3d8bdabc530a6a0816f7ff89a0aaf/library/std/src/../../backtrace/src/backtrace/libunwind.rs:116:5
[INFO] [stdout]    1:     0x637c8ac9db7a - std::backtrace_rs::backtrace::trace_unsynchronized::h76d4f1c9b0b875e3
[INFO] [stdout]                                at /rustc/90b35a6239c3d8bdabc530a6a0816f7ff89a0aaf/library/std/src/../../backtrace/src/backtrace/mod.rs:66:5
[INFO] [stdout]    2:     0x637c8ac9db7a - std::sys::backtrace::_print_fmt::hc4546b8364a537c6
[INFO] [stdout]                                at /rustc/90b35a6239c3d8bdabc530a6a0816f7ff89a0aaf/library/std/src/sys/backtrace.rs:66:9
[INFO] [stdout]    3:     0x637c8ac9db7a - <std::sys::backtrace::BacktraceLock::print::DisplayBacktrace as core::fmt::Display>::fmt::h5b6bd5631a6d1f6b
[INFO] [stdout]                                at /rustc/90b35a6239c3d8bdabc530a6a0816f7ff89a0aaf/library/std/src/sys/backtrace.rs:39:26
[INFO] [stdout]    4:     0x637c8acc2eb3 - core::fmt::rt::Argument::fmt::h270f6602a2b96f62
[INFO] [stdout]                                at /rustc/90b35a6239c3d8bdabc530a6a0816f7ff89a0aaf/library/core/src/fmt/rt.rs:177:76
[INFO] [stdout]    5:     0x637c8acc2eb3 - core::fmt::write::h7550c97b06c86515
[INFO] [stdout]                                at /rustc/90b35a6239c3d8bdabc530a6a0816f7ff89a0aaf/library/core/src/fmt/mod.rs:1186:21
[INFO] [stdout]    6:     0x637c8ac9ad43 - std::io::Write::write_fmt::h509ff860e5956e5e
[INFO] [stdout]                                at /rustc/90b35a6239c3d8bdabc530a6a0816f7ff89a0aaf/library/std/src/io/mod.rs:1839:15
[INFO] [stdout]    7:     0x637c8ac9d9c2 - std::sys::backtrace::BacktraceLock::print::h2395ccd2c84ba3aa
[INFO] [stdout]                                at /rustc/90b35a6239c3d8bdabc530a6a0816f7ff89a0aaf/library/std/src/sys/backtrace.rs:42:9
[INFO] [stdout]    8:     0x637c8ac9efda - std::panicking::default_hook::{{closure}}::he19d4c7230e07961
[INFO] [stdout]                                at /rustc/90b35a6239c3d8bdabc530a6a0816f7ff89a0aaf/library/std/src/panicking.rs:268:22
[INFO] [stdout]    9:     0x637c8ac9ede4 - std::panicking::default_hook::hf614597d3c67bbdb
[INFO] [stdout]                                at /rustc/90b35a6239c3d8bdabc530a6a0816f7ff89a0aaf/library/std/src/panicking.rs:292:9
[INFO] [stdout]   10:     0x637c8ac6a549 - <alloc::boxed::Box<F,A> as core::ops::function::Fn<Args>>::call::h39b51ce4599c23d1
[INFO] [stdout]                                at /rustc/90b35a6239c3d8bdabc530a6a0816f7ff89a0aaf/library/alloc/src/boxed.rs:2468:9
[INFO] [stdout]   11:     0x637c8ac6a549 - test::test_main::{{closure}}::he977ae839a582784
[INFO] [stdout]                                at /rustc/90b35a6239c3d8bdabc530a6a0816f7ff89a0aaf/library/test/src/lib.rs:133:21
[INFO] [stdout]   12:     0x637c8ac9f678 - <alloc::boxed::Box<F,A> as core::ops::function::Fn<Args>>::call::h9455091b6b06f9fb
[INFO] [stdout]                                at /rustc/90b35a6239c3d8bdabc530a6a0816f7ff89a0aaf/library/alloc/src/boxed.rs:2468:9
[INFO] [stdout]   13:     0x637c8ac9f678 - std::panicking::rust_panic_with_hook::h8942133a8b252070
[INFO] [stdout]                                at /rustc/90b35a6239c3d8bdabc530a6a0816f7ff89a0aaf/library/std/src/panicking.rs:809:13
[INFO] [stdout]   14:     0x637c8ac9f43a - std::panicking::begin_panic_handler::{{closure}}::hb5f5963570096b29
[INFO] [stdout]                                at /rustc/90b35a6239c3d8bdabc530a6a0816f7ff89a0aaf/library/std/src/panicking.rs:674:13
[INFO] [stdout]   15:     0x637c8ac9e059 - std::sys::backtrace::__rust_end_short_backtrace::h6208cedc1922feda
[INFO] [stdout]                                at /rustc/90b35a6239c3d8bdabc530a6a0816f7ff89a0aaf/library/std/src/sys/backtrace.rs:170:18
[INFO] [stdout]   16:     0x637c8ac9f0cc - rust_begin_unwind
[INFO] [stdout]                                at /rustc/90b35a6239c3d8bdabc530a6a0816f7ff89a0aaf/library/std/src/panicking.rs:665:5
[INFO] [stdout]   17:     0x637c8ac26470 - core::panicking::panic_fmt::h0c3082644d1bf418
[INFO] [stdout]                                at /rustc/90b35a6239c3d8bdabc530a6a0816f7ff89a0aaf/library/core/src/panicking.rs:74:14
[INFO] [stdout]   18:     0x637c8ac26816 - core::result::unwrap_failed::hd20b4aa073bda1e2
[INFO] [stdout]                                at /rustc/90b35a6239c3d8bdabc530a6a0816f7ff89a0aaf/library/core/src/result.rs:1700:5
[INFO] [stdout]   19:     0x637c8ac2fec7 - core::result::Result<T,E>::unwrap::h33e1cbef9bacd566
[INFO] [stdout]                                at /rustc/90b35a6239c3d8bdabc530a6a0816f7ff89a0aaf/library/core/src/result.rs:1104:23
[INFO] [stdout]   20:     0x637c8ac2fec7 - r8::assembler::test::test_assemble::h49c254456865114e
[INFO] [stdout]                                at /opt/rustwide/workdir/src/emulator/assembler/mod.rs:287:40
[INFO] [stdout]   21:     0x637c8ac29869 - r8::assembler::test::test_assemble::{{closure}}::hf705b55e22e902e8
[INFO] [stdout]                                at /opt/rustwide/workdir/src/emulator/assembler/mod.rs:282:23
[INFO] [stdout]   22:     0x637c8ac29869 - core::ops::function::FnOnce::call_once::haf096ee8d4a26fcc
[INFO] [stdout]                                at /rustc/90b35a6239c3d8bdabc530a6a0816f7ff89a0aaf/library/core/src/ops/function.rs:250:5
[INFO] [stdout]   23:     0x637c8ac6ef0b - core::ops::function::FnOnce::call_once::h109cf8051a59b34e
[INFO] [stdout]                                at /rustc/90b35a6239c3d8bdabc530a6a0816f7ff89a0aaf/library/core/src/ops/function.rs:250:5
[INFO] [stdout]   24:     0x637c8ac6ef0b - test::__rust_begin_short_backtrace::hf4fff89d377446ba
[INFO] [stdout]                                at /rustc/90b35a6239c3d8bdabc530a6a0816f7ff89a0aaf/library/test/src/lib.rs:621:18
[INFO] [stdout]   25:     0x637c8ac6e747 - test::run_test_in_process::{{closure}}::h0e39181dd7ee5a43
[INFO] [stdout]                                at /rustc/90b35a6239c3d8bdabc530a6a0816f7ff89a0aaf/library/test/src/lib.rs:644:60
[INFO] [stdout]   26:     0x637c8ac6e747 - <core::panic::unwind_safe::AssertUnwindSafe<F> as core::ops::function::FnOnce<()>>::call_once::hc5a66a30f0bdfd1f
[INFO] [stdout]                                at /rustc/90b35a6239c3d8bdabc530a6a0816f7ff89a0aaf/library/core/src/panic/unwind_safe.rs:272:9
[INFO] [stdout]   27:     0x637c8ac6e747 - std::panicking::try::do_call::h873b7cf639554a5e
[INFO] [stdout]                                at /rustc/90b35a6239c3d8bdabc530a6a0816f7ff89a0aaf/library/std/src/panicking.rs:557:40
[INFO] [stdout]   28:     0x637c8ac6e747 - std::panicking::try::hdb19862fad9c8bd1
[INFO] [stdout]                                at /rustc/90b35a6239c3d8bdabc530a6a0816f7ff89a0aaf/library/std/src/panicking.rs:520:19
[INFO] [stdout]   29:     0x637c8ac6e747 - std::panic::catch_unwind::h281fe732d236d260
[INFO] [stdout]                                at /rustc/90b35a6239c3d8bdabc530a6a0816f7ff89a0aaf/library/std/src/panic.rs:358:14
[INFO] [stdout]   30:     0x637c8ac6e747 - test::run_test_in_process::h949b6df8457ed338
[INFO] [stdout]                                at /rustc/90b35a6239c3d8bdabc530a6a0816f7ff89a0aaf/library/test/src/lib.rs:644:27
[INFO] [stdout]   31:     0x637c8ac6e747 - test::run_test::{{closure}}::h52c556a6d4740e10
[INFO] [stdout]                                at /rustc/90b35a6239c3d8bdabc530a6a0816f7ff89a0aaf/library/test/src/lib.rs:565:43
[INFO] [stdout]   32:     0x637c8ac33a24 - test::run_test::{{closure}}::h4237f6381c45ccb9
[INFO] [stdout]                                at /rustc/90b35a6239c3d8bdabc530a6a0816f7ff89a0aaf/library/test/src/lib.rs:595:41
[INFO] [stdout]   33:     0x637c8ac33a24 - std::sys::backtrace::__rust_begin_short_backtrace::h505c97a579eca628
[INFO] [stdout]                                at /rustc/90b35a6239c3d8bdabc530a6a0816f7ff89a0aaf/library/std/src/sys/backtrace.rs:154:18
[INFO] [stdout]   34:     0x637c8ac370ee - std::thread::Builder::spawn_unchecked_::{{closure}}::{{closure}}::h9e86b2e2bc107ea3
[INFO] [stdout]                                at /rustc/90b35a6239c3d8bdabc530a6a0816f7ff89a0aaf/library/std/src/thread/mod.rs:538:17
[INFO] [stdout]   35:     0x637c8ac370ee - <core::panic::unwind_safe::AssertUnwindSafe<F> as core::ops::function::FnOnce<()>>::call_once::h8b06ddb275ff4a25
[INFO] [stdout]                                at /rustc/90b35a6239c3d8bdabc530a6a0816f7ff89a0aaf/library/core/src/panic/unwind_safe.rs:272:9
[INFO] [stdout]   36:     0x637c8ac370ee - std::panicking::try::do_call::hb26ecd7cd9a9355d
[INFO] [stdout]                                at /rustc/90b35a6239c3d8bdabc530a6a0816f7ff89a0aaf/library/std/src/panicking.rs:557:40
[INFO] [stdout]   37:     0x637c8ac370ee - std::panicking::try::h8ddeca9d705f9069
[INFO] [stdout]                                at /rustc/90b35a6239c3d8bdabc530a6a0816f7ff89a0aaf/library/std/src/panicking.rs:520:19
[INFO] [stdout]   38:     0x637c8ac370ee - std::panic::catch_unwind::h49e1c33078844c46
[INFO] [stdout]                                at /rustc/90b35a6239c3d8bdabc530a6a0816f7ff89a0aaf/library/std/src/panic.rs:358:14
[INFO] [stdout]   39:     0x637c8ac370ee - std::thread::Builder::spawn_unchecked_::{{closure}}::h6073db6ff56ad35d
[INFO] [stdout]                                at /rustc/90b35a6239c3d8bdabc530a6a0816f7ff89a0aaf/library/std/src/thread/mod.rs:537:30
[INFO] [stdout]   40:     0x637c8ac370ee - core::ops::function::FnOnce::call_once{{vtable.shim}}::h2c5a5f3779c774f1
[INFO] [stdout]                                at /rustc/90b35a6239c3d8bdabc530a6a0816f7ff89a0aaf/library/core/src/ops/function.rs:250:5
[INFO] [stdout]   41:     0x637c8aca33db - <alloc::boxed::Box<F,A> as core::ops::function::FnOnce<Args>>::call_once::hf75717d9f28faebf
[INFO] [stdout]                                at /rustc/90b35a6239c3d8bdabc530a6a0816f7ff89a0aaf/library/alloc/src/boxed.rs:2454:9
[INFO] [stdout]   42:     0x637c8aca33db - <alloc::boxed::Box<F,A> as core::ops::function::FnOnce<Args>>::call_once::h7bd883a5f3c5f3c1
[INFO] [stdout]                                at /rustc/90b35a6239c3d8bdabc530a6a0816f7ff89a0aaf/library/alloc/src/boxed.rs:2454:9
[INFO] [stdout]   43:     0x637c8aca33db - std::sys::pal::unix::thread::Thread::new::thread_start::hcc78f3943333fa94
[INFO] [stdout]                                at /rustc/90b35a6239c3d8bdabc530a6a0816f7ff89a0aaf/library/std/src/sys/pal/unix/thread.rs:105:17
[INFO] [stdout]   44:     0x738f31a5bac3 - <unknown>
[INFO] [stdout]   45:     0x738f31aeca04 - clone
[INFO] [stdout]   46:                0x0 - <unknown>
[INFO] [stdout] 
[INFO] [stdout] 
[INFO] [stdout] failures:
[INFO] [stdout]     assembler::test::test_assemble
[INFO] [stdout] 
[INFO] [stdout] test result: FAILED. 9 passed; 1 failed; 0 ignored; 0 measured; 0 filtered out; finished in 0.03s
[INFO] [stdout] 
[INFO] running `Command { std: "docker" "inspect" "6409525955db6ffcf08d231fe64c918faa38e834019793eed3c7bf2311acb4bc", kill_on_drop: false }`
[INFO] running `Command { std: "docker" "rm" "-f" "6409525955db6ffcf08d231fe64c918faa38e834019793eed3c7bf2311acb4bc", kill_on_drop: false }`
[INFO] [stdout] 6409525955db6ffcf08d231fe64c918faa38e834019793eed3c7bf2311acb4bc
