[INFO] cloning repository https://github.com/CalebCouch/web5-rust
[INFO] running `Command { std: "git" "-c" "credential.helper=" "-c" "credential.helper=/workspace/cargo-home/bin/git-credential-null" "clone" "--bare" "https://github.com/CalebCouch/web5-rust" "/workspace/cache/git-repos/https%3A%2F%2Fgithub.com%2FCalebCouch%2Fweb5-rust", kill_on_drop: false }`
[INFO] [stderr] Cloning into bare repository '/workspace/cache/git-repos/https%3A%2F%2Fgithub.com%2FCalebCouch%2Fweb5-rust'...
[INFO] running `Command { std: "git" "rev-parse" "HEAD", kill_on_drop: false }`
[INFO] [stdout] 0eb64aabad2e6addb2d97766c157437460cd0fde
[INFO] testing CalebCouch/web5-rust against 1.83.0 for beta-1.84.0-4-retry
[INFO] running `Command { std: "git" "clone" "/workspace/cache/git-repos/https%3A%2F%2Fgithub.com%2FCalebCouch%2Fweb5-rust" "/workspace/builds/worker-4-tc1/source", kill_on_drop: false }`
[INFO] [stderr] Cloning into '/workspace/builds/worker-4-tc1/source'...
[INFO] [stderr] done.
[INFO] validating manifest of git repo https://github.com/CalebCouch/web5-rust on toolchain 1.83.0
[INFO] running `Command { std: CARGO_HOME="/workspace/cargo-home" RUSTUP_HOME="/workspace/rustup-home" "/workspace/cargo-home/bin/cargo" "+1.83.0" "metadata" "--manifest-path" "Cargo.toml" "--no-deps", kill_on_drop: false }`
[INFO] started tweaking git repo https://github.com/CalebCouch/web5-rust
[INFO] finished tweaking git repo https://github.com/CalebCouch/web5-rust
[INFO] tweaked toml for git repo https://github.com/CalebCouch/web5-rust written to /workspace/builds/worker-4-tc1/source/Cargo.toml
[INFO] crate git repo https://github.com/CalebCouch/web5-rust already has a lockfile, it will not be regenerated
[INFO] running `Command { std: CARGO_HOME="/workspace/cargo-home" RUSTUP_HOME="/workspace/rustup-home" "/workspace/cargo-home/bin/cargo" "+1.83.0" "fetch" "--manifest-path" "Cargo.toml", kill_on_drop: false }`
[INFO] [stderr]     Updating crates.io index
[INFO] [stderr]  Downloading crates ...
[INFO] [stderr]   Downloaded typeid v1.0.0
[INFO] [stderr]   Downloaded sha1_smol v1.0.1
[INFO] [stderr]   Downloaded simple-database v1.2.0
[INFO] [stderr]   Downloaded z-base-32 v0.1.4
[INFO] [stderr]   Downloaded typetag-impl v0.2.18
[INFO] [stderr]   Downloaded erased-serde v0.4.5
[INFO] [stderr]   Downloaded typetag v0.2.18
[INFO] [stderr]   Downloaded simple-dns v0.7.0
[INFO] [stderr]   Downloaded schemars_derive v0.8.21
[INFO] [stderr]   Downloaded num-cmp v0.1.0
[INFO] [stderr]   Downloaded ffi-opaque v2.0.1
[INFO] [stderr]   Downloaded leveldb v0.8.6
[INFO] [stderr]   Downloaded cast_trait_object_macros v0.1.3
[INFO] [stderr]   Downloaded erased-serde v0.3.31
[INFO] [stderr]   Downloaded dyn-clone v1.0.17
[INFO] [stderr]   Downloaded serdect v0.2.0
[INFO] [stderr]   Downloaded cast_trait_object v0.1.3
[INFO] [stderr]   Downloaded jsonrpc_client v0.7.1
[INFO] [stderr]   Downloaded fancy-regex v0.13.0
[INFO] [stderr]   Downloaded fraction v0.15.3
[INFO] [stderr]   Downloaded flate2 v1.0.31
[INFO] [stderr]   Downloaded serde_with v3.11.0
[INFO] [stderr]   Downloaded rusqlite v0.28.0
[INFO] [stderr]   Downloaded jsonschema v0.18.0
[INFO] [stderr]   Downloaded hkdf v0.12.4
[INFO] [stderr]   Downloaded p256 v0.13.2
[INFO] [stderr]   Downloaded schemars v0.8.21
[INFO] [stderr]   Downloaded clap v4.5.15
[INFO] [stderr]   Downloaded serde_bencode v0.2.4
[INFO] [stderr]   Downloaded simple-crypto v1.0.3
[INFO] [stderr]   Downloaded jsonrpc-v2 v0.13.0
[INFO] [stderr]   Downloaded bitcoin v0.32.2
[INFO] [stderr]   Downloaded extensions v0.2.0
[INFO] [stderr]   Downloaded jsonrpc_client_macro v0.3.0
[INFO] [stderr]   Downloaded bitcoin-io v0.1.2
[INFO] [stderr]   Downloaded serde_with_macros v3.11.0
[INFO] [stderr]   Downloaded primeorder v0.13.6
[INFO] [stderr]   Downloaded ecies v0.2.7
[INFO] [stderr]   Downloaded serde_derive_internals v0.29.1
[INFO] [stderr]   Downloaded secp256k1 v0.29.0
[INFO] [stderr]   Downloaded leveldb-sys v2.0.9
[INFO] [stderr]   Downloaded secp256k1-sys v0.10.0
[INFO] [stderr]   Downloaded db-key v0.0.5
[INFO] [stderr]   Downloaded libsqlite3-sys v0.25.2
[INFO] running `Command { std: "docker" "create" "-v" "/var/lib/crater-agent-workspace/builds/worker-4-tc1/target:/opt/rustwide/target:rw,Z" "-v" "/var/lib/crater-agent-workspace/builds/worker-4-tc1/source:/opt/rustwide/workdir:ro,Z" "-v" "/var/lib/crater-agent-workspace/cargo-home:/opt/rustwide/cargo-home:ro,Z" "-v" "/var/lib/crater-agent-workspace/rustup-home:/opt/rustwide/rustup-home:ro,Z" "-e" "SOURCE_DIR=/opt/rustwide/workdir" "-e" "CARGO_TARGET_DIR=/opt/rustwide/target" "-e" "CARGO_HOME=/opt/rustwide/cargo-home" "-e" "RUSTUP_HOME=/opt/rustwide/rustup-home" "-w" "/opt/rustwide/workdir" "-m" "1610612736" "--user" "0:0" "--network" "none" "ghcr.io/rust-lang/crates-build-env/linux@sha256:f3a9d4ad9d972b27faf3965f35b62e55ba32bbce8f20bc8fe909558a86702fde" "/opt/rustwide/cargo-home/bin/cargo" "+1.83.0" "metadata" "--no-deps" "--format-version=1", kill_on_drop: false }`
[INFO] [stdout] 0f8d35e99c08e16bab000b18b17b966cf5f08fcd669868584b4f6f8a1cdce1a2
[INFO] running `Command { std: "docker" "start" "-a" "0f8d35e99c08e16bab000b18b17b966cf5f08fcd669868584b4f6f8a1cdce1a2", kill_on_drop: false }`
[INFO] running `Command { std: "docker" "inspect" "0f8d35e99c08e16bab000b18b17b966cf5f08fcd669868584b4f6f8a1cdce1a2", kill_on_drop: false }`
[INFO] running `Command { std: "docker" "rm" "-f" "0f8d35e99c08e16bab000b18b17b966cf5f08fcd669868584b4f6f8a1cdce1a2", kill_on_drop: false }`
[INFO] [stdout] 0f8d35e99c08e16bab000b18b17b966cf5f08fcd669868584b4f6f8a1cdce1a2
[INFO] running `Command { std: "docker" "create" "-v" "/var/lib/crater-agent-workspace/builds/worker-4-tc1/target:/opt/rustwide/target:rw,Z" "-v" "/var/lib/crater-agent-workspace/builds/worker-4-tc1/source:/opt/rustwide/workdir:ro,Z" "-v" "/var/lib/crater-agent-workspace/cargo-home:/opt/rustwide/cargo-home:ro,Z" "-v" "/var/lib/crater-agent-workspace/rustup-home:/opt/rustwide/rustup-home:ro,Z" "-e" "SOURCE_DIR=/opt/rustwide/workdir" "-e" "CARGO_TARGET_DIR=/opt/rustwide/target" "-e" "CARGO_INCREMENTAL=0" "-e" "RUST_BACKTRACE=full" "-e" "RUSTFLAGS=--cap-lints=warn" "-e" "RUSTDOCFLAGS=--cap-lints=warn" "-e" "CARGO_HOME=/opt/rustwide/cargo-home" "-e" "RUSTUP_HOME=/opt/rustwide/rustup-home" "-w" "/opt/rustwide/workdir" "-m" "1610612736" "--user" "0:0" "--network" "none" "ghcr.io/rust-lang/crates-build-env/linux@sha256:f3a9d4ad9d972b27faf3965f35b62e55ba32bbce8f20bc8fe909558a86702fde" "/opt/rustwide/cargo-home/bin/cargo" "+1.83.0" "build" "--frozen" "--message-format=json", kill_on_drop: false }`
[INFO] [stdout] 2718c9cc76f6c65b60522df84c256648182f35d15ba95a8da166bd15209300f2
[INFO] running `Command { std: "docker" "start" "-a" "2718c9cc76f6c65b60522df84c256648182f35d15ba95a8da166bd15209300f2", kill_on_drop: false }`
[INFO] [stderr]    Compiling proc-macro2 v1.0.86
[INFO] [stderr]    Compiling unicode-ident v1.0.12
[INFO] [stderr]    Compiling libc v0.2.167
[INFO] [stderr]    Compiling version_check v0.9.5
[INFO] [stderr]    Compiling serde v1.0.210
[INFO] [stderr]    Compiling autocfg v1.3.0
[INFO] [stderr]    Compiling typenum v1.17.0
[INFO] [stderr]    Compiling memchr v2.7.4
[INFO] [stderr]    Compiling pin-project-lite v0.2.14
[INFO] [stderr]    Compiling portable-atomic v1.7.0
[INFO] [stderr]    Compiling zeroize v1.8.1
[INFO] [stderr]    Compiling critical-section v1.1.2
[INFO] [stderr]    Compiling generic-array v0.14.7
[INFO] [stderr]    Compiling itoa v1.0.11
[INFO] [stderr]    Compiling byteorder v1.5.0
[INFO] [stderr]    Compiling log v0.4.22
[INFO] [stderr]    Compiling bytes v1.7.1
[INFO] [stderr]    Compiling pkg-config v0.3.30
[INFO] [stderr]    Compiling subtle v2.4.1
[INFO] [stderr]    Compiling lock_api v0.4.12
[INFO] [stderr]    Compiling quote v1.0.36
[INFO] [stderr]    Compiling syn v2.0.74
[INFO] [stderr]    Compiling smallvec v1.13.2
[INFO] [stderr]    Compiling parking_lot_core v0.9.10
[INFO] [stderr]    Compiling futures-core v0.3.31
[INFO] [stderr]    Compiling once_cell v1.19.0
[INFO] [stderr]    Compiling getrandom v0.2.14
[INFO] [stderr]    Compiling jobserver v0.1.32
[INFO] [stderr]    Compiling scopeguard v1.2.0
[INFO] [stderr]    Compiling const-oid v0.9.6
[INFO] [stderr]    Compiling futures-sink v0.3.31
[INFO] [stderr]    Compiling rand_core v0.6.4
[INFO] [stderr]    Compiling signal-hook-registry v1.4.2
[INFO] [stderr]    Compiling socket2 v0.5.7
[INFO] [stderr]    Compiling mio v1.0.2
[INFO] [stderr]    Compiling cc v1.1.10
[INFO] [stderr]    Compiling parking_lot v0.12.3
[INFO] [stderr]    Compiling block-buffer v0.10.4
[INFO] [stderr]    Compiling crypto-common v0.1.6
[INFO] [stderr]    Compiling slab v0.4.9
[INFO] [stderr]    Compiling digest v0.10.7
[INFO] [stderr]    Compiling futures-channel v0.3.31
[INFO] [stderr]    Compiling num-traits v0.2.19
[INFO] [stderr]    Compiling futures-io v0.3.31
[INFO] [stderr]    Compiling vcpkg v0.2.15
[INFO] [stderr]    Compiling futures-task v0.3.31
[INFO] [stderr]    Compiling pin-utils v0.1.0
[INFO] [stderr]    Compiling ahash v0.8.11
[INFO] [stderr]    Compiling tracing-core v0.1.32
[INFO] [stderr]    Compiling ryu v1.0.18
[INFO] [stderr]    Compiling serde_json v1.0.128
[INFO] [stderr]    Compiling httparse v1.9.4
[INFO] [stderr]    Compiling bitflags v2.6.0
[INFO] [stderr]    Compiling allocator-api2 v0.2.18
[INFO] [stderr]    Compiling tracing v0.1.40
[INFO] [stderr]    Compiling crunchy v0.2.2
[INFO] [stderr]    Compiling percent-encoding v2.3.1
[INFO] [stderr]    Compiling cpufeatures v0.2.12
[INFO] [stderr]    Compiling http v0.2.12
[INFO] [stderr]    Compiling base64ct v1.6.0
[INFO] [stderr]    Compiling tinyvec v1.8.0
[INFO] [stderr]    Compiling pem-rfc7468 v0.7.0
[INFO] [stderr]    Compiling sha1_smol v1.0.1
[INFO] [stderr]    Compiling openssl-sys v0.9.103
[INFO] [stderr]    Compiling openssl v0.10.66
[INFO] [stderr]    Compiling strsim v0.11.1
[INFO] [stderr]    Compiling foreign-types-shared v0.1.1
[INFO] [stderr]    Compiling equivalent v1.0.1
[INFO] [stderr]    Compiling try-lock v0.2.5
[INFO] [stderr]    Compiling digest v0.9.0
[INFO] [stderr]    Compiling want v0.3.1
[INFO] [stderr]    Compiling foreign-types v0.3.2
[INFO] [stderr]    Compiling der v0.7.9
[INFO] [stderr]    Compiling unicode-normalization v0.1.23
[INFO] [stderr]    Compiling zstd-sys v2.0.13+zstd.1.5.6
[INFO] [stderr]    Compiling form_urlencoded v1.2.1
[INFO] [stderr]    Compiling unicode-bidi v0.3.15
[INFO] [stderr]    Compiling tower-service v0.3.2
[INFO] [stderr]    Compiling iana-time-zone v0.1.60
[INFO] [stderr]    Compiling libsecp256k1-core v0.3.0
[INFO] [stderr]    Compiling idna v0.5.0
[INFO] [stderr]    Compiling hmac v0.12.1
[INFO] [stderr]    Compiling aho-corasick v1.1.3
[INFO] [stderr]    Compiling spki v0.7.3
[INFO] [stderr]    Compiling serde_derive_internals v0.29.1
[INFO] [stderr]    Compiling semver v1.0.23
[INFO] [stderr]    Compiling regex-syntax v0.8.4
[INFO] [stderr]    Compiling httpdate v1.0.3
[INFO] [stderr]    Compiling syn v1.0.109
[INFO] [stderr]    Compiling dyn-clone v1.0.17
[INFO] [stderr]    Compiling mime v0.3.17
[INFO] [stderr]    Compiling paste v1.0.15
[INFO] [stderr]    Compiling schemars v0.8.21
[INFO] [stderr]    Compiling base16ct v0.2.0
[INFO] [stderr]    Compiling pkcs8 v0.10.2
[INFO] [stderr]    Compiling num-integer v0.1.46
[INFO] [stderr]    Compiling ff v0.13.0
[INFO] [stderr]    Compiling http v1.1.0
[INFO] [stderr]    Compiling native-tls v0.2.12
[INFO] [stderr]    Compiling local-waker v0.1.4
[INFO] [stderr]    Compiling powerfmt v0.2.0
[INFO] [stderr]    Compiling num-conv v0.1.0
[INFO] [stderr]    Compiling time-core v0.1.2
[INFO] [stderr]    Compiling ident_case v1.0.1
[INFO] [stderr]    Compiling alloc-no-stdlib v2.0.4
[INFO] [stderr]    Compiling bitcoin-internals v0.3.0
[INFO] [stderr]    Compiling arrayvec v0.7.4
[INFO] [stderr]    Compiling zstd-safe v7.2.1
[INFO] [stderr]    Compiling alloc-stdlib v0.2.2
[INFO] [stderr]    Compiling darling_core v0.20.10
[INFO] [stderr]    Compiling serde_derive v1.0.210
[INFO] [stderr]    Compiling zerocopy-derive v0.7.35
[INFO] [stderr]    Compiling tokio-macros v2.4.0
[INFO] [stderr]    Compiling futures-macro v0.3.31
[INFO] [stderr]    Compiling openssl-macros v0.1.1
[INFO] [stderr]    Compiling zerocopy v0.7.35
[INFO] [stderr]    Compiling tokio v1.41.1
[INFO] [stderr]    Compiling futures-util v0.3.31
[INFO] [stderr]    Compiling ppv-lite86 v0.2.20
[INFO] [stderr]    Compiling regex-automata v0.4.7
[INFO] [stderr]    Compiling rand_chacha v0.3.1
[INFO] [stderr]    Compiling rand v0.8.5
[INFO] [stderr]    Compiling schemars_derive v0.8.21
[INFO] [stderr]    Compiling http-body v1.0.1
[INFO] [stderr]    Compiling hex-conservative v0.2.1
[INFO] [stderr]    Compiling pin-project-internal v1.1.5
[INFO] [stderr]    Compiling time-macros v0.2.18
[INFO] [stderr]    Compiling deranged v0.3.11
[INFO] [stderr]    Compiling tokio-util v0.7.11
[INFO] [stderr]    Compiling group v0.13.0
[INFO] [stderr]    Compiling libsecp256k1-gen-ecmult v0.3.0
[INFO] [stderr]    Compiling libsecp256k1-gen-genmult v0.3.0
[INFO] [stderr]    Compiling secp256k1-sys v0.10.0
[INFO] [stderr]    Compiling sha2 v0.10.8
[INFO] [stderr]    Compiling signature v2.2.0
[INFO] [stderr]    Compiling crypto-bigint v0.5.5
[INFO] [stderr]    Compiling proc-macro-error-attr v1.0.4
[INFO] [stderr]    Compiling encoding_rs v0.8.34
[INFO] [stderr]    Compiling regex-lite v0.1.6
[INFO] [stderr]    Compiling hashbrown v0.14.5
[INFO] [stderr]    Compiling uuid v1.10.0
[INFO] [stderr]    Compiling chrono v0.4.38
[INFO] [stderr]    Compiling either v1.13.0
[INFO] [stderr]    Compiling url v2.5.2
[INFO] [stderr]    Compiling indexmap v2.3.0
[INFO] [stderr]    Compiling serdect v0.2.0
[INFO] [stderr]    Compiling serde_urlencoded v0.7.1
[INFO] [stderr]    Compiling sec1 v0.7.3
[INFO] [stderr]    Compiling bitcoin-io v0.1.2
[INFO] [stderr]    Compiling openssl-probe v0.1.5
[INFO] [stderr]    Compiling heck v0.5.0
[INFO] [stderr]    Compiling utf8parse v0.2.2
[INFO] [stderr]    Compiling base64 v0.22.1
[INFO] [stderr]    Compiling h2 v0.3.26
[INFO] [stderr]    Compiling miniz_oxide v0.7.4
[INFO] [stderr]    Compiling bytestring v1.3.1
[INFO] [stderr]    Compiling anstyle-parse v0.2.5
[INFO] [stderr]    Compiling elliptic-curve v0.13.8
[INFO] [stderr]    Compiling libsecp256k1 v0.7.1
[INFO] [stderr]    Compiling actix-service v2.0.2
[INFO] [stderr]    Compiling time v0.3.36
[INFO] [stderr]    Compiling rustc_version v0.4.0
[INFO] [stderr]    Compiling pin-project v1.1.5
[INFO] [stderr]    Compiling actix-rt v2.10.0
[INFO] [stderr]    Compiling regex v1.10.6
[INFO] [stderr]    Compiling darling_macro v0.20.10
[INFO] [stderr]    Compiling bitcoin_hashes v0.14.0
[INFO] [stderr]    Compiling brotli-decompressor v4.0.1
[INFO] [stderr]    Compiling actix-utils v3.0.1
[INFO] [stderr]    Compiling num-bigint v0.4.6
[INFO] [stderr]    Compiling http-body v0.4.6
[INFO] [stderr]    Compiling libsqlite3-sys v0.25.2
[INFO] [stderr]    Compiling proc-macro-error v1.0.4
[INFO] [stderr]    Compiling cookie v0.16.2
[INFO] [stderr]    Compiling crc32fast v1.4.2
[INFO] [stderr]    Compiling ipnet v2.9.0
[INFO] [stderr]    Compiling colorchoice v1.0.2
[INFO] [stderr]    Compiling anstyle-query v1.1.1
[INFO] [stderr]    Compiling anstyle v1.0.8
[INFO] [stderr]    Compiling thiserror v1.0.64
[INFO] [stderr]    Compiling hex_lit v0.1.1
[INFO] [stderr]    Compiling is_terminal_polyfill v1.70.1
[INFO] [stderr]    Compiling tower-layer v0.3.2
[INFO] [stderr]    Compiling convert_case v0.4.0
[INFO] [stderr]    Compiling tower v0.4.13
[INFO] [stderr]    Compiling anstream v0.6.15
[INFO] [stderr]    Compiling num-rational v0.4.2
[INFO] [stderr]    Compiling flate2 v1.0.31
[INFO] [stderr]    Compiling derive_more v0.99.18
[INFO] [stderr]    Compiling brotli v6.0.0
[INFO] [stderr]    Compiling darling v0.20.10
[INFO] [stderr]    Compiling curve25519-dalek v4.1.3
[INFO] [stderr]    Compiling hyper v0.14.30
[INFO] [stderr]    Compiling zstd v0.13.2
[INFO] [stderr]    Compiling actix-router v0.5.3
[INFO] [stderr]    Compiling tokio-native-tls v0.3.1
[INFO] [stderr]    Compiling actix-codec v0.5.2
[INFO] [stderr]    Compiling hyper v1.4.1
[INFO] [stderr]    Compiling thiserror-impl v1.0.64
[INFO] [stderr]    Compiling async-trait v0.1.83
[INFO] [stderr]    Compiling local-channel v0.1.5
[INFO] [stderr]    Compiling num-iter v0.1.45
[INFO] [stderr]    Compiling toml v0.5.11
[INFO] [stderr]    Compiling rfc6979 v0.4.0
[INFO] [stderr]    Compiling num-complex v0.4.6
[INFO] [stderr]    Compiling sha1 v0.10.6
[INFO] [stderr]    Compiling gimli v0.31.1
[INFO] [stderr]    Compiling arrayref v0.3.8
[INFO] [stderr]    Compiling base64 v0.21.7
[INFO] [stderr]    Compiling typeid v1.0.0
[INFO] [stderr]    Compiling base64 v0.13.1
[INFO] [stderr]    Compiling adler2 v2.0.0
[INFO] [stderr]    Compiling clap_lex v0.7.2
[INFO] [stderr]    Compiling bit-vec v0.6.3
[INFO] [stderr]    Compiling gcc v0.3.55
[INFO] [stderr]    Compiling language-tags v0.3.2
[INFO] [stderr]    Compiling bitcoin v0.32.2
[INFO] [stderr]    Compiling anyhow v1.0.86
[INFO] [stderr]    Compiling nom v7.1.3
[INFO] [stderr]    Compiling bit-set v0.5.3
[INFO] [stderr]    Compiling clap_builder v4.5.15
[INFO] [stderr]    Compiling proc-macro-crate v0.1.5
[INFO] [stderr]    Compiling rust-crypto v0.2.36
[INFO] [stderr]    Compiling hyper-tls v0.5.0
[INFO] [stderr]    Compiling actix-http v3.9.0
[INFO] [stderr]    Compiling miniz_oxide v0.8.0
[INFO] [stderr]    Compiling rustls-pemfile v1.0.4
[INFO] [stderr]    Compiling num v0.4.3
[INFO] [stderr]    Compiling erased-serde v0.4.5
[INFO] [stderr]    Compiling addr2line v0.24.2
[INFO] [stderr]    Compiling ecdsa v0.16.9
[INFO] [stderr]    Compiling hyper-util v0.1.7
[INFO] [stderr]    Compiling actix-web-codegen v4.3.0
[INFO] [stderr]    Compiling serde_with_macros v3.11.0
[INFO] [stderr]    Compiling secp256k1 v0.29.0
[INFO] [stderr]    Compiling base58ck v0.1.0
[INFO] [stderr]    Compiling actix-server v2.5.0
[INFO] [stderr]    Compiling bitcoin-units v0.1.2
[INFO] [stderr]    Compiling clap_derive v4.5.13
[INFO] [stderr]    Compiling hashlink v0.8.4
[INFO] [stderr]    Compiling http-body-util v0.1.2
[INFO] [stderr]    Compiling futures-executor v0.3.31
[INFO] [stderr]    Compiling curve25519-dalek-derive v0.1.1
[INFO] [stderr]    Compiling actix-macros v0.2.4
[INFO] [stderr]    Compiling hkdf v0.12.4
[INFO] [stderr]    Compiling rand v0.4.6
[INFO] [stderr]    Compiling fxhash v0.2.1
[INFO] [stderr]    Compiling object v0.36.3
[INFO] [stderr]    Compiling sync_wrapper v1.0.1
[INFO] [stderr]    Compiling hex v0.4.3
[INFO] [stderr]    Compiling fallible-streaming-iterator v0.1.9
[INFO] [stderr]    Compiling fallible-iterator v0.2.0
[INFO] [stderr]    Compiling lazy_static v1.5.0
[INFO] [stderr]    Compiling bech32 v0.11.0
[INFO] [stderr]    Compiling sync_wrapper v0.1.2
[INFO] [stderr]    Compiling impl-more v0.1.6
[INFO] [stderr]    Compiling rustc-demangle v0.1.24
[INFO] [stderr]    Compiling reqwest v0.11.27
[INFO] [stderr]    Compiling rusqlite v0.28.0
[INFO] [stderr]    Compiling actix-web v4.9.0
[INFO] [stderr]    Compiling cast_trait_object_macros v0.1.3
[INFO] [stderr]    Compiling clap v4.5.15
[INFO] [stderr]    Compiling fraction v0.15.3
[INFO] [stderr]    Compiling rand v0.3.23
[INFO] [stderr]    Compiling reqwest v0.12.5
[INFO] [stderr]    Compiling extensions v0.2.0
[INFO] [stderr]    Compiling ecies v0.2.7
[INFO] [stderr]    Compiling futures v0.3.31
[INFO] [stderr]    Compiling serde_with v3.11.0
[INFO] [stderr]    Compiling iso8601 v0.6.1
[INFO] [stderr]    Compiling fancy-regex v0.13.0
[INFO] [stderr]    Compiling backtrace v0.3.74
[INFO] [stderr]    Compiling jsonrpc_client_macro v0.3.0
[INFO] [stderr]    Compiling primeorder v0.13.6
[INFO] [stderr]    Compiling snafu-derive v0.8.5
[INFO] [stderr]    Compiling ed25519 v2.2.3
[INFO] [stderr]    Compiling erased-serde v0.3.31
[INFO] [stderr]    Compiling serde_bytes v0.11.15
[INFO] [stderr]    Compiling typetag-impl v0.2.18
[INFO] [stderr]    Compiling time v0.1.45
[INFO] [stderr]    Compiling rustc-serialize v0.3.25
[INFO] [stderr]    Compiling num-cmp v0.1.0
[INFO] [stderr]    Compiling bytecount v0.6.8
[INFO] [stderr]    Compiling inventory v0.3.15
[INFO] [stderr]    Compiling typetag v0.2.18
[INFO] [stderr]    Compiling jsonschema v0.18.0
[INFO] [stderr]    Compiling jsonrpc-v2 v0.13.0
[INFO] [stderr]    Compiling simple-crypto v1.0.3
[INFO] [stderr]    Compiling serde_bencode v0.2.4
[INFO] [stderr]    Compiling ed25519-dalek v2.1.1
[INFO] [stderr]    Compiling snafu v0.8.5
[INFO] [stderr]    Compiling p256 v0.13.2
[INFO] [stderr]    Compiling jsonrpc_client v0.7.1
[INFO] [stderr]    Compiling cast_trait_object v0.1.3
[INFO] [stderr]    Compiling simple-database v1.2.0
[INFO] [stderr]    Compiling k256 v0.13.3
[INFO] [stderr]    Compiling itertools v0.13.0
[INFO] [stderr]    Compiling ulid v1.1.3
[INFO] [stderr]    Compiling simple-dns v0.7.0
[INFO] [stderr]    Compiling downcast-rs v1.2.1
[INFO] [stderr]    Compiling z-base-32 v0.1.4
[INFO] [stderr]    Compiling db-key v0.0.5
[INFO] [stderr]    Compiling web5-rust v2.0.0-beta5 (/opt/rustwide/workdir)
[INFO] [stdout] warning: unused import: `super::traits::TypeDebug`
[INFO] [stdout]   --> src/agent/structs.rs:26:5
[INFO] [stdout]    |
[INFO] [stdout] 26 | use super::traits::TypeDebug;
[INFO] [stdout]    |     ^^^^^^^^^^^^^^^^^^^^^^^^
[INFO] [stdout]    |
[INFO] [stdout]    = note: `#[warn(unused_imports)]` on by default
[INFO] [stdout] 
[INFO] [stdout] 
[INFO] [stdout] warning: unused import: `Tasks`
[INFO] [stdout]  --> src/agent/traits.rs:3:22
[INFO] [stdout]   |
[INFO] [stdout] 3 | use super::structs::{Tasks, Task};
[INFO] [stdout]   |                      ^^^^^
[INFO] [stdout] 
[INFO] [stdout] 
[INFO] [stdout] warning: unused import: `simple_crypto::PublicKey`
[INFO] [stdout]   --> src/agent/compiler.rs:27:5
[INFO] [stdout]    |
[INFO] [stdout] 27 | use simple_crypto::PublicKey;
[INFO] [stdout]    |     ^^^^^^^^^^^^^^^^^^^^^^^^
[INFO] [stdout] 
[INFO] [stdout] 
[INFO] [stdout] warning: unused import: `super::traits::TypeDebug`
[INFO] [stdout]   --> src/agent/compiler.rs:32:5
[INFO] [stdout]    |
[INFO] [stdout] 32 | use super::traits::TypeDebug;
[INFO] [stdout]    |     ^^^^^^^^^^^^^^^^^^^^^^^^
[INFO] [stdout] 
[INFO] [stdout] 
[INFO] [stdout] warning: unused import: `Index`
[INFO] [stdout]   --> src/agent/scripts.rs:23:55
[INFO] [stdout]    |
[INFO] [stdout] 23 | use simple_database::database::{Filters, SortOptions, Index};
[INFO] [stdout]    |                                                       ^^^^^
[INFO] [stdout] 
[INFO] [stdout] 
[INFO] [stdout] warning: associated function `protocol_folder` is never used
[INFO] [stdout]    --> src/agent/protocol.rs:167:12
[INFO] [stdout]     |
[INFO] [stdout] 118 | impl SystemProtocols {
[INFO] [stdout]     | -------------------- associated function in this implementation
[INFO] [stdout] ...
[INFO] [stdout] 167 |     pub fn protocol_folder(protocol: Uuid) -> Protocol {
[INFO] [stdout]     |            ^^^^^^^^^^^^^^^
[INFO] [stdout]     |
[INFO] [stdout]     = note: `#[warn(dead_code)]` on by default
[INFO] [stdout] 
[INFO] [stdout] 
[INFO] [stderr]     Finished `dev` profile [unoptimized + debuginfo] target(s) in 5m 27s
[INFO] running `Command { std: "docker" "inspect" "2718c9cc76f6c65b60522df84c256648182f35d15ba95a8da166bd15209300f2", kill_on_drop: false }`
[INFO] running `Command { std: "docker" "rm" "-f" "2718c9cc76f6c65b60522df84c256648182f35d15ba95a8da166bd15209300f2", kill_on_drop: false }`
[INFO] [stdout] 2718c9cc76f6c65b60522df84c256648182f35d15ba95a8da166bd15209300f2
[INFO] running `Command { std: "docker" "create" "-v" "/var/lib/crater-agent-workspace/builds/worker-4-tc1/target:/opt/rustwide/target:rw,Z" "-v" "/var/lib/crater-agent-workspace/builds/worker-4-tc1/source:/opt/rustwide/workdir:ro,Z" "-v" "/var/lib/crater-agent-workspace/cargo-home:/opt/rustwide/cargo-home:ro,Z" "-v" "/var/lib/crater-agent-workspace/rustup-home:/opt/rustwide/rustup-home:ro,Z" "-e" "SOURCE_DIR=/opt/rustwide/workdir" "-e" "CARGO_TARGET_DIR=/opt/rustwide/target" "-e" "CARGO_INCREMENTAL=0" "-e" "RUST_BACKTRACE=full" "-e" "RUSTFLAGS=--cap-lints=warn" "-e" "RUSTDOCFLAGS=--cap-lints=warn" "-e" "CARGO_HOME=/opt/rustwide/cargo-home" "-e" "RUSTUP_HOME=/opt/rustwide/rustup-home" "-w" "/opt/rustwide/workdir" "-m" "1610612736" "--user" "0:0" "--network" "none" "ghcr.io/rust-lang/crates-build-env/linux@sha256:f3a9d4ad9d972b27faf3965f35b62e55ba32bbce8f20bc8fe909558a86702fde" "/opt/rustwide/cargo-home/bin/cargo" "+1.83.0" "test" "--frozen" "--no-run" "--message-format=json", kill_on_drop: false }`
[INFO] [stdout] 5ea27825b820292da214002f3034584ae920b358bf368cbcaed9cca566895bd6
[INFO] running `Command { std: "docker" "start" "-a" "5ea27825b820292da214002f3034584ae920b358bf368cbcaed9cca566895bd6", kill_on_drop: false }`
[INFO] [stdout] warning: unused import: `super::traits::TypeDebug`
[INFO] [stdout]   --> src/agent/structs.rs:26:5
[INFO] [stdout]    |
[INFO] [stdout] 26 | use super::traits::TypeDebug;
[INFO] [stdout]    |     ^^^^^^^^^^^^^^^^^^^^^^^^
[INFO] [stdout]    |
[INFO] [stdout]    = note: `#[warn(unused_imports)]` on by default
[INFO] [stdout] 
[INFO] [stdout] 
[INFO] [stdout] warning: unused import: `Tasks`
[INFO] [stdout]  --> src/agent/traits.rs:3:22
[INFO] [stdout]   |
[INFO] [stdout] 3 | use super::structs::{Tasks, Task};
[INFO] [stdout]   |                      ^^^^^
[INFO] [stdout] 
[INFO] [stdout] 
[INFO] [stdout] warning: unused import: `simple_crypto::PublicKey`
[INFO] [stdout]   --> src/agent/compiler.rs:27:5
[INFO] [stdout]    |
[INFO] [stdout] 27 | use simple_crypto::PublicKey;
[INFO] [stdout]    |     ^^^^^^^^^^^^^^^^^^^^^^^^
[INFO] [stdout] 
[INFO] [stdout] 
[INFO] [stdout] warning: unused import: `super::traits::TypeDebug`
[INFO] [stdout]   --> src/agent/compiler.rs:32:5
[INFO] [stdout]    |
[INFO] [stdout] 32 | use super::traits::TypeDebug;
[INFO] [stdout]    |     ^^^^^^^^^^^^^^^^^^^^^^^^
[INFO] [stdout] 
[INFO] [stdout] 
[INFO] [stdout] warning: unused import: `Index`
[INFO] [stdout]   --> src/agent/scripts.rs:23:55
[INFO] [stdout]    |
[INFO] [stdout] 23 | use simple_database::database::{Filters, SortOptions, Index};
[INFO] [stdout]    |                                                       ^^^^^
[INFO] [stdout] 
[INFO] [stdout] 
[INFO] [stdout] warning: associated function `protocol_folder` is never used
[INFO] [stdout]    --> src/agent/protocol.rs:167:12
[INFO] [stdout]     |
[INFO] [stdout] 118 | impl SystemProtocols {
[INFO] [stdout]     | -------------------- associated function in this implementation
[INFO] [stdout] ...
[INFO] [stdout] 167 |     pub fn protocol_folder(protocol: Uuid) -> Protocol {
[INFO] [stdout]     |            ^^^^^^^^^^^^^^^
[INFO] [stdout]     |
[INFO] [stdout]     = note: `#[warn(dead_code)]` on by default
[INFO] [stdout] 
[INFO] [stdout] 
[INFO] [stderr]    Compiling web5-rust v2.0.0-beta5 (/opt/rustwide/workdir)
[INFO] [stdout] warning: unused import: `super::traits::TypeDebug`
[INFO] [stdout]   --> src/agent/structs.rs:26:5
[INFO] [stdout]    |
[INFO] [stdout] 26 | use super::traits::TypeDebug;
[INFO] [stdout]    |     ^^^^^^^^^^^^^^^^^^^^^^^^
[INFO] [stdout]    |
[INFO] [stdout]    = note: `#[warn(unused_imports)]` on by default
[INFO] [stdout] 
[INFO] [stdout] 
[INFO] [stdout] warning: unused import: `Tasks`
[INFO] [stdout]  --> src/agent/traits.rs:3:22
[INFO] [stdout]   |
[INFO] [stdout] 3 | use super::structs::{Tasks, Task};
[INFO] [stdout]   |                      ^^^^^
[INFO] [stdout] 
[INFO] [stdout] 
[INFO] [stdout] warning: unused import: `simple_crypto::PublicKey`
[INFO] [stdout]   --> src/agent/compiler.rs:27:5
[INFO] [stdout]    |
[INFO] [stdout] 27 | use simple_crypto::PublicKey;
[INFO] [stdout]    |     ^^^^^^^^^^^^^^^^^^^^^^^^
[INFO] [stdout] 
[INFO] [stdout] 
[INFO] [stdout] warning: unused import: `super::traits::TypeDebug`
[INFO] [stdout]   --> src/agent/compiler.rs:32:5
[INFO] [stdout]    |
[INFO] [stdout] 32 | use super::traits::TypeDebug;
[INFO] [stdout]    |     ^^^^^^^^^^^^^^^^^^^^^^^^
[INFO] [stdout] 
[INFO] [stdout] 
[INFO] [stdout] warning: unused import: `Index`
[INFO] [stdout]   --> src/agent/scripts.rs:23:55
[INFO] [stdout]    |
[INFO] [stdout] 23 | use simple_database::database::{Filters, SortOptions, Index};
[INFO] [stdout]    |                                                       ^^^^^
[INFO] [stdout] 
[INFO] [stdout] 
[INFO] [stdout] warning: unused import: `snafu::ErrorCompat`
[INFO] [stdout]   --> src/tests.rs:11:5
[INFO] [stdout]    |
[INFO] [stdout] 11 | use snafu::ErrorCompat;
[INFO] [stdout]    |     ^^^^^^^^^^^^^^^^^^
[INFO] [stdout] 
[INFO] [stdout] 
[INFO] [stdout] warning: unused imports: `Filter` and `Filters`
[INFO] [stdout]   --> src/tests.rs:16:33
[INFO] [stdout]    |
[INFO] [stdout] 16 | use simple_database::database::{Filter, Filters};
[INFO] [stdout]    |                                 ^^^^^^  ^^^^^^^
[INFO] [stdout] 
[INFO] [stdout] 
[INFO] [stdout] warning: unused imports: `RecordPath` and `Record`
[INFO] [stdout]   --> src/tests.rs:30:29
[INFO] [stdout]    |
[INFO] [stdout] 30 | use crate::agent::structs::{RecordPath, Record};
[INFO] [stdout]    |                             ^^^^^^^^^^  ^^^^^^
[INFO] [stdout] 
[INFO] [stdout] 
[INFO] [stdout] warning: unused import: `uuid::Uuid`
[INFO] [stdout]   --> src/tests.rs:40:5
[INFO] [stdout]    |
[INFO] [stdout] 40 | use uuid::Uuid;
[INFO] [stdout]    |     ^^^^^^^^^^
[INFO] [stdout] 
[INFO] [stdout] 
[INFO] [stdout] warning: unused variable: `b_id`
[INFO] [stdout]    --> src/tests.rs:105:10
[INFO] [stdout]     |
[INFO] [stdout] 105 |     let (b_id, b_doc) = get_user(vec![brd_did.clone()])?;
[INFO] [stdout]     |          ^^^^ help: if this is intentional, prefix it with an underscore: `_b_id`
[INFO] [stdout]     |
[INFO] [stdout]     = note: `#[warn(unused_variables)]` on by default
[INFO] [stdout] 
[INFO] [stdout] 
[INFO] [stdout] warning: unused variable: `b_did`
[INFO] [stdout]    --> src/tests.rs:106:9
[INFO] [stdout]     |
[INFO] [stdout] 106 |     let b_did = b_doc.did();
[INFO] [stdout]     |         ^^^^^ help: if this is intentional, prefix it with an underscore: `_b_did`
[INFO] [stdout] 
[INFO] [stdout] 
[INFO] [stdout] warning: unused variable: `c_id`
[INFO] [stdout]    --> src/tests.rs:109:10
[INFO] [stdout]     |
[INFO] [stdout] 109 |     let (c_id, c_doc) = get_user(vec![crd_did.clone()])?;
[INFO] [stdout]     |          ^^^^ help: if this is intentional, prefix it with an underscore: `_c_id`
[INFO] [stdout] 
[INFO] [stdout] 
[INFO] [stdout] warning: unused variable: `c_did`
[INFO] [stdout]    --> src/tests.rs:110:9
[INFO] [stdout]     |
[INFO] [stdout] 110 |     let c_did = c_doc.did();
[INFO] [stdout]     |         ^^^^^ help: if this is intentional, prefix it with an underscore: `_c_did`
[INFO] [stdout] 
[INFO] [stdout] 
[INFO] [stdout] warning: unused variable: `ard`
[INFO] [stdout]    --> src/tests.rs:120:9
[INFO] [stdout]     |
[INFO] [stdout] 120 |     let ard = tokio::spawn(JsonRpcServer{}.start_server(ard, ard_port).await?);
[INFO] [stdout]     |         ^^^ help: if this is intentional, prefix it with an underscore: `_ard`
[INFO] [stdout] 
[INFO] [stdout] 
[INFO] [stdout] warning: unused variable: `brd`
[INFO] [stdout]    --> src/tests.rs:125:9
[INFO] [stdout]     |
[INFO] [stdout] 125 |     let brd = tokio::spawn(JsonRpcServer{}.start_server(brd, brd_port).await?);
[INFO] [stdout]     |         ^^^ help: if this is intentional, prefix it with an underscore: `_brd`
[INFO] [stdout] 
[INFO] [stdout] 
[INFO] [stdout] warning: unused variable: `crd`
[INFO] [stdout]    --> src/tests.rs:130:9
[INFO] [stdout]     |
[INFO] [stdout] 130 |     let crd = tokio::spawn(JsonRpcServer{}.start_server(crd, crd_port).await?);
[INFO] [stdout]     |         ^^^ help: if this is intentional, prefix it with an underscore: `_crd`
[INFO] [stdout] 
[INFO] [stdout] 
[INFO] [stdout] warning: unused variable: `id`
[INFO] [stdout]    --> src/tests.rs:175:9
[INFO] [stdout]     |
[INFO] [stdout] 175 |     let id = record.uuid;
[INFO] [stdout]     |         ^^ help: if this is intentional, prefix it with an underscore: `_id`
[INFO] [stdout] 
[INFO] [stdout] 
[INFO] [stdout] warning: unused variable: `mem`
[INFO] [stdout]    --> src/tests.rs:188:15
[INFO] [stdout]     |
[INFO] [stdout] 188 |     let (res, mem) = compiler.compile().await;
[INFO] [stdout]     |               ^^^ help: if this is intentional, prefix it with an underscore: `_mem`
[INFO] [stdout] 
[INFO] [stdout] 
[INFO] [stdout] warning: variable does not need to be mutable
[INFO] [stdout]    --> src/tests.rs:170:9
[INFO] [stdout]     |
[INFO] [stdout] 170 |     let mut mem = alice_agent.new_compiler_memory();
[INFO] [stdout]     |         ----^^^
[INFO] [stdout]     |         |
[INFO] [stdout]     |         help: remove this `mut`
[INFO] [stdout]     |
[INFO] [stdout]     = note: `#[warn(unused_mut)]` on by default
[INFO] [stdout] 
[INFO] [stdout] 
[INFO] [stdout] warning: associated function `protocol_folder` is never used
[INFO] [stdout]    --> src/agent/protocol.rs:167:12
[INFO] [stdout]     |
[INFO] [stdout] 118 | impl SystemProtocols {
[INFO] [stdout]     | -------------------- associated function in this implementation
[INFO] [stdout] ...
[INFO] [stdout] 167 |     pub fn protocol_folder(protocol: Uuid) -> Protocol {
[INFO] [stdout]     |            ^^^^^^^^^^^^^^^
[INFO] [stdout]     |
[INFO] [stdout]     = note: `#[warn(dead_code)]` on by default
[INFO] [stdout] 
[INFO] [stdout] 
[INFO] [stderr]     Finished `test` profile [unoptimized + debuginfo] target(s) in 37.80s
[INFO] running `Command { std: "docker" "inspect" "5ea27825b820292da214002f3034584ae920b358bf368cbcaed9cca566895bd6", kill_on_drop: false }`
[INFO] running `Command { std: "docker" "rm" "-f" "5ea27825b820292da214002f3034584ae920b358bf368cbcaed9cca566895bd6", kill_on_drop: false }`
[INFO] [stdout] 5ea27825b820292da214002f3034584ae920b358bf368cbcaed9cca566895bd6
[INFO] running `Command { std: "docker" "create" "-v" "/var/lib/crater-agent-workspace/builds/worker-4-tc1/target:/opt/rustwide/target:rw,Z" "-v" "/var/lib/crater-agent-workspace/builds/worker-4-tc1/source:/opt/rustwide/workdir:ro,Z" "-v" "/var/lib/crater-agent-workspace/cargo-home:/opt/rustwide/cargo-home:ro,Z" "-v" "/var/lib/crater-agent-workspace/rustup-home:/opt/rustwide/rustup-home:ro,Z" "-e" "SOURCE_DIR=/opt/rustwide/workdir" "-e" "CARGO_TARGET_DIR=/opt/rustwide/target" "-e" "CARGO_INCREMENTAL=0" "-e" "RUST_BACKTRACE=full" "-e" "RUSTFLAGS=--cap-lints=warn" "-e" "RUSTDOCFLAGS=--cap-lints=warn" "-e" "CARGO_HOME=/opt/rustwide/cargo-home" "-e" "RUSTUP_HOME=/opt/rustwide/rustup-home" "-w" "/opt/rustwide/workdir" "-m" "1610612736" "--user" "0:0" "--network" "none" "ghcr.io/rust-lang/crates-build-env/linux@sha256:f3a9d4ad9d972b27faf3965f35b62e55ba32bbce8f20bc8fe909558a86702fde" "/opt/rustwide/cargo-home/bin/cargo" "+1.83.0" "test" "--frozen", kill_on_drop: false }`
[INFO] [stdout] 96abb96cc5773a444962c9ccc4ac760392f5b89eae628a854cb2c2655fc365b5
[INFO] running `Command { std: "docker" "start" "-a" "96abb96cc5773a444962c9ccc4ac760392f5b89eae628a854cb2c2655fc365b5", kill_on_drop: false }`
[INFO] [stderr] warning: unused import: `super::traits::TypeDebug`
[INFO] [stderr]   --> src/agent/structs.rs:26:5
[INFO] [stderr]    |
[INFO] [stderr] 26 | use super::traits::TypeDebug;
[INFO] [stderr]    |     ^^^^^^^^^^^^^^^^^^^^^^^^
[INFO] [stderr]    |
[INFO] [stderr]    = note: `#[warn(unused_imports)]` on by default
[INFO] [stderr] 
[INFO] [stderr] warning: unused import: `Tasks`
[INFO] [stderr]  --> src/agent/traits.rs:3:22
[INFO] [stderr]   |
[INFO] [stderr] 3 | use super::structs::{Tasks, Task};
[INFO] [stderr]   |                      ^^^^^
[INFO] [stderr] 
[INFO] [stderr] warning: unused import: `simple_crypto::PublicKey`
[INFO] [stderr]   --> src/agent/compiler.rs:27:5
[INFO] [stderr]    |
[INFO] [stderr] 27 | use simple_crypto::PublicKey;
[INFO] [stderr]    |     ^^^^^^^^^^^^^^^^^^^^^^^^
[INFO] [stderr] 
[INFO] [stderr] warning: unused import: `super::traits::TypeDebug`
[INFO] [stderr]   --> src/agent/compiler.rs:32:5
[INFO] [stderr]    |
[INFO] [stderr] 32 | use super::traits::TypeDebug;
[INFO] [stderr]    |     ^^^^^^^^^^^^^^^^^^^^^^^^
[INFO] [stderr] 
[INFO] [stderr] warning: unused import: `Index`
[INFO] [stderr]   --> src/agent/scripts.rs:23:55
[INFO] [stderr]    |
[INFO] [stderr] 23 | use simple_database::database::{Filters, SortOptions, Index};
[INFO] [stderr]    |                                                       ^^^^^
[INFO] [stderr] 
[INFO] [stderr] warning: associated function `protocol_folder` is never used
[INFO] [stderr]    --> src/agent/protocol.rs:167:12
[INFO] [stderr]     |
[INFO] [stderr] 118 | impl SystemProtocols {
[INFO] [stderr]     | -------------------- associated function in this implementation
[INFO] [stderr] ...
[INFO] [stderr] 167 |     pub fn protocol_folder(protocol: Uuid) -> Protocol {
[INFO] [stderr]     |            ^^^^^^^^^^^^^^^
[INFO] [stderr]     |
[INFO] [stderr]     = note: `#[warn(dead_code)]` on by default
[INFO] [stderr] 
[INFO] [stderr] warning: unused import: `snafu::ErrorCompat`
[INFO] [stderr]   --> src/tests.rs:11:5
[INFO] [stderr]    |
[INFO] [stderr] 11 | use snafu::ErrorCompat;
[INFO] [stderr]    |     ^^^^^^^^^^^^^^^^^^
[INFO] [stderr] 
[INFO] [stderr] warning: unused imports: `Filter` and `Filters`
[INFO] [stderr]   --> src/tests.rs:16:33
[INFO] [stderr]    |
[INFO] [stderr] 16 | use simple_database::database::{Filter, Filters};
[INFO] [stderr]    |                                 ^^^^^^  ^^^^^^^
[INFO] [stderr] 
[INFO] [stderr] warning: unused imports: `RecordPath` and `Record`
[INFO] [stderr]   --> src/tests.rs:30:29
[INFO] [stderr]    |
[INFO] [stderr] 30 | use crate::agent::structs::{RecordPath, Record};
[INFO] [stderr]    |                             ^^^^^^^^^^  ^^^^^^
[INFO] [stderr] 
[INFO] [stderr] warning: unused import: `uuid::Uuid`
[INFO] [stderr]   --> src/tests.rs:40:5
[INFO] [stderr]    |
[INFO] [stderr] 40 | use uuid::Uuid;
[INFO] [stderr]    |     ^^^^^^^^^^
[INFO] [stderr] 
[INFO] [stderr] warning: unused variable: `b_id`
[INFO] [stderr]    --> src/tests.rs:105:10
[INFO] [stderr]     |
[INFO] [stderr] 105 |     let (b_id, b_doc) = get_user(vec![brd_did.clone()])?;
[INFO] [stderr]     |          ^^^^ help: if this is intentional, prefix it with an underscore: `_b_id`
[INFO] [stderr]     |
[INFO] [stderr]     = note: `#[warn(unused_variables)]` on by default
[INFO] [stderr] 
[INFO] [stderr] warning: unused variable: `b_did`
[INFO] [stderr]    --> src/tests.rs:106:9
[INFO] [stderr]     |
[INFO] [stderr] 106 |     let b_did = b_doc.did();
[INFO] [stderr]     |         ^^^^^ help: if this is intentional, prefix it with an underscore: `_b_did`
[INFO] [stderr] 
[INFO] [stderr] warning: unused variable: `c_id`
[INFO] [stderr]    --> src/tests.rs:109:10
[INFO] [stderr]     |
[INFO] [stderr] 109 |     let (c_id, c_doc) = get_user(vec![crd_did.clone()])?;
[INFO] [stderr]     |          ^^^^ help: if this is intentional, prefix it with an underscore: `_c_id`
[INFO] [stderr] 
[INFO] [stderr] warning: unused variable: `c_did`
[INFO] [stderr]    --> src/tests.rs:110:9
[INFO] [stderr]     |
[INFO] [stderr] 110 |     let c_did = c_doc.did();
[INFO] [stderr]     |         ^^^^^ help: if this is intentional, prefix it with an underscore: `_c_did`
[INFO] [stderr] 
[INFO] [stderr] warning: unused variable: `ard`
[INFO] [stderr]    --> src/tests.rs:120:9
[INFO] [stderr]     |
[INFO] [stderr] 120 |     let ard = tokio::spawn(JsonRpcServer{}.start_server(ard, ard_port).await?);
[INFO] [stderr]     |         ^^^ help: if this is intentional, prefix it with an underscore: `_ard`
[INFO] [stderr] 
[INFO] [stderr] warning: unused variable: `brd`
[INFO] [stderr]    --> src/tests.rs:125:9
[INFO] [stderr]     |
[INFO] [stderr] 125 |     let brd = tokio::spawn(JsonRpcServer{}.start_server(brd, brd_port).await?);
[INFO] [stderr]     |         ^^^ help: if this is intentional, prefix it with an underscore: `_brd`
[INFO] [stderr] 
[INFO] [stderr] warning: unused variable: `crd`
[INFO] [stderr]    --> src/tests.rs:130:9
[INFO] [stderr]     |
[INFO] [stderr] 130 |     let crd = tokio::spawn(JsonRpcServer{}.start_server(crd, crd_port).await?);
[INFO] [stderr]     |         ^^^ help: if this is intentional, prefix it with an underscore: `_crd`
[INFO] [stderr] 
[INFO] [stderr] warning: unused variable: `id`
[INFO] [stderr]    --> src/tests.rs:175:9
[INFO] [stderr]     |
[INFO] [stderr] 175 |     let id = record.uuid;
[INFO] [stderr]     |         ^^ help: if this is intentional, prefix it with an underscore: `_id`
[INFO] [stderr] 
[INFO] [stderr] warning: unused variable: `mem`
[INFO] [stderr]    --> src/tests.rs:188:15
[INFO] [stderr]     |
[INFO] [stderr] 188 |     let (res, mem) = compiler.compile().await;
[INFO] [stderr]     |               ^^^ help: if this is intentional, prefix it with an underscore: `_mem`
[INFO] [stderr] 
[INFO] [stderr] warning: variable does not need to be mutable
[INFO] [stderr]    --> src/tests.rs:170:9
[INFO] [stderr]     |
[INFO] [stderr] 170 |     let mut mem = alice_agent.new_compiler_memory();
[INFO] [stderr]     |         ----^^^
[INFO] [stderr]     |         |
[INFO] [stderr]     |         help: remove this `mut`
[INFO] [stderr]     |
[INFO] [stderr]     = note: `#[warn(unused_mut)]` on by default
[INFO] [stderr] 
[INFO] [stderr] warning: `web5-rust` (lib) generated 6 warnings (run `cargo fix --lib -p web5-rust` to apply 5 suggestions)
[INFO] [stderr] warning: `web5-rust` (lib test) generated 20 warnings (6 duplicates) (run `cargo fix --lib -p web5-rust --tests` to apply 5 suggestions)
[INFO] [stderr]     Finished `test` profile [unoptimized + debuginfo] target(s) in 0.74s
[INFO] [stderr]      Running unittests src/lib.rs (/opt/rustwide/target/debug/deps/web5_rust-773fd0ac09183056)
[INFO] [stdout] 
[INFO] [stdout] running 1 test
[INFO] [stdout] test tests::group_messaging ... FAILED
[INFO] [stdout] 
[INFO] [stdout] failures:
[INFO] [stdout] 
[INFO] [stdout] ---- tests::group_messaging stdout ----
[INFO] [stdout] messages_protocol: 14ebaad1796df140e0207880ce81932ba78e816483fd67181408cee118c3315b
[INFO] [stdout] room_protocol: 2687c852b9dec752dd84b0ce3773bac978bf820308c1057c38cd069708997b4e
[INFO] [stdout] EPREQUEST BATCH: "http://localhost:3000/", [
[INFO] [stdout]     "(ca12c9ad-4812-4718-b77b-723f25119d0a, \"DwnRequest::CreatePublic(PublicDwnItem(SignedObject { signature: Signature { inner: [103, 0, 64, 44, 61, 183, 27\")",
[INFO] [stdout] ]
[INFO] [stdout] R: [
[INFO] [stdout]     [
[INFO] [stdout]         (),
[INFO] [stdout]     ],
[INFO] [stdout] ]
[INFO] [stdout] ARD: did:dht:iqm11h8ruki653n4e5kbwrps9b373edh31xznkna8yf3945d3pho
[INFO] [stdout] (
[INFO] [stdout]     "servera/DATABASE/PRIVATE",
[INFO] [stdout]     [],
[INFO] [stdout] )(
[INFO] [stdout]     "servera/DATABASE/PUBLIC",
[INFO] [stdout]     [
[INFO] [stdout]         {
[INFO] [stdout]             "payload": 6c68ba25ab321ff628ae5deab9b9d6ca8513ac1e5251c011ec0defa3eb2b5fb4,
[INFO] [stdout]             "protocol": ffa51ab4-b0c1-5675-9c7b-255da39eb548,
[INFO] [stdout]             "signer": did:dht:ss7tipc3i9bcq57yzwwybioae9odf1t4menehhqbqaguadhmx37y,
[INFO] [stdout]             "timestamp_stored": 1734143479,
[INFO] [stdout]             "uuid": ca12c9ad48124718b77b723f25119d0a,
[INFO] [stdout]         },
[INFO] [stdout]     ],
[INFO] [stdout] )(
[INFO] [stdout]     "servera/DATABASE/DMS",
[INFO] [stdout]     [],
[INFO] [stdout] )
[INFO] [stdout] BRD: did:dht:w4weszybzrrawtrfr4kjb1dfgcmhbpwanh5n7zbsswo3cr65iiuy
[INFO] [stdout] (
[INFO] [stdout]     "serverb/DATABASE/PRIVATE",
[INFO] [stdout]     [],
[INFO] [stdout] )(
[INFO] [stdout]     "serverb/DATABASE/PUBLIC",
[INFO] [stdout]     [],
[INFO] [stdout] )(
[INFO] [stdout]     "serverb/DATABASE/DMS",
[INFO] [stdout]     [],
[INFO] [stdout] )
[INFO] [stdout] thread 'tests::group_messaging' panicked at src/tests.rs:226:5:
[INFO] [stdout] assertion failed: false
[INFO] [stdout] stack backtrace:
[INFO] [stdout]    0:     0x6225e83ca01a - std::backtrace_rs::backtrace::libunwind::trace::h5a5b8284f2d0c266
[INFO] [stdout]                                at /rustc/90b35a6239c3d8bdabc530a6a0816f7ff89a0aaf/library/std/src/../../backtrace/src/backtrace/libunwind.rs:116:5
[INFO] [stdout]    1:     0x6225e83ca01a - std::backtrace_rs::backtrace::trace_unsynchronized::h76d4f1c9b0b875e3
[INFO] [stdout]                                at /rustc/90b35a6239c3d8bdabc530a6a0816f7ff89a0aaf/library/std/src/../../backtrace/src/backtrace/mod.rs:66:5
[INFO] [stdout]    2:     0x6225e83ca01a - std::sys::backtrace::_print_fmt::hc4546b8364a537c6
[INFO] [stdout]                                at /rustc/90b35a6239c3d8bdabc530a6a0816f7ff89a0aaf/library/std/src/sys/backtrace.rs:66:9
[INFO] [stdout]    3:     0x6225e83ca01a - <std::sys::backtrace::BacktraceLock::print::DisplayBacktrace as core::fmt::Display>::fmt::h5b6bd5631a6d1f6b
[INFO] [stdout]                                at /rustc/90b35a6239c3d8bdabc530a6a0816f7ff89a0aaf/library/std/src/sys/backtrace.rs:39:26
[INFO] [stdout]    4:     0x6225e83f3d23 - core::fmt::rt::Argument::fmt::h270f6602a2b96f62
[INFO] [stdout]                                at /rustc/90b35a6239c3d8bdabc530a6a0816f7ff89a0aaf/library/core/src/fmt/rt.rs:177:76
[INFO] [stdout]    5:     0x6225e83f3d23 - core::fmt::write::h7550c97b06c86515
[INFO] [stdout]                                at /rustc/90b35a6239c3d8bdabc530a6a0816f7ff89a0aaf/library/core/src/fmt/mod.rs:1186:21
[INFO] [stdout]    6:     0x6225e83c5ff3 - std::io::Write::write_fmt::h509ff860e5956e5e
[INFO] [stdout]                                at /rustc/90b35a6239c3d8bdabc530a6a0816f7ff89a0aaf/library/std/src/io/mod.rs:1839:15
[INFO] [stdout]    7:     0x6225e83c9e62 - std::sys::backtrace::BacktraceLock::print::h2395ccd2c84ba3aa
[INFO] [stdout]                                at /rustc/90b35a6239c3d8bdabc530a6a0816f7ff89a0aaf/library/std/src/sys/backtrace.rs:42:9
[INFO] [stdout]    8:     0x6225e83cb47a - std::panicking::default_hook::{{closure}}::he19d4c7230e07961
[INFO] [stdout]                                at /rustc/90b35a6239c3d8bdabc530a6a0816f7ff89a0aaf/library/std/src/panicking.rs:268:22
[INFO] [stdout]    9:     0x6225e83cb284 - std::panicking::default_hook::hf614597d3c67bbdb
[INFO] [stdout]                                at /rustc/90b35a6239c3d8bdabc530a6a0816f7ff89a0aaf/library/std/src/panicking.rs:292:9
[INFO] [stdout]   10:     0x6225e76057a9 - <alloc::boxed::Box<F,A> as core::ops::function::Fn<Args>>::call::h39b51ce4599c23d1
[INFO] [stdout]                                at /rustc/90b35a6239c3d8bdabc530a6a0816f7ff89a0aaf/library/alloc/src/boxed.rs:2468:9
[INFO] [stdout]   11:     0x6225e76057a9 - test::test_main::{{closure}}::he977ae839a582784
[INFO] [stdout]                                at /rustc/90b35a6239c3d8bdabc530a6a0816f7ff89a0aaf/library/test/src/lib.rs:133:21
[INFO] [stdout]   12:     0x6225e83cbb18 - <alloc::boxed::Box<F,A> as core::ops::function::Fn<Args>>::call::h9455091b6b06f9fb
[INFO] [stdout]                                at /rustc/90b35a6239c3d8bdabc530a6a0816f7ff89a0aaf/library/alloc/src/boxed.rs:2468:9
[INFO] [stdout]   13:     0x6225e83cbb18 - std::panicking::rust_panic_with_hook::h8942133a8b252070
[INFO] [stdout]                                at /rustc/90b35a6239c3d8bdabc530a6a0816f7ff89a0aaf/library/std/src/panicking.rs:809:13
[INFO] [stdout]   14:     0x6225e83cb8a6 - std::panicking::begin_panic_handler::{{closure}}::hb5f5963570096b29
[INFO] [stdout]                                at /rustc/90b35a6239c3d8bdabc530a6a0816f7ff89a0aaf/library/std/src/panicking.rs:667:13
[INFO] [stdout]   15:     0x6225e83ca4f9 - std::sys::backtrace::__rust_end_short_backtrace::h6208cedc1922feda
[INFO] [stdout]                                at /rustc/90b35a6239c3d8bdabc530a6a0816f7ff89a0aaf/library/std/src/sys/backtrace.rs:170:18
[INFO] [stdout]   16:     0x6225e83cb56c - rust_begin_unwind
[INFO] [stdout]                                at /rustc/90b35a6239c3d8bdabc530a6a0816f7ff89a0aaf/library/std/src/panicking.rs:665:5
[INFO] [stdout]   17:     0x6225e70f8320 - core::panicking::panic_fmt::h0c3082644d1bf418
[INFO] [stdout]                                at /rustc/90b35a6239c3d8bdabc530a6a0816f7ff89a0aaf/library/core/src/panicking.rs:74:14
[INFO] [stdout]   18:     0x6225e70f83ac - core::panicking::panic::h957f98c65a3b3074
[INFO] [stdout]                                at /rustc/90b35a6239c3d8bdabc530a6a0816f7ff89a0aaf/library/core/src/panicking.rs:148:5
[INFO] [stdout]   19:     0x6225e72663d0 - web5_rust::tests::run_test::{{closure}}::h2645706de9386274
[INFO] [stdout]                                at /opt/rustwide/workdir/src/tests.rs:226:5
[INFO] [stdout]   20:     0x6225e727069f - web5_rust::tests::group_messaging::{{closure}}::h0f9963a571215dc9
[INFO] [stdout]                                at /opt/rustwide/workdir/src/tests.rs:233:48
[INFO] [stdout]   21:     0x6225e7380212 - <core::pin::Pin<P> as core::future::future::Future>::poll::h976a9e049597ad4b
[INFO] [stdout]                                at /rustc/90b35a6239c3d8bdabc530a6a0816f7ff89a0aaf/library/core/src/future/future.rs:123:9
[INFO] [stdout]   22:     0x6225e737fced - <core::pin::Pin<P> as core::future::future::Future>::poll::h1e890a302e8196d7
[INFO] [stdout]                                at /rustc/90b35a6239c3d8bdabc530a6a0816f7ff89a0aaf/library/core/src/future/future.rs:123:9
[INFO] [stdout]   23:     0x6225e72b673f - tokio::runtime::scheduler::current_thread::CoreGuard::block_on::{{closure}}::{{closure}}::{{closure}}::h4b4cc1d41f972094
[INFO] [stdout]                                at /opt/rustwide/cargo-home/registry/src/index.crates.io-6f17d22bba15001f/tokio-1.41.1/src/runtime/scheduler/current_thread/mod.rs:729:57
[INFO] [stdout]   24:     0x6225e72b6685 - tokio::runtime::coop::with_budget::h6c2005a1e647ae2b
[INFO] [stdout]                                at /opt/rustwide/cargo-home/registry/src/index.crates.io-6f17d22bba15001f/tokio-1.41.1/src/runtime/coop.rs:107:5
[INFO] [stdout]   25:     0x6225e72b6685 - tokio::runtime::coop::budget::hefe4ad5121403588
[INFO] [stdout]                                at /opt/rustwide/cargo-home/registry/src/index.crates.io-6f17d22bba15001f/tokio-1.41.1/src/runtime/coop.rs:73:5
[INFO] [stdout]   26:     0x6225e72b6685 - tokio::runtime::scheduler::current_thread::CoreGuard::block_on::{{closure}}::{{closure}}::h8eccecf7cf32c06e
[INFO] [stdout]                                at /opt/rustwide/cargo-home/registry/src/index.crates.io-6f17d22bba15001f/tokio-1.41.1/src/runtime/scheduler/current_thread/mod.rs:729:25
[INFO] [stdout]   27:     0x6225e72b3ce0 - tokio::runtime::scheduler::current_thread::Context::enter::h0eefa5f5562b12c7
[INFO] [stdout]                                at /opt/rustwide/cargo-home/registry/src/index.crates.io-6f17d22bba15001f/tokio-1.41.1/src/runtime/scheduler/current_thread/mod.rs:428:19
[INFO] [stdout]   28:     0x6225e72b5d2e - tokio::runtime::scheduler::current_thread::CoreGuard::block_on::{{closure}}::h41e24f2dae022e35
[INFO] [stdout]                                at /opt/rustwide/cargo-home/registry/src/index.crates.io-6f17d22bba15001f/tokio-1.41.1/src/runtime/scheduler/current_thread/mod.rs:728:36
[INFO] [stdout]   29:     0x6225e72b51a4 - tokio::runtime::scheduler::current_thread::CoreGuard::enter::{{closure}}::h97765d2db3e7a612
[INFO] [stdout]                                at /opt/rustwide/cargo-home/registry/src/index.crates.io-6f17d22bba15001f/tokio-1.41.1/src/runtime/scheduler/current_thread/mod.rs:807:68
[INFO] [stdout]   30:     0x6225e7419beb - tokio::runtime::context::scoped::Scoped<T>::set::h89e98135968c6cad
[INFO] [stdout]                                at /opt/rustwide/cargo-home/registry/src/index.crates.io-6f17d22bba15001f/tokio-1.41.1/src/runtime/context/scoped.rs:40:9
[INFO] [stdout]   31:     0x6225e74ed3e9 - tokio::runtime::context::set_scheduler::{{closure}}::h9fe2fc35bfc30b1c
[INFO] [stdout]                                at /opt/rustwide/cargo-home/registry/src/index.crates.io-6f17d22bba15001f/tokio-1.41.1/src/runtime/context.rs:180:26
[INFO] [stdout]   32:     0x6225e71dab0d - std::thread::local::LocalKey<T>::try_with::hec9bb70acb7689f3
[INFO] [stdout]                                at /rustc/90b35a6239c3d8bdabc530a6a0816f7ff89a0aaf/library/std/src/thread/local.rs:283:12
[INFO] [stdout]   33:     0x6225e71d909a - std::thread::local::LocalKey<T>::with::ha43bc10be36d6639
[INFO] [stdout]                                at /rustc/90b35a6239c3d8bdabc530a6a0816f7ff89a0aaf/library/std/src/thread/local.rs:260:9
[INFO] [stdout]   34:     0x6225e74ed31d - tokio::runtime::context::set_scheduler::h939c8ee1ad6a52ca
[INFO] [stdout]                                at /opt/rustwide/cargo-home/registry/src/index.crates.io-6f17d22bba15001f/tokio-1.41.1/src/runtime/context.rs:180:9
[INFO] [stdout]   35:     0x6225e72b4f30 - tokio::runtime::scheduler::current_thread::CoreGuard::enter::h91d5632112070c88
[INFO] [stdout]                                at /opt/rustwide/cargo-home/registry/src/index.crates.io-6f17d22bba15001f/tokio-1.41.1/src/runtime/scheduler/current_thread/mod.rs:807:27
[INFO] [stdout]   36:     0x6225e72b51c3 - tokio::runtime::scheduler::current_thread::CoreGuard::block_on::h2406744b7ac8a8e9
[INFO] [stdout]                                at /opt/rustwide/cargo-home/registry/src/index.crates.io-6f17d22bba15001f/tokio-1.41.1/src/runtime/scheduler/current_thread/mod.rs:716:19
[INFO] [stdout]   37:     0x6225e72b1e3d - tokio::runtime::scheduler::current_thread::CurrentThread::block_on::{{closure}}::h06d2936b0abc18b8
[INFO] [stdout]                                at /opt/rustwide/cargo-home/registry/src/index.crates.io-6f17d22bba15001f/tokio-1.41.1/src/runtime/scheduler/current_thread/mod.rs:196:28
[INFO] [stdout]   38:     0x6225e7419ea7 - tokio::runtime::context::runtime::enter_runtime::h5564c7ee9ef5ce35
[INFO] [stdout]                                at /opt/rustwide/cargo-home/registry/src/index.crates.io-6f17d22bba15001f/tokio-1.41.1/src/runtime/context/runtime.rs:65:16
[INFO] [stdout]   39:     0x6225e72b1c11 - tokio::runtime::scheduler::current_thread::CurrentThread::block_on::h837e8a525fa8e051
[INFO] [stdout]                                at /opt/rustwide/cargo-home/registry/src/index.crates.io-6f17d22bba15001f/tokio-1.41.1/src/runtime/scheduler/current_thread/mod.rs:184:9
[INFO] [stdout]   40:     0x6225e73bd4fa - tokio::runtime::runtime::Runtime::block_on_inner::h738d155dd1a4af87
[INFO] [stdout]                                at /opt/rustwide/cargo-home/registry/src/index.crates.io-6f17d22bba15001f/tokio-1.41.1/src/runtime/runtime.rs:368:47
[INFO] [stdout]   41:     0x6225e73bd7a7 - tokio::runtime::runtime::Runtime::block_on::hcb9058b45cd0519c
[INFO] [stdout]                                at /opt/rustwide/cargo-home/registry/src/index.crates.io-6f17d22bba15001f/tokio-1.41.1/src/runtime/runtime.rs:342:13
[INFO] [stdout]   42:     0x6225e7270482 - web5_rust::tests::group_messaging::h5db4a7f094aed5a0
[INFO] [stdout]                                at /opt/rustwide/workdir/src/tests.rs:234:5
[INFO] [stdout]   43:     0x6225e72702f7 - web5_rust::tests::group_messaging::{{closure}}::h0c382620098197d6
[INFO] [stdout]                                at /opt/rustwide/workdir/src/tests.rs:232:27
[INFO] [stdout]   44:     0x6225e728bb66 - core::ops::function::FnOnce::call_once::hd16963f697b26716
[INFO] [stdout]                                at /rustc/90b35a6239c3d8bdabc530a6a0816f7ff89a0aaf/library/core/src/ops/function.rs:250:5
[INFO] [stdout]   45:     0x6225e760a16b - core::ops::function::FnOnce::call_once::h109cf8051a59b34e
[INFO] [stdout]                                at /rustc/90b35a6239c3d8bdabc530a6a0816f7ff89a0aaf/library/core/src/ops/function.rs:250:5
[INFO] [stdout]   46:     0x6225e760a16b - test::__rust_begin_short_backtrace::hf4fff89d377446ba
[INFO] [stdout]                                at /rustc/90b35a6239c3d8bdabc530a6a0816f7ff89a0aaf/library/test/src/lib.rs:621:18
[INFO] [stdout]   47:     0x6225e76099a7 - test::run_test_in_process::{{closure}}::h0e39181dd7ee5a43
[INFO] [stdout]                                at /rustc/90b35a6239c3d8bdabc530a6a0816f7ff89a0aaf/library/test/src/lib.rs:644:60
[INFO] [stdout]   48:     0x6225e76099a7 - <core::panic::unwind_safe::AssertUnwindSafe<F> as core::ops::function::FnOnce<()>>::call_once::hc5a66a30f0bdfd1f
[INFO] [stdout]                                at /rustc/90b35a6239c3d8bdabc530a6a0816f7ff89a0aaf/library/core/src/panic/unwind_safe.rs:272:9
[INFO] [stdout]   49:     0x6225e76099a7 - std::panicking::try::do_call::h873b7cf639554a5e
[INFO] [stdout]                                at /rustc/90b35a6239c3d8bdabc530a6a0816f7ff89a0aaf/library/std/src/panicking.rs:557:40
[INFO] [stdout]   50:     0x6225e76099a7 - std::panicking::try::hdb19862fad9c8bd1
[INFO] [stdout]                                at /rustc/90b35a6239c3d8bdabc530a6a0816f7ff89a0aaf/library/std/src/panicking.rs:520:19
[INFO] [stdout]   51:     0x6225e76099a7 - std::panic::catch_unwind::h281fe732d236d260
[INFO] [stdout]                                at /rustc/90b35a6239c3d8bdabc530a6a0816f7ff89a0aaf/library/std/src/panic.rs:358:14
[INFO] [stdout]   52:     0x6225e76099a7 - test::run_test_in_process::h949b6df8457ed338
[INFO] [stdout]                                at /rustc/90b35a6239c3d8bdabc530a6a0816f7ff89a0aaf/library/test/src/lib.rs:644:27
[INFO] [stdout]   53:     0x6225e76099a7 - test::run_test::{{closure}}::h52c556a6d4740e10
[INFO] [stdout]                                at /rustc/90b35a6239c3d8bdabc530a6a0816f7ff89a0aaf/library/test/src/lib.rs:565:43
[INFO] [stdout]   54:     0x6225e75cec84 - test::run_test::{{closure}}::h4237f6381c45ccb9
[INFO] [stdout]                                at /rustc/90b35a6239c3d8bdabc530a6a0816f7ff89a0aaf/library/test/src/lib.rs:595:41
[INFO] [stdout]   55:     0x6225e75cec84 - std::sys::backtrace::__rust_begin_short_backtrace::h505c97a579eca628
[INFO] [stdout]                                at /rustc/90b35a6239c3d8bdabc530a6a0816f7ff89a0aaf/library/std/src/sys/backtrace.rs:154:18
[INFO] [stdout]   56:     0x6225e75d234e - std::thread::Builder::spawn_unchecked_::{{closure}}::{{closure}}::h9e86b2e2bc107ea3
[INFO] [stdout]                                at /rustc/90b35a6239c3d8bdabc530a6a0816f7ff89a0aaf/library/std/src/thread/mod.rs:538:17
[INFO] [stdout]   57:     0x6225e75d234e - <core::panic::unwind_safe::AssertUnwindSafe<F> as core::ops::function::FnOnce<()>>::call_once::h8b06ddb275ff4a25
[INFO] [stdout]                                at /rustc/90b35a6239c3d8bdabc530a6a0816f7ff89a0aaf/library/core/src/panic/unwind_safe.rs:272:9
[INFO] [stdout]   58:     0x6225e75d234e - std::panicking::try::do_call::hb26ecd7cd9a9355d
[INFO] [stdout]                                at /rustc/90b35a6239c3d8bdabc530a6a0816f7ff89a0aaf/library/std/src/panicking.rs:557:40
[INFO] [stdout]   59:     0x6225e75d234e - std::panicking::try::h8ddeca9d705f9069
[INFO] [stdout]                                at /rustc/90b35a6239c3d8bdabc530a6a0816f7ff89a0aaf/library/std/src/panicking.rs:520:19
[INFO] [stdout]   60:     0x6225e75d234e - std::panic::catch_unwind::h49e1c33078844c46
[INFO] [stdout]                                at /rustc/90b35a6239c3d8bdabc530a6a0816f7ff89a0aaf/library/std/src/panic.rs:358:14
[INFO] [stdout]   61:     0x6225e75d234e - std::thread::Builder::spawn_unchecked_::{{closure}}::h6073db6ff56ad35d
[INFO] [stdout]                                at /rustc/90b35a6239c3d8bdabc530a6a0816f7ff89a0aaf/library/std/src/thread/mod.rs:537:30
[INFO] [stdout]   62:     0x6225e75d234e - core::ops::function::FnOnce::call_once{{vtable.shim}}::h2c5a5f3779c774f1
[INFO] [stdout]                                at /rustc/90b35a6239c3d8bdabc530a6a0816f7ff89a0aaf/library/core/src/ops/function.rs:250:5
[INFO] [stdout]   63:     0x6225e83cfe0b - <alloc::boxed::Box<F,A> as core::ops::function::FnOnce<Args>>::call_once::hf75717d9f28faebf
[INFO] [stdout]                                at /rustc/90b35a6239c3d8bdabc530a6a0816f7ff89a0aaf/library/alloc/src/boxed.rs:2454:9
[INFO] [stdout]   64:     0x6225e83cfe0b - <alloc::boxed::Box<F,A> as core::ops::function::FnOnce<Args>>::call_once::h7bd883a5f3c5f3c1
[INFO] [stdout]                                at /rustc/90b35a6239c3d8bdabc530a6a0816f7ff89a0aaf/library/alloc/src/boxed.rs:2454:9
[INFO] [stdout]   65:     0x6225e83cfe0b - std::sys::pal::unix::thread::Thread::new::thread_start::hcc78f3943333fa94
[INFO] [stdout]                                at /rustc/90b35a6239c3d8bdabc530a6a0816f7ff89a0aaf/library/std/src/sys/pal/unix/thread.rs:105:17
[INFO] [stdout]   66:     0x7b10f74d8ac3 - <unknown>
[INFO] [stdout]   67:     0x7b10f7569a04 - clone
[INFO] [stdout]   68:                0x0 - <unknown>
[INFO] [stdout] 
[INFO] [stdout] 
[INFO] [stdout] failures:
[INFO] [stdout]     tests::group_messaging
[INFO] [stdout] 
[INFO] [stdout] test result: FAILED. 0 passed; 1 failed; 0 ignored; 0 measured; 0 filtered out; finished in 1.01s
[INFO] [stdout] 
[INFO] [stderr] error: test failed, to rerun pass `--lib`
[INFO] running `Command { std: "docker" "inspect" "96abb96cc5773a444962c9ccc4ac760392f5b89eae628a854cb2c2655fc365b5", kill_on_drop: false }`
[INFO] running `Command { std: "docker" "rm" "-f" "96abb96cc5773a444962c9ccc4ac760392f5b89eae628a854cb2c2655fc365b5", kill_on_drop: false }`
[INFO] [stdout] 96abb96cc5773a444962c9ccc4ac760392f5b89eae628a854cb2c2655fc365b5
