[INFO] cloning repository https://github.com/CairBin/rs_db
[INFO] running `Command { std: "git" "-c" "credential.helper=" "-c" "credential.helper=/workspace/cargo-home/bin/git-credential-null" "clone" "--bare" "https://github.com/CairBin/rs_db" "/workspace/cache/git-repos/https%3A%2F%2Fgithub.com%2FCairBin%2Frs_db", kill_on_drop: false }`
[INFO] [stderr] Cloning into bare repository '/workspace/cache/git-repos/https%3A%2F%2Fgithub.com%2FCairBin%2Frs_db'...
[INFO] running `Command { std: "git" "rev-parse" "HEAD", kill_on_drop: false }`
[INFO] [stdout] 0adefd8680b0f7aba709b2dd3fa3b57c1f816381
[INFO] testing CairBin/rs_db against 1.83.0 for beta-1.84.0-4-retry
[INFO] running `Command { std: "git" "clone" "/workspace/cache/git-repos/https%3A%2F%2Fgithub.com%2FCairBin%2Frs_db" "/workspace/builds/worker-0-tc1/source", kill_on_drop: false }`
[INFO] [stderr] Cloning into '/workspace/builds/worker-0-tc1/source'...
[INFO] [stderr] done.
[INFO] validating manifest of git repo https://github.com/CairBin/rs_db on toolchain 1.83.0
[INFO] running `Command { std: CARGO_HOME="/workspace/cargo-home" RUSTUP_HOME="/workspace/rustup-home" "/workspace/cargo-home/bin/cargo" "+1.83.0" "metadata" "--manifest-path" "Cargo.toml" "--no-deps", kill_on_drop: false }`
[INFO] started tweaking git repo https://github.com/CairBin/rs_db
[INFO] finished tweaking git repo https://github.com/CairBin/rs_db
[INFO] tweaked toml for git repo https://github.com/CairBin/rs_db written to /workspace/builds/worker-0-tc1/source/Cargo.toml
[INFO] crate git repo https://github.com/CairBin/rs_db already has a lockfile, it will not be regenerated
[INFO] running `Command { std: CARGO_HOME="/workspace/cargo-home" RUSTUP_HOME="/workspace/rustup-home" "/workspace/cargo-home/bin/cargo" "+1.83.0" "fetch" "--manifest-path" "Cargo.toml", kill_on_drop: false }`
[INFO] running `Command { std: "docker" "create" "-v" "/var/lib/crater-agent-workspace/builds/worker-0-tc1/target:/opt/rustwide/target:rw,Z" "-v" "/var/lib/crater-agent-workspace/builds/worker-0-tc1/source:/opt/rustwide/workdir:ro,Z" "-v" "/var/lib/crater-agent-workspace/cargo-home:/opt/rustwide/cargo-home:ro,Z" "-v" "/var/lib/crater-agent-workspace/rustup-home:/opt/rustwide/rustup-home:ro,Z" "-e" "SOURCE_DIR=/opt/rustwide/workdir" "-e" "CARGO_TARGET_DIR=/opt/rustwide/target" "-e" "CARGO_HOME=/opt/rustwide/cargo-home" "-e" "RUSTUP_HOME=/opt/rustwide/rustup-home" "-w" "/opt/rustwide/workdir" "-m" "1610612736" "--user" "0:0" "--network" "none" "ghcr.io/rust-lang/crates-build-env/linux@sha256:f3a9d4ad9d972b27faf3965f35b62e55ba32bbce8f20bc8fe909558a86702fde" "/opt/rustwide/cargo-home/bin/cargo" "+1.83.0" "metadata" "--no-deps" "--format-version=1", kill_on_drop: false }`
[INFO] [stdout] 1811280ad1a39111dd9a315811dcbb815af304319c10037776a48a4671542060
[INFO] running `Command { std: "docker" "start" "-a" "1811280ad1a39111dd9a315811dcbb815af304319c10037776a48a4671542060", kill_on_drop: false }`
[INFO] running `Command { std: "docker" "inspect" "1811280ad1a39111dd9a315811dcbb815af304319c10037776a48a4671542060", kill_on_drop: false }`
[INFO] running `Command { std: "docker" "rm" "-f" "1811280ad1a39111dd9a315811dcbb815af304319c10037776a48a4671542060", kill_on_drop: false }`
[INFO] [stdout] 1811280ad1a39111dd9a315811dcbb815af304319c10037776a48a4671542060
[INFO] running `Command { std: "docker" "create" "-v" "/var/lib/crater-agent-workspace/builds/worker-0-tc1/target:/opt/rustwide/target:rw,Z" "-v" "/var/lib/crater-agent-workspace/builds/worker-0-tc1/source:/opt/rustwide/workdir:ro,Z" "-v" "/var/lib/crater-agent-workspace/cargo-home:/opt/rustwide/cargo-home:ro,Z" "-v" "/var/lib/crater-agent-workspace/rustup-home:/opt/rustwide/rustup-home:ro,Z" "-e" "SOURCE_DIR=/opt/rustwide/workdir" "-e" "CARGO_TARGET_DIR=/opt/rustwide/target" "-e" "CARGO_INCREMENTAL=0" "-e" "RUST_BACKTRACE=full" "-e" "RUSTFLAGS=--cap-lints=warn" "-e" "RUSTDOCFLAGS=--cap-lints=warn" "-e" "CARGO_HOME=/opt/rustwide/cargo-home" "-e" "RUSTUP_HOME=/opt/rustwide/rustup-home" "-w" "/opt/rustwide/workdir" "-m" "1610612736" "--user" "0:0" "--network" "none" "ghcr.io/rust-lang/crates-build-env/linux@sha256:f3a9d4ad9d972b27faf3965f35b62e55ba32bbce8f20bc8fe909558a86702fde" "/opt/rustwide/cargo-home/bin/cargo" "+1.83.0" "build" "--frozen" "--message-format=json", kill_on_drop: false }`
[INFO] [stdout] 9ef9f359792415e5707870ea3a054d81415881e36189d29a7c00140e65be06e9
[INFO] running `Command { std: "docker" "start" "-a" "9ef9f359792415e5707870ea3a054d81415881e36189d29a7c00140e65be06e9", kill_on_drop: false }`
[INFO] [stderr]    Compiling rs_db v0.1.0 (/opt/rustwide/workdir)
[INFO] [stdout] warning: field `is_new` is never read
[INFO] [stdout]   --> src/file_manager/mod.rs:13:5
[INFO] [stdout]    |
[INFO] [stdout] 10 | pub struct FileManager{
[INFO] [stdout]    |            ----------- field in this struct
[INFO] [stdout] ...
[INFO] [stdout] 13 |     is_new: bool,
[INFO] [stdout]    |     ^^^^^^
[INFO] [stdout]    |
[INFO] [stdout]    = note: `FileManager` has a derived impl for the trait `Debug`, but this is intentionally ignored during dead code analysis
[INFO] [stdout]    = note: `#[warn(dead_code)]` on by default
[INFO] [stdout] 
[INFO] [stdout] 
[INFO] [stdout] warning: unused `Result` that must be used
[INFO] [stdout]   --> src/file_manager/page.rs:58:9
[INFO] [stdout]    |
[INFO] [stdout] 58 |         self.set_bytes(offset, bytes);
[INFO] [stdout]    |         ^^^^^^^^^^^^^^^^^^^^^^^^^^^^^
[INFO] [stdout]    |
[INFO] [stdout]    = note: this `Result` may be an `Err` variant, which should be handled
[INFO] [stdout]    = note: `#[warn(unused_must_use)]` on by default
[INFO] [stdout] help: use `let _ = ...` to ignore the resulting value
[INFO] [stdout]    |
[INFO] [stdout] 58 |         let _ = self.set_bytes(offset, bytes);
[INFO] [stdout]    |         +++++++
[INFO] [stdout] 
[INFO] [stdout] 
[INFO] [stdout] warning: struct `FileManager` is never constructed
[INFO] [stdout]   --> src/file_manager/mod.rs:10:12
[INFO] [stdout]    |
[INFO] [stdout] 10 | pub struct FileManager{
[INFO] [stdout]    |            ^^^^^^^^^^^
[INFO] [stdout]    |
[INFO] [stdout]    = note: `FileManager` has a derived impl for the trait `Debug`, but this is intentionally ignored during dead code analysis
[INFO] [stdout]    = note: `#[warn(dead_code)]` on by default
[INFO] [stdout] 
[INFO] [stdout] 
[INFO] [stdout] warning: multiple associated items are never used
[INFO] [stdout]    --> src/file_manager/mod.rs:18:12
[INFO] [stdout]     |
[INFO] [stdout] 17  | impl FileManager{
[INFO] [stdout]     | ---------------- associated items in this implementation
[INFO] [stdout] 18  |     pub fn new(dir:&str, block_size:u64) -> Result<Self, Box<dyn std::error::Error>>{
[INFO] [stdout]     |            ^^^
[INFO] [stdout] ...
[INFO] [stdout] 42  |     pub fn to_mutex(self) -> std::sync::Mutex<Self>{
[INFO] [stdout]     |            ^^^^^^^^
[INFO] [stdout] ...
[INFO] [stdout] 46  |     pub fn to_rw_lock(self) -> std::sync::RwLock<Self>{
[INFO] [stdout]     |            ^^^^^^^^^^
[INFO] [stdout] ...
[INFO] [stdout] 50  |     fn set_file(&mut self, filename:&str) ->Result<(), Box<dyn std::error::Error>> {
[INFO] [stdout]     |        ^^^^^^^^
[INFO] [stdout] ...
[INFO] [stdout] 75  |     pub fn get_file_mut(&mut self, filename:&str)->Option<&mut std::fs::File>{
[INFO] [stdout]     |            ^^^^^^^^^^^^
[INFO] [stdout] ...
[INFO] [stdout] 79  |     pub fn get_file(&self, filename:&str)->Option<&std::fs::File>{
[INFO] [stdout]     |            ^^^^^^^^
[INFO] [stdout] ...
[INFO] [stdout] 83  |     pub fn exists(&self, filename:&str) ->bool{
[INFO] [stdout]     |            ^^^^^^
[INFO] [stdout] ...
[INFO] [stdout] 88  |     pub fn get_block_size(&self)->u64{
[INFO] [stdout]     |            ^^^^^^^^^^^^^^
[INFO] [stdout] ...
[INFO] [stdout] 92  |     pub fn read(manager: &std::sync::Mutex<Self>, block:&BlockId, page:&std::sync::Mutex<Page>)->Result<usize, Box<dyn std::error::Error>>{
[INFO] [stdout]     |            ^^^^
[INFO] [stdout] ...
[INFO] [stdout] 114 |     pub fn read_without_mutex(&mut self, block: &BlockId, page: &mut Page) -> Result<usize, Box< dyn std::error::Error> >{
[INFO] [stdout]     |            ^^^^^^^^^^^^^^^^^^
[INFO] [stdout] ...
[INFO] [stdout] 129 |     pub fn write(manager:&std::sync::Mutex<Self>, block:&BlockId, page:&std::sync::Mutex<Page>) -> Result<usize, Box<dyn std::error::Erro...
[INFO] [stdout]     |            ^^^^^
[INFO] [stdout] ...
[INFO] [stdout] 148 |     pub fn write_without_mutex(&mut self, block: &BlockId, page: &Page)->Result<usize, Box<dyn std::error::Error>>{
[INFO] [stdout]     |            ^^^^^^^^^^^^^^^^^^^
[INFO] [stdout] ...
[INFO] [stdout] 164 |     pub fn block_num(&mut self, filename:&str)->Result<u64, Box<dyn std::error::Error>>{
[INFO] [stdout]     |            ^^^^^^^^^
[INFO] [stdout] ...
[INFO] [stdout] 178 |     pub fn append(&mut self, filename:&str) -> Result<BlockId, Box<dyn std::error::Error>>{
[INFO] [stdout]     |            ^^^^^^
[INFO] [stdout] 
[INFO] [stdout] 
[INFO] [stdout] warning: associated items `new`, `get_block_number`, `get_filename`, `equal`, and `get_hash_code` are never used
[INFO] [stdout]   --> src/file_manager/block.rs:10:12
[INFO] [stdout]    |
[INFO] [stdout] 9  | impl BlockId{
[INFO] [stdout]    | ------------ associated items in this implementation
[INFO] [stdout] 10 |     pub fn new(filename:&str, block_number:u64) -> Self{
[INFO] [stdout]    |            ^^^
[INFO] [stdout] ...
[INFO] [stdout] 17 |     pub fn get_block_number(&self) -> u64{
[INFO] [stdout]    |            ^^^^^^^^^^^^^^^^
[INFO] [stdout] ...
[INFO] [stdout] 21 |     pub fn get_filename(&self) -> &str{
[INFO] [stdout]    |            ^^^^^^^^^^^^
[INFO] [stdout] ...
[INFO] [stdout] 25 |     pub fn equal(&self, other:&Self) -> bool{
[INFO] [stdout]    |            ^^^^^
[INFO] [stdout] ...
[INFO] [stdout] 29 |     pub fn get_hash_code(&self) -> u64{
[INFO] [stdout]    |            ^^^^^^^^^^^^^
[INFO] [stdout] 
[INFO] [stdout] 
[INFO] [stdout] warning: struct `Page` is never constructed
[INFO] [stdout]  --> src/file_manager/page.rs:4:12
[INFO] [stdout]   |
[INFO] [stdout] 4 | pub struct Page{
[INFO] [stdout]   |            ^^^^
[INFO] [stdout]   |
[INFO] [stdout]   = note: `Page` has a derived impl for the trait `Debug`, but this is intentionally ignored during dead code analysis
[INFO] [stdout] 
[INFO] [stdout] 
[INFO] [stdout] warning: multiple associated items are never used
[INFO] [stdout]   --> src/file_manager/page.rs:9:12
[INFO] [stdout]    |
[INFO] [stdout] 8  | impl Page{
[INFO] [stdout]    | --------- associated items in this implementation
[INFO] [stdout] 9  |     pub fn new_as_bytes(bytes:&[u8]) -> Self{
[INFO] [stdout]    |            ^^^^^^^^^^^^
[INFO] [stdout] ...
[INFO] [stdout] 15 |     pub fn new_as_size(size:usize)->Self{
[INFO] [stdout]    |            ^^^^^^^^^^^
[INFO] [stdout] ...
[INFO] [stdout] 21 |     pub fn to_mutex(self) -> std::sync::Mutex<Self>{
[INFO] [stdout]    |            ^^^^^^^^
[INFO] [stdout] ...
[INFO] [stdout] 25 |     pub fn get_u64(&self, offset:usize)->Result<u64, Box<dyn std::error::Error>>{
[INFO] [stdout]    |            ^^^^^^^
[INFO] [stdout] ...
[INFO] [stdout] 31 |     pub fn set_u64(&mut self, offset:usize, val:u64)->Result<(),Box<dyn std::error::Error>>{
[INFO] [stdout]    |            ^^^^^^^
[INFO] [stdout] ...
[INFO] [stdout] 37 |     pub fn get_bytes(&self, offset:usize) -> Result<&[u8],Box<dyn std::error::Error>>{
[INFO] [stdout]    |            ^^^^^^^^^
[INFO] [stdout] ...
[INFO] [stdout] 43 |     pub fn set_bytes(&mut self, offset:usize, bytes:&[u8]) -> Result<(), Box<dyn std::error::Error>>{
[INFO] [stdout]    |            ^^^^^^^^^
[INFO] [stdout] ...
[INFO] [stdout] 51 |     pub fn get_string(&self, offset:usize) -> Result<&str, Box<dyn std::error::Error>>{
[INFO] [stdout]    |            ^^^^^^^^^^
[INFO] [stdout] ...
[INFO] [stdout] 56 |     pub fn set_string(&mut self, offset:usize, string:&str) -> Result<(), Box<dyn std::error::Error>>{
[INFO] [stdout]    |            ^^^^^^^^^^
[INFO] [stdout] ...
[INFO] [stdout] 64 |     pub fn contents_mut(&mut self)->&mut [u8]{
[INFO] [stdout]    |            ^^^^^^^^^^^^
[INFO] [stdout] ...
[INFO] [stdout] 68 |     pub fn contents(&self) -> &[u8]{
[INFO] [stdout]    |            ^^^^^^^^
[INFO] [stdout] ...
[INFO] [stdout] 73 |     pub fn max_length_for_string(string:&str)->usize{
[INFO] [stdout]    |            ^^^^^^^^^^^^^^^^^^^^^
[INFO] [stdout] 
[INFO] [stdout] 
[INFO] [stdout] warning: unused `Result` that must be used
[INFO] [stdout]   --> src/file_manager/page.rs:58:9
[INFO] [stdout]    |
[INFO] [stdout] 58 |         self.set_bytes(offset, bytes);
[INFO] [stdout]    |         ^^^^^^^^^^^^^^^^^^^^^^^^^^^^^
[INFO] [stdout]    |
[INFO] [stdout]    = note: this `Result` may be an `Err` variant, which should be handled
[INFO] [stdout]    = note: `#[warn(unused_must_use)]` on by default
[INFO] [stdout] help: use `let _ = ...` to ignore the resulting value
[INFO] [stdout]    |
[INFO] [stdout] 58 |         let _ = self.set_bytes(offset, bytes);
[INFO] [stdout]    |         +++++++
[INFO] [stdout] 
[INFO] [stdout] 
[INFO] [stderr]     Finished `dev` profile [unoptimized + debuginfo] target(s) in 0.93s
[INFO] running `Command { std: "docker" "inspect" "9ef9f359792415e5707870ea3a054d81415881e36189d29a7c00140e65be06e9", kill_on_drop: false }`
[INFO] running `Command { std: "docker" "rm" "-f" "9ef9f359792415e5707870ea3a054d81415881e36189d29a7c00140e65be06e9", kill_on_drop: false }`
[INFO] [stdout] 9ef9f359792415e5707870ea3a054d81415881e36189d29a7c00140e65be06e9
[INFO] running `Command { std: "docker" "create" "-v" "/var/lib/crater-agent-workspace/builds/worker-0-tc1/target:/opt/rustwide/target:rw,Z" "-v" "/var/lib/crater-agent-workspace/builds/worker-0-tc1/source:/opt/rustwide/workdir:ro,Z" "-v" "/var/lib/crater-agent-workspace/cargo-home:/opt/rustwide/cargo-home:ro,Z" "-v" "/var/lib/crater-agent-workspace/rustup-home:/opt/rustwide/rustup-home:ro,Z" "-e" "SOURCE_DIR=/opt/rustwide/workdir" "-e" "CARGO_TARGET_DIR=/opt/rustwide/target" "-e" "CARGO_INCREMENTAL=0" "-e" "RUST_BACKTRACE=full" "-e" "RUSTFLAGS=--cap-lints=warn" "-e" "RUSTDOCFLAGS=--cap-lints=warn" "-e" "CARGO_HOME=/opt/rustwide/cargo-home" "-e" "RUSTUP_HOME=/opt/rustwide/rustup-home" "-w" "/opt/rustwide/workdir" "-m" "1610612736" "--user" "0:0" "--network" "none" "ghcr.io/rust-lang/crates-build-env/linux@sha256:f3a9d4ad9d972b27faf3965f35b62e55ba32bbce8f20bc8fe909558a86702fde" "/opt/rustwide/cargo-home/bin/cargo" "+1.83.0" "test" "--frozen" "--no-run" "--message-format=json", kill_on_drop: false }`
[INFO] [stdout] 73c0f773469fe055981c2cd95e2feb26d7fd9c0c366191f4698d51b92892dd88
[INFO] running `Command { std: "docker" "start" "-a" "73c0f773469fe055981c2cd95e2feb26d7fd9c0c366191f4698d51b92892dd88", kill_on_drop: false }`
[INFO] [stdout] warning: field `is_new` is never read
[INFO] [stdout]   --> src/file_manager/mod.rs:13:5
[INFO] [stdout]    |
[INFO] [stdout] 10 | pub struct FileManager{
[INFO] [stdout]    |            ----------- field in this struct
[INFO] [stdout] ...
[INFO] [stdout] 13 |     is_new: bool,
[INFO] [stdout]    |     ^^^^^^
[INFO] [stdout]    |
[INFO] [stdout]    = note: `FileManager` has a derived impl for the trait `Debug`, but this is intentionally ignored during dead code analysis
[INFO] [stdout]    = note: `#[warn(dead_code)]` on by default
[INFO] [stdout] 
[INFO] [stdout] 
[INFO] [stdout] warning: unused `Result` that must be used
[INFO] [stdout]   --> src/file_manager/page.rs:58:9
[INFO] [stdout]    |
[INFO] [stdout] 58 |         self.set_bytes(offset, bytes);
[INFO] [stdout]    |         ^^^^^^^^^^^^^^^^^^^^^^^^^^^^^
[INFO] [stdout]    |
[INFO] [stdout]    = note: this `Result` may be an `Err` variant, which should be handled
[INFO] [stdout]    = note: `#[warn(unused_must_use)]` on by default
[INFO] [stdout] help: use `let _ = ...` to ignore the resulting value
[INFO] [stdout]    |
[INFO] [stdout] 58 |         let _ = self.set_bytes(offset, bytes);
[INFO] [stdout]    |         +++++++
[INFO] [stdout] 
[INFO] [stdout] 
[INFO] [stderr]    Compiling rs_db v0.1.0 (/opt/rustwide/workdir)
[INFO] [stdout] warning: struct `FileManager` is never constructed
[INFO] [stdout]   --> src/file_manager/mod.rs:10:12
[INFO] [stdout]    |
[INFO] [stdout] 10 | pub struct FileManager{
[INFO] [stdout]    |            ^^^^^^^^^^^
[INFO] [stdout]    |
[INFO] [stdout]    = note: `FileManager` has a derived impl for the trait `Debug`, but this is intentionally ignored during dead code analysis
[INFO] [stdout]    = note: `#[warn(dead_code)]` on by default
[INFO] [stdout] 
[INFO] [stdout] 
[INFO] [stdout] warning: multiple associated items are never used
[INFO] [stdout]    --> src/file_manager/mod.rs:18:12
[INFO] [stdout]     |
[INFO] [stdout] 17  | impl FileManager{
[INFO] [stdout]     | ---------------- associated items in this implementation
[INFO] [stdout] 18  |     pub fn new(dir:&str, block_size:u64) -> Result<Self, Box<dyn std::error::Error>>{
[INFO] [stdout]     |            ^^^
[INFO] [stdout] ...
[INFO] [stdout] 42  |     pub fn to_mutex(self) -> std::sync::Mutex<Self>{
[INFO] [stdout]     |            ^^^^^^^^
[INFO] [stdout] ...
[INFO] [stdout] 46  |     pub fn to_rw_lock(self) -> std::sync::RwLock<Self>{
[INFO] [stdout]     |            ^^^^^^^^^^
[INFO] [stdout] ...
[INFO] [stdout] 50  |     fn set_file(&mut self, filename:&str) ->Result<(), Box<dyn std::error::Error>> {
[INFO] [stdout]     |        ^^^^^^^^
[INFO] [stdout] ...
[INFO] [stdout] 75  |     pub fn get_file_mut(&mut self, filename:&str)->Option<&mut std::fs::File>{
[INFO] [stdout]     |            ^^^^^^^^^^^^
[INFO] [stdout] ...
[INFO] [stdout] 79  |     pub fn get_file(&self, filename:&str)->Option<&std::fs::File>{
[INFO] [stdout]     |            ^^^^^^^^
[INFO] [stdout] ...
[INFO] [stdout] 83  |     pub fn exists(&self, filename:&str) ->bool{
[INFO] [stdout]     |            ^^^^^^
[INFO] [stdout] ...
[INFO] [stdout] 88  |     pub fn get_block_size(&self)->u64{
[INFO] [stdout]     |            ^^^^^^^^^^^^^^
[INFO] [stdout] ...
[INFO] [stdout] 92  |     pub fn read(manager: &std::sync::Mutex<Self>, block:&BlockId, page:&std::sync::Mutex<Page>)->Result<usize, Box<dyn std::error::Error>>{
[INFO] [stdout]     |            ^^^^
[INFO] [stdout] ...
[INFO] [stdout] 114 |     pub fn read_without_mutex(&mut self, block: &BlockId, page: &mut Page) -> Result<usize, Box< dyn std::error::Error> >{
[INFO] [stdout]     |            ^^^^^^^^^^^^^^^^^^
[INFO] [stdout] ...
[INFO] [stdout] 129 |     pub fn write(manager:&std::sync::Mutex<Self>, block:&BlockId, page:&std::sync::Mutex<Page>) -> Result<usize, Box<dyn std::error::Erro...
[INFO] [stdout]     |            ^^^^^
[INFO] [stdout] ...
[INFO] [stdout] 148 |     pub fn write_without_mutex(&mut self, block: &BlockId, page: &Page)->Result<usize, Box<dyn std::error::Error>>{
[INFO] [stdout]     |            ^^^^^^^^^^^^^^^^^^^
[INFO] [stdout] ...
[INFO] [stdout] 164 |     pub fn block_num(&mut self, filename:&str)->Result<u64, Box<dyn std::error::Error>>{
[INFO] [stdout]     |            ^^^^^^^^^
[INFO] [stdout] ...
[INFO] [stdout] 178 |     pub fn append(&mut self, filename:&str) -> Result<BlockId, Box<dyn std::error::Error>>{
[INFO] [stdout]     |            ^^^^^^
[INFO] [stdout] 
[INFO] [stdout] 
[INFO] [stdout] warning: associated items `new`, `get_block_number`, `get_filename`, `equal`, and `get_hash_code` are never used
[INFO] [stdout]   --> src/file_manager/block.rs:10:12
[INFO] [stdout]    |
[INFO] [stdout] 9  | impl BlockId{
[INFO] [stdout]    | ------------ associated items in this implementation
[INFO] [stdout] 10 |     pub fn new(filename:&str, block_number:u64) -> Self{
[INFO] [stdout]    |            ^^^
[INFO] [stdout] ...
[INFO] [stdout] 17 |     pub fn get_block_number(&self) -> u64{
[INFO] [stdout]    |            ^^^^^^^^^^^^^^^^
[INFO] [stdout] ...
[INFO] [stdout] 21 |     pub fn get_filename(&self) -> &str{
[INFO] [stdout]    |            ^^^^^^^^^^^^
[INFO] [stdout] ...
[INFO] [stdout] 25 |     pub fn equal(&self, other:&Self) -> bool{
[INFO] [stdout]    |            ^^^^^
[INFO] [stdout] ...
[INFO] [stdout] 29 |     pub fn get_hash_code(&self) -> u64{
[INFO] [stdout]    |            ^^^^^^^^^^^^^
[INFO] [stdout] 
[INFO] [stdout] 
[INFO] [stdout] warning: struct `Page` is never constructed
[INFO] [stdout]  --> src/file_manager/page.rs:4:12
[INFO] [stdout]   |
[INFO] [stdout] 4 | pub struct Page{
[INFO] [stdout]   |            ^^^^
[INFO] [stdout]   |
[INFO] [stdout]   = note: `Page` has a derived impl for the trait `Debug`, but this is intentionally ignored during dead code analysis
[INFO] [stdout] 
[INFO] [stdout] 
[INFO] [stdout] warning: multiple associated items are never used
[INFO] [stdout]   --> src/file_manager/page.rs:9:12
[INFO] [stdout]    |
[INFO] [stdout] 8  | impl Page{
[INFO] [stdout]    | --------- associated items in this implementation
[INFO] [stdout] 9  |     pub fn new_as_bytes(bytes:&[u8]) -> Self{
[INFO] [stdout]    |            ^^^^^^^^^^^^
[INFO] [stdout] ...
[INFO] [stdout] 15 |     pub fn new_as_size(size:usize)->Self{
[INFO] [stdout]    |            ^^^^^^^^^^^
[INFO] [stdout] ...
[INFO] [stdout] 21 |     pub fn to_mutex(self) -> std::sync::Mutex<Self>{
[INFO] [stdout]    |            ^^^^^^^^
[INFO] [stdout] ...
[INFO] [stdout] 25 |     pub fn get_u64(&self, offset:usize)->Result<u64, Box<dyn std::error::Error>>{
[INFO] [stdout]    |            ^^^^^^^
[INFO] [stdout] ...
[INFO] [stdout] 31 |     pub fn set_u64(&mut self, offset:usize, val:u64)->Result<(),Box<dyn std::error::Error>>{
[INFO] [stdout]    |            ^^^^^^^
[INFO] [stdout] ...
[INFO] [stdout] 37 |     pub fn get_bytes(&self, offset:usize) -> Result<&[u8],Box<dyn std::error::Error>>{
[INFO] [stdout]    |            ^^^^^^^^^
[INFO] [stdout] ...
[INFO] [stdout] 43 |     pub fn set_bytes(&mut self, offset:usize, bytes:&[u8]) -> Result<(), Box<dyn std::error::Error>>{
[INFO] [stdout]    |            ^^^^^^^^^
[INFO] [stdout] ...
[INFO] [stdout] 51 |     pub fn get_string(&self, offset:usize) -> Result<&str, Box<dyn std::error::Error>>{
[INFO] [stdout]    |            ^^^^^^^^^^
[INFO] [stdout] ...
[INFO] [stdout] 56 |     pub fn set_string(&mut self, offset:usize, string:&str) -> Result<(), Box<dyn std::error::Error>>{
[INFO] [stdout]    |            ^^^^^^^^^^
[INFO] [stdout] ...
[INFO] [stdout] 64 |     pub fn contents_mut(&mut self)->&mut [u8]{
[INFO] [stdout]    |            ^^^^^^^^^^^^
[INFO] [stdout] ...
[INFO] [stdout] 68 |     pub fn contents(&self) -> &[u8]{
[INFO] [stdout]    |            ^^^^^^^^
[INFO] [stdout] ...
[INFO] [stdout] 73 |     pub fn max_length_for_string(string:&str)->usize{
[INFO] [stdout]    |            ^^^^^^^^^^^^^^^^^^^^^
[INFO] [stdout] 
[INFO] [stdout] 
[INFO] [stdout] warning: unused `Result` that must be used
[INFO] [stdout]   --> src/file_manager/page.rs:58:9
[INFO] [stdout]    |
[INFO] [stdout] 58 |         self.set_bytes(offset, bytes);
[INFO] [stdout]    |         ^^^^^^^^^^^^^^^^^^^^^^^^^^^^^
[INFO] [stdout]    |
[INFO] [stdout]    = note: this `Result` may be an `Err` variant, which should be handled
[INFO] [stdout]    = note: `#[warn(unused_must_use)]` on by default
[INFO] [stdout] help: use `let _ = ...` to ignore the resulting value
[INFO] [stdout]    |
[INFO] [stdout] 58 |         let _ = self.set_bytes(offset, bytes);
[INFO] [stdout]    |         +++++++
[INFO] [stdout] 
[INFO] [stdout] 
[INFO] [stdout] warning: unused import: `rs_db::file_manager::page::Page as Page`
[INFO] [stdout]  --> tests/file_manager_test.rs:2:5
[INFO] [stdout]   |
[INFO] [stdout] 2 | use rs_db::file_manager::page::Page as Page;
[INFO] [stdout]   |     ^^^^^^^^^^^^^^^^^^^^^^^^^^^^^^^^^^^^^^^
[INFO] [stdout]   |
[INFO] [stdout]   = note: `#[warn(unused_imports)]` on by default
[INFO] [stdout] 
[INFO] [stdout] 
[INFO] [stdout] warning: unused import: `rs_db::file_manager::block::BlockId as BlockId`
[INFO] [stdout]  --> tests/file_manager_test.rs:3:5
[INFO] [stdout]   |
[INFO] [stdout] 3 | use rs_db::file_manager::block::BlockId as BlockId;
[INFO] [stdout]   |     ^^^^^^^^^^^^^^^^^^^^^^^^^^^^^^^^^^^^^^^^^^^^^^
[INFO] [stdout] 
[INFO] [stdout] 
[INFO] [stdout] warning: unused import: `self`
[INFO] [stdout]  --> tests/logger_test.rs:1:27
[INFO] [stdout]   |
[INFO] [stdout] 1 | use rs_db::file_manager::{self, FileManager};
[INFO] [stdout]   |                           ^^^^
[INFO] [stdout]   |
[INFO] [stdout]   = note: `#[warn(unused_imports)]` on by default
[INFO] [stdout] 
[INFO] [stdout] 
[INFO] [stdout] warning: unused import: `self`
[INFO] [stdout]  --> tests/logger_test.rs:3:5
[INFO] [stdout]   |
[INFO] [stdout] 3 |     self, Logger, U64_BYTES
[INFO] [stdout]   |     ^^^^
[INFO] [stdout] 
[INFO] [stdout] 
[INFO] [stdout] warning: variable does not need to be mutable
[INFO] [stdout]   --> tests/page_test.rs:40:9
[INFO] [stdout]    |
[INFO] [stdout] 40 |     let mut page = file_manager::page::Page::new_as_bytes(&bytes);
[INFO] [stdout]    |         ----^^^^
[INFO] [stdout]    |         |
[INFO] [stdout]    |         help: remove this `mut`
[INFO] [stdout]    |
[INFO] [stdout]    = note: `#[warn(unused_mut)]` on by default
[INFO] [stdout] 
[INFO] [stdout] 
[INFO] [stdout] warning: field `is_new` is never read
[INFO] [stdout]   --> src/file_manager/mod.rs:13:5
[INFO] [stdout]    |
[INFO] [stdout] 10 | pub struct FileManager{
[INFO] [stdout]    |            ----------- field in this struct
[INFO] [stdout] ...
[INFO] [stdout] 13 |     is_new: bool,
[INFO] [stdout]    |     ^^^^^^
[INFO] [stdout]    |
[INFO] [stdout]    = note: `FileManager` has a derived impl for the trait `Debug`, but this is intentionally ignored during dead code analysis
[INFO] [stdout]    = note: `#[warn(dead_code)]` on by default
[INFO] [stdout] 
[INFO] [stdout] 
[INFO] [stdout] warning: unused `Result` that must be used
[INFO] [stdout]   --> src/file_manager/page.rs:58:9
[INFO] [stdout]    |
[INFO] [stdout] 58 |         self.set_bytes(offset, bytes);
[INFO] [stdout]    |         ^^^^^^^^^^^^^^^^^^^^^^^^^^^^^
[INFO] [stdout]    |
[INFO] [stdout]    = note: this `Result` may be an `Err` variant, which should be handled
[INFO] [stdout]    = note: `#[warn(unused_must_use)]` on by default
[INFO] [stdout] help: use `let _ = ...` to ignore the resulting value
[INFO] [stdout]    |
[INFO] [stdout] 58 |         let _ = self.set_bytes(offset, bytes);
[INFO] [stdout]    |         +++++++
[INFO] [stdout] 
[INFO] [stdout] 
[INFO] [stdout] warning: struct `FileManager` is never constructed
[INFO] [stdout]   --> src/file_manager/mod.rs:10:12
[INFO] [stdout]    |
[INFO] [stdout] 10 | pub struct FileManager{
[INFO] [stdout]    |            ^^^^^^^^^^^
[INFO] [stdout]    |
[INFO] [stdout]    = note: `FileManager` has a derived impl for the trait `Debug`, but this is intentionally ignored during dead code analysis
[INFO] [stdout]    = note: `#[warn(dead_code)]` on by default
[INFO] [stdout] 
[INFO] [stdout] 
[INFO] [stdout] warning: multiple associated items are never used
[INFO] [stdout]    --> src/file_manager/mod.rs:18:12
[INFO] [stdout]     |
[INFO] [stdout] 17  | impl FileManager{
[INFO] [stdout]     | ---------------- associated items in this implementation
[INFO] [stdout] 18  |     pub fn new(dir:&str, block_size:u64) -> Result<Self, Box<dyn std::error::Error>>{
[INFO] [stdout]     |            ^^^
[INFO] [stdout] ...
[INFO] [stdout] 42  |     pub fn to_mutex(self) -> std::sync::Mutex<Self>{
[INFO] [stdout]     |            ^^^^^^^^
[INFO] [stdout] ...
[INFO] [stdout] 46  |     pub fn to_rw_lock(self) -> std::sync::RwLock<Self>{
[INFO] [stdout]     |            ^^^^^^^^^^
[INFO] [stdout] ...
[INFO] [stdout] 50  |     fn set_file(&mut self, filename:&str) ->Result<(), Box<dyn std::error::Error>> {
[INFO] [stdout]     |        ^^^^^^^^
[INFO] [stdout] ...
[INFO] [stdout] 75  |     pub fn get_file_mut(&mut self, filename:&str)->Option<&mut std::fs::File>{
[INFO] [stdout]     |            ^^^^^^^^^^^^
[INFO] [stdout] ...
[INFO] [stdout] 79  |     pub fn get_file(&self, filename:&str)->Option<&std::fs::File>{
[INFO] [stdout]     |            ^^^^^^^^
[INFO] [stdout] ...
[INFO] [stdout] 83  |     pub fn exists(&self, filename:&str) ->bool{
[INFO] [stdout]     |            ^^^^^^
[INFO] [stdout] ...
[INFO] [stdout] 88  |     pub fn get_block_size(&self)->u64{
[INFO] [stdout]     |            ^^^^^^^^^^^^^^
[INFO] [stdout] ...
[INFO] [stdout] 92  |     pub fn read(manager: &std::sync::Mutex<Self>, block:&BlockId, page:&std::sync::Mutex<Page>)->Result<usize, Box<dyn std::error::Error>>{
[INFO] [stdout]     |            ^^^^
[INFO] [stdout] ...
[INFO] [stdout] 114 |     pub fn read_without_mutex(&mut self, block: &BlockId, page: &mut Page) -> Result<usize, Box< dyn std::error::Error> >{
[INFO] [stdout]     |            ^^^^^^^^^^^^^^^^^^
[INFO] [stdout] ...
[INFO] [stdout] 129 |     pub fn write(manager:&std::sync::Mutex<Self>, block:&BlockId, page:&std::sync::Mutex<Page>) -> Result<usize, Box<dyn std::error::Erro...
[INFO] [stdout]     |            ^^^^^
[INFO] [stdout] ...
[INFO] [stdout] 148 |     pub fn write_without_mutex(&mut self, block: &BlockId, page: &Page)->Result<usize, Box<dyn std::error::Error>>{
[INFO] [stdout]     |            ^^^^^^^^^^^^^^^^^^^
[INFO] [stdout] ...
[INFO] [stdout] 164 |     pub fn block_num(&mut self, filename:&str)->Result<u64, Box<dyn std::error::Error>>{
[INFO] [stdout]     |            ^^^^^^^^^
[INFO] [stdout] ...
[INFO] [stdout] 178 |     pub fn append(&mut self, filename:&str) -> Result<BlockId, Box<dyn std::error::Error>>{
[INFO] [stdout]     |            ^^^^^^
[INFO] [stdout] 
[INFO] [stdout] 
[INFO] [stdout] warning: associated items `new`, `get_block_number`, `get_filename`, `equal`, and `get_hash_code` are never used
[INFO] [stdout]   --> src/file_manager/block.rs:10:12
[INFO] [stdout]    |
[INFO] [stdout] 9  | impl BlockId{
[INFO] [stdout]    | ------------ associated items in this implementation
[INFO] [stdout] 10 |     pub fn new(filename:&str, block_number:u64) -> Self{
[INFO] [stdout]    |            ^^^
[INFO] [stdout] ...
[INFO] [stdout] 17 |     pub fn get_block_number(&self) -> u64{
[INFO] [stdout]    |            ^^^^^^^^^^^^^^^^
[INFO] [stdout] ...
[INFO] [stdout] 21 |     pub fn get_filename(&self) -> &str{
[INFO] [stdout]    |            ^^^^^^^^^^^^
[INFO] [stdout] ...
[INFO] [stdout] 25 |     pub fn equal(&self, other:&Self) -> bool{
[INFO] [stdout]    |            ^^^^^
[INFO] [stdout] ...
[INFO] [stdout] 29 |     pub fn get_hash_code(&self) -> u64{
[INFO] [stdout]    |            ^^^^^^^^^^^^^
[INFO] [stdout] 
[INFO] [stdout] 
[INFO] [stdout] warning: struct `Page` is never constructed
[INFO] [stdout]  --> src/file_manager/page.rs:4:12
[INFO] [stdout]   |
[INFO] [stdout] 4 | pub struct Page{
[INFO] [stdout]   |            ^^^^
[INFO] [stdout]   |
[INFO] [stdout]   = note: `Page` has a derived impl for the trait `Debug`, but this is intentionally ignored during dead code analysis
[INFO] [stdout] 
[INFO] [stdout] 
[INFO] [stdout] warning: multiple associated items are never used
[INFO] [stdout]   --> src/file_manager/page.rs:9:12
[INFO] [stdout]    |
[INFO] [stdout] 8  | impl Page{
[INFO] [stdout]    | --------- associated items in this implementation
[INFO] [stdout] 9  |     pub fn new_as_bytes(bytes:&[u8]) -> Self{
[INFO] [stdout]    |            ^^^^^^^^^^^^
[INFO] [stdout] ...
[INFO] [stdout] 15 |     pub fn new_as_size(size:usize)->Self{
[INFO] [stdout]    |            ^^^^^^^^^^^
[INFO] [stdout] ...
[INFO] [stdout] 21 |     pub fn to_mutex(self) -> std::sync::Mutex<Self>{
[INFO] [stdout]    |            ^^^^^^^^
[INFO] [stdout] ...
[INFO] [stdout] 25 |     pub fn get_u64(&self, offset:usize)->Result<u64, Box<dyn std::error::Error>>{
[INFO] [stdout]    |            ^^^^^^^
[INFO] [stdout] ...
[INFO] [stdout] 31 |     pub fn set_u64(&mut self, offset:usize, val:u64)->Result<(),Box<dyn std::error::Error>>{
[INFO] [stdout]    |            ^^^^^^^
[INFO] [stdout] ...
[INFO] [stdout] 37 |     pub fn get_bytes(&self, offset:usize) -> Result<&[u8],Box<dyn std::error::Error>>{
[INFO] [stdout]    |            ^^^^^^^^^
[INFO] [stdout] ...
[INFO] [stdout] 43 |     pub fn set_bytes(&mut self, offset:usize, bytes:&[u8]) -> Result<(), Box<dyn std::error::Error>>{
[INFO] [stdout]    |            ^^^^^^^^^
[INFO] [stdout] ...
[INFO] [stdout] 51 |     pub fn get_string(&self, offset:usize) -> Result<&str, Box<dyn std::error::Error>>{
[INFO] [stdout]    |            ^^^^^^^^^^
[INFO] [stdout] ...
[INFO] [stdout] 56 |     pub fn set_string(&mut self, offset:usize, string:&str) -> Result<(), Box<dyn std::error::Error>>{
[INFO] [stdout]    |            ^^^^^^^^^^
[INFO] [stdout] ...
[INFO] [stdout] 64 |     pub fn contents_mut(&mut self)->&mut [u8]{
[INFO] [stdout]    |            ^^^^^^^^^^^^
[INFO] [stdout] ...
[INFO] [stdout] 68 |     pub fn contents(&self) -> &[u8]{
[INFO] [stdout]    |            ^^^^^^^^
[INFO] [stdout] ...
[INFO] [stdout] 73 |     pub fn max_length_for_string(string:&str)->usize{
[INFO] [stdout]    |            ^^^^^^^^^^^^^^^^^^^^^
[INFO] [stdout] 
[INFO] [stdout] 
[INFO] [stdout] warning: unused `Result` that must be used
[INFO] [stdout]   --> src/file_manager/page.rs:58:9
[INFO] [stdout]    |
[INFO] [stdout] 58 |         self.set_bytes(offset, bytes);
[INFO] [stdout]    |         ^^^^^^^^^^^^^^^^^^^^^^^^^^^^^
[INFO] [stdout]    |
[INFO] [stdout]    = note: this `Result` may be an `Err` variant, which should be handled
[INFO] [stdout]    = note: `#[warn(unused_must_use)]` on by default
[INFO] [stdout] help: use `let _ = ...` to ignore the resulting value
[INFO] [stdout]    |
[INFO] [stdout] 58 |         let _ = self.set_bytes(offset, bytes);
[INFO] [stdout]    |         +++++++
[INFO] [stdout] 
[INFO] [stdout] 
[INFO] [stderr]     Finished `test` profile [unoptimized + debuginfo] target(s) in 1.20s
[INFO] running `Command { std: "docker" "inspect" "73c0f773469fe055981c2cd95e2feb26d7fd9c0c366191f4698d51b92892dd88", kill_on_drop: false }`
[INFO] running `Command { std: "docker" "rm" "-f" "73c0f773469fe055981c2cd95e2feb26d7fd9c0c366191f4698d51b92892dd88", kill_on_drop: false }`
[INFO] [stdout] 73c0f773469fe055981c2cd95e2feb26d7fd9c0c366191f4698d51b92892dd88
[INFO] running `Command { std: "docker" "create" "-v" "/var/lib/crater-agent-workspace/builds/worker-0-tc1/target:/opt/rustwide/target:rw,Z" "-v" "/var/lib/crater-agent-workspace/builds/worker-0-tc1/source:/opt/rustwide/workdir:ro,Z" "-v" "/var/lib/crater-agent-workspace/cargo-home:/opt/rustwide/cargo-home:ro,Z" "-v" "/var/lib/crater-agent-workspace/rustup-home:/opt/rustwide/rustup-home:ro,Z" "-e" "SOURCE_DIR=/opt/rustwide/workdir" "-e" "CARGO_TARGET_DIR=/opt/rustwide/target" "-e" "CARGO_INCREMENTAL=0" "-e" "RUST_BACKTRACE=full" "-e" "RUSTFLAGS=--cap-lints=warn" "-e" "RUSTDOCFLAGS=--cap-lints=warn" "-e" "CARGO_HOME=/opt/rustwide/cargo-home" "-e" "RUSTUP_HOME=/opt/rustwide/rustup-home" "-w" "/opt/rustwide/workdir" "-m" "1610612736" "--user" "0:0" "--network" "none" "ghcr.io/rust-lang/crates-build-env/linux@sha256:f3a9d4ad9d972b27faf3965f35b62e55ba32bbce8f20bc8fe909558a86702fde" "/opt/rustwide/cargo-home/bin/cargo" "+1.83.0" "test" "--frozen", kill_on_drop: false }`
[INFO] [stdout] f0e2d16ebb6b1a3038d40a5882a38fd25ca7568648b0ee0913c5bc9b25b1cd12
[INFO] running `Command { std: "docker" "start" "-a" "f0e2d16ebb6b1a3038d40a5882a38fd25ca7568648b0ee0913c5bc9b25b1cd12", kill_on_drop: false }`
[INFO] [stderr] warning: field `is_new` is never read
[INFO] [stderr]   --> src/file_manager/mod.rs:13:5
[INFO] [stderr]    |
[INFO] [stderr] 10 | pub struct FileManager{
[INFO] [stderr]    |            ----------- field in this struct
[INFO] [stderr] ...
[INFO] [stderr] 13 |     is_new: bool,
[INFO] [stderr]    |     ^^^^^^
[INFO] [stderr]    |
[INFO] [stderr]    = note: `FileManager` has a derived impl for the trait `Debug`, but this is intentionally ignored during dead code analysis
[INFO] [stderr]    = note: `#[warn(dead_code)]` on by default
[INFO] [stderr] 
[INFO] [stderr] warning: unused `Result` that must be used
[INFO] [stderr]   --> src/file_manager/page.rs:58:9
[INFO] [stderr]    |
[INFO] [stderr] 58 |         self.set_bytes(offset, bytes);
[INFO] [stderr]    |         ^^^^^^^^^^^^^^^^^^^^^^^^^^^^^
[INFO] [stderr]    |
[INFO] [stderr]    = note: this `Result` may be an `Err` variant, which should be handled
[INFO] [stderr]    = note: `#[warn(unused_must_use)]` on by default
[INFO] [stderr] help: use `let _ = ...` to ignore the resulting value
[INFO] [stderr]    |
[INFO] [stderr] 58 |         let _ = self.set_bytes(offset, bytes);
[INFO] [stderr]    |         +++++++
[INFO] [stderr] 
[INFO] [stderr] warning: `rs_db` (lib) generated 2 warnings
[INFO] [stderr] warning: variable does not need to be mutable
[INFO] [stderr]   --> tests/page_test.rs:40:9
[INFO] [stderr]    |
[INFO] [stderr] 40 |     let mut page = file_manager::page::Page::new_as_bytes(&bytes);
[INFO] [stderr]    |         ----^^^^
[INFO] [stderr]    |         |
[INFO] [stderr]    |         help: remove this `mut`
[INFO] [stderr]    |
[INFO] [stderr]    = note: `#[warn(unused_mut)]` on by default
[INFO] [stderr] 
[INFO] [stderr] warning: `rs_db` (test "page_test") generated 1 warning (run `cargo fix --test "page_test"` to apply 1 suggestion)
[INFO] [stderr] warning: struct `FileManager` is never constructed
[INFO] [stderr]   --> src/file_manager/mod.rs:10:12
[INFO] [stderr]    |
[INFO] [stderr] 10 | pub struct FileManager{
[INFO] [stderr]    |            ^^^^^^^^^^^
[INFO] [stderr]    |
[INFO] [stderr]    = note: `FileManager` has a derived impl for the trait `Debug`, but this is intentionally ignored during dead code analysis
[INFO] [stderr]    = note: `#[warn(dead_code)]` on by default
[INFO] [stderr] 
[INFO] [stderr] warning: multiple associated items are never used
[INFO] [stderr]    --> src/file_manager/mod.rs:18:12
[INFO] [stderr]     |
[INFO] [stderr] 17  | impl FileManager{
[INFO] [stderr]     | ---------------- associated items in this implementation
[INFO] [stderr] 18  |     pub fn new(dir:&str, block_size:u64) -> Result<Self, Box<dyn std::error::Error>>{
[INFO] [stderr]     |            ^^^
[INFO] [stderr] ...
[INFO] [stderr] 42  |     pub fn to_mutex(self) -> std::sync::Mutex<Self>{
[INFO] [stderr]     |            ^^^^^^^^
[INFO] [stderr] ...
[INFO] [stderr] 46  |     pub fn to_rw_lock(self) -> std::sync::RwLock<Self>{
[INFO] [stderr]     |            ^^^^^^^^^^
[INFO] [stderr] ...
[INFO] [stderr] 50  |     fn set_file(&mut self, filename:&str) ->Result<(), Box<dyn std::error::Error>> {
[INFO] [stderr]     |        ^^^^^^^^
[INFO] [stderr] ...
[INFO] [stderr] 75  |     pub fn get_file_mut(&mut self, filename:&str)->Option<&mut std::fs::File>{
[INFO] [stderr]     |            ^^^^^^^^^^^^
[INFO] [stderr] ...
[INFO] [stderr] 79  |     pub fn get_file(&self, filename:&str)->Option<&std::fs::File>{
[INFO] [stderr]     |            ^^^^^^^^
[INFO] [stderr] ...
[INFO] [stderr] 83  |     pub fn exists(&self, filename:&str) ->bool{
[INFO] [stderr]     |            ^^^^^^
[INFO] [stderr] ...
[INFO] [stderr] 88  |     pub fn get_block_size(&self)->u64{
[INFO] [stderr]     |            ^^^^^^^^^^^^^^
[INFO] [stderr] ...
[INFO] [stderr] 92  |     pub fn read(manager: &std::sync::Mutex<Self>, block:&BlockId, page:&std::sync::Mutex<Page>)->Result<usize, Box<dyn std::error::Error>>{
[INFO] [stderr]     |            ^^^^
[INFO] [stderr] ...
[INFO] [stderr] 114 |     pub fn read_without_mutex(&mut self, block: &BlockId, page: &mut Page) -> Result<usize, Box< dyn std::error::Error> >{
[INFO] [stderr]     |            ^^^^^^^^^^^^^^^^^^
[INFO] [stderr] ...
[INFO] [stderr] 129 |     pub fn write(manager:&std::sync::Mutex<Self>, block:&BlockId, page:&std::sync::Mutex<Page>) -> Result<usize, Box<dyn std::error::Erro...
[INFO] [stderr]     |            ^^^^^
[INFO] [stderr] ...
[INFO] [stderr] 148 |     pub fn write_without_mutex(&mut self, block: &BlockId, page: &Page)->Result<usize, Box<dyn std::error::Error>>{
[INFO] [stderr]     |            ^^^^^^^^^^^^^^^^^^^
[INFO] [stderr] ...
[INFO] [stderr] 164 |     pub fn block_num(&mut self, filename:&str)->Result<u64, Box<dyn std::error::Error>>{
[INFO] [stderr]     |            ^^^^^^^^^
[INFO] [stderr] ...
[INFO] [stderr] 178 |     pub fn append(&mut self, filename:&str) -> Result<BlockId, Box<dyn std::error::Error>>{
[INFO] [stderr]     |            ^^^^^^
[INFO] [stderr] 
[INFO] [stderr] warning: associated items `new`, `get_block_number`, `get_filename`, `equal`, and `get_hash_code` are never used
[INFO] [stderr]   --> src/file_manager/block.rs:10:12
[INFO] [stderr]    |
[INFO] [stderr] 9  | impl BlockId{
[INFO] [stderr]    | ------------ associated items in this implementation
[INFO] [stderr] 10 |     pub fn new(filename:&str, block_number:u64) -> Self{
[INFO] [stderr]    |            ^^^
[INFO] [stderr] ...
[INFO] [stderr] 17 |     pub fn get_block_number(&self) -> u64{
[INFO] [stderr]    |            ^^^^^^^^^^^^^^^^
[INFO] [stderr] ...
[INFO] [stderr] 21 |     pub fn get_filename(&self) -> &str{
[INFO] [stderr]    |            ^^^^^^^^^^^^
[INFO] [stderr] ...
[INFO] [stderr] 25 |     pub fn equal(&self, other:&Self) -> bool{
[INFO] [stderr]    |            ^^^^^
[INFO] [stderr] ...
[INFO] [stderr] 29 |     pub fn get_hash_code(&self) -> u64{
[INFO] [stderr]    |            ^^^^^^^^^^^^^
[INFO] [stderr] 
[INFO] [stderr] warning: struct `Page` is never constructed
[INFO] [stderr]  --> src/file_manager/page.rs:4:12
[INFO] [stderr]   |
[INFO] [stderr] 4 | pub struct Page{
[INFO] [stderr]   |            ^^^^
[INFO] [stderr]   |
[INFO] [stderr]   = note: `Page` has a derived impl for the trait `Debug`, but this is intentionally ignored during dead code analysis
[INFO] [stderr] 
[INFO] [stderr] warning: multiple associated items are never used
[INFO] [stderr]   --> src/file_manager/page.rs:9:12
[INFO] [stderr]    |
[INFO] [stderr] 8  | impl Page{
[INFO] [stderr]    | --------- associated items in this implementation
[INFO] [stderr] 9  |     pub fn new_as_bytes(bytes:&[u8]) -> Self{
[INFO] [stderr]    |            ^^^^^^^^^^^^
[INFO] [stderr] ...
[INFO] [stderr] 15 |     pub fn new_as_size(size:usize)->Self{
[INFO] [stderr]    |            ^^^^^^^^^^^
[INFO] [stderr] ...
[INFO] [stderr] 21 |     pub fn to_mutex(self) -> std::sync::Mutex<Self>{
[INFO] [stderr]    |            ^^^^^^^^
[INFO] [stderr] ...
[INFO] [stderr] 25 |     pub fn get_u64(&self, offset:usize)->Result<u64, Box<dyn std::error::Error>>{
[INFO] [stderr]    |            ^^^^^^^
[INFO] [stderr] ...
[INFO] [stderr] 31 |     pub fn set_u64(&mut self, offset:usize, val:u64)->Result<(),Box<dyn std::error::Error>>{
[INFO] [stderr]    |            ^^^^^^^
[INFO] [stderr] ...
[INFO] [stderr] 37 |     pub fn get_bytes(&self, offset:usize) -> Result<&[u8],Box<dyn std::error::Error>>{
[INFO] [stderr]    |            ^^^^^^^^^
[INFO] [stderr] ...
[INFO] [stderr] 43 |     pub fn set_bytes(&mut self, offset:usize, bytes:&[u8]) -> Result<(), Box<dyn std::error::Error>>{
[INFO] [stderr]    |            ^^^^^^^^^
[INFO] [stderr] ...
[INFO] [stderr] 51 |     pub fn get_string(&self, offset:usize) -> Result<&str, Box<dyn std::error::Error>>{
[INFO] [stderr]    |            ^^^^^^^^^^
[INFO] [stderr] ...
[INFO] [stderr] 56 |     pub fn set_string(&mut self, offset:usize, string:&str) -> Result<(), Box<dyn std::error::Error>>{
[INFO] [stderr]    |            ^^^^^^^^^^
[INFO] [stderr] ...
[INFO] [stderr] 64 |     pub fn contents_mut(&mut self)->&mut [u8]{
[INFO] [stderr]    |            ^^^^^^^^^^^^
[INFO] [stderr] ...
[INFO] [stderr] 68 |     pub fn contents(&self) -> &[u8]{
[INFO] [stderr]    |            ^^^^^^^^
[INFO] [stderr] ...
[INFO] [stderr] 73 |     pub fn max_length_for_string(string:&str)->usize{
[INFO] [stderr]    |            ^^^^^^^^^^^^^^^^^^^^^
[INFO] [stderr] 
[INFO] [stderr] warning: unused import: `rs_db::file_manager::page::Page as Page`
[INFO] [stderr]  --> tests/file_manager_test.rs:2:5
[INFO] [stderr]   |
[INFO] [stderr] 2 | use rs_db::file_manager::page::Page as Page;
[INFO] [stderr]   |     ^^^^^^^^^^^^^^^^^^^^^^^^^^^^^^^^^^^^^^^
[INFO] [stderr]   |
[INFO] [stderr]   = note: `#[warn(unused_imports)]` on by default
[INFO] [stderr] 
[INFO] [stderr] warning: unused import: `rs_db::file_manager::block::BlockId as BlockId`
[INFO] [stderr]  --> tests/file_manager_test.rs:3:5
[INFO] [stderr]   |
[INFO] [stderr] 3 | use rs_db::file_manager::block::BlockId as BlockId;
[INFO] [stderr]   |     ^^^^^^^^^^^^^^^^^^^^^^^^^^^^^^^^^^^^^^^^^^^^^^
[INFO] [stderr] 
[INFO] [stderr] warning: `rs_db` (bin "rs_db" test) generated 6 warnings (1 duplicate)
[INFO] [stderr] warning: `rs_db` (test "file_manager_test") generated 2 warnings (run `cargo fix --test "file_manager_test"` to apply 2 suggestions)
[INFO] [stderr] warning: unused import: `self`
[INFO] [stderr]  --> tests/logger_test.rs:1:27
[INFO] [stderr]   |
[INFO] [stderr] 1 | use rs_db::file_manager::{self, FileManager};
[INFO] [stderr]   |                           ^^^^
[INFO] [stderr]   |
[INFO] [stderr]   = note: `#[warn(unused_imports)]` on by default
[INFO] [stderr] 
[INFO] [stderr] warning: unused import: `self`
[INFO] [stderr]  --> tests/logger_test.rs:3:5
[INFO] [stderr]   |
[INFO] [stderr] 3 |     self, Logger, U64_BYTES
[INFO] [stderr]   |     ^^^^
[INFO] [stderr] 
[INFO] [stderr] warning: `rs_db` (bin "rs_db") generated 6 warnings (6 duplicates)
[INFO] [stderr] warning: `rs_db` (test "logger_test") generated 2 warnings (run `cargo fix --test "logger_test"` to apply 2 suggestions)
[INFO] [stderr] warning: `rs_db` (lib test) generated 2 warnings (2 duplicates)
[INFO] [stderr]     Finished `test` profile [unoptimized + debuginfo] target(s) in 0.02s
[INFO] [stderr]      Running unittests src/lib.rs (/opt/rustwide/target/debug/deps/rs_db-3f3845f4c1a118ad)
[INFO] [stdout] 
[INFO] [stdout] running 0 tests
[INFO] [stdout] 
[INFO] [stdout] test result: ok. 0 passed; 0 failed; 0 ignored; 0 measured; 0 filtered out; finished in 0.00s
[INFO] [stdout] 
[INFO] [stderr]      Running unittests src/main.rs (/opt/rustwide/target/debug/deps/rs_db-27b7171bf10c7f50)
[INFO] [stdout] 
[INFO] [stdout] running 0 tests
[INFO] [stdout] 
[INFO] [stdout] test result: ok. 0 passed; 0 failed; 0 ignored; 0 measured; 0 filtered out; finished in 0.00s
[INFO] [stdout] 
[INFO] [stderr]      Running tests/file_manager_test.rs (/opt/rustwide/target/debug/deps/file_manager_test-218c372b8de543bc)
[INFO] [stdout] 
[INFO] [stdout] running 1 test
[INFO] [stderr] error: test failed, to rerun pass `--test file_manager_test`
[INFO] [stdout] test test_file_manager ... FAILED
[INFO] [stdout] 
[INFO] [stdout] failures:
[INFO] [stdout] 
[INFO] [stdout] ---- test_file_manager stdout ----
[INFO] [stdout] thread 'test_file_manager' panicked at tests/file_manager_test.rs:8:63:
[INFO] [stdout] called `Result::unwrap()` on an `Err` value: Os { code: 30, kind: ReadOnlyFilesystem, message: "Read-only file system" }
[INFO] [stdout] stack backtrace:
[INFO] [stdout]    0:     0x62105801dd6a - std::backtrace_rs::backtrace::libunwind::trace::h5a5b8284f2d0c266
[INFO] [stdout]                                at /rustc/90b35a6239c3d8bdabc530a6a0816f7ff89a0aaf/library/std/src/../../backtrace/src/backtrace/libunwind.rs:116:5
[INFO] [stdout]    1:     0x62105801dd6a - std::backtrace_rs::backtrace::trace_unsynchronized::h76d4f1c9b0b875e3
[INFO] [stdout]                                at /rustc/90b35a6239c3d8bdabc530a6a0816f7ff89a0aaf/library/std/src/../../backtrace/src/backtrace/mod.rs:66:5
[INFO] [stdout]    2:     0x62105801dd6a - std::sys::backtrace::_print_fmt::hc4546b8364a537c6
[INFO] [stdout]                                at /rustc/90b35a6239c3d8bdabc530a6a0816f7ff89a0aaf/library/std/src/sys/backtrace.rs:66:9
[INFO] [stdout]    3:     0x62105801dd6a - <std::sys::backtrace::BacktraceLock::print::DisplayBacktrace as core::fmt::Display>::fmt::h5b6bd5631a6d1f6b
[INFO] [stdout]                                at /rustc/90b35a6239c3d8bdabc530a6a0816f7ff89a0aaf/library/std/src/sys/backtrace.rs:39:26
[INFO] [stdout]    4:     0x621058043733 - core::fmt::rt::Argument::fmt::h270f6602a2b96f62
[INFO] [stdout]                                at /rustc/90b35a6239c3d8bdabc530a6a0816f7ff89a0aaf/library/core/src/fmt/rt.rs:177:76
[INFO] [stdout]    5:     0x621058043733 - core::fmt::write::h7550c97b06c86515
[INFO] [stdout]                                at /rustc/90b35a6239c3d8bdabc530a6a0816f7ff89a0aaf/library/core/src/fmt/mod.rs:1186:21
[INFO] [stdout]    6:     0x62105801ac93 - std::io::Write::write_fmt::h509ff860e5956e5e
[INFO] [stdout]                                at /rustc/90b35a6239c3d8bdabc530a6a0816f7ff89a0aaf/library/std/src/io/mod.rs:1839:15
[INFO] [stdout]    7:     0x62105801dbb2 - std::sys::backtrace::BacktraceLock::print::h2395ccd2c84ba3aa
[INFO] [stdout]                                at /rustc/90b35a6239c3d8bdabc530a6a0816f7ff89a0aaf/library/std/src/sys/backtrace.rs:42:9
[INFO] [stdout]    8:     0x62105801f1ca - std::panicking::default_hook::{{closure}}::he19d4c7230e07961
[INFO] [stdout]                                at /rustc/90b35a6239c3d8bdabc530a6a0816f7ff89a0aaf/library/std/src/panicking.rs:268:22
[INFO] [stdout]    9:     0x62105801efd4 - std::panicking::default_hook::hf614597d3c67bbdb
[INFO] [stdout]                                at /rustc/90b35a6239c3d8bdabc530a6a0816f7ff89a0aaf/library/std/src/panicking.rs:292:9
[INFO] [stdout]   10:     0x621057fda7e9 - <alloc::boxed::Box<F,A> as core::ops::function::Fn<Args>>::call::h39b51ce4599c23d1
[INFO] [stdout]                                at /rustc/90b35a6239c3d8bdabc530a6a0816f7ff89a0aaf/library/alloc/src/boxed.rs:2468:9
[INFO] [stdout]   11:     0x621057fda7e9 - test::test_main::{{closure}}::he977ae839a582784
[INFO] [stdout]                                at /rustc/90b35a6239c3d8bdabc530a6a0816f7ff89a0aaf/library/test/src/lib.rs:133:21
[INFO] [stdout]   12:     0x62105801f868 - <alloc::boxed::Box<F,A> as core::ops::function::Fn<Args>>::call::h9455091b6b06f9fb
[INFO] [stdout]                                at /rustc/90b35a6239c3d8bdabc530a6a0816f7ff89a0aaf/library/alloc/src/boxed.rs:2468:9
[INFO] [stdout]   13:     0x62105801f868 - std::panicking::rust_panic_with_hook::h8942133a8b252070
[INFO] [stdout]                                at /rustc/90b35a6239c3d8bdabc530a6a0816f7ff89a0aaf/library/std/src/panicking.rs:809:13
[INFO] [stdout]   14:     0x62105801f62a - std::panicking::begin_panic_handler::{{closure}}::hb5f5963570096b29
[INFO] [stdout]                                at /rustc/90b35a6239c3d8bdabc530a6a0816f7ff89a0aaf/library/std/src/panicking.rs:674:13
[INFO] [stdout]   15:     0x62105801e249 - std::sys::backtrace::__rust_end_short_backtrace::h6208cedc1922feda
[INFO] [stdout]                                at /rustc/90b35a6239c3d8bdabc530a6a0816f7ff89a0aaf/library/std/src/sys/backtrace.rs:170:18
[INFO] [stdout]   16:     0x62105801f2bc - rust_begin_unwind
[INFO] [stdout]                                at /rustc/90b35a6239c3d8bdabc530a6a0816f7ff89a0aaf/library/std/src/panicking.rs:665:5
[INFO] [stdout]   17:     0x621057f9fba0 - core::panicking::panic_fmt::h0c3082644d1bf418
[INFO] [stdout]                                at /rustc/90b35a6239c3d8bdabc530a6a0816f7ff89a0aaf/library/core/src/panicking.rs:74:14
[INFO] [stdout]   18:     0x621057f9ff46 - core::result::unwrap_failed::hd20b4aa073bda1e2
[INFO] [stdout]                                at /rustc/90b35a6239c3d8bdabc530a6a0816f7ff89a0aaf/library/core/src/result.rs:1700:5
[INFO] [stdout]   19:     0x621057fa15d8 - core::result::Result<T,E>::unwrap::hfc6088a84d642fb3
[INFO] [stdout]                                at /rustc/90b35a6239c3d8bdabc530a6a0816f7ff89a0aaf/library/core/src/result.rs:1104:23
[INFO] [stdout]   20:     0x621057fa15d8 - file_manager_test::test_file_manager::hef221e43460b1318
[INFO] [stdout]                                at /opt/rustwide/workdir/tests/file_manager_test.rs:8:14
[INFO] [stdout]   21:     0x621057fa1517 - file_manager_test::test_file_manager::{{closure}}::hc4e5644d3103400f
[INFO] [stdout]                                at /opt/rustwide/workdir/tests/file_manager_test.rs:7:23
[INFO] [stdout]   22:     0x621057fa05a6 - core::ops::function::FnOnce::call_once::h59baca816c2eb57e
[INFO] [stdout]                                at /rustc/90b35a6239c3d8bdabc530a6a0816f7ff89a0aaf/library/core/src/ops/function.rs:250:5
[INFO] [stdout]   23:     0x621057fdf1ab - core::ops::function::FnOnce::call_once::h109cf8051a59b34e
[INFO] [stdout]                                at /rustc/90b35a6239c3d8bdabc530a6a0816f7ff89a0aaf/library/core/src/ops/function.rs:250:5
[INFO] [stdout]   24:     0x621057fdf1ab - test::__rust_begin_short_backtrace::hf4fff89d377446ba
[INFO] [stdout]                                at /rustc/90b35a6239c3d8bdabc530a6a0816f7ff89a0aaf/library/test/src/lib.rs:621:18
[INFO] [stdout]   25:     0x621057fde9e7 - test::run_test_in_process::{{closure}}::h0e39181dd7ee5a43
[INFO] [stdout]                                at /rustc/90b35a6239c3d8bdabc530a6a0816f7ff89a0aaf/library/test/src/lib.rs:644:60
[INFO] [stdout]   26:     0x621057fde9e7 - <core::panic::unwind_safe::AssertUnwindSafe<F> as core::ops::function::FnOnce<()>>::call_once::hc5a66a30f0bdfd1f
[INFO] [stdout]                                at /rustc/90b35a6239c3d8bdabc530a6a0816f7ff89a0aaf/library/core/src/panic/unwind_safe.rs:272:9
[INFO] [stdout]   27:     0x621057fde9e7 - std::panicking::try::do_call::h873b7cf639554a5e
[INFO] [stdout]                                at /rustc/90b35a6239c3d8bdabc530a6a0816f7ff89a0aaf/library/std/src/panicking.rs:557:40
[INFO] [stdout]   28:     0x621057fde9e7 - std::panicking::try::hdb19862fad9c8bd1
[INFO] [stdout]                                at /rustc/90b35a6239c3d8bdabc530a6a0816f7ff89a0aaf/library/std/src/panicking.rs:520:19
[INFO] [stdout]   29:     0x621057fde9e7 - std::panic::catch_unwind::h281fe732d236d260
[INFO] [stdout]                                at /rustc/90b35a6239c3d8bdabc530a6a0816f7ff89a0aaf/library/std/src/panic.rs:358:14
[INFO] [stdout]   30:     0x621057fde9e7 - test::run_test_in_process::h949b6df8457ed338
[INFO] [stdout]                                at /rustc/90b35a6239c3d8bdabc530a6a0816f7ff89a0aaf/library/test/src/lib.rs:644:27
[INFO] [stdout]   31:     0x621057fde9e7 - test::run_test::{{closure}}::h52c556a6d4740e10
[INFO] [stdout]                                at /rustc/90b35a6239c3d8bdabc530a6a0816f7ff89a0aaf/library/test/src/lib.rs:565:43
[INFO] [stdout]   32:     0x621057fa3cc4 - test::run_test::{{closure}}::h4237f6381c45ccb9
[INFO] [stdout]                                at /rustc/90b35a6239c3d8bdabc530a6a0816f7ff89a0aaf/library/test/src/lib.rs:595:41
[INFO] [stdout]   33:     0x621057fa3cc4 - std::sys::backtrace::__rust_begin_short_backtrace::h505c97a579eca628
[INFO] [stdout]                                at /rustc/90b35a6239c3d8bdabc530a6a0816f7ff89a0aaf/library/std/src/sys/backtrace.rs:154:18
[INFO] [stdout]   34:     0x621057fa738e - std::thread::Builder::spawn_unchecked_::{{closure}}::{{closure}}::h9e86b2e2bc107ea3
[INFO] [stdout]                                at /rustc/90b35a6239c3d8bdabc530a6a0816f7ff89a0aaf/library/std/src/thread/mod.rs:538:17
[INFO] [stdout]   35:     0x621057fa738e - <core::panic::unwind_safe::AssertUnwindSafe<F> as core::ops::function::FnOnce<()>>::call_once::h8b06ddb275ff4a25
[INFO] [stdout]                                at /rustc/90b35a6239c3d8bdabc530a6a0816f7ff89a0aaf/library/core/src/panic/unwind_safe.rs:272:9
[INFO] [stdout]   36:     0x621057fa738e - std::panicking::try::do_call::hb26ecd7cd9a9355d
[INFO] [stdout]                                at /rustc/90b35a6239c3d8bdabc530a6a0816f7ff89a0aaf/library/std/src/panicking.rs:557:40
[INFO] [stdout]   37:     0x621057fa738e - std::panicking::try::h8ddeca9d705f9069
[INFO] [stdout]                                at /rustc/90b35a6239c3d8bdabc530a6a0816f7ff89a0aaf/library/std/src/panicking.rs:520:19
[INFO] [stdout]   38:     0x621057fa738e - std::panic::catch_unwind::h49e1c33078844c46
[INFO] [stdout]                                at /rustc/90b35a6239c3d8bdabc530a6a0816f7ff89a0aaf/library/std/src/panic.rs:358:14
[INFO] [stdout]   39:     0x621057fa738e - std::thread::Builder::spawn_unchecked_::{{closure}}::h6073db6ff56ad35d
[INFO] [stdout]                                at /rustc/90b35a6239c3d8bdabc530a6a0816f7ff89a0aaf/library/std/src/thread/mod.rs:537:30
[INFO] [stdout]   40:     0x621057fa738e - core::ops::function::FnOnce::call_once{{vtable.shim}}::h2c5a5f3779c774f1
[INFO] [stdout]                                at /rustc/90b35a6239c3d8bdabc530a6a0816f7ff89a0aaf/library/core/src/ops/function.rs:250:5
[INFO] [stdout]   41:     0x621058023b1b - <alloc::boxed::Box<F,A> as core::ops::function::FnOnce<Args>>::call_once::hf75717d9f28faebf
[INFO] [stdout]                                at /rustc/90b35a6239c3d8bdabc530a6a0816f7ff89a0aaf/library/alloc/src/boxed.rs:2454:9
[INFO] [stdout]   42:     0x621058023b1b - <alloc::boxed::Box<F,A> as core::ops::function::FnOnce<Args>>::call_once::h7bd883a5f3c5f3c1
[INFO] [stdout]                                at /rustc/90b35a6239c3d8bdabc530a6a0816f7ff89a0aaf/library/alloc/src/boxed.rs:2454:9
[INFO] [stdout]   43:     0x621058023b1b - std::sys::pal::unix::thread::Thread::new::thread_start::hcc78f3943333fa94
[INFO] [stdout]                                at /rustc/90b35a6239c3d8bdabc530a6a0816f7ff89a0aaf/library/std/src/sys/pal/unix/thread.rs:105:17
[INFO] [stdout]   44:     0x76621a5fbac3 - <unknown>
[INFO] [stdout]   45:     0x76621a68ca04 - clone
[INFO] [stdout]   46:                0x0 - <unknown>
[INFO] [stdout] 
[INFO] [stdout] 
[INFO] [stdout] failures:
[INFO] [stdout]     test_file_manager
[INFO] [stdout] 
[INFO] [stdout] test result: FAILED. 0 passed; 1 failed; 0 ignored; 0 measured; 0 filtered out; finished in 0.02s
[INFO] [stdout] 
[INFO] running `Command { std: "docker" "inspect" "f0e2d16ebb6b1a3038d40a5882a38fd25ca7568648b0ee0913c5bc9b25b1cd12", kill_on_drop: false }`
[INFO] running `Command { std: "docker" "rm" "-f" "f0e2d16ebb6b1a3038d40a5882a38fd25ca7568648b0ee0913c5bc9b25b1cd12", kill_on_drop: false }`
[INFO] [stdout] f0e2d16ebb6b1a3038d40a5882a38fd25ca7568648b0ee0913c5bc9b25b1cd12
