[INFO] cloning repository https://github.com/CJGutz/unchained
[INFO] running `Command { std: "git" "-c" "credential.helper=" "-c" "credential.helper=/workspace/cargo-home/bin/git-credential-null" "clone" "--bare" "https://github.com/CJGutz/unchained" "/workspace/cache/git-repos/https%3A%2F%2Fgithub.com%2FCJGutz%2Funchained", kill_on_drop: false }`
[INFO] [stderr] Cloning into bare repository '/workspace/cache/git-repos/https%3A%2F%2Fgithub.com%2FCJGutz%2Funchained'...
[INFO] running `Command { std: "git" "rev-parse" "HEAD", kill_on_drop: false }`
[INFO] [stdout] 9d43046c467d3d087b78b4bf3896bc85e862518f
[INFO] testing CJGutz/unchained against 1.83.0 for beta-1.84.0-4-retry
[INFO] running `Command { std: "git" "clone" "/workspace/cache/git-repos/https%3A%2F%2Fgithub.com%2FCJGutz%2Funchained" "/workspace/builds/worker-2-tc1/source", kill_on_drop: false }`
[INFO] [stderr] Cloning into '/workspace/builds/worker-2-tc1/source'...
[INFO] [stderr] done.
[INFO] validating manifest of git repo https://github.com/CJGutz/unchained on toolchain 1.83.0
[INFO] running `Command { std: CARGO_HOME="/workspace/cargo-home" RUSTUP_HOME="/workspace/rustup-home" "/workspace/cargo-home/bin/cargo" "+1.83.0" "metadata" "--manifest-path" "Cargo.toml" "--no-deps", kill_on_drop: false }`
[INFO] started tweaking git repo https://github.com/CJGutz/unchained
[INFO] finished tweaking git repo https://github.com/CJGutz/unchained
[INFO] tweaked toml for git repo https://github.com/CJGutz/unchained written to /workspace/builds/worker-2-tc1/source/Cargo.toml
[INFO] crate git repo https://github.com/CJGutz/unchained already has a lockfile, it will not be regenerated
[INFO] running `Command { std: CARGO_HOME="/workspace/cargo-home" RUSTUP_HOME="/workspace/rustup-home" "/workspace/cargo-home/bin/cargo" "+1.83.0" "fetch" "--manifest-path" "Cargo.toml", kill_on_drop: false }`
[INFO] [stderr]  Downloading crates ...
[INFO] [stderr]   Downloaded markdown v1.0.0-alpha.20
[INFO] running `Command { std: "docker" "create" "-v" "/var/lib/crater-agent-workspace/builds/worker-2-tc1/target:/opt/rustwide/target:rw,Z" "-v" "/var/lib/crater-agent-workspace/builds/worker-2-tc1/source:/opt/rustwide/workdir:ro,Z" "-v" "/var/lib/crater-agent-workspace/cargo-home:/opt/rustwide/cargo-home:ro,Z" "-v" "/var/lib/crater-agent-workspace/rustup-home:/opt/rustwide/rustup-home:ro,Z" "-e" "SOURCE_DIR=/opt/rustwide/workdir" "-e" "CARGO_TARGET_DIR=/opt/rustwide/target" "-e" "CARGO_HOME=/opt/rustwide/cargo-home" "-e" "RUSTUP_HOME=/opt/rustwide/rustup-home" "-w" "/opt/rustwide/workdir" "-m" "1610612736" "--user" "0:0" "--network" "none" "ghcr.io/rust-lang/crates-build-env/linux@sha256:f3a9d4ad9d972b27faf3965f35b62e55ba32bbce8f20bc8fe909558a86702fde" "/opt/rustwide/cargo-home/bin/cargo" "+1.83.0" "metadata" "--no-deps" "--format-version=1", kill_on_drop: false }`
[INFO] [stdout] 4c7fdc1538cb08b7c323b5cdbb194eeebc51022a8128916b9561c07c9ef73b81
[INFO] running `Command { std: "docker" "start" "-a" "4c7fdc1538cb08b7c323b5cdbb194eeebc51022a8128916b9561c07c9ef73b81", kill_on_drop: false }`
[INFO] running `Command { std: "docker" "inspect" "4c7fdc1538cb08b7c323b5cdbb194eeebc51022a8128916b9561c07c9ef73b81", kill_on_drop: false }`
[INFO] running `Command { std: "docker" "rm" "-f" "4c7fdc1538cb08b7c323b5cdbb194eeebc51022a8128916b9561c07c9ef73b81", kill_on_drop: false }`
[INFO] [stdout] 4c7fdc1538cb08b7c323b5cdbb194eeebc51022a8128916b9561c07c9ef73b81
[INFO] running `Command { std: "docker" "create" "-v" "/var/lib/crater-agent-workspace/builds/worker-2-tc1/target:/opt/rustwide/target:rw,Z" "-v" "/var/lib/crater-agent-workspace/builds/worker-2-tc1/source:/opt/rustwide/workdir:ro,Z" "-v" "/var/lib/crater-agent-workspace/cargo-home:/opt/rustwide/cargo-home:ro,Z" "-v" "/var/lib/crater-agent-workspace/rustup-home:/opt/rustwide/rustup-home:ro,Z" "-e" "SOURCE_DIR=/opt/rustwide/workdir" "-e" "CARGO_TARGET_DIR=/opt/rustwide/target" "-e" "CARGO_INCREMENTAL=0" "-e" "RUST_BACKTRACE=full" "-e" "RUSTFLAGS=--cap-lints=warn" "-e" "RUSTDOCFLAGS=--cap-lints=warn" "-e" "CARGO_HOME=/opt/rustwide/cargo-home" "-e" "RUSTUP_HOME=/opt/rustwide/rustup-home" "-w" "/opt/rustwide/workdir" "-m" "1610612736" "--user" "0:0" "--network" "none" "ghcr.io/rust-lang/crates-build-env/linux@sha256:f3a9d4ad9d972b27faf3965f35b62e55ba32bbce8f20bc8fe909558a86702fde" "/opt/rustwide/cargo-home/bin/cargo" "+1.83.0" "build" "--frozen" "--message-format=json", kill_on_drop: false }`
[INFO] [stdout] b493c30c332209f09d725e8c4a4c9025249f43ae715f6d104ea813b72c062387
[INFO] running `Command { std: "docker" "start" "-a" "b493c30c332209f09d725e8c4a4c9025249f43ae715f6d104ea813b72c062387", kill_on_drop: false }`
[INFO] [stderr]    Compiling unicode-id v0.3.5
[INFO] [stderr]    Compiling unchained_web v0.1.2 (/opt/rustwide/workdir/unchained)
[INFO] [stderr]    Compiling markdown v1.0.0-alpha.20
[INFO] [stderr]    Compiling eportfolio v0.1.0 (/opt/rustwide/workdir/eportfolio)
[INFO] [stderr]     Finished `dev` profile [unoptimized + debuginfo] target(s) in 3.56s
[INFO] running `Command { std: "docker" "inspect" "b493c30c332209f09d725e8c4a4c9025249f43ae715f6d104ea813b72c062387", kill_on_drop: false }`
[INFO] running `Command { std: "docker" "rm" "-f" "b493c30c332209f09d725e8c4a4c9025249f43ae715f6d104ea813b72c062387", kill_on_drop: false }`
[INFO] [stdout] b493c30c332209f09d725e8c4a4c9025249f43ae715f6d104ea813b72c062387
[INFO] running `Command { std: "docker" "create" "-v" "/var/lib/crater-agent-workspace/builds/worker-2-tc1/target:/opt/rustwide/target:rw,Z" "-v" "/var/lib/crater-agent-workspace/builds/worker-2-tc1/source:/opt/rustwide/workdir:ro,Z" "-v" "/var/lib/crater-agent-workspace/cargo-home:/opt/rustwide/cargo-home:ro,Z" "-v" "/var/lib/crater-agent-workspace/rustup-home:/opt/rustwide/rustup-home:ro,Z" "-e" "SOURCE_DIR=/opt/rustwide/workdir" "-e" "CARGO_TARGET_DIR=/opt/rustwide/target" "-e" "CARGO_INCREMENTAL=0" "-e" "RUST_BACKTRACE=full" "-e" "RUSTFLAGS=--cap-lints=warn" "-e" "RUSTDOCFLAGS=--cap-lints=warn" "-e" "CARGO_HOME=/opt/rustwide/cargo-home" "-e" "RUSTUP_HOME=/opt/rustwide/rustup-home" "-w" "/opt/rustwide/workdir" "-m" "1610612736" "--user" "0:0" "--network" "none" "ghcr.io/rust-lang/crates-build-env/linux@sha256:f3a9d4ad9d972b27faf3965f35b62e55ba32bbce8f20bc8fe909558a86702fde" "/opt/rustwide/cargo-home/bin/cargo" "+1.83.0" "test" "--frozen" "--no-run" "--message-format=json", kill_on_drop: false }`
[INFO] [stdout] f4e168f3e25b0d59ad8ac852574d77f884b15a6df57667d73a8b136d7c91bdbe
[INFO] running `Command { std: "docker" "start" "-a" "f4e168f3e25b0d59ad8ac852574d77f884b15a6df57667d73a8b136d7c91bdbe", kill_on_drop: false }`
[INFO] [stderr]    Compiling unchained_web v0.1.2 (/opt/rustwide/workdir/unchained)
[INFO] [stderr]    Compiling eportfolio v0.1.0 (/opt/rustwide/workdir/eportfolio)
[INFO] [stderr]     Finished `test` profile [unoptimized + debuginfo] target(s) in 0.97s
[INFO] running `Command { std: "docker" "inspect" "f4e168f3e25b0d59ad8ac852574d77f884b15a6df57667d73a8b136d7c91bdbe", kill_on_drop: false }`
[INFO] running `Command { std: "docker" "rm" "-f" "f4e168f3e25b0d59ad8ac852574d77f884b15a6df57667d73a8b136d7c91bdbe", kill_on_drop: false }`
[INFO] [stdout] f4e168f3e25b0d59ad8ac852574d77f884b15a6df57667d73a8b136d7c91bdbe
[INFO] running `Command { std: "docker" "create" "-v" "/var/lib/crater-agent-workspace/builds/worker-2-tc1/target:/opt/rustwide/target:rw,Z" "-v" "/var/lib/crater-agent-workspace/builds/worker-2-tc1/source:/opt/rustwide/workdir:ro,Z" "-v" "/var/lib/crater-agent-workspace/cargo-home:/opt/rustwide/cargo-home:ro,Z" "-v" "/var/lib/crater-agent-workspace/rustup-home:/opt/rustwide/rustup-home:ro,Z" "-e" "SOURCE_DIR=/opt/rustwide/workdir" "-e" "CARGO_TARGET_DIR=/opt/rustwide/target" "-e" "CARGO_INCREMENTAL=0" "-e" "RUST_BACKTRACE=full" "-e" "RUSTFLAGS=--cap-lints=warn" "-e" "RUSTDOCFLAGS=--cap-lints=warn" "-e" "CARGO_HOME=/opt/rustwide/cargo-home" "-e" "RUSTUP_HOME=/opt/rustwide/rustup-home" "-w" "/opt/rustwide/workdir" "-m" "1610612736" "--user" "0:0" "--network" "none" "ghcr.io/rust-lang/crates-build-env/linux@sha256:f3a9d4ad9d972b27faf3965f35b62e55ba32bbce8f20bc8fe909558a86702fde" "/opt/rustwide/cargo-home/bin/cargo" "+1.83.0" "test" "--frozen", kill_on_drop: false }`
[INFO] [stdout] 6e5b41e16d745e78655e0a66e1e8115201dc6922c90ae465d5c58528cdaf50e7
[INFO] running `Command { std: "docker" "start" "-a" "6e5b41e16d745e78655e0a66e1e8115201dc6922c90ae465d5c58528cdaf50e7", kill_on_drop: false }`
[INFO] [stderr]     Finished `test` profile [unoptimized + debuginfo] target(s) in 0.04s
[INFO] [stderr]      Running unittests src/main.rs (/opt/rustwide/target/debug/deps/eportfolio-8004ed478a80ac9d)
[INFO] [stdout] 
[INFO] [stdout] running 0 tests
[INFO] [stdout] 
[INFO] [stdout] test result: ok. 0 passed; 0 failed; 0 ignored; 0 measured; 0 filtered out; finished in 0.00s
[INFO] [stdout] 
[INFO] [stderr]      Running unittests src/lib.rs (/opt/rustwide/target/debug/deps/unchained_web-30ce6686c7623d6b)
[INFO] [stdout] 
[INFO] [stdout] running 24 tests
[INFO] [stdout] test router::tests::test_matching_wildcard_routes ... ok
[INFO] [stdout] test router::tests::test_non_matching_routes_w_path_params ... ok
[INFO] [stdout] test router::tests::test_non_matching_wildcard_routes ... ok
[INFO] [stdout] test templates::text_parse::tests::test_assymmetric_pattern ... ok
[INFO] [stdout] test router::tests::test_single_equal_string_paths_matches ... ok
[INFO] [stdout] test router::tests::test_root_route ... ok
[INFO] [stdout] test router::tests::test_catchall_route ... ok
[INFO] [stdout] test templates::text_parse::tests::find_replace_with_several_code_points ... ok
[INFO] [stdout] test router::tests::test_matches_w_path_params ... ok
[INFO] [stdout] test templates::text_parse::tests::test_equal_open_and_closing__ ... ok
[INFO] [stdout] test templates::text_parse::tests::test_closing_bracket_first ... ok
[INFO] [stdout] test templates::text_parse::tests::test_get_between_w_multi_char_pattern ... ok
[INFO] [stdout] test templates::text_parse::tests::test_multi_char_opening_pattern ... ok
[INFO] [stderr]      Running unittests src/main.rs (/opt/rustwide/target/debug/deps/unchained_web-16b0012164d8b02d)
[INFO] [stdout] test templates::text_parse::tests::test_get_between_in_one_line_match_w_equal_patterns ... ok
[INFO] [stdout] test templates::text_parse::tests::test_no_pattern_found ... ok
[INFO] [stdout] test templates::text_parse::tests::test_get_between_in_two_lines_match_w_equal_patterns ... ok
[INFO] [stdout] test templates::text_parse::tests::test_no_closing_pattern ... ok
[INFO] [stdout] test templates::text_parse::tests::test_remove_single_asymmetric_pattern ... ok
[INFO] [stdout] test templates::text_parse::tests::test_singular_opening_pattern ... ok
[INFO] [stdout] test templates::text_parse::tests::test_closing_bracket_first_before_valid_patterns ... ok
[INFO] [stdout] test templates::text_parse::tests::test_empty_between_opening_and_closing ... ok
[INFO] [stdout] test templates::text_parse::tests::test_no_to_pattern_found ... ok
[INFO] [stdout] test templates::text_parse::tests::test_equal_open_and_closing_pattern ... ok
[INFO] [stdout] test templates::text_parse::tests::test_with_html_content_operation ... ok
[INFO] [stdout] 
[INFO] [stdout] test result: ok. 24 passed; 0 failed; 0 ignored; 0 measured; 0 filtered out; finished in 0.02s
[INFO] [stdout] 
[INFO] [stdout] 
[INFO] [stdout] running 0 tests
[INFO] [stdout] 
[INFO] [stdout] test result: ok. 0 passed; 0 failed; 0 ignored; 0 measured; 0 filtered out; finished in 0.00s
[INFO] [stdout] 
[INFO] [stderr]    Doc-tests unchained_web
[INFO] [stdout] 
[INFO] [stdout] running 8 tests
[INFO] [stdout] test unchained/src/workers.rs - workers::Workers<T,U>::new (line 30) ... FAILED
[INFO] [stdout] test unchained/src/templates/operations.rs - templates::operations::comment_operation (line 373) ... FAILED
[INFO] [stdout] test unchained/src/templates/operations.rs - templates::operations::get_template_operation (line 59) ... FAILED
[INFO] [stdout] test unchained/src/templates/operations.rs - templates::operations::for_loop_operation (line 191) ... FAILED
[INFO] [stdout] test unchained/src/templates/operations.rs - templates::operations::component_operation (line 254) ... FAILED
[INFO] [stdout] test unchained/src/templates/operations.rs - templates::operations::slot (line 336) ... FAILED
[INFO] [stdout] test unchained/src/templates/text_parse.rs - templates::text_parse::remove_between (line 137) ... FAILED
[INFO] [stdout] test unchained/src/templates/text_parse.rs - templates::text_parse::find_between (line 19) ... FAILED
[INFO] [stdout] 
[INFO] [stdout] failures:
[INFO] [stdout] 
[INFO] [stdout] ---- unchained/src/workers.rs - workers::Workers<T,U>::new (line 30) stdout ----
[INFO] [stdout] error[E0433]: failed to resolve: use of undeclared crate or module `unchained`
[INFO] [stdout]  --> unchained/src/workers.rs:31:5
[INFO] [stdout]   |
[INFO] [stdout] 3 | use unchained::workers::Workers;
[INFO] [stdout]   |     ^^^^^^^^^ use of undeclared crate or module `unchained`
[INFO] [stdout] 
[INFO] [stdout] error: aborting due to 1 previous error
[INFO] [stdout] 
[INFO] [stdout] For more information about this error, try `rustc --explain E0433`.
[INFO] [stdout] Couldn't compile the test.
[INFO] [stdout] ---- unchained/src/templates/operations.rs - templates::operations::comment_operation (line 373) stdout ----
[INFO] [stdout] error: expected one of `!`, `.`, `::`, `;`, `?`, `{`, `}`, or an operator, found `Any`
[INFO] [stdout]  --> unchained/src/templates/operations.rs:374:12
[INFO] [stdout]   |
[INFO] [stdout] 3 | {* comment Any information to not render *}
[INFO] [stdout]   |            ^^^ expected one of 8 possible tokens
[INFO] [stdout] 
[INFO] [stdout] error: aborting due to 1 previous error
[INFO] [stdout] 
[INFO] [stdout] Couldn't compile the test.
[INFO] [stdout] ---- unchained/src/templates/operations.rs - templates::operations::get_template_operation (line 59) stdout ----
[INFO] [stdout] error: expected `::`, found `Renders`
[INFO] [stdout]  --> unchained/src/templates/operations.rs:61:7
[INFO] [stdout]   |
[INFO] [stdout] 4 |  <div>Renders if true</div>
[INFO] [stdout]   |       ^^^^^^^ expected `::`
[INFO] [stdout] 
[INFO] [stdout] error: expected expression, found `}`
[INFO] [stdout]  --> unchained/src/templates/operations.rs:63:2
[INFO] [stdout]   |
[INFO] [stdout] 6 | *}
[INFO] [stdout]   |  ^ expected expression
[INFO] [stdout] 
[INFO] [stdout] error: aborting due to 2 previous errors
[INFO] [stdout] 
[INFO] [stdout] Couldn't compile the test.
[INFO] [stdout] ---- unchained/src/templates/operations.rs - templates::operations::for_loop_operation (line 191) stdout ----
[INFO] [stdout] error: expected `::`, found `{`
[INFO] [stdout]  --> unchained/src/templates/operations.rs:193:9
[INFO] [stdout]   |
[INFO] [stdout] 4 |    <div>{element}</div>
[INFO] [stdout]   |         ^ expected `::`
[INFO] [stdout] 
[INFO] [stdout] error: expected expression, found `}`
[INFO] [stdout]  --> unchained/src/templates/operations.rs:195:2
[INFO] [stdout]   |
[INFO] [stdout] 6 | *}
[INFO] [stdout]   |  ^ expected expression
[INFO] [stdout] 
[INFO] [stdout] error: aborting due to 2 previous errors
[INFO] [stdout] 
[INFO] [stdout] Couldn't compile the test.
[INFO] [stdout] ---- unchained/src/templates/operations.rs - templates::operations::component_operation (line 254) stdout ----
[INFO] [stdout] error: expected one of `>` or `as`, found `-`
[INFO] [stdout]  --> unchained/src/templates/operations.rs:255:3
[INFO] [stdout]   |
[INFO] [stdout] 3 | <!-- page.html -->
[INFO] [stdout]   |   ^ expected one of `>` or `as`
[INFO] [stdout] 
[INFO] [stdout] error: aborting due to 1 previous error
[INFO] [stdout] 
[INFO] [stdout] Couldn't compile the test.
[INFO] [stdout] ---- unchained/src/templates/operations.rs - templates::operations::slot (line 336) stdout ----
[INFO] [stdout] error: expected one of `>` or `as`, found `-`
[INFO] [stdout]  --> unchained/src/templates/operations.rs:337:3
[INFO] [stdout]   |
[INFO] [stdout] 3 | <!-- page.html -->
[INFO] [stdout]   |   ^ expected one of `>` or `as`
[INFO] [stdout] 
[INFO] [stdout] error: aborting due to 1 previous error
[INFO] [stdout] 
[INFO] [stdout] Couldn't compile the test.
[INFO] [stdout] ---- unchained/src/templates/text_parse.rs - templates::text_parse::remove_between (line 137) stdout ----
[INFO] [stdout] error[E0425]: cannot find function `remove_between` in this scope
[INFO] [stdout]  --> unchained/src/templates/text_parse.rs:139:11
[INFO] [stdout]   |
[INFO] [stdout] 4 | let res = remove_between(content, "[", "]");
[INFO] [stdout]   |           ^^^^^^^^^^^^^^ not found in this scope
[INFO] [stdout]   |
[INFO] [stdout] help: consider importing this function
[INFO] [stdout]   |
[INFO] [stdout] 2 + use unchained_web::templates::text_parse::remove_between;
[INFO] [stdout]   |
[INFO] [stdout] 
[INFO] [stdout] error: aborting due to 1 previous error
[INFO] [stdout] 
[INFO] [stdout] For more information about this error, try `rustc --explain E0425`.
[INFO] [stdout] Couldn't compile the test.
[INFO] [stdout] ---- unchained/src/templates/text_parse.rs - templates::text_parse::find_between (line 19) stdout ----
[INFO] [stdout] error[E0425]: cannot find function `find_between` in this scope
[INFO] [stdout]  --> unchained/src/templates/text_parse.rs:20:13
[INFO] [stdout]   |
[INFO] [stdout] 3 | let found = find_between("content that | contains patterns | but", "|", "|");
[INFO] [stdout]   |             ^^^^^^^^^^^^ not found in this scope
[INFO] [stdout]   |
[INFO] [stdout] help: consider importing this function
[INFO] [stdout]   |
[INFO] [stdout] 2 + use unchained_web::templates::text_parse::find_between;
[INFO] [stdout]   |
[INFO] [stdout] 
[INFO] [stdout] error: aborting due to 1 previous error
[INFO] [stdout] 
[INFO] [stdout] For more information about this error, try `rustc --explain E0425`.
[INFO] [stdout] Couldn't compile the test.
[INFO] [stdout] 
[INFO] [stdout] failures:
[INFO] [stdout]     unchained/src/templates/operations.rs - templates::operations::comment_operation (line 373)
[INFO] [stdout]     unchained/src/templates/operations.rs - templates::operations::component_operation (line 254)
[INFO] [stdout]     unchained/src/templates/operations.rs - templates::operations::for_loop_operation (line 191)
[INFO] [stdout]     unchained/src/templates/operations.rs - templates::operations::get_template_operation (line 59)
[INFO] [stdout]     unchained/src/templates/operations.rs - templates::operations::slot (line 336)
[INFO] [stdout]     unchained/src/templates/text_parse.rs - templates::text_parse::find_between (line 19)
[INFO] [stdout]     unchained/src/templates/text_parse.rs - templates::text_parse::remove_between (line 137)
[INFO] [stdout]     unchained/src/workers.rs - workers::Workers<T,U>::new (line 30)
[INFO] [stdout] 
[INFO] [stdout] test result: FAILED. 0 passed; 8 failed; 0 ignored; 0 measured; 0 filtered out; finished in 0.23s
[INFO] [stdout] 
[INFO] [stderr] error: doctest failed, to rerun pass `-p unchained_web --doc`
[INFO] running `Command { std: "docker" "inspect" "6e5b41e16d745e78655e0a66e1e8115201dc6922c90ae465d5c58528cdaf50e7", kill_on_drop: false }`
[INFO] running `Command { std: "docker" "rm" "-f" "6e5b41e16d745e78655e0a66e1e8115201dc6922c90ae465d5c58528cdaf50e7", kill_on_drop: false }`
[INFO] [stdout] 6e5b41e16d745e78655e0a66e1e8115201dc6922c90ae465d5c58528cdaf50e7
