[INFO] cloning repository https://github.com/CHB2025/png
[INFO] running `Command { std: "git" "-c" "credential.helper=" "-c" "credential.helper=/workspace/cargo-home/bin/git-credential-null" "clone" "--bare" "https://github.com/CHB2025/png" "/workspace/cache/git-repos/https%3A%2F%2Fgithub.com%2FCHB2025%2Fpng", kill_on_drop: false }`
[INFO] [stderr] Cloning into bare repository '/workspace/cache/git-repos/https%3A%2F%2Fgithub.com%2FCHB2025%2Fpng'...
[INFO] running `Command { std: "git" "rev-parse" "HEAD", kill_on_drop: false }`
[INFO] [stdout] 0d6ecd07f25c23008fe4c040624a32d680e2b717
[INFO] testing CHB2025/png against 1.83.0 for beta-1.84.0-4-retry
[INFO] running `Command { std: "git" "clone" "/workspace/cache/git-repos/https%3A%2F%2Fgithub.com%2FCHB2025%2Fpng" "/workspace/builds/worker-4-tc1/source", kill_on_drop: false }`
[INFO] [stderr] Cloning into '/workspace/builds/worker-4-tc1/source'...
[INFO] [stderr] done.
[INFO] validating manifest of git repo https://github.com/CHB2025/png on toolchain 1.83.0
[INFO] running `Command { std: CARGO_HOME="/workspace/cargo-home" RUSTUP_HOME="/workspace/rustup-home" "/workspace/cargo-home/bin/cargo" "+1.83.0" "metadata" "--manifest-path" "Cargo.toml" "--no-deps", kill_on_drop: false }`
[INFO] started tweaking git repo https://github.com/CHB2025/png
[INFO] finished tweaking git repo https://github.com/CHB2025/png
[INFO] tweaked toml for git repo https://github.com/CHB2025/png written to /workspace/builds/worker-4-tc1/source/Cargo.toml
[INFO] crate git repo https://github.com/CHB2025/png already has a lockfile, it will not be regenerated
[INFO] running `Command { std: CARGO_HOME="/workspace/cargo-home" RUSTUP_HOME="/workspace/rustup-home" "/workspace/cargo-home/bin/cargo" "+1.83.0" "fetch" "--manifest-path" "Cargo.toml", kill_on_drop: false }`
[INFO] running `Command { std: "docker" "create" "-v" "/var/lib/crater-agent-workspace/builds/worker-4-tc1/target:/opt/rustwide/target:rw,Z" "-v" "/var/lib/crater-agent-workspace/builds/worker-4-tc1/source:/opt/rustwide/workdir:ro,Z" "-v" "/var/lib/crater-agent-workspace/cargo-home:/opt/rustwide/cargo-home:ro,Z" "-v" "/var/lib/crater-agent-workspace/rustup-home:/opt/rustwide/rustup-home:ro,Z" "-e" "SOURCE_DIR=/opt/rustwide/workdir" "-e" "CARGO_TARGET_DIR=/opt/rustwide/target" "-e" "CARGO_HOME=/opt/rustwide/cargo-home" "-e" "RUSTUP_HOME=/opt/rustwide/rustup-home" "-w" "/opt/rustwide/workdir" "-m" "1610612736" "--user" "0:0" "--network" "none" "ghcr.io/rust-lang/crates-build-env/linux@sha256:f3a9d4ad9d972b27faf3965f35b62e55ba32bbce8f20bc8fe909558a86702fde" "/opt/rustwide/cargo-home/bin/cargo" "+1.83.0" "metadata" "--no-deps" "--format-version=1", kill_on_drop: false }`
[INFO] [stdout] 3b259b9aeef1714fec893d60b85e0d33d9953c8991200ae5aa4f4930dfe972fc
[INFO] running `Command { std: "docker" "start" "-a" "3b259b9aeef1714fec893d60b85e0d33d9953c8991200ae5aa4f4930dfe972fc", kill_on_drop: false }`
[INFO] running `Command { std: "docker" "inspect" "3b259b9aeef1714fec893d60b85e0d33d9953c8991200ae5aa4f4930dfe972fc", kill_on_drop: false }`
[INFO] running `Command { std: "docker" "rm" "-f" "3b259b9aeef1714fec893d60b85e0d33d9953c8991200ae5aa4f4930dfe972fc", kill_on_drop: false }`
[INFO] [stdout] 3b259b9aeef1714fec893d60b85e0d33d9953c8991200ae5aa4f4930dfe972fc
[INFO] running `Command { std: "docker" "create" "-v" "/var/lib/crater-agent-workspace/builds/worker-4-tc1/target:/opt/rustwide/target:rw,Z" "-v" "/var/lib/crater-agent-workspace/builds/worker-4-tc1/source:/opt/rustwide/workdir:ro,Z" "-v" "/var/lib/crater-agent-workspace/cargo-home:/opt/rustwide/cargo-home:ro,Z" "-v" "/var/lib/crater-agent-workspace/rustup-home:/opt/rustwide/rustup-home:ro,Z" "-e" "SOURCE_DIR=/opt/rustwide/workdir" "-e" "CARGO_TARGET_DIR=/opt/rustwide/target" "-e" "CARGO_INCREMENTAL=0" "-e" "RUST_BACKTRACE=full" "-e" "RUSTFLAGS=--cap-lints=warn" "-e" "RUSTDOCFLAGS=--cap-lints=warn" "-e" "CARGO_HOME=/opt/rustwide/cargo-home" "-e" "RUSTUP_HOME=/opt/rustwide/rustup-home" "-w" "/opt/rustwide/workdir" "-m" "1610612736" "--user" "0:0" "--network" "none" "ghcr.io/rust-lang/crates-build-env/linux@sha256:f3a9d4ad9d972b27faf3965f35b62e55ba32bbce8f20bc8fe909558a86702fde" "/opt/rustwide/cargo-home/bin/cargo" "+1.83.0" "build" "--frozen" "--message-format=json", kill_on_drop: false }`
[INFO] [stdout] d58eee8f634742bb52a5d39485633b059bacf5502ac0ae4b90c4dcc9b4505e4a
[INFO] running `Command { std: "docker" "start" "-a" "d58eee8f634742bb52a5d39485633b059bacf5502ac0ae4b90c4dcc9b4505e4a", kill_on_drop: false }`
[INFO] [stderr]    Compiling adler2 v2.0.0
[INFO] [stderr]    Compiling crc32fast v1.4.2
[INFO] [stderr]    Compiling miniz_oxide v0.8.0
[INFO] [stderr]    Compiling flate2 v1.0.35
[INFO] [stderr]    Compiling png v0.1.0 (/opt/rustwide/workdir)
[INFO] [stdout] warning: unused import: `DeflateDecoder`
[INFO] [stdout]  --> src/parser.rs:3:20
[INFO] [stdout]   |
[INFO] [stdout] 3 | use flate2::read::{DeflateDecoder, ZlibDecoder};
[INFO] [stdout]   |                    ^^^^^^^^^^^^^^
[INFO] [stdout]   |
[INFO] [stdout]   = note: `#[warn(unused_imports)]` on by default
[INFO] [stdout] 
[INFO] [stdout] 
[INFO] [stdout] warning: constant `PNG_SIG` is never used
[INFO] [stdout]   --> src/intermediate.rs:16:7
[INFO] [stdout]    |
[INFO] [stdout] 16 | const PNG_SIG: [u8; 8] = [137, 80, 78, 71, 13, 10, 26, 10];
[INFO] [stdout]    |       ^^^^^^^
[INFO] [stdout]    |
[INFO] [stdout]    = note: `#[warn(dead_code)]` on by default
[INFO] [stdout] 
[INFO] [stdout] 
[INFO] [stdout] warning: function `read_chunks` is never used
[INFO] [stdout]   --> src/intermediate.rs:18:8
[INFO] [stdout]    |
[INFO] [stdout] 18 | pub fn read_chunks(mut reader: impl Read) -> io::Result<Vec<Chunk>> {
[INFO] [stdout]    |        ^^^^^^^^^^^
[INFO] [stdout] 
[INFO] [stdout] 
[INFO] [stdout] warning: associated function `new` is never used
[INFO] [stdout]   --> src/intermediate/chunk.rs:17:18
[INFO] [stdout]    |
[INFO] [stdout] 16 | impl Chunk {
[INFO] [stdout]    | ---------- associated function in this implementation
[INFO] [stdout] 17 |     pub const fn new(kind: ChunkKind, data: Box<[u8]>) -> Self {
[INFO] [stdout]    |                  ^^^
[INFO] [stdout] 
[INFO] [stdout] 
[INFO] [stdout] warning: constant `PLTE` is never used
[INFO] [stdout]  --> src/intermediate/chunk_kind.rs:2:11
[INFO] [stdout]   |
[INFO] [stdout] 2 | pub const PLTE: ChunkKind = ChunkKind(*b"PLTE");
[INFO] [stdout]   |           ^^^^
[INFO] [stdout] 
[INFO] [stdout] 
[INFO] [stdout] warning: methods `public` and `copy_safe` are never used
[INFO] [stdout]   --> src/intermediate/chunk_kind.rs:34:12
[INFO] [stdout]    |
[INFO] [stdout] 19 | impl ChunkKind {
[INFO] [stdout]    | -------------- methods in this implementation
[INFO] [stdout] ...
[INFO] [stdout] 34 |     pub fn public(&self) -> bool {
[INFO] [stdout]    |            ^^^^^^
[INFO] [stdout] ...
[INFO] [stdout] 46 |     pub fn copy_safe(&self) -> bool {
[INFO] [stdout]    |            ^^^^^^^^^
[INFO] [stdout] 
[INFO] [stdout] 
[INFO] [stdout] warning: method `is_done` is never used
[INFO] [stdout]   --> src/intermediate/chunk_reader.rs:20:12
[INFO] [stdout]    |
[INFO] [stdout] 19 | impl<R> ChunkReader<R> {
[INFO] [stdout]    | ---------------------- method in this implementation
[INFO] [stdout] 20 |     pub fn is_done(&self) -> bool {
[INFO] [stdout]    |            ^^^^^^^
[INFO] [stdout] 
[INFO] [stdout] 
[INFO] [stdout] warning: fields `filter` and `compression_method` are never read
[INFO] [stdout]   --> src/parser.rs:31:5
[INFO] [stdout]    |
[INFO] [stdout] 25 | pub struct PngParser<R> {
[INFO] [stdout]    |            --------- fields in this struct
[INFO] [stdout] ...
[INFO] [stdout] 31 |     filter: Filter,
[INFO] [stdout]    |     ^^^^^^
[INFO] [stdout] 32 |     compression_method: u8,
[INFO] [stdout]    |     ^^^^^^^^^^^^^^^^^^
[INFO] [stdout] 
[INFO] [stdout] 
[INFO] [stdout] warning: trait `Color` is never used
[INFO] [stdout]    --> src/lib.rs:101:15
[INFO] [stdout]     |
[INFO] [stdout] 101 |     pub trait Color {
[INFO] [stdout]     |               ^^^^^
[INFO] [stdout] 
[INFO] [stdout] 
[INFO] [stdout] warning: struct `Png` is never constructed
[INFO] [stdout]    --> src/lib.rs:116:16
[INFO] [stdout]     |
[INFO] [stdout] 116 |     pub struct Png<C: Color> {
[INFO] [stdout]     |                ^^^
[INFO] [stdout] 
[INFO] [stdout] 
[INFO] [stdout] warning: struct `Png` is never constructed
[INFO] [stdout]    --> src/lib.rs:135:16
[INFO] [stdout]     |
[INFO] [stdout] 135 |     pub struct Png {
[INFO] [stdout]     |                ^^^
[INFO] [stdout] 
[INFO] [stdout] 
[INFO] [stdout] warning: struct `Color` is never constructed
[INFO] [stdout]    --> src/lib.rs:151:16
[INFO] [stdout]     |
[INFO] [stdout] 151 |     pub struct Color {
[INFO] [stdout]     |                ^^^^^
[INFO] [stdout] 
[INFO] [stdout] 
[INFO] [stdout] warning: struct `Png` is never constructed
[INFO] [stdout]    --> src/lib.rs:156:16
[INFO] [stdout]     |
[INFO] [stdout] 156 |     pub struct Png {
[INFO] [stdout]     |                ^^^
[INFO] [stdout] 
[INFO] [stdout] 
[INFO] [stdout] warning: enum `Color` is never used
[INFO] [stdout]    --> src/lib.rs:164:14
[INFO] [stdout]     |
[INFO] [stdout] 164 |     pub enum Color {
[INFO] [stdout]     |              ^^^^^
[INFO] [stdout] 
[INFO] [stdout] 
[INFO] [stdout] warning: struct `Png` is never constructed
[INFO] [stdout]    --> src/lib.rs:168:16
[INFO] [stdout]     |
[INFO] [stdout] 168 |     pub struct Png {
[INFO] [stdout]     |                ^^^
[INFO] [stdout] 
[INFO] [stdout] 
[INFO] [stdout] warning: struct `Color` is never constructed
[INFO] [stdout]    --> src/lib.rs:177:16
[INFO] [stdout]     |
[INFO] [stdout] 177 |     pub struct Color(u16, u16, u16);
[INFO] [stdout]     |                ^^^^^
[INFO] [stdout] 
[INFO] [stdout] 
[INFO] [stdout] warning: struct `Png` is never constructed
[INFO] [stdout]    --> src/lib.rs:178:16
[INFO] [stdout]     |
[INFO] [stdout] 178 |     pub struct Png {
[INFO] [stdout]     |                ^^^
[INFO] [stdout] 
[INFO] [stdout] 
[INFO] [stderr]     Finished `dev` profile [unoptimized + debuginfo] target(s) in 1.62s
[INFO] running `Command { std: "docker" "inspect" "d58eee8f634742bb52a5d39485633b059bacf5502ac0ae4b90c4dcc9b4505e4a", kill_on_drop: false }`
[INFO] running `Command { std: "docker" "rm" "-f" "d58eee8f634742bb52a5d39485633b059bacf5502ac0ae4b90c4dcc9b4505e4a", kill_on_drop: false }`
[INFO] [stdout] d58eee8f634742bb52a5d39485633b059bacf5502ac0ae4b90c4dcc9b4505e4a
[INFO] running `Command { std: "docker" "create" "-v" "/var/lib/crater-agent-workspace/builds/worker-4-tc1/target:/opt/rustwide/target:rw,Z" "-v" "/var/lib/crater-agent-workspace/builds/worker-4-tc1/source:/opt/rustwide/workdir:ro,Z" "-v" "/var/lib/crater-agent-workspace/cargo-home:/opt/rustwide/cargo-home:ro,Z" "-v" "/var/lib/crater-agent-workspace/rustup-home:/opt/rustwide/rustup-home:ro,Z" "-e" "SOURCE_DIR=/opt/rustwide/workdir" "-e" "CARGO_TARGET_DIR=/opt/rustwide/target" "-e" "CARGO_INCREMENTAL=0" "-e" "RUST_BACKTRACE=full" "-e" "RUSTFLAGS=--cap-lints=warn" "-e" "RUSTDOCFLAGS=--cap-lints=warn" "-e" "CARGO_HOME=/opt/rustwide/cargo-home" "-e" "RUSTUP_HOME=/opt/rustwide/rustup-home" "-w" "/opt/rustwide/workdir" "-m" "1610612736" "--user" "0:0" "--network" "none" "ghcr.io/rust-lang/crates-build-env/linux@sha256:f3a9d4ad9d972b27faf3965f35b62e55ba32bbce8f20bc8fe909558a86702fde" "/opt/rustwide/cargo-home/bin/cargo" "+1.83.0" "test" "--frozen" "--no-run" "--message-format=json", kill_on_drop: false }`
[INFO] [stdout] d122f998ce949d55c833c8c0b0f571974bde0322ba3f25448142f8e3df446acc
[INFO] running `Command { std: "docker" "start" "-a" "d122f998ce949d55c833c8c0b0f571974bde0322ba3f25448142f8e3df446acc", kill_on_drop: false }`
[INFO] [stderr]    Compiling png v0.1.0 (/opt/rustwide/workdir)
[INFO] [stdout] warning: unused import: `DeflateDecoder`
[INFO] [stdout]  --> src/parser.rs:3:20
[INFO] [stdout]   |
[INFO] [stdout] 3 | use flate2::read::{DeflateDecoder, ZlibDecoder};
[INFO] [stdout]   |                    ^^^^^^^^^^^^^^
[INFO] [stdout]   |
[INFO] [stdout]   = note: `#[warn(unused_imports)]` on by default
[INFO] [stdout] 
[INFO] [stdout] 
[INFO] [stdout] warning: constant `PNG_SIG` is never used
[INFO] [stdout]   --> src/intermediate.rs:16:7
[INFO] [stdout]    |
[INFO] [stdout] 16 | const PNG_SIG: [u8; 8] = [137, 80, 78, 71, 13, 10, 26, 10];
[INFO] [stdout]    |       ^^^^^^^
[INFO] [stdout]    |
[INFO] [stdout]    = note: `#[warn(dead_code)]` on by default
[INFO] [stdout] 
[INFO] [stdout] 
[INFO] [stdout] warning: function `read_chunks` is never used
[INFO] [stdout]   --> src/intermediate.rs:18:8
[INFO] [stdout]    |
[INFO] [stdout] 18 | pub fn read_chunks(mut reader: impl Read) -> io::Result<Vec<Chunk>> {
[INFO] [stdout]    |        ^^^^^^^^^^^
[INFO] [stdout] 
[INFO] [stdout] 
[INFO] [stdout] warning: associated function `new` is never used
[INFO] [stdout]   --> src/intermediate/chunk.rs:17:18
[INFO] [stdout]    |
[INFO] [stdout] 16 | impl Chunk {
[INFO] [stdout]    | ---------- associated function in this implementation
[INFO] [stdout] 17 |     pub const fn new(kind: ChunkKind, data: Box<[u8]>) -> Self {
[INFO] [stdout]    |                  ^^^
[INFO] [stdout] 
[INFO] [stdout] 
[INFO] [stdout] warning: constant `PLTE` is never used
[INFO] [stdout]  --> src/intermediate/chunk_kind.rs:2:11
[INFO] [stdout]   |
[INFO] [stdout] 2 | pub const PLTE: ChunkKind = ChunkKind(*b"PLTE");
[INFO] [stdout]   |           ^^^^
[INFO] [stdout] 
[INFO] [stdout] 
[INFO] [stdout] warning: methods `public` and `copy_safe` are never used
[INFO] [stdout]   --> src/intermediate/chunk_kind.rs:34:12
[INFO] [stdout]    |
[INFO] [stdout] 19 | impl ChunkKind {
[INFO] [stdout]    | -------------- methods in this implementation
[INFO] [stdout] ...
[INFO] [stdout] 34 |     pub fn public(&self) -> bool {
[INFO] [stdout]    |            ^^^^^^
[INFO] [stdout] ...
[INFO] [stdout] 46 |     pub fn copy_safe(&self) -> bool {
[INFO] [stdout]    |            ^^^^^^^^^
[INFO] [stdout] 
[INFO] [stdout] 
[INFO] [stdout] warning: method `is_done` is never used
[INFO] [stdout]   --> src/intermediate/chunk_reader.rs:20:12
[INFO] [stdout]    |
[INFO] [stdout] 19 | impl<R> ChunkReader<R> {
[INFO] [stdout]    | ---------------------- method in this implementation
[INFO] [stdout] 20 |     pub fn is_done(&self) -> bool {
[INFO] [stdout]    |            ^^^^^^^
[INFO] [stdout] 
[INFO] [stdout] 
[INFO] [stdout] warning: fields `filter` and `compression_method` are never read
[INFO] [stdout]   --> src/parser.rs:31:5
[INFO] [stdout]    |
[INFO] [stdout] 25 | pub struct PngParser<R> {
[INFO] [stdout]    |            --------- fields in this struct
[INFO] [stdout] ...
[INFO] [stdout] 31 |     filter: Filter,
[INFO] [stdout]    |     ^^^^^^
[INFO] [stdout] 32 |     compression_method: u8,
[INFO] [stdout]    |     ^^^^^^^^^^^^^^^^^^
[INFO] [stdout] 
[INFO] [stdout] 
[INFO] [stdout] warning: trait `Color` is never used
[INFO] [stdout]    --> src/lib.rs:101:15
[INFO] [stdout]     |
[INFO] [stdout] 101 |     pub trait Color {
[INFO] [stdout]     |               ^^^^^
[INFO] [stdout] 
[INFO] [stdout] 
[INFO] [stdout] warning: struct `Png` is never constructed
[INFO] [stdout]    --> src/lib.rs:116:16
[INFO] [stdout]     |
[INFO] [stdout] 116 |     pub struct Png<C: Color> {
[INFO] [stdout]     |                ^^^
[INFO] [stdout] 
[INFO] [stdout] 
[INFO] [stdout] warning: struct `Png` is never constructed
[INFO] [stdout]    --> src/lib.rs:135:16
[INFO] [stdout]     |
[INFO] [stdout] 135 |     pub struct Png {
[INFO] [stdout]     |                ^^^
[INFO] [stdout] 
[INFO] [stdout] 
[INFO] [stdout] warning: struct `Color` is never constructed
[INFO] [stdout]    --> src/lib.rs:151:16
[INFO] [stdout]     |
[INFO] [stdout] 151 |     pub struct Color {
[INFO] [stdout]     |                ^^^^^
[INFO] [stdout] 
[INFO] [stdout] 
[INFO] [stdout] warning: struct `Png` is never constructed
[INFO] [stdout]    --> src/lib.rs:156:16
[INFO] [stdout]     |
[INFO] [stdout] 156 |     pub struct Png {
[INFO] [stdout]     |                ^^^
[INFO] [stdout] 
[INFO] [stdout] 
[INFO] [stdout] warning: enum `Color` is never used
[INFO] [stdout]    --> src/lib.rs:164:14
[INFO] [stdout]     |
[INFO] [stdout] 164 |     pub enum Color {
[INFO] [stdout]     |              ^^^^^
[INFO] [stdout] 
[INFO] [stdout] 
[INFO] [stdout] warning: struct `Png` is never constructed
[INFO] [stdout]    --> src/lib.rs:168:16
[INFO] [stdout]     |
[INFO] [stdout] 168 |     pub struct Png {
[INFO] [stdout]     |                ^^^
[INFO] [stdout] 
[INFO] [stdout] 
[INFO] [stdout] warning: struct `Color` is never constructed
[INFO] [stdout]    --> src/lib.rs:177:16
[INFO] [stdout]     |
[INFO] [stdout] 177 |     pub struct Color(u16, u16, u16);
[INFO] [stdout]     |                ^^^^^
[INFO] [stdout] 
[INFO] [stdout] 
[INFO] [stdout] warning: struct `Png` is never constructed
[INFO] [stdout]    --> src/lib.rs:178:16
[INFO] [stdout]     |
[INFO] [stdout] 178 |     pub struct Png {
[INFO] [stdout]     |                ^^^
[INFO] [stdout] 
[INFO] [stdout] 
[INFO] [stdout] warning: unused import: `DeflateDecoder`
[INFO] [stdout]  --> src/parser.rs:3:20
[INFO] [stdout]   |
[INFO] [stdout] 3 | use flate2::read::{DeflateDecoder, ZlibDecoder};
[INFO] [stdout]   |                    ^^^^^^^^^^^^^^
[INFO] [stdout]   |
[INFO] [stdout]   = note: `#[warn(unused_imports)]` on by default
[INFO] [stdout] 
[INFO] [stdout] 
[INFO] [stdout] warning: method `is_done` is never used
[INFO] [stdout]   --> src/intermediate/chunk_reader.rs:20:12
[INFO] [stdout]    |
[INFO] [stdout] 19 | impl<R> ChunkReader<R> {
[INFO] [stdout]    | ---------------------- method in this implementation
[INFO] [stdout] 20 |     pub fn is_done(&self) -> bool {
[INFO] [stdout]    |            ^^^^^^^
[INFO] [stdout]    |
[INFO] [stdout]    = note: `#[warn(dead_code)]` on by default
[INFO] [stdout] 
[INFO] [stdout] 
[INFO] [stdout] warning: fields `filter` and `compression_method` are never read
[INFO] [stdout]   --> src/parser.rs:31:5
[INFO] [stdout]    |
[INFO] [stdout] 25 | pub struct PngParser<R> {
[INFO] [stdout]    |            --------- fields in this struct
[INFO] [stdout] ...
[INFO] [stdout] 31 |     filter: Filter,
[INFO] [stdout]    |     ^^^^^^
[INFO] [stdout] 32 |     compression_method: u8,
[INFO] [stdout]    |     ^^^^^^^^^^^^^^^^^^
[INFO] [stdout] 
[INFO] [stdout] 
[INFO] [stdout] warning: trait `Color` is never used
[INFO] [stdout]    --> src/lib.rs:101:15
[INFO] [stdout]     |
[INFO] [stdout] 101 |     pub trait Color {
[INFO] [stdout]     |               ^^^^^
[INFO] [stdout] 
[INFO] [stdout] 
[INFO] [stdout] warning: struct `Png` is never constructed
[INFO] [stdout]    --> src/lib.rs:116:16
[INFO] [stdout]     |
[INFO] [stdout] 116 |     pub struct Png<C: Color> {
[INFO] [stdout]     |                ^^^
[INFO] [stdout] 
[INFO] [stdout] 
[INFO] [stdout] warning: struct `Png` is never constructed
[INFO] [stdout]    --> src/lib.rs:135:16
[INFO] [stdout]     |
[INFO] [stdout] 135 |     pub struct Png {
[INFO] [stdout]     |                ^^^
[INFO] [stdout] 
[INFO] [stdout] 
[INFO] [stdout] warning: struct `Color` is never constructed
[INFO] [stdout]    --> src/lib.rs:151:16
[INFO] [stdout]     |
[INFO] [stdout] 151 |     pub struct Color {
[INFO] [stdout]     |                ^^^^^
[INFO] [stdout] 
[INFO] [stdout] 
[INFO] [stdout] warning: struct `Png` is never constructed
[INFO] [stdout]    --> src/lib.rs:156:16
[INFO] [stdout]     |
[INFO] [stdout] 156 |     pub struct Png {
[INFO] [stdout]     |                ^^^
[INFO] [stdout] 
[INFO] [stdout] 
[INFO] [stdout] warning: enum `Color` is never used
[INFO] [stdout]    --> src/lib.rs:164:14
[INFO] [stdout]     |
[INFO] [stdout] 164 |     pub enum Color {
[INFO] [stdout]     |              ^^^^^
[INFO] [stdout] 
[INFO] [stdout] 
[INFO] [stdout] warning: struct `Png` is never constructed
[INFO] [stdout]    --> src/lib.rs:168:16
[INFO] [stdout]     |
[INFO] [stdout] 168 |     pub struct Png {
[INFO] [stdout]     |                ^^^
[INFO] [stdout] 
[INFO] [stdout] 
[INFO] [stdout] warning: struct `Color` is never constructed
[INFO] [stdout]    --> src/lib.rs:177:16
[INFO] [stdout]     |
[INFO] [stdout] 177 |     pub struct Color(u16, u16, u16);
[INFO] [stdout]     |                ^^^^^
[INFO] [stdout] 
[INFO] [stdout] 
[INFO] [stdout] warning: struct `Png` is never constructed
[INFO] [stdout]    --> src/lib.rs:178:16
[INFO] [stdout]     |
[INFO] [stdout] 178 |     pub struct Png {
[INFO] [stdout]     |                ^^^
[INFO] [stdout] 
[INFO] [stdout] 
[INFO] [stderr]     Finished `test` profile [unoptimized + debuginfo] target(s) in 0.81s
[INFO] running `Command { std: "docker" "inspect" "d122f998ce949d55c833c8c0b0f571974bde0322ba3f25448142f8e3df446acc", kill_on_drop: false }`
[INFO] running `Command { std: "docker" "rm" "-f" "d122f998ce949d55c833c8c0b0f571974bde0322ba3f25448142f8e3df446acc", kill_on_drop: false }`
[INFO] [stdout] d122f998ce949d55c833c8c0b0f571974bde0322ba3f25448142f8e3df446acc
[INFO] running `Command { std: "docker" "create" "-v" "/var/lib/crater-agent-workspace/builds/worker-4-tc1/target:/opt/rustwide/target:rw,Z" "-v" "/var/lib/crater-agent-workspace/builds/worker-4-tc1/source:/opt/rustwide/workdir:ro,Z" "-v" "/var/lib/crater-agent-workspace/cargo-home:/opt/rustwide/cargo-home:ro,Z" "-v" "/var/lib/crater-agent-workspace/rustup-home:/opt/rustwide/rustup-home:ro,Z" "-e" "SOURCE_DIR=/opt/rustwide/workdir" "-e" "CARGO_TARGET_DIR=/opt/rustwide/target" "-e" "CARGO_INCREMENTAL=0" "-e" "RUST_BACKTRACE=full" "-e" "RUSTFLAGS=--cap-lints=warn" "-e" "RUSTDOCFLAGS=--cap-lints=warn" "-e" "CARGO_HOME=/opt/rustwide/cargo-home" "-e" "RUSTUP_HOME=/opt/rustwide/rustup-home" "-w" "/opt/rustwide/workdir" "-m" "1610612736" "--user" "0:0" "--network" "none" "ghcr.io/rust-lang/crates-build-env/linux@sha256:f3a9d4ad9d972b27faf3965f35b62e55ba32bbce8f20bc8fe909558a86702fde" "/opt/rustwide/cargo-home/bin/cargo" "+1.83.0" "test" "--frozen", kill_on_drop: false }`
[INFO] [stdout] 6212fa281b5c8b75f99a023ef99b4cdb3428265f6375b70a29b4d60488c03918
[INFO] running `Command { std: "docker" "start" "-a" "6212fa281b5c8b75f99a023ef99b4cdb3428265f6375b70a29b4d60488c03918", kill_on_drop: false }`
[INFO] [stderr] warning: unused import: `DeflateDecoder`
[INFO] [stderr]  --> src/parser.rs:3:20
[INFO] [stderr]   |
[INFO] [stderr] 3 | use flate2::read::{DeflateDecoder, ZlibDecoder};
[INFO] [stderr]   |                    ^^^^^^^^^^^^^^
[INFO] [stderr]   |
[INFO] [stderr]   = note: `#[warn(unused_imports)]` on by default
[INFO] [stderr] 
[INFO] [stderr] warning: constant `PNG_SIG` is never used
[INFO] [stderr]   --> src/intermediate.rs:16:7
[INFO] [stderr]    |
[INFO] [stderr] 16 | const PNG_SIG: [u8; 8] = [137, 80, 78, 71, 13, 10, 26, 10];
[INFO] [stderr]    |       ^^^^^^^
[INFO] [stderr]    |
[INFO] [stderr]    = note: `#[warn(dead_code)]` on by default
[INFO] [stderr] 
[INFO] [stderr] warning: function `read_chunks` is never used
[INFO] [stderr]   --> src/intermediate.rs:18:8
[INFO] [stderr]    |
[INFO] [stderr] 18 | pub fn read_chunks(mut reader: impl Read) -> io::Result<Vec<Chunk>> {
[INFO] [stderr]    |        ^^^^^^^^^^^
[INFO] [stderr] 
[INFO] [stderr] warning: associated function `new` is never used
[INFO] [stderr]   --> src/intermediate/chunk.rs:17:18
[INFO] [stderr]    |
[INFO] [stderr] 16 | impl Chunk {
[INFO] [stderr]    | ---------- associated function in this implementation
[INFO] [stderr] 17 |     pub const fn new(kind: ChunkKind, data: Box<[u8]>) -> Self {
[INFO] [stderr]    |                  ^^^
[INFO] [stderr] 
[INFO] [stderr] warning: constant `PLTE` is never used
[INFO] [stderr]  --> src/intermediate/chunk_kind.rs:2:11
[INFO] [stderr]   |
[INFO] [stderr] 2 | pub const PLTE: ChunkKind = ChunkKind(*b"PLTE");
[INFO] [stderr]   |           ^^^^
[INFO] [stderr] 
[INFO] [stderr] warning: methods `public` and `copy_safe` are never used
[INFO] [stderr]   --> src/intermediate/chunk_kind.rs:34:12
[INFO] [stderr]    |
[INFO] [stderr] 19 | impl ChunkKind {
[INFO] [stderr]    | -------------- methods in this implementation
[INFO] [stderr] ...
[INFO] [stderr] 34 |     pub fn public(&self) -> bool {
[INFO] [stderr]    |            ^^^^^^
[INFO] [stderr] ...
[INFO] [stderr] 46 |     pub fn copy_safe(&self) -> bool {
[INFO] [stderr]    |            ^^^^^^^^^
[INFO] [stderr] 
[INFO] [stderr] warning: method `is_done` is never used
[INFO] [stderr]   --> src/intermediate/chunk_reader.rs:20:12
[INFO] [stderr]    |
[INFO] [stderr] 19 | impl<R> ChunkReader<R> {
[INFO] [stderr]    | ---------------------- method in this implementation
[INFO] [stderr] 20 |     pub fn is_done(&self) -> bool {
[INFO] [stderr]    |            ^^^^^^^
[INFO] [stderr] 
[INFO] [stderr] warning: fields `filter` and `compression_method` are never read
[INFO] [stderr]   --> src/parser.rs:31:5
[INFO] [stderr]    |
[INFO] [stderr] 25 | pub struct PngParser<R> {
[INFO] [stderr]    |            --------- fields in this struct
[INFO] [stderr] ...
[INFO] [stderr] 31 |     filter: Filter,
[INFO] [stderr]    |     ^^^^^^
[INFO] [stderr] 32 |     compression_method: u8,
[INFO] [stderr]    |     ^^^^^^^^^^^^^^^^^^
[INFO] [stderr] 
[INFO] [stderr] warning: trait `Color` is never used
[INFO] [stderr]    --> src/lib.rs:101:15
[INFO] [stderr]     |
[INFO] [stderr] 101 |     pub trait Color {
[INFO] [stderr]     |               ^^^^^
[INFO] [stderr] 
[INFO] [stderr] warning: struct `Png` is never constructed
[INFO] [stderr]    --> src/lib.rs:116:16
[INFO] [stderr]     |
[INFO] [stderr] 116 |     pub struct Png<C: Color> {
[INFO] [stderr]     |                ^^^
[INFO] [stderr] 
[INFO] [stderr] warning: struct `Png` is never constructed
[INFO] [stderr]    --> src/lib.rs:135:16
[INFO] [stderr]     |
[INFO] [stderr] 135 |     pub struct Png {
[INFO] [stderr]     |                ^^^
[INFO] [stderr] 
[INFO] [stderr] warning: struct `Color` is never constructed
[INFO] [stderr]    --> src/lib.rs:151:16
[INFO] [stderr]     |
[INFO] [stderr] 151 |     pub struct Color {
[INFO] [stderr]     |                ^^^^^
[INFO] [stderr] 
[INFO] [stderr] warning: struct `Png` is never constructed
[INFO] [stderr]    --> src/lib.rs:156:16
[INFO] [stderr]     |
[INFO] [stderr] 156 |     pub struct Png {
[INFO] [stderr]     |                ^^^
[INFO] [stderr] 
[INFO] [stderr] warning: enum `Color` is never used
[INFO] [stderr]    --> src/lib.rs:164:14
[INFO] [stderr]     |
[INFO] [stderr] 164 |     pub enum Color {
[INFO] [stderr]     |              ^^^^^
[INFO] [stderr] 
[INFO] [stderr] warning: struct `Png` is never constructed
[INFO] [stderr]    --> src/lib.rs:168:16
[INFO] [stderr]     |
[INFO] [stderr] 168 |     pub struct Png {
[INFO] [stderr]     |                ^^^
[INFO] [stderr] 
[INFO] [stderr] warning: struct `Color` is never constructed
[INFO] [stderr]    --> src/lib.rs:177:16
[INFO] [stderr]     |
[INFO] [stderr] 177 |     pub struct Color(u16, u16, u16);
[INFO] [stderr]     |                ^^^^^
[INFO] [stderr] 
[INFO] [stderr] warning: struct `Png` is never constructed
[INFO] [stderr]    --> src/lib.rs:178:16
[INFO] [stderr]     |
[INFO] [stderr] 178 |     pub struct Png {
[INFO] [stderr]     |                ^^^
[INFO] [stderr] 
[INFO] [stderr] warning: method `is_done` is never used
[INFO] [stderr]   --> src/intermediate/chunk_reader.rs:20:12
[INFO] [stderr]    |
[INFO] [stderr] 19 | impl<R> ChunkReader<R> {
[INFO] [stderr]    | ---------------------- method in this implementation
[INFO] [stderr] 20 |     pub fn is_done(&self) -> bool {
[INFO] [stderr]    |            ^^^^^^^
[INFO] [stderr]    |
[INFO] [stderr]    = note: `#[warn(dead_code)]` on by default
[INFO] [stderr] 
[INFO] [stderr] warning: `png` (lib) generated 17 warnings (run `cargo fix --lib -p png` to apply 1 suggestion)
[INFO] [stderr] warning: `png` (lib test) generated 12 warnings (11 duplicates)
[INFO] [stderr]     Finished `test` profile [unoptimized + debuginfo] target(s) in 0.02s
[INFO] [stderr]      Running unittests src/lib.rs (/opt/rustwide/target/debug/deps/png-84b0fe09dc363589)
[INFO] [stdout] 
[INFO] [stdout] running 10 tests
[INFO] [stdout] test intermediate::chunk_kind::tests::test_consts ... ok
[INFO] [stdout] test intermediate::chunk_reader::tests::test_multi_chunk ... ok
[INFO] [stdout] test intermediate::chunk_reader::tests::test_single_chunk ... ok
[INFO] [stdout] test intermediate::chunk_kind::tests::test_unknown ... ok
[INFO] [stdout] test intermediate::color_kind::tests::test_allowed_bit_depth ... ok
[INFO] [stdout] test intermediate::tests::test_tiny ... ok
[INFO] [stdout] test intermediate::color_kind::tests::test_single_greyscale ... FAILED
[INFO] [stdout] test intermediate::color_kind::tests::test_alpha_greyscale ... FAILED
[INFO] [stdout] test intermediate::color_kind::tests::test_two_greyscale ... FAILED
[INFO] [stdout] test parser::tests::test_parse_tiny ... FAILED
[INFO] [stdout] 
[INFO] [stdout] failures:
[INFO] [stdout] 
[INFO] [stderr] error: test failed, to rerun pass `--lib`
[INFO] [stdout] ---- intermediate::color_kind::tests::test_single_greyscale stdout ----
[INFO] [stdout] #000FFFF, #FFFFFFFFFFFFFFFF
[INFO] [stdout] #000FFFF, #000FFFF
[INFO] [stdout] #000FFFF, #000FFFF
[INFO] [stdout] #000FFFF, #FFFFFFFFFFFFFFFF
[INFO] [stdout] #000FFFF, #FFFFFFFFFFFFFFFF
[INFO] [stdout] #000FFFF, #FFFFFFFFFFFFFFFF
[INFO] [stdout] #000FFFF, #FFFFFFFFFFFFFFFF
[INFO] [stdout] #000FFFF, #FFFFFFFFFFFFFFFF
[INFO] [stdout] thread 'intermediate::color_kind::tests::test_single_greyscale' panicked at src/intermediate/color_kind.rs:154:9:
[INFO] [stdout] assertion `left == right` failed
[INFO] [stdout]   left: [Color(0, 0, 0, 65535), Color(0, 0, 0, 65535), Color(0, 0, 0, 65535), Color(0, 0, 0, 65535), Color(0, 0, 0, 65535), Color(0, 0, 0, 65535), Color(0, 0, 0, 65535), Color(0, 0, 0, 65535)]
[INFO] [stdout]  right: [Color(65535, 65535, 65535, 65535), Color(0, 0, 0, 65535), Color(0, 0, 0, 65535), Color(65535, 65535, 65535, 65535), Color(65535, 65535, 65535, 65535), Color(65535, 65535, 65535, 65535), Color(65535, 65535, 65535, 65535), Color(65535, 65535, 65535, 65535)]
[INFO] [stdout] stack backtrace:
[INFO] [stdout]    0:     0x62ea116973da - std::backtrace_rs::backtrace::libunwind::trace::h5a5b8284f2d0c266
[INFO] [stdout]                                at /rustc/90b35a6239c3d8bdabc530a6a0816f7ff89a0aaf/library/std/src/../../backtrace/src/backtrace/libunwind.rs:116:5
[INFO] [stdout]    1:     0x62ea116973da - std::backtrace_rs::backtrace::trace_unsynchronized::h76d4f1c9b0b875e3
[INFO] [stdout]                                at /rustc/90b35a6239c3d8bdabc530a6a0816f7ff89a0aaf/library/std/src/../../backtrace/src/backtrace/mod.rs:66:5
[INFO] [stdout]    2:     0x62ea116973da - std::sys::backtrace::_print_fmt::hc4546b8364a537c6
[INFO] [stdout]                                at /rustc/90b35a6239c3d8bdabc530a6a0816f7ff89a0aaf/library/std/src/sys/backtrace.rs:66:9
[INFO] [stdout]    3:     0x62ea116973da - <std::sys::backtrace::BacktraceLock::print::DisplayBacktrace as core::fmt::Display>::fmt::h5b6bd5631a6d1f6b
[INFO] [stdout]                                at /rustc/90b35a6239c3d8bdabc530a6a0816f7ff89a0aaf/library/std/src/sys/backtrace.rs:39:26
[INFO] [stdout]    4:     0x62ea116bc6e3 - core::fmt::rt::Argument::fmt::h270f6602a2b96f62
[INFO] [stdout]                                at /rustc/90b35a6239c3d8bdabc530a6a0816f7ff89a0aaf/library/core/src/fmt/rt.rs:177:76
[INFO] [stdout]    5:     0x62ea116bc6e3 - core::fmt::write::h7550c97b06c86515
[INFO] [stdout]                                at /rustc/90b35a6239c3d8bdabc530a6a0816f7ff89a0aaf/library/core/src/fmt/mod.rs:1186:21
[INFO] [stdout]    6:     0x62ea116945a3 - std::io::Write::write_fmt::h509ff860e5956e5e
[INFO] [stdout]                                at /rustc/90b35a6239c3d8bdabc530a6a0816f7ff89a0aaf/library/std/src/io/mod.rs:1839:15
[INFO] [stdout]    7:     0x62ea11697222 - std::sys::backtrace::BacktraceLock::print::h2395ccd2c84ba3aa
[INFO] [stdout]                                at /rustc/90b35a6239c3d8bdabc530a6a0816f7ff89a0aaf/library/std/src/sys/backtrace.rs:42:9
[INFO] [stdout]    8:     0x62ea1169883a - std::panicking::default_hook::{{closure}}::he19d4c7230e07961
[INFO] [stdout]                                at /rustc/90b35a6239c3d8bdabc530a6a0816f7ff89a0aaf/library/std/src/panicking.rs:268:22
[INFO] [stdout]    9:     0x62ea11698644 - std::panicking::default_hook::hf614597d3c67bbdb
[INFO] [stdout]                                at /rustc/90b35a6239c3d8bdabc530a6a0816f7ff89a0aaf/library/std/src/panicking.rs:292:9
[INFO] [stdout]   10:     0x62ea1164d1a9 - <alloc::boxed::Box<F,A> as core::ops::function::Fn<Args>>::call::h39b51ce4599c23d1
[INFO] [stdout]                                at /rustc/90b35a6239c3d8bdabc530a6a0816f7ff89a0aaf/library/alloc/src/boxed.rs:2468:9
[INFO] [stdout]   11:     0x62ea1164d1a9 - test::test_main::{{closure}}::he977ae839a582784
[INFO] [stdout]                                at /rustc/90b35a6239c3d8bdabc530a6a0816f7ff89a0aaf/library/test/src/lib.rs:133:21
[INFO] [stdout]   12:     0x62ea11698ed8 - <alloc::boxed::Box<F,A> as core::ops::function::Fn<Args>>::call::h9455091b6b06f9fb
[INFO] [stdout]                                at /rustc/90b35a6239c3d8bdabc530a6a0816f7ff89a0aaf/library/alloc/src/boxed.rs:2468:9
[INFO] [stdout]   13:     0x62ea11698ed8 - std::panicking::rust_panic_with_hook::h8942133a8b252070
[INFO] [stdout]                                at /rustc/90b35a6239c3d8bdabc530a6a0816f7ff89a0aaf/library/std/src/panicking.rs:809:13
[INFO] [stdout]   14:     0x62ea11698c9a - std::panicking::begin_panic_handler::{{closure}}::hb5f5963570096b29
[INFO] [stdout]                                at /rustc/90b35a6239c3d8bdabc530a6a0816f7ff89a0aaf/library/std/src/panicking.rs:674:13
[INFO] [stdout]   15:     0x62ea116978b9 - std::sys::backtrace::__rust_end_short_backtrace::h6208cedc1922feda
[INFO] [stdout]                                at /rustc/90b35a6239c3d8bdabc530a6a0816f7ff89a0aaf/library/std/src/sys/backtrace.rs:170:18
[INFO] [stdout]   16:     0x62ea1169892c - rust_begin_unwind
[INFO] [stdout]                                at /rustc/90b35a6239c3d8bdabc530a6a0816f7ff89a0aaf/library/std/src/panicking.rs:665:5
[INFO] [stdout]   17:     0x62ea115fbaa0 - core::panicking::panic_fmt::h0c3082644d1bf418
[INFO] [stdout]                                at /rustc/90b35a6239c3d8bdabc530a6a0816f7ff89a0aaf/library/core/src/panicking.rs:74:14
[INFO] [stdout]   18:     0x62ea115fbdcb - core::panicking::assert_failed_inner::h2ddf1fcc067fa858
[INFO] [stdout]   19:     0x62ea116057e6 - core::panicking::assert_failed::h51309e3548280c8c
[INFO] [stdout]                                at /rustc/90b35a6239c3d8bdabc530a6a0816f7ff89a0aaf/library/core/src/panicking.rs:367:5
[INFO] [stdout]   20:     0x62ea11602bde - png::intermediate::color_kind::tests::test_single_greyscale::hf3c505aa6083b4dc
[INFO] [stdout]                                at /opt/rustwide/workdir/src/intermediate/color_kind.rs:154:9
[INFO] [stdout]   21:     0x62ea11602737 - png::intermediate::color_kind::tests::test_single_greyscale::{{closure}}::h7a2eaf87020fc2e8
[INFO] [stdout]                                at /opt/rustwide/workdir/src/intermediate/color_kind.rs:144:31
[INFO] [stdout]   22:     0x62ea115fe4f6 - core::ops::function::FnOnce::call_once::h290928929689cf2f
[INFO] [stdout]                                at /rustc/90b35a6239c3d8bdabc530a6a0816f7ff89a0aaf/library/core/src/ops/function.rs:250:5
[INFO] [stdout]   23:     0x62ea11651b6b - core::ops::function::FnOnce::call_once::h109cf8051a59b34e
[INFO] [stdout]                                at /rustc/90b35a6239c3d8bdabc530a6a0816f7ff89a0aaf/library/core/src/ops/function.rs:250:5
[INFO] [stdout]   24:     0x62ea11651b6b - test::__rust_begin_short_backtrace::hf4fff89d377446ba
[INFO] [stdout]                                at /rustc/90b35a6239c3d8bdabc530a6a0816f7ff89a0aaf/library/test/src/lib.rs:621:18
[INFO] [stdout]   25:     0x62ea116513a7 - test::run_test_in_process::{{closure}}::h0e39181dd7ee5a43
[INFO] [stdout]                                at /rustc/90b35a6239c3d8bdabc530a6a0816f7ff89a0aaf/library/test/src/lib.rs:644:60
[INFO] [stdout]   26:     0x62ea116513a7 - <core::panic::unwind_safe::AssertUnwindSafe<F> as core::ops::function::FnOnce<()>>::call_once::hc5a66a30f0bdfd1f
[INFO] [stdout]                                at /rustc/90b35a6239c3d8bdabc530a6a0816f7ff89a0aaf/library/core/src/panic/unwind_safe.rs:272:9
[INFO] [stdout]   27:     0x62ea116513a7 - std::panicking::try::do_call::h873b7cf639554a5e
[INFO] [stdout]                                at /rustc/90b35a6239c3d8bdabc530a6a0816f7ff89a0aaf/library/std/src/panicking.rs:557:40
[INFO] [stdout]   28:     0x62ea116513a7 - std::panicking::try::hdb19862fad9c8bd1
[INFO] [stdout]                                at /rustc/90b35a6239c3d8bdabc530a6a0816f7ff89a0aaf/library/std/src/panicking.rs:520:19
[INFO] [stdout]   29:     0x62ea116513a7 - std::panic::catch_unwind::h281fe732d236d260
[INFO] [stdout]                                at /rustc/90b35a6239c3d8bdabc530a6a0816f7ff89a0aaf/library/std/src/panic.rs:358:14
[INFO] [stdout]   30:     0x62ea116513a7 - test::run_test_in_process::h949b6df8457ed338
[INFO] [stdout]                                at /rustc/90b35a6239c3d8bdabc530a6a0816f7ff89a0aaf/library/test/src/lib.rs:644:27
[INFO] [stdout]   31:     0x62ea116513a7 - test::run_test::{{closure}}::h52c556a6d4740e10
[INFO] [stdout]                                at /rustc/90b35a6239c3d8bdabc530a6a0816f7ff89a0aaf/library/test/src/lib.rs:565:43
[INFO] [stdout]   32:     0x62ea11616684 - test::run_test::{{closure}}::h4237f6381c45ccb9
[INFO] [stdout]                                at /rustc/90b35a6239c3d8bdabc530a6a0816f7ff89a0aaf/library/test/src/lib.rs:595:41
[INFO] [stdout]   33:     0x62ea11616684 - std::sys::backtrace::__rust_begin_short_backtrace::h505c97a579eca628
[INFO] [stdout]                                at /rustc/90b35a6239c3d8bdabc530a6a0816f7ff89a0aaf/library/std/src/sys/backtrace.rs:154:18
[INFO] [stdout]   34:     0x62ea11619d4e - std::thread::Builder::spawn_unchecked_::{{closure}}::{{closure}}::h9e86b2e2bc107ea3
[INFO] [stdout]                                at /rustc/90b35a6239c3d8bdabc530a6a0816f7ff89a0aaf/library/std/src/thread/mod.rs:538:17
[INFO] [stdout]   35:     0x62ea11619d4e - <core::panic::unwind_safe::AssertUnwindSafe<F> as core::ops::function::FnOnce<()>>::call_once::h8b06ddb275ff4a25
[INFO] [stdout]                                at /rustc/90b35a6239c3d8bdabc530a6a0816f7ff89a0aaf/library/core/src/panic/unwind_safe.rs:272:9
[INFO] [stdout]   36:     0x62ea11619d4e - std::panicking::try::do_call::hb26ecd7cd9a9355d
[INFO] [stdout]                                at /rustc/90b35a6239c3d8bdabc530a6a0816f7ff89a0aaf/library/std/src/panicking.rs:557:40
[INFO] [stdout]   37:     0x62ea11619d4e - std::panicking::try::h8ddeca9d705f9069
[INFO] [stdout]                                at /rustc/90b35a6239c3d8bdabc530a6a0816f7ff89a0aaf/library/std/src/panicking.rs:520:19
[INFO] [stdout]   38:     0x62ea11619d4e - std::panic::catch_unwind::h49e1c33078844c46
[INFO] [stdout]                                at /rustc/90b35a6239c3d8bdabc530a6a0816f7ff89a0aaf/library/std/src/panic.rs:358:14
[INFO] [stdout]   39:     0x62ea11619d4e - std::thread::Builder::spawn_unchecked_::{{closure}}::h6073db6ff56ad35d
[INFO] [stdout]                                at /rustc/90b35a6239c3d8bdabc530a6a0816f7ff89a0aaf/library/std/src/thread/mod.rs:537:30
[INFO] [stdout]   40:     0x62ea11619d4e - core::ops::function::FnOnce::call_once{{vtable.shim}}::h2c5a5f3779c774f1
[INFO] [stdout]                                at /rustc/90b35a6239c3d8bdabc530a6a0816f7ff89a0aaf/library/core/src/ops/function.rs:250:5
[INFO] [stdout]   41:     0x62ea1169cc2b - <alloc::boxed::Box<F,A> as core::ops::function::FnOnce<Args>>::call_once::hf75717d9f28faebf
[INFO] [stdout]                                at /rustc/90b35a6239c3d8bdabc530a6a0816f7ff89a0aaf/library/alloc/src/boxed.rs:2454:9
[INFO] [stdout]   42:     0x62ea1169cc2b - <alloc::boxed::Box<F,A> as core::ops::function::FnOnce<Args>>::call_once::h7bd883a5f3c5f3c1
[INFO] [stdout]                                at /rustc/90b35a6239c3d8bdabc530a6a0816f7ff89a0aaf/library/alloc/src/boxed.rs:2454:9
[INFO] [stdout]   43:     0x62ea1169cc2b - std::sys::pal::unix::thread::Thread::new::thread_start::hcc78f3943333fa94
[INFO] [stdout]                                at /rustc/90b35a6239c3d8bdabc530a6a0816f7ff89a0aaf/library/std/src/sys/pal/unix/thread.rs:105:17
[INFO] [stdout]   44:     0x7a0db3b0bac3 - <unknown>
[INFO] [stdout]   45:     0x7a0db3b9ca04 - clone
[INFO] [stdout]   46:                0x0 - <unknown>
[INFO] [stdout] 
[INFO] [stdout] ---- intermediate::color_kind::tests::test_alpha_greyscale stdout ----
[INFO] [stdout] #FFFFFFFFFFFFFFFF, #FFFFFFFFFFFFFFFF
[INFO] [stdout] #FFFFFFFFFFFF0, #000FFFF
[INFO] [stdout] #000FFFF, #FFFFFFFFFFFF0
[INFO] [stdout] #FFFFFFFFFFFFFFFF, #FFFFFFFFFFFF0
[INFO] [stdout] thread 'intermediate::color_kind::tests::test_alpha_greyscale' panicked at src/intermediate/color_kind.rs:192:9:
[INFO] [stdout] assertion `left == right` failed
[INFO] [stdout]   left: [Color(65535, 65535, 65535, 65535), Color(65535, 65535, 65535, 0), Color(0, 0, 0, 65535), Color(65535, 65535, 65535, 65535)]
[INFO] [stdout]  right: [Color(65535, 65535, 65535, 65535), Color(0, 0, 0, 65535), Color(65535, 65535, 65535, 0), Color(65535, 65535, 65535, 0)]
[INFO] [stdout] stack backtrace:
[INFO] [stdout]    0:     0x62ea116973da - std::backtrace_rs::backtrace::libunwind::trace::h5a5b8284f2d0c266
[INFO] [stdout]                                at /rustc/90b35a6239c3d8bdabc530a6a0816f7ff89a0aaf/library/std/src/../../backtrace/src/backtrace/libunwind.rs:116:5
[INFO] [stdout]    1:     0x62ea116973da - std::backtrace_rs::backtrace::trace_unsynchronized::h76d4f1c9b0b875e3
[INFO] [stdout]                                at /rustc/90b35a6239c3d8bdabc530a6a0816f7ff89a0aaf/library/std/src/../../backtrace/src/backtrace/mod.rs:66:5
[INFO] [stdout]    2:     0x62ea116973da - std::sys::backtrace::_print_fmt::hc4546b8364a537c6
[INFO] [stdout]                                at /rustc/90b35a6239c3d8bdabc530a6a0816f7ff89a0aaf/library/std/src/sys/backtrace.rs:66:9
[INFO] [stdout]    3:     0x62ea116973da - <std::sys::backtrace::BacktraceLock::print::DisplayBacktrace as core::fmt::Display>::fmt::h5b6bd5631a6d1f6b
[INFO] [stdout]                                at /rustc/90b35a6239c3d8bdabc530a6a0816f7ff89a0aaf/library/std/src/sys/backtrace.rs:39:26
[INFO] [stdout]    4:     0x62ea116bc6e3 - core::fmt::rt::Argument::fmt::h270f6602a2b96f62
[INFO] [stdout]                                at /rustc/90b35a6239c3d8bdabc530a6a0816f7ff89a0aaf/library/core/src/fmt/rt.rs:177:76
[INFO] [stdout]    5:     0x62ea116bc6e3 - core::fmt::write::h7550c97b06c86515
[INFO] [stdout]                                at /rustc/90b35a6239c3d8bdabc530a6a0816f7ff89a0aaf/library/core/src/fmt/mod.rs:1186:21
[INFO] [stdout]    6:     0x62ea116945a3 - std::io::Write::write_fmt::h509ff860e5956e5e
[INFO] [stdout]                                at /rustc/90b35a6239c3d8bdabc530a6a0816f7ff89a0aaf/library/std/src/io/mod.rs:1839:15
[INFO] [stdout]    7:     0x62ea11697222 - std::sys::backtrace::BacktraceLock::print::h2395ccd2c84ba3aa
[INFO] [stdout]                                at /rustc/90b35a6239c3d8bdabc530a6a0816f7ff89a0aaf/library/std/src/sys/backtrace.rs:42:9
[INFO] [stdout]    8:     0x62ea1169883a - std::panicking::default_hook::{{closure}}::he19d4c7230e07961
[INFO] [stdout]                                at /rustc/90b35a6239c3d8bdabc530a6a0816f7ff89a0aaf/library/std/src/panicking.rs:268:22
[INFO] [stdout]    9:     0x62ea11698644 - std::panicking::default_hook::hf614597d3c67bbdb
[INFO] [stdout]                                at /rustc/90b35a6239c3d8bdabc530a6a0816f7ff89a0aaf/library/std/src/panicking.rs:292:9
[INFO] [stdout]   10:     0x62ea1164d1a9 - <alloc::boxed::Box<F,A> as core::ops::function::Fn<Args>>::call::h39b51ce4599c23d1
[INFO] [stdout]                                at /rustc/90b35a6239c3d8bdabc530a6a0816f7ff89a0aaf/library/alloc/src/boxed.rs:2468:9
[INFO] [stdout]   11:     0x62ea1164d1a9 - test::test_main::{{closure}}::he977ae839a582784
[INFO] [stdout]                                at /rustc/90b35a6239c3d8bdabc530a6a0816f7ff89a0aaf/library/test/src/lib.rs:133:21
[INFO] [stdout]   12:     0x62ea11698ed8 - <alloc::boxed::Box<F,A> as core::ops::function::Fn<Args>>::call::h9455091b6b06f9fb
[INFO] [stdout]                                at /rustc/90b35a6239c3d8bdabc530a6a0816f7ff89a0aaf/library/alloc/src/boxed.rs:2468:9
[INFO] [stdout]   13:     0x62ea11698ed8 - std::panicking::rust_panic_with_hook::h8942133a8b252070
[INFO] [stdout]                                at /rustc/90b35a6239c3d8bdabc530a6a0816f7ff89a0aaf/library/std/src/panicking.rs:809:13
[INFO] [stdout]   14:     0x62ea11698c9a - std::panicking::begin_panic_handler::{{closure}}::hb5f5963570096b29
[INFO] [stdout]                                at /rustc/90b35a6239c3d8bdabc530a6a0816f7ff89a0aaf/library/std/src/panicking.rs:674:13
[INFO] [stdout]   15:     0x62ea116978b9 - std::sys::backtrace::__rust_end_short_backtrace::h6208cedc1922feda
[INFO] [stdout]                                at /rustc/90b35a6239c3d8bdabc530a6a0816f7ff89a0aaf/library/std/src/sys/backtrace.rs:170:18
[INFO] [stdout]   16:     0x62ea1169892c - rust_begin_unwind
[INFO] [stdout]                                at /rustc/90b35a6239c3d8bdabc530a6a0816f7ff89a0aaf/library/std/src/panicking.rs:665:5
[INFO] [stdout]   17:     0x62ea115fbaa0 - core::panicking::panic_fmt::h0c3082644d1bf418
[INFO] [stdout]                                at /rustc/90b35a6239c3d8bdabc530a6a0816f7ff89a0aaf/library/core/src/panicking.rs:74:14
[INFO] [stdout]   18:     0x62ea115fbdcb - core::panicking::assert_failed_inner::h2ddf1fcc067fa858
[INFO] [stdout]   19:     0x62ea116058a4 - core::panicking::assert_failed::hb144c509ca40d909
[INFO] [stdout]                                at /rustc/90b35a6239c3d8bdabc530a6a0816f7ff89a0aaf/library/core/src/panicking.rs:367:5
[INFO] [stdout]   20:     0x62ea116037ff - png::intermediate::color_kind::tests::test_alpha_greyscale::he82459cdcc455229
[INFO] [stdout]                                at /opt/rustwide/workdir/src/intermediate/color_kind.rs:192:9
[INFO] [stdout]   21:     0x62ea11603307 - png::intermediate::color_kind::tests::test_alpha_greyscale::{{closure}}::h27cb6ceba9ff52ef
[INFO] [stdout]                                at /opt/rustwide/workdir/src/intermediate/color_kind.rs:177:30
[INFO] [stdout]   22:     0x62ea115fe646 - core::ops::function::FnOnce::call_once::h5ef60996721a309c
[INFO] [stdout]                                at /rustc/90b35a6239c3d8bdabc530a6a0816f7ff89a0aaf/library/core/src/ops/function.rs:250:5
[INFO] [stdout]   23:     0x62ea11651b6b - core::ops::function::FnOnce::call_once::h109cf8051a59b34e
[INFO] [stdout]                                at /rustc/90b35a6239c3d8bdabc530a6a0816f7ff89a0aaf/library/core/src/ops/function.rs:250:5
[INFO] [stdout]   24:     0x62ea11651b6b - test::__rust_begin_short_backtrace::hf4fff89d377446ba
[INFO] [stdout]                                at /rustc/90b35a6239c3d8bdabc530a6a0816f7ff89a0aaf/library/test/src/lib.rs:621:18
[INFO] [stdout]   25:     0x62ea116513a7 - test::run_test_in_process::{{closure}}::h0e39181dd7ee5a43
[INFO] [stdout]                                at /rustc/90b35a6239c3d8bdabc530a6a0816f7ff89a0aaf/library/test/src/lib.rs:644:60
[INFO] [stdout]   26:     0x62ea116513a7 - <core::panic::unwind_safe::AssertUnwindSafe<F> as core::ops::function::FnOnce<()>>::call_once::hc5a66a30f0bdfd1f
[INFO] [stdout]                                at /rustc/90b35a6239c3d8bdabc530a6a0816f7ff89a0aaf/library/core/src/panic/unwind_safe.rs:272:9
[INFO] [stdout]   27:     0x62ea116513a7 - std::panicking::try::do_call::h873b7cf639554a5e
[INFO] [stdout]                                at /rustc/90b35a6239c3d8bdabc530a6a0816f7ff89a0aaf/library/std/src/panicking.rs:557:40
[INFO] [stdout]   28:     0x62ea116513a7 - std::panicking::try::hdb19862fad9c8bd1
[INFO] [stdout]                                at /rustc/90b35a6239c3d8bdabc530a6a0816f7ff89a0aaf/library/std/src/panicking.rs:520:19
[INFO] [stdout]   29:     0x62ea116513a7 - std::panic::catch_unwind::h281fe732d236d260
[INFO] [stdout]                                at /rustc/90b35a6239c3d8bdabc530a6a0816f7ff89a0aaf/library/std/src/panic.rs:358:14
[INFO] [stdout]   30:     0x62ea116513a7 - test::run_test_in_process::h949b6df8457ed338
[INFO] [stdout]                                at /rustc/90b35a6239c3d8bdabc530a6a0816f7ff89a0aaf/library/test/src/lib.rs:644:27
[INFO] [stdout]   31:     0x62ea116513a7 - test::run_test::{{closure}}::h52c556a6d4740e10
[INFO] [stdout]                                at /rustc/90b35a6239c3d8bdabc530a6a0816f7ff89a0aaf/library/test/src/lib.rs:565:43
[INFO] [stdout]   32:     0x62ea11616684 - test::run_test::{{closure}}::h4237f6381c45ccb9
[INFO] [stdout]                                at /rustc/90b35a6239c3d8bdabc530a6a0816f7ff89a0aaf/library/test/src/lib.rs:595:41
[INFO] [stdout]   33:     0x62ea11616684 - std::sys::backtrace::__rust_begin_short_backtrace::h505c97a579eca628
[INFO] [stdout]                                at /rustc/90b35a6239c3d8bdabc530a6a0816f7ff89a0aaf/library/std/src/sys/backtrace.rs:154:18
[INFO] [stdout]   34:     0x62ea11619d4e - std::thread::Builder::spawn_unchecked_::{{closure}}::{{closure}}::h9e86b2e2bc107ea3
[INFO] [stdout]                                at /rustc/90b35a6239c3d8bdabc530a6a0816f7ff89a0aaf/library/std/src/thread/mod.rs:538:17
[INFO] [stdout]   35:     0x62ea11619d4e - <core::panic::unwind_safe::AssertUnwindSafe<F> as core::ops::function::FnOnce<()>>::call_once::h8b06ddb275ff4a25
[INFO] [stdout]                                at /rustc/90b35a6239c3d8bdabc530a6a0816f7ff89a0aaf/library/core/src/panic/unwind_safe.rs:272:9
[INFO] [stdout]   36:     0x62ea11619d4e - std::panicking::try::do_call::hb26ecd7cd9a9355d
[INFO] [stdout]                                at /rustc/90b35a6239c3d8bdabc530a6a0816f7ff89a0aaf/library/std/src/panicking.rs:557:40
[INFO] [stdout]   37:     0x62ea11619d4e - std::panicking::try::h8ddeca9d705f9069
[INFO] [stdout]                                at /rustc/90b35a6239c3d8bdabc530a6a0816f7ff89a0aaf/library/std/src/panicking.rs:520:19
[INFO] [stdout]   38:     0x62ea11619d4e - std::panic::catch_unwind::h49e1c33078844c46
[INFO] [stdout]                                at /rustc/90b35a6239c3d8bdabc530a6a0816f7ff89a0aaf/library/std/src/panic.rs:358:14
[INFO] [stdout]   39:     0x62ea11619d4e - std::thread::Builder::spawn_unchecked_::{{closure}}::h6073db6ff56ad35d
[INFO] [stdout]                                at /rustc/90b35a6239c3d8bdabc530a6a0816f7ff89a0aaf/library/std/src/thread/mod.rs:537:30
[INFO] [stdout]   40:     0x62ea11619d4e - core::ops::function::FnOnce::call_once{{vtable.shim}}::h2c5a5f3779c774f1
[INFO] [stdout]                                at /rustc/90b35a6239c3d8bdabc530a6a0816f7ff89a0aaf/library/core/src/ops/function.rs:250:5
[INFO] [stdout]   41:     0x62ea1169cc2b - <alloc::boxed::Box<F,A> as core::ops::function::FnOnce<Args>>::call_once::hf75717d9f28faebf
[INFO] [stdout]                                at /rustc/90b35a6239c3d8bdabc530a6a0816f7ff89a0aaf/library/alloc/src/boxed.rs:2454:9
[INFO] [stdout]   42:     0x62ea1169cc2b - <alloc::boxed::Box<F,A> as core::ops::function::FnOnce<Args>>::call_once::h7bd883a5f3c5f3c1
[INFO] [stdout]                                at /rustc/90b35a6239c3d8bdabc530a6a0816f7ff89a0aaf/library/alloc/src/boxed.rs:2454:9
[INFO] [stdout]   43:     0x62ea1169cc2b - std::sys::pal::unix::thread::Thread::new::thread_start::hcc78f3943333fa94
[INFO] [stdout]                                at /rustc/90b35a6239c3d8bdabc530a6a0816f7ff89a0aaf/library/std/src/sys/pal/unix/thread.rs:105:17
[INFO] [stdout]   44:     0x7a0db3b0bac3 - <unknown>
[INFO] [stdout]   45:     0x7a0db3b9ca04 - clone
[INFO] [stdout]   46:                0x0 - <unknown>
[INFO] [stdout] 
[INFO] [stdout] ---- intermediate::color_kind::tests::test_two_greyscale stdout ----
[INFO] [stdout] #000FFFF, #AAAAAAAAAAAAFFFF
[INFO] [stdout] #000FFFF, #555555555555FFFF
[INFO] [stdout] #000FFFF, #FFFFFFFFFFFFFFFF
[INFO] [stdout] #000FFFF, #000FFFF
[INFO] [stdout] thread 'intermediate::color_kind::tests::test_two_greyscale' panicked at src/intermediate/color_kind.rs:173:9:
[INFO] [stdout] assertion `left == right` failed
[INFO] [stdout]   left: [Color(0, 0, 0, 65535), Color(0, 0, 0, 65535), Color(0, 0, 0, 65535), Color(0, 0, 0, 65535)]
[INFO] [stdout]  right: [Color(43690, 43690, 43690, 65535), Color(21845, 21845, 21845, 65535), Color(65535, 65535, 65535, 65535), Color(0, 0, 0, 65535)]
[INFO] [stdout] stack backtrace:
[INFO] [stdout]    0:     0x62ea116973da - std::backtrace_rs::backtrace::libunwind::trace::h5a5b8284f2d0c266
[INFO] [stdout]                                at /rustc/90b35a6239c3d8bdabc530a6a0816f7ff89a0aaf/library/std/src/../../backtrace/src/backtrace/libunwind.rs:116:5
[INFO] [stdout]    1:     0x62ea116973da - std::backtrace_rs::backtrace::trace_unsynchronized::h76d4f1c9b0b875e3
[INFO] [stdout]                                at /rustc/90b35a6239c3d8bdabc530a6a0816f7ff89a0aaf/library/std/src/../../backtrace/src/backtrace/mod.rs:66:5
[INFO] [stdout]    2:     0x62ea116973da - std::sys::backtrace::_print_fmt::hc4546b8364a537c6
[INFO] [stdout]                                at /rustc/90b35a6239c3d8bdabc530a6a0816f7ff89a0aaf/library/std/src/sys/backtrace.rs:66:9
[INFO] [stdout]    3:     0x62ea116973da - <std::sys::backtrace::BacktraceLock::print::DisplayBacktrace as core::fmt::Display>::fmt::h5b6bd5631a6d1f6b
[INFO] [stdout]                                at /rustc/90b35a6239c3d8bdabc530a6a0816f7ff89a0aaf/library/std/src/sys/backtrace.rs:39:26
[INFO] [stdout]    4:     0x62ea116bc6e3 - core::fmt::rt::Argument::fmt::h270f6602a2b96f62
[INFO] [stdout]                                at /rustc/90b35a6239c3d8bdabc530a6a0816f7ff89a0aaf/library/core/src/fmt/rt.rs:177:76
[INFO] [stdout]    5:     0x62ea116bc6e3 - core::fmt::write::h7550c97b06c86515
[INFO] [stdout]                                at /rustc/90b35a6239c3d8bdabc530a6a0816f7ff89a0aaf/library/core/src/fmt/mod.rs:1186:21
[INFO] [stdout]    6:     0x62ea116945a3 - std::io::Write::write_fmt::h509ff860e5956e5e
[INFO] [stdout]                                at /rustc/90b35a6239c3d8bdabc530a6a0816f7ff89a0aaf/library/std/src/io/mod.rs:1839:15
[INFO] [stdout]    7:     0x62ea11697222 - std::sys::backtrace::BacktraceLock::print::h2395ccd2c84ba3aa
[INFO] [stdout]                                at /rustc/90b35a6239c3d8bdabc530a6a0816f7ff89a0aaf/library/std/src/sys/backtrace.rs:42:9
[INFO] [stdout]    8:     0x62ea1169883a - std::panicking::default_hook::{{closure}}::he19d4c7230e07961
[INFO] [stdout]                                at /rustc/90b35a6239c3d8bdabc530a6a0816f7ff89a0aaf/library/std/src/panicking.rs:268:22
[INFO] [stdout]    9:     0x62ea11698644 - std::panicking::default_hook::hf614597d3c67bbdb
[INFO] [stdout]                                at /rustc/90b35a6239c3d8bdabc530a6a0816f7ff89a0aaf/library/std/src/panicking.rs:292:9
[INFO] [stdout]   10:     0x62ea1164d1a9 - <alloc::boxed::Box<F,A> as core::ops::function::Fn<Args>>::call::h39b51ce4599c23d1
[INFO] [stdout]                                at /rustc/90b35a6239c3d8bdabc530a6a0816f7ff89a0aaf/library/alloc/src/boxed.rs:2468:9
[INFO] [stdout]   11:     0x62ea1164d1a9 - test::test_main::{{closure}}::he977ae839a582784
[INFO] [stdout]                                at /rustc/90b35a6239c3d8bdabc530a6a0816f7ff89a0aaf/library/test/src/lib.rs:133:21
[INFO] [stdout]   12:     0x62ea11698ed8 - <alloc::boxed::Box<F,A> as core::ops::function::Fn<Args>>::call::h9455091b6b06f9fb
[INFO] [stdout]                                at /rustc/90b35a6239c3d8bdabc530a6a0816f7ff89a0aaf/library/alloc/src/boxed.rs:2468:9
[INFO] [stdout]   13:     0x62ea11698ed8 - std::panicking::rust_panic_with_hook::h8942133a8b252070
[INFO] [stdout]                                at /rustc/90b35a6239c3d8bdabc530a6a0816f7ff89a0aaf/library/std/src/panicking.rs:809:13
[INFO] [stdout]   14:     0x62ea11698c9a - std::panicking::begin_panic_handler::{{closure}}::hb5f5963570096b29
[INFO] [stdout]                                at /rustc/90b35a6239c3d8bdabc530a6a0816f7ff89a0aaf/library/std/src/panicking.rs:674:13
[INFO] [stdout]   15:     0x62ea116978b9 - std::sys::backtrace::__rust_end_short_backtrace::h6208cedc1922feda
[INFO] [stdout]                                at /rustc/90b35a6239c3d8bdabc530a6a0816f7ff89a0aaf/library/std/src/sys/backtrace.rs:170:18
[INFO] [stdout]   16:     0x62ea1169892c - rust_begin_unwind
[INFO] [stdout]                                at /rustc/90b35a6239c3d8bdabc530a6a0816f7ff89a0aaf/library/std/src/panicking.rs:665:5
[INFO] [stdout]   17:     0x62ea115fbaa0 - core::panicking::panic_fmt::h0c3082644d1bf418
[INFO] [stdout]                                at /rustc/90b35a6239c3d8bdabc530a6a0816f7ff89a0aaf/library/core/src/panicking.rs:74:14
[INFO] [stdout]   18:     0x62ea115fbdcb - core::panicking::assert_failed_inner::h2ddf1fcc067fa858
[INFO] [stdout]   19:     0x62ea116058a4 - core::panicking::assert_failed::hb144c509ca40d909
[INFO] [stdout]                                at /rustc/90b35a6239c3d8bdabc530a6a0816f7ff89a0aaf/library/core/src/panicking.rs:367:5
[INFO] [stdout]   20:     0x62ea116031e4 - png::intermediate::color_kind::tests::test_two_greyscale::hd0850f99928ebd88
[INFO] [stdout]                                at /opt/rustwide/workdir/src/intermediate/color_kind.rs:173:9
[INFO] [stdout]   21:     0x62ea11602cf7 - png::intermediate::color_kind::tests::test_two_greyscale::{{closure}}::h5b1f211fa5440d03
[INFO] [stdout]                                at /opt/rustwide/workdir/src/intermediate/color_kind.rs:158:28
[INFO] [stdout]   22:     0x62ea115fe546 - core::ops::function::FnOnce::call_once::h3cab06a2a0ac9598
[INFO] [stdout]                                at /rustc/90b35a6239c3d8bdabc530a6a0816f7ff89a0aaf/library/core/src/ops/function.rs:250:5
[INFO] [stdout]   23:     0x62ea11651b6b - core::ops::function::FnOnce::call_once::h109cf8051a59b34e
[INFO] [stdout]                                at /rustc/90b35a6239c3d8bdabc530a6a0816f7ff89a0aaf/library/core/src/ops/function.rs:250:5
[INFO] [stdout]   24:     0x62ea11651b6b - test::__rust_begin_short_backtrace::hf4fff89d377446ba
[INFO] [stdout]                                at /rustc/90b35a6239c3d8bdabc530a6a0816f7ff89a0aaf/library/test/src/lib.rs:621:18
[INFO] [stdout]   25:     0x62ea116513a7 - test::run_test_in_process::{{closure}}::h0e39181dd7ee5a43
[INFO] [stdout]                                at /rustc/90b35a6239c3d8bdabc530a6a0816f7ff89a0aaf/library/test/src/lib.rs:644:60
[INFO] [stdout]   26:     0x62ea116513a7 - <core::panic::unwind_safe::AssertUnwindSafe<F> as core::ops::function::FnOnce<()>>::call_once::hc5a66a30f0bdfd1f
[INFO] [stdout]                                at /rustc/90b35a6239c3d8bdabc530a6a0816f7ff89a0aaf/library/core/src/panic/unwind_safe.rs:272:9
[INFO] [stdout]   27:     0x62ea116513a7 - std::panicking::try::do_call::h873b7cf639554a5e
[INFO] [stdout]                                at /rustc/90b35a6239c3d8bdabc530a6a0816f7ff89a0aaf/library/std/src/panicking.rs:557:40
[INFO] [stdout]   28:     0x62ea116513a7 - std::panicking::try::hdb19862fad9c8bd1
[INFO] [stdout]                                at /rustc/90b35a6239c3d8bdabc530a6a0816f7ff89a0aaf/library/std/src/panicking.rs:520:19
[INFO] [stdout]   29:     0x62ea116513a7 - std::panic::catch_unwind::h281fe732d236d260
[INFO] [stdout]                                at /rustc/90b35a6239c3d8bdabc530a6a0816f7ff89a0aaf/library/std/src/panic.rs:358:14
[INFO] [stdout]   30:     0x62ea116513a7 - test::run_test_in_process::h949b6df8457ed338
[INFO] [stdout]                                at /rustc/90b35a6239c3d8bdabc530a6a0816f7ff89a0aaf/library/test/src/lib.rs:644:27
[INFO] [stdout]   31:     0x62ea116513a7 - test::run_test::{{closure}}::h52c556a6d4740e10
[INFO] [stdout]                                at /rustc/90b35a6239c3d8bdabc530a6a0816f7ff89a0aaf/library/test/src/lib.rs:565:43
[INFO] [stdout]   32:     0x62ea11616684 - test::run_test::{{closure}}::h4237f6381c45ccb9
[INFO] [stdout]                                at /rustc/90b35a6239c3d8bdabc530a6a0816f7ff89a0aaf/library/test/src/lib.rs:595:41
[INFO] [stdout]   33:     0x62ea11616684 - std::sys::backtrace::__rust_begin_short_backtrace::h505c97a579eca628
[INFO] [stdout]                                at /rustc/90b35a6239c3d8bdabc530a6a0816f7ff89a0aaf/library/std/src/sys/backtrace.rs:154:18
[INFO] [stdout]   34:     0x62ea11619d4e - std::thread::Builder::spawn_unchecked_::{{closure}}::{{closure}}::h9e86b2e2bc107ea3
[INFO] [stdout]                                at /rustc/90b35a6239c3d8bdabc530a6a0816f7ff89a0aaf/library/std/src/thread/mod.rs:538:17
[INFO] [stdout]   35:     0x62ea11619d4e - <core::panic::unwind_safe::AssertUnwindSafe<F> as core::ops::function::FnOnce<()>>::call_once::h8b06ddb275ff4a25
[INFO] [stdout]                                at /rustc/90b35a6239c3d8bdabc530a6a0816f7ff89a0aaf/library/core/src/panic/unwind_safe.rs:272:9
[INFO] [stdout]   36:     0x62ea11619d4e - std::panicking::try::do_call::hb26ecd7cd9a9355d
[INFO] [stdout]                                at /rustc/90b35a6239c3d8bdabc530a6a0816f7ff89a0aaf/library/std/src/panicking.rs:557:40
[INFO] [stdout]   37:     0x62ea11619d4e - std::panicking::try::h8ddeca9d705f9069
[INFO] [stdout]                                at /rustc/90b35a6239c3d8bdabc530a6a0816f7ff89a0aaf/library/std/src/panicking.rs:520:19
[INFO] [stdout]   38:     0x62ea11619d4e - std::panic::catch_unwind::h49e1c33078844c46
[INFO] [stdout]                                at /rustc/90b35a6239c3d8bdabc530a6a0816f7ff89a0aaf/library/std/src/panic.rs:358:14
[INFO] [stdout]   39:     0x62ea11619d4e - std::thread::Builder::spawn_unchecked_::{{closure}}::h6073db6ff56ad35d
[INFO] [stdout]                                at /rustc/90b35a6239c3d8bdabc530a6a0816f7ff89a0aaf/library/std/src/thread/mod.rs:537:30
[INFO] [stdout]   40:     0x62ea11619d4e - core::ops::function::FnOnce::call_once{{vtable.shim}}::h2c5a5f3779c774f1
[INFO] [stdout]                                at /rustc/90b35a6239c3d8bdabc530a6a0816f7ff89a0aaf/library/core/src/ops/function.rs:250:5
[INFO] [stdout]   41:     0x62ea1169cc2b - <alloc::boxed::Box<F,A> as core::ops::function::FnOnce<Args>>::call_once::hf75717d9f28faebf
[INFO] [stdout]                                at /rustc/90b35a6239c3d8bdabc530a6a0816f7ff89a0aaf/library/alloc/src/boxed.rs:2454:9
[INFO] [stdout]   42:     0x62ea1169cc2b - <alloc::boxed::Box<F,A> as core::ops::function::FnOnce<Args>>::call_once::h7bd883a5f3c5f3c1
[INFO] [stdout]                                at /rustc/90b35a6239c3d8bdabc530a6a0816f7ff89a0aaf/library/alloc/src/boxed.rs:2454:9
[INFO] [stdout]   43:     0x62ea1169cc2b - std::sys::pal::unix::thread::Thread::new::thread_start::hcc78f3943333fa94
[INFO] [stdout]                                at /rustc/90b35a6239c3d8bdabc530a6a0816f7ff89a0aaf/library/std/src/sys/pal/unix/thread.rs:105:17
[INFO] [stdout]   44:     0x7a0db3b0bac3 - <unknown>
[INFO] [stdout]   45:     0x7a0db3b9ca04 - clone
[INFO] [stdout]   46:                0x0 - <unknown>
[INFO] [stdout] 
[INFO] [stdout] ---- parser::tests::test_parse_tiny stdout ----
[INFO] [stdout] [src/parser.rs:137:13] &line = [
[INFO] [stdout]     0,
[INFO] [stdout]     0,
[INFO] [stdout] ]
[INFO] [stdout] [src/parser.rs:149:9] pixels = [
[INFO] [stdout]     Color(
[INFO] [stdout]         0,
[INFO] [stdout]         0,
[INFO] [stdout]         0,
[INFO] [stdout]         65535,
[INFO] [stdout]     ),
[INFO] [stdout] ]
[INFO] [stdout] thread 'parser::tests::test_parse_tiny' panicked at src/parser.rs:157:9:
[INFO] [stdout] not yet implemented
[INFO] [stdout] stack backtrace:
[INFO] [stdout]    0:     0x62ea116973da - std::backtrace_rs::backtrace::libunwind::trace::h5a5b8284f2d0c266
[INFO] [stdout]                                at /rustc/90b35a6239c3d8bdabc530a6a0816f7ff89a0aaf/library/std/src/../../backtrace/src/backtrace/libunwind.rs:116:5
[INFO] [stdout]    1:     0x62ea116973da - std::backtrace_rs::backtrace::trace_unsynchronized::h76d4f1c9b0b875e3
[INFO] [stdout]                                at /rustc/90b35a6239c3d8bdabc530a6a0816f7ff89a0aaf/library/std/src/../../backtrace/src/backtrace/mod.rs:66:5
[INFO] [stdout]    2:     0x62ea116973da - std::sys::backtrace::_print_fmt::hc4546b8364a537c6
[INFO] [stdout]                                at /rustc/90b35a6239c3d8bdabc530a6a0816f7ff89a0aaf/library/std/src/sys/backtrace.rs:66:9
[INFO] [stdout]    3:     0x62ea116973da - <std::sys::backtrace::BacktraceLock::print::DisplayBacktrace as core::fmt::Display>::fmt::h5b6bd5631a6d1f6b
[INFO] [stdout]                                at /rustc/90b35a6239c3d8bdabc530a6a0816f7ff89a0aaf/library/std/src/sys/backtrace.rs:39:26
[INFO] [stdout]    4:     0x62ea116bc6e3 - core::fmt::rt::Argument::fmt::h270f6602a2b96f62
[INFO] [stdout]                                at /rustc/90b35a6239c3d8bdabc530a6a0816f7ff89a0aaf/library/core/src/fmt/rt.rs:177:76
[INFO] [stdout]    5:     0x62ea116bc6e3 - core::fmt::write::h7550c97b06c86515
[INFO] [stdout]                                at /rustc/90b35a6239c3d8bdabc530a6a0816f7ff89a0aaf/library/core/src/fmt/mod.rs:1186:21
[INFO] [stdout]    6:     0x62ea116945a3 - std::io::Write::write_fmt::h509ff860e5956e5e
[INFO] [stdout]                                at /rustc/90b35a6239c3d8bdabc530a6a0816f7ff89a0aaf/library/std/src/io/mod.rs:1839:15
[INFO] [stdout]    7:     0x62ea11697222 - std::sys::backtrace::BacktraceLock::print::h2395ccd2c84ba3aa
[INFO] [stdout]                                at /rustc/90b35a6239c3d8bdabc530a6a0816f7ff89a0aaf/library/std/src/sys/backtrace.rs:42:9
[INFO] [stdout]    8:     0x62ea1169883a - std::panicking::default_hook::{{closure}}::he19d4c7230e07961
[INFO] [stdout]                                at /rustc/90b35a6239c3d8bdabc530a6a0816f7ff89a0aaf/library/std/src/panicking.rs:268:22
[INFO] [stdout]    9:     0x62ea11698644 - std::panicking::default_hook::hf614597d3c67bbdb
[INFO] [stdout]                                at /rustc/90b35a6239c3d8bdabc530a6a0816f7ff89a0aaf/library/std/src/panicking.rs:292:9
[INFO] [stdout]   10:     0x62ea1164d1a9 - <alloc::boxed::Box<F,A> as core::ops::function::Fn<Args>>::call::h39b51ce4599c23d1
[INFO] [stdout]                                at /rustc/90b35a6239c3d8bdabc530a6a0816f7ff89a0aaf/library/alloc/src/boxed.rs:2468:9
[INFO] [stdout]   11:     0x62ea1164d1a9 - test::test_main::{{closure}}::he977ae839a582784
[INFO] [stdout]                                at /rustc/90b35a6239c3d8bdabc530a6a0816f7ff89a0aaf/library/test/src/lib.rs:133:21
[INFO] [stdout]   12:     0x62ea11698ed8 - <alloc::boxed::Box<F,A> as core::ops::function::Fn<Args>>::call::h9455091b6b06f9fb
[INFO] [stdout]                                at /rustc/90b35a6239c3d8bdabc530a6a0816f7ff89a0aaf/library/alloc/src/boxed.rs:2468:9
[INFO] [stdout]   13:     0x62ea11698ed8 - std::panicking::rust_panic_with_hook::h8942133a8b252070
[INFO] [stdout]                                at /rustc/90b35a6239c3d8bdabc530a6a0816f7ff89a0aaf/library/std/src/panicking.rs:809:13
[INFO] [stdout]   14:     0x62ea11698c66 - std::panicking::begin_panic_handler::{{closure}}::hb5f5963570096b29
[INFO] [stdout]                                at /rustc/90b35a6239c3d8bdabc530a6a0816f7ff89a0aaf/library/std/src/panicking.rs:667:13
[INFO] [stdout]   15:     0x62ea116978b9 - std::sys::backtrace::__rust_end_short_backtrace::h6208cedc1922feda
[INFO] [stdout]                                at /rustc/90b35a6239c3d8bdabc530a6a0816f7ff89a0aaf/library/std/src/sys/backtrace.rs:170:18
[INFO] [stdout]   16:     0x62ea1169892c - rust_begin_unwind
[INFO] [stdout]                                at /rustc/90b35a6239c3d8bdabc530a6a0816f7ff89a0aaf/library/std/src/panicking.rs:665:5
[INFO] [stdout]   17:     0x62ea115fbaa0 - core::panicking::panic_fmt::h0c3082644d1bf418
[INFO] [stdout]                                at /rustc/90b35a6239c3d8bdabc530a6a0816f7ff89a0aaf/library/core/src/panicking.rs:74:14
[INFO] [stdout]   18:     0x62ea115fbb2c - core::panicking::panic::h957f98c65a3b3074
[INFO] [stdout]                                at /rustc/90b35a6239c3d8bdabc530a6a0816f7ff89a0aaf/library/core/src/panicking.rs:148:5
[INFO] [stdout]   19:     0x62ea11614811 - png::parser::PngParser<R>::parse::h684aa9ce39b5a353
[INFO] [stdout]                                at /opt/rustwide/workdir/src/parser.rs:157:9
[INFO] [stdout]   20:     0x62ea11608e74 - png::parser::tests::test_parse_tiny::h4859caa52f305563
[INFO] [stdout]                                at /opt/rustwide/workdir/src/parser.rs:214:21
[INFO] [stdout]   21:     0x62ea11608d67 - png::parser::tests::test_parse_tiny::{{closure}}::ha29a3b35ed5be12a
[INFO] [stdout]                                at /opt/rustwide/workdir/src/parser.rs:212:25
[INFO] [stdout]   22:     0x62ea115fe686 - core::ops::function::FnOnce::call_once::h632d87f3ff61d74a
[INFO] [stdout]                                at /rustc/90b35a6239c3d8bdabc530a6a0816f7ff89a0aaf/library/core/src/ops/function.rs:250:5
[INFO] [stdout]   23:     0x62ea11651b6b - core::ops::function::FnOnce::call_once::h109cf8051a59b34e
[INFO] [stdout]                                at /rustc/90b35a6239c3d8bdabc530a6a0816f7ff89a0aaf/library/core/src/ops/function.rs:250:5
[INFO] [stdout]   24:     0x62ea11651b6b - test::__rust_begin_short_backtrace::hf4fff89d377446ba
[INFO] [stdout]                                at /rustc/90b35a6239c3d8bdabc530a6a0816f7ff89a0aaf/library/test/src/lib.rs:621:18
[INFO] [stdout]   25:     0x62ea116513a7 - test::run_test_in_process::{{closure}}::h0e39181dd7ee5a43
[INFO] [stdout]                                at /rustc/90b35a6239c3d8bdabc530a6a0816f7ff89a0aaf/library/test/src/lib.rs:644:60
[INFO] [stdout]   26:     0x62ea116513a7 - <core::panic::unwind_safe::AssertUnwindSafe<F> as core::ops::function::FnOnce<()>>::call_once::hc5a66a30f0bdfd1f
[INFO] [stdout]                                at /rustc/90b35a6239c3d8bdabc530a6a0816f7ff89a0aaf/library/core/src/panic/unwind_safe.rs:272:9
[INFO] [stdout]   27:     0x62ea116513a7 - std::panicking::try::do_call::h873b7cf639554a5e
[INFO] [stdout]                                at /rustc/90b35a6239c3d8bdabc530a6a0816f7ff89a0aaf/library/std/src/panicking.rs:557:40
[INFO] [stdout]   28:     0x62ea116513a7 - std::panicking::try::hdb19862fad9c8bd1
[INFO] [stdout]                                at /rustc/90b35a6239c3d8bdabc530a6a0816f7ff89a0aaf/library/std/src/panicking.rs:520:19
[INFO] [stdout]   29:     0x62ea116513a7 - std::panic::catch_unwind::h281fe732d236d260
[INFO] [stdout]                                at /rustc/90b35a6239c3d8bdabc530a6a0816f7ff89a0aaf/library/std/src/panic.rs:358:14
[INFO] [stdout]   30:     0x62ea116513a7 - test::run_test_in_process::h949b6df8457ed338
[INFO] [stdout]                                at /rustc/90b35a6239c3d8bdabc530a6a0816f7ff89a0aaf/library/test/src/lib.rs:644:27
[INFO] [stdout]   31:     0x62ea116513a7 - test::run_test::{{closure}}::h52c556a6d4740e10
[INFO] [stdout]                                at /rustc/90b35a6239c3d8bdabc530a6a0816f7ff89a0aaf/library/test/src/lib.rs:565:43
[INFO] [stdout]   32:     0x62ea11616684 - test::run_test::{{closure}}::h4237f6381c45ccb9
[INFO] [stdout]                                at /rustc/90b35a6239c3d8bdabc530a6a0816f7ff89a0aaf/library/test/src/lib.rs:595:41
[INFO] [stdout]   33:     0x62ea11616684 - std::sys::backtrace::__rust_begin_short_backtrace::h505c97a579eca628
[INFO] [stdout]                                at /rustc/90b35a6239c3d8bdabc530a6a0816f7ff89a0aaf/library/std/src/sys/backtrace.rs:154:18
[INFO] [stdout]   34:     0x62ea11619d4e - std::thread::Builder::spawn_unchecked_::{{closure}}::{{closure}}::h9e86b2e2bc107ea3
[INFO] [stdout]                                at /rustc/90b35a6239c3d8bdabc530a6a0816f7ff89a0aaf/library/std/src/thread/mod.rs:538:17
[INFO] [stdout]   35:     0x62ea11619d4e - <core::panic::unwind_safe::AssertUnwindSafe<F> as core::ops::function::FnOnce<()>>::call_once::h8b06ddb275ff4a25
[INFO] [stdout]                                at /rustc/90b35a6239c3d8bdabc530a6a0816f7ff89a0aaf/library/core/src/panic/unwind_safe.rs:272:9
[INFO] [stdout]   36:     0x62ea11619d4e - std::panicking::try::do_call::hb26ecd7cd9a9355d
[INFO] [stdout]                                at /rustc/90b35a6239c3d8bdabc530a6a0816f7ff89a0aaf/library/std/src/panicking.rs:557:40
[INFO] [stdout]   37:     0x62ea11619d4e - std::panicking::try::h8ddeca9d705f9069
[INFO] [stdout]                                at /rustc/90b35a6239c3d8bdabc530a6a0816f7ff89a0aaf/library/std/src/panicking.rs:520:19
[INFO] [stdout]   38:     0x62ea11619d4e - std::panic::catch_unwind::h49e1c33078844c46
[INFO] [stdout]                                at /rustc/90b35a6239c3d8bdabc530a6a0816f7ff89a0aaf/library/std/src/panic.rs:358:14
[INFO] [stdout]   39:     0x62ea11619d4e - std::thread::Builder::spawn_unchecked_::{{closure}}::h6073db6ff56ad35d
[INFO] [stdout]                                at /rustc/90b35a6239c3d8bdabc530a6a0816f7ff89a0aaf/library/std/src/thread/mod.rs:537:30
[INFO] [stdout]   40:     0x62ea11619d4e - core::ops::function::FnOnce::call_once{{vtable.shim}}::h2c5a5f3779c774f1
[INFO] [stdout]                                at /rustc/90b35a6239c3d8bdabc530a6a0816f7ff89a0aaf/library/core/src/ops/function.rs:250:5
[INFO] [stdout]   41:     0x62ea1169cc2b - <alloc::boxed::Box<F,A> as core::ops::function::FnOnce<Args>>::call_once::hf75717d9f28faebf
[INFO] [stdout]                                at /rustc/90b35a6239c3d8bdabc530a6a0816f7ff89a0aaf/library/alloc/src/boxed.rs:2454:9
[INFO] [stdout]   42:     0x62ea1169cc2b - <alloc::boxed::Box<F,A> as core::ops::function::FnOnce<Args>>::call_once::h7bd883a5f3c5f3c1
[INFO] [stdout]                                at /rustc/90b35a6239c3d8bdabc530a6a0816f7ff89a0aaf/library/alloc/src/boxed.rs:2454:9
[INFO] [stdout]   43:     0x62ea1169cc2b - std::sys::pal::unix::thread::Thread::new::thread_start::hcc78f3943333fa94
[INFO] [stdout]                                at /rustc/90b35a6239c3d8bdabc530a6a0816f7ff89a0aaf/library/std/src/sys/pal/unix/thread.rs:105:17
[INFO] [stdout]   44:     0x7a0db3b0bac3 - <unknown>
[INFO] [stdout]   45:     0x7a0db3b9ca04 - clone
[INFO] [stdout]   46:                0x0 - <unknown>
[INFO] [stdout] 
[INFO] [stdout] 
[INFO] [stdout] failures:
[INFO] [stdout]     intermediate::color_kind::tests::test_alpha_greyscale
[INFO] [stdout]     intermediate::color_kind::tests::test_single_greyscale
[INFO] [stdout]     intermediate::color_kind::tests::test_two_greyscale
[INFO] [stdout]     parser::tests::test_parse_tiny
[INFO] [stdout] 
[INFO] [stdout] test result: FAILED. 6 passed; 4 failed; 0 ignored; 0 measured; 0 filtered out; finished in 0.03s
[INFO] [stdout] 
[INFO] running `Command { std: "docker" "inspect" "6212fa281b5c8b75f99a023ef99b4cdb3428265f6375b70a29b4d60488c03918", kill_on_drop: false }`
[INFO] running `Command { std: "docker" "rm" "-f" "6212fa281b5c8b75f99a023ef99b4cdb3428265f6375b70a29b4d60488c03918", kill_on_drop: false }`
[INFO] [stdout] 6212fa281b5c8b75f99a023ef99b4cdb3428265f6375b70a29b4d60488c03918
