[INFO] cloning repository https://github.com/CCmfredstam/aoc2023
[INFO] running `Command { std: "git" "-c" "credential.helper=" "-c" "credential.helper=/workspace/cargo-home/bin/git-credential-null" "clone" "--bare" "https://github.com/CCmfredstam/aoc2023" "/workspace/cache/git-repos/https%3A%2F%2Fgithub.com%2FCCmfredstam%2Faoc2023", kill_on_drop: false }`
[INFO] [stderr] Cloning into bare repository '/workspace/cache/git-repos/https%3A%2F%2Fgithub.com%2FCCmfredstam%2Faoc2023'...
[INFO] running `Command { std: "git" "rev-parse" "HEAD", kill_on_drop: false }`
[INFO] [stdout] 3cd28be56e430c59e6ca8a616d25669455d34b7a
[INFO] testing CCmfredstam/aoc2023 against 1.83.0 for beta-1.84.0-4-retry
[INFO] running `Command { std: "git" "clone" "/workspace/cache/git-repos/https%3A%2F%2Fgithub.com%2FCCmfredstam%2Faoc2023" "/workspace/builds/worker-7-tc1/source", kill_on_drop: false }`
[INFO] [stderr] Cloning into '/workspace/builds/worker-7-tc1/source'...
[INFO] [stderr] done.
[INFO] validating manifest of git repo https://github.com/CCmfredstam/aoc2023 on toolchain 1.83.0
[INFO] running `Command { std: CARGO_HOME="/workspace/cargo-home" RUSTUP_HOME="/workspace/rustup-home" "/workspace/cargo-home/bin/cargo" "+1.83.0" "metadata" "--manifest-path" "Cargo.toml" "--no-deps", kill_on_drop: false }`
[INFO] started tweaking git repo https://github.com/CCmfredstam/aoc2023
[INFO] finished tweaking git repo https://github.com/CCmfredstam/aoc2023
[INFO] tweaked toml for git repo https://github.com/CCmfredstam/aoc2023 written to /workspace/builds/worker-7-tc1/source/Cargo.toml
[INFO] crate git repo https://github.com/CCmfredstam/aoc2023 already has a lockfile, it will not be regenerated
[INFO] running `Command { std: CARGO_HOME="/workspace/cargo-home" RUSTUP_HOME="/workspace/rustup-home" "/workspace/cargo-home/bin/cargo" "+1.83.0" "fetch" "--manifest-path" "Cargo.toml", kill_on_drop: false }`
[INFO] running `Command { std: "docker" "create" "-v" "/var/lib/crater-agent-workspace/builds/worker-7-tc1/target:/opt/rustwide/target:rw,Z" "-v" "/var/lib/crater-agent-workspace/builds/worker-7-tc1/source:/opt/rustwide/workdir:ro,Z" "-v" "/var/lib/crater-agent-workspace/cargo-home:/opt/rustwide/cargo-home:ro,Z" "-v" "/var/lib/crater-agent-workspace/rustup-home:/opt/rustwide/rustup-home:ro,Z" "-e" "SOURCE_DIR=/opt/rustwide/workdir" "-e" "CARGO_TARGET_DIR=/opt/rustwide/target" "-e" "CARGO_HOME=/opt/rustwide/cargo-home" "-e" "RUSTUP_HOME=/opt/rustwide/rustup-home" "-w" "/opt/rustwide/workdir" "-m" "1610612736" "--user" "0:0" "--network" "none" "ghcr.io/rust-lang/crates-build-env/linux@sha256:f3a9d4ad9d972b27faf3965f35b62e55ba32bbce8f20bc8fe909558a86702fde" "/opt/rustwide/cargo-home/bin/cargo" "+1.83.0" "metadata" "--no-deps" "--format-version=1", kill_on_drop: false }`
[INFO] [stdout] cac37f33776d43868c71ec3ffc11e4f5010783f1ae9671f1829d55916a46fd34
[INFO] running `Command { std: "docker" "start" "-a" "cac37f33776d43868c71ec3ffc11e4f5010783f1ae9671f1829d55916a46fd34", kill_on_drop: false }`
[INFO] running `Command { std: "docker" "inspect" "cac37f33776d43868c71ec3ffc11e4f5010783f1ae9671f1829d55916a46fd34", kill_on_drop: false }`
[INFO] running `Command { std: "docker" "rm" "-f" "cac37f33776d43868c71ec3ffc11e4f5010783f1ae9671f1829d55916a46fd34", kill_on_drop: false }`
[INFO] [stdout] cac37f33776d43868c71ec3ffc11e4f5010783f1ae9671f1829d55916a46fd34
[INFO] running `Command { std: "docker" "create" "-v" "/var/lib/crater-agent-workspace/builds/worker-7-tc1/target:/opt/rustwide/target:rw,Z" "-v" "/var/lib/crater-agent-workspace/builds/worker-7-tc1/source:/opt/rustwide/workdir:ro,Z" "-v" "/var/lib/crater-agent-workspace/cargo-home:/opt/rustwide/cargo-home:ro,Z" "-v" "/var/lib/crater-agent-workspace/rustup-home:/opt/rustwide/rustup-home:ro,Z" "-e" "SOURCE_DIR=/opt/rustwide/workdir" "-e" "CARGO_TARGET_DIR=/opt/rustwide/target" "-e" "CARGO_INCREMENTAL=0" "-e" "RUST_BACKTRACE=full" "-e" "RUSTFLAGS=--cap-lints=warn" "-e" "RUSTDOCFLAGS=--cap-lints=warn" "-e" "CARGO_HOME=/opt/rustwide/cargo-home" "-e" "RUSTUP_HOME=/opt/rustwide/rustup-home" "-w" "/opt/rustwide/workdir" "-m" "1610612736" "--user" "0:0" "--network" "none" "ghcr.io/rust-lang/crates-build-env/linux@sha256:f3a9d4ad9d972b27faf3965f35b62e55ba32bbce8f20bc8fe909558a86702fde" "/opt/rustwide/cargo-home/bin/cargo" "+1.83.0" "build" "--frozen" "--message-format=json", kill_on_drop: false }`
[INFO] [stdout] 727a4be4c1fa451c7c30c6bd8378a53a79803edb16de672453037c958af68529
[INFO] running `Command { std: "docker" "start" "-a" "727a4be4c1fa451c7c30c6bd8378a53a79803edb16de672453037c958af68529", kill_on_drop: false }`
[INFO] [stderr]    Compiling aho-corasick v1.1.2
[INFO] [stderr]    Compiling regex-syntax v0.8.2
[INFO] [stderr]    Compiling regex-automata v0.4.3
[INFO] [stderr]    Compiling regex v1.10.2
[INFO] [stderr]    Compiling aoc2023 v0.1.0 (/opt/rustwide/workdir)
[INFO] [stdout] warning: function `main_part1` is never used
[INFO] [stdout]   --> src/bin/day23.rs:31:4
[INFO] [stdout]    |
[INFO] [stdout] 31 | fn main_part1() {
[INFO] [stdout]    |    ^^^^^^^^^^
[INFO] [stdout]    |
[INFO] [stdout]    = note: `#[warn(dead_code)]` on by default
[INFO] [stdout] 
[INFO] [stdout] 
[INFO] [stdout] warning: function `main_part1` is never used
[INFO] [stdout]   --> src/bin/day10.rs:31:4
[INFO] [stdout]    |
[INFO] [stdout] 31 | fn main_part1() {
[INFO] [stdout]    |    ^^^^^^^^^^
[INFO] [stdout]    |
[INFO] [stdout]    = note: `#[warn(dead_code)]` on by default
[INFO] [stdout] 
[INFO] [stdout] 
[INFO] [stderr]     Finished `dev` profile [unoptimized + debuginfo] target(s) in 10.17s
[INFO] running `Command { std: "docker" "inspect" "727a4be4c1fa451c7c30c6bd8378a53a79803edb16de672453037c958af68529", kill_on_drop: false }`
[INFO] running `Command { std: "docker" "rm" "-f" "727a4be4c1fa451c7c30c6bd8378a53a79803edb16de672453037c958af68529", kill_on_drop: false }`
[INFO] [stdout] 727a4be4c1fa451c7c30c6bd8378a53a79803edb16de672453037c958af68529
[INFO] running `Command { std: "docker" "create" "-v" "/var/lib/crater-agent-workspace/builds/worker-7-tc1/target:/opt/rustwide/target:rw,Z" "-v" "/var/lib/crater-agent-workspace/builds/worker-7-tc1/source:/opt/rustwide/workdir:ro,Z" "-v" "/var/lib/crater-agent-workspace/cargo-home:/opt/rustwide/cargo-home:ro,Z" "-v" "/var/lib/crater-agent-workspace/rustup-home:/opt/rustwide/rustup-home:ro,Z" "-e" "SOURCE_DIR=/opt/rustwide/workdir" "-e" "CARGO_TARGET_DIR=/opt/rustwide/target" "-e" "CARGO_INCREMENTAL=0" "-e" "RUST_BACKTRACE=full" "-e" "RUSTFLAGS=--cap-lints=warn" "-e" "RUSTDOCFLAGS=--cap-lints=warn" "-e" "CARGO_HOME=/opt/rustwide/cargo-home" "-e" "RUSTUP_HOME=/opt/rustwide/rustup-home" "-w" "/opt/rustwide/workdir" "-m" "1610612736" "--user" "0:0" "--network" "none" "ghcr.io/rust-lang/crates-build-env/linux@sha256:f3a9d4ad9d972b27faf3965f35b62e55ba32bbce8f20bc8fe909558a86702fde" "/opt/rustwide/cargo-home/bin/cargo" "+1.83.0" "test" "--frozen" "--no-run" "--message-format=json", kill_on_drop: false }`
[INFO] [stdout] f5587e6c862807aed88334495e4816ec64fc5ad49c1e83056059bd0d1f71c6f1
[INFO] running `Command { std: "docker" "start" "-a" "f5587e6c862807aed88334495e4816ec64fc5ad49c1e83056059bd0d1f71c6f1", kill_on_drop: false }`
[INFO] [stderr]    Compiling aoc2023 v0.1.0 (/opt/rustwide/workdir)
[INFO] [stdout] warning: unused import: `super::*`
[INFO] [stdout]    --> src/bin/day13.rs:224:9
[INFO] [stdout]     |
[INFO] [stdout] 224 |     use super::*;
[INFO] [stdout]     |         ^^^^^^^^
[INFO] [stdout]     |
[INFO] [stdout]     = note: `#[warn(unused_imports)]` on by default
[INFO] [stdout] 
[INFO] [stdout] 
[INFO] [stdout] warning: unused import: `super::*`
[INFO] [stdout]    --> src/bin/day11.rs:243:9
[INFO] [stdout]     |
[INFO] [stdout] 243 |     use super::*;
[INFO] [stdout]     |         ^^^^^^^^
[INFO] [stdout]     |
[INFO] [stdout]     = note: `#[warn(unused_imports)]` on by default
[INFO] [stdout] 
[INFO] [stdout] 
[INFO] [stdout] warning: function `main_part1` is never used
[INFO] [stdout]   --> src/bin/day10.rs:31:4
[INFO] [stdout]    |
[INFO] [stdout] 31 | fn main_part1() {
[INFO] [stdout]    |    ^^^^^^^^^^
[INFO] [stdout]    |
[INFO] [stdout]    = note: `#[warn(dead_code)]` on by default
[INFO] [stdout] 
[INFO] [stdout] 
[INFO] [stdout] warning: unused import: `super::*`
[INFO] [stdout]    --> src/bin/day12.rs:113:9
[INFO] [stdout]     |
[INFO] [stdout] 113 |     use super::*;
[INFO] [stdout]     |         ^^^^^^^^
[INFO] [stdout]     |
[INFO] [stdout]     = note: `#[warn(unused_imports)]` on by default
[INFO] [stdout] 
[INFO] [stdout] 
[INFO] [stdout] warning: unused import: `super::*`
[INFO] [stdout]    --> src/bin/day8.rs:101:9
[INFO] [stdout]     |
[INFO] [stdout] 101 |     use super::*;
[INFO] [stdout]     |         ^^^^^^^^
[INFO] [stdout]     |
[INFO] [stdout]     = note: `#[warn(unused_imports)]` on by default
[INFO] [stdout] 
[INFO] [stdout] 
[INFO] [stdout] warning: function `main_part1` is never used
[INFO] [stdout]   --> src/bin/day23.rs:31:4
[INFO] [stdout]    |
[INFO] [stdout] 31 | fn main_part1() {
[INFO] [stdout]    |    ^^^^^^^^^^
[INFO] [stdout]    |
[INFO] [stdout]    = note: `#[warn(dead_code)]` on by default
[INFO] [stdout] 
[INFO] [stdout] 
[INFO] [stdout] warning: unused import: `super::*`
[INFO] [stdout]   --> src/bin/day2.rs:86:9
[INFO] [stdout]    |
[INFO] [stdout] 86 |     use super::*;
[INFO] [stdout]    |         ^^^^^^^^
[INFO] [stdout]    |
[INFO] [stdout]    = note: `#[warn(unused_imports)]` on by default
[INFO] [stdout] 
[INFO] [stdout] 
[INFO] [stdout] warning: unused import: `super::*`
[INFO] [stdout]   --> src/bin/day4.rs:34:9
[INFO] [stdout]    |
[INFO] [stdout] 34 |     use super::*;
[INFO] [stdout]    |         ^^^^^^^^
[INFO] [stdout]    |
[INFO] [stdout]    = note: `#[warn(unused_imports)]` on by default
[INFO] [stdout] 
[INFO] [stdout] 
[INFO] [stdout] warning: unused import: `super::*`
[INFO] [stdout]   --> src/bin/day3.rs:70:9
[INFO] [stdout]    |
[INFO] [stdout] 70 |     use super::*;
[INFO] [stdout]    |         ^^^^^^^^
[INFO] [stdout]    |
[INFO] [stdout]    = note: `#[warn(unused_imports)]` on by default
[INFO] [stdout] 
[INFO] [stdout] 
[INFO] [stdout] warning: unused import: `super::*`
[INFO] [stdout]   --> src/bin/day6.rs:61:9
[INFO] [stdout]    |
[INFO] [stdout] 61 |     use super::*;
[INFO] [stdout]    |         ^^^^^^^^
[INFO] [stdout]    |
[INFO] [stdout]    = note: `#[warn(unused_imports)]` on by default
[INFO] [stdout] 
[INFO] [stdout] 
[INFO] [stdout] warning: unused import: `super::*`
[INFO] [stdout]    --> src/bin/day7.rs:238:9
[INFO] [stdout]     |
[INFO] [stdout] 238 |     use super::*;
[INFO] [stdout]     |         ^^^^^^^^
[INFO] [stdout]     |
[INFO] [stdout]     = note: `#[warn(unused_imports)]` on by default
[INFO] [stdout] 
[INFO] [stdout] 
[INFO] [stdout] warning: unused import: `super::*`
[INFO] [stdout]    --> src/bin/day5.rs:106:9
[INFO] [stdout]     |
[INFO] [stdout] 106 |     use super::*;
[INFO] [stdout]     |         ^^^^^^^^
[INFO] [stdout]     |
[INFO] [stdout]     = note: `#[warn(unused_imports)]` on by default
[INFO] [stdout] 
[INFO] [stdout] 
[INFO] [stdout] warning: unused import: `super::*`
[INFO] [stdout]   --> src/bin/day9.rs:66:9
[INFO] [stdout]    |
[INFO] [stdout] 66 |     use super::*;
[INFO] [stdout]    |         ^^^^^^^^
[INFO] [stdout]    |
[INFO] [stdout]    = note: `#[warn(unused_imports)]` on by default
[INFO] [stdout] 
[INFO] [stdout] 
[INFO] [stderr]     Finished `test` profile [unoptimized + debuginfo] target(s) in 2.84s
[INFO] running `Command { std: "docker" "inspect" "f5587e6c862807aed88334495e4816ec64fc5ad49c1e83056059bd0d1f71c6f1", kill_on_drop: false }`
[INFO] running `Command { std: "docker" "rm" "-f" "f5587e6c862807aed88334495e4816ec64fc5ad49c1e83056059bd0d1f71c6f1", kill_on_drop: false }`
[INFO] [stdout] f5587e6c862807aed88334495e4816ec64fc5ad49c1e83056059bd0d1f71c6f1
[INFO] running `Command { std: "docker" "create" "-v" "/var/lib/crater-agent-workspace/builds/worker-7-tc1/target:/opt/rustwide/target:rw,Z" "-v" "/var/lib/crater-agent-workspace/builds/worker-7-tc1/source:/opt/rustwide/workdir:ro,Z" "-v" "/var/lib/crater-agent-workspace/cargo-home:/opt/rustwide/cargo-home:ro,Z" "-v" "/var/lib/crater-agent-workspace/rustup-home:/opt/rustwide/rustup-home:ro,Z" "-e" "SOURCE_DIR=/opt/rustwide/workdir" "-e" "CARGO_TARGET_DIR=/opt/rustwide/target" "-e" "CARGO_INCREMENTAL=0" "-e" "RUST_BACKTRACE=full" "-e" "RUSTFLAGS=--cap-lints=warn" "-e" "RUSTDOCFLAGS=--cap-lints=warn" "-e" "CARGO_HOME=/opt/rustwide/cargo-home" "-e" "RUSTUP_HOME=/opt/rustwide/rustup-home" "-w" "/opt/rustwide/workdir" "-m" "1610612736" "--user" "0:0" "--network" "none" "ghcr.io/rust-lang/crates-build-env/linux@sha256:f3a9d4ad9d972b27faf3965f35b62e55ba32bbce8f20bc8fe909558a86702fde" "/opt/rustwide/cargo-home/bin/cargo" "+1.83.0" "test" "--frozen", kill_on_drop: false }`
[INFO] [stdout] 30c74b25aae3812f595667e67089e8952682bbf7a9142e0827a1770ad5f1b5e1
[INFO] running `Command { std: "docker" "start" "-a" "30c74b25aae3812f595667e67089e8952682bbf7a9142e0827a1770ad5f1b5e1", kill_on_drop: false }`
[INFO] [stderr] warning: unused import: `super::*`
[INFO] [stderr]   --> src/bin/day2.rs:86:9
[INFO] [stderr]    |
[INFO] [stderr] 86 |     use super::*;
[INFO] [stderr]    |         ^^^^^^^^
[INFO] [stderr]    |
[INFO] [stderr]    = note: `#[warn(unused_imports)]` on by default
[INFO] [stderr] 
[INFO] [stderr] warning: `aoc2023` (bin "day2" test) generated 1 warning (run `cargo fix --bin "day2" --tests` to apply 1 suggestion)
[INFO] [stderr] warning: function `main_part1` is never used
[INFO] [stderr]   --> src/bin/day23.rs:31:4
[INFO] [stderr]    |
[INFO] [stderr] 31 | fn main_part1() {
[INFO] [stderr]    |    ^^^^^^^^^^
[INFO] [stderr]    |
[INFO] [stderr]    = note: `#[warn(dead_code)]` on by default
[INFO] [stderr] 
[INFO] [stderr] warning: `aoc2023` (bin "day23" test) generated 1 warning
[INFO] [stderr] warning: unused import: `super::*`
[INFO] [stderr]   --> src/bin/day3.rs:70:9
[INFO] [stderr]    |
[INFO] [stderr] 70 |     use super::*;
[INFO] [stderr]    |         ^^^^^^^^
[INFO] [stderr]    |
[INFO] [stderr]    = note: `#[warn(unused_imports)]` on by default
[INFO] [stderr] 
[INFO] [stderr] warning: unused import: `super::*`
[INFO] [stderr]   --> src/bin/day4.rs:34:9
[INFO] [stderr]    |
[INFO] [stderr] 34 |     use super::*;
[INFO] [stderr]    |         ^^^^^^^^
[INFO] [stderr]    |
[INFO] [stderr]    = note: `#[warn(unused_imports)]` on by default
[INFO] [stderr] 
[INFO] [stderr] warning: unused import: `super::*`
[INFO] [stderr]    --> src/bin/day5.rs:106:9
[INFO] [stderr]     |
[INFO] [stderr] 106 |     use super::*;
[INFO] [stderr]     |         ^^^^^^^^
[INFO] [stderr]     |
[INFO] [stderr]     = note: `#[warn(unused_imports)]` on by default
[INFO] [stderr] 
[INFO] [stderr] warning: unused import: `super::*`
[INFO] [stderr]    --> src/bin/day7.rs:238:9
[INFO] [stderr]     |
[INFO] [stderr] 238 |     use super::*;
[INFO] [stderr]     |         ^^^^^^^^
[INFO] [stderr]     |
[INFO] [stderr]     = note: `#[warn(unused_imports)]` on by default
[INFO] [stderr] 
[INFO] [stderr] warning: unused import: `super::*`
[INFO] [stderr]    --> src/bin/day11.rs:243:9
[INFO] [stderr]     |
[INFO] [stderr] 243 |     use super::*;
[INFO] [stderr]     |         ^^^^^^^^
[INFO] [stderr]     |
[INFO] [stderr]     = note: `#[warn(unused_imports)]` on by default
[INFO] [stderr] 
[INFO] [stderr] warning: unused import: `super::*`
[INFO] [stderr]    --> src/bin/day13.rs:224:9
[INFO] [stderr]     |
[INFO] [stderr] 224 |     use super::*;
[INFO] [stderr]     |         ^^^^^^^^
[INFO] [stderr]     |
[INFO] [stderr]     = note: `#[warn(unused_imports)]` on by default
[INFO] [stderr] 
[INFO] [stderr] warning: function `main_part1` is never used
[INFO] [stderr]   --> src/bin/day10.rs:31:4
[INFO] [stderr]    |
[INFO] [stderr] 31 | fn main_part1() {
[INFO] [stderr]    |    ^^^^^^^^^^
[INFO] [stderr]    |
[INFO] [stderr]    = note: `#[warn(dead_code)]` on by default
[INFO] [stderr] 
[INFO] [stderr] warning: unused import: `super::*`
[INFO] [stderr]    --> src/bin/day12.rs:113:9
[INFO] [stderr]     |
[INFO] [stderr] 113 |     use super::*;
[INFO] [stderr]     |         ^^^^^^^^
[INFO] [stderr]     |
[INFO] [stderr]     = note: `#[warn(unused_imports)]` on by default
[INFO] [stderr] 
[INFO] [stderr] warning: unused import: `super::*`
[INFO] [stderr]   --> src/bin/day6.rs:61:9
[INFO] [stderr]    |
[INFO] [stderr] 61 |     use super::*;
[INFO] [stderr]    |         ^^^^^^^^
[INFO] [stderr]    |
[INFO] [stderr]    = note: `#[warn(unused_imports)]` on by default
[INFO] [stderr] 
[INFO] [stderr] warning: unused import: `super::*`
[INFO] [stderr]   --> src/bin/day9.rs:66:9
[INFO] [stderr]    |
[INFO] [stderr] 66 |     use super::*;
[INFO] [stderr]    |         ^^^^^^^^
[INFO] [stderr]    |
[INFO] [stderr]    = note: `#[warn(unused_imports)]` on by default
[INFO] [stderr] 
[INFO] [stderr] warning: `aoc2023` (bin "day3" test) generated 1 warning (run `cargo fix --bin "day3" --tests` to apply 1 suggestion)
[INFO] [stderr] warning: `aoc2023` (bin "day4" test) generated 1 warning (run `cargo fix --bin "day4" --tests` to apply 1 suggestion)
[INFO] [stderr] warning: `aoc2023` (bin "day5" test) generated 1 warning (run `cargo fix --bin "day5" --tests` to apply 1 suggestion)
[INFO] [stderr] warning: `aoc2023` (bin "day7" test) generated 1 warning (run `cargo fix --bin "day7" --tests` to apply 1 suggestion)
[INFO] [stderr] warning: `aoc2023` (bin "day11" test) generated 1 warning (run `cargo fix --bin "day11" --tests` to apply 1 suggestion)
[INFO] [stderr] warning: `aoc2023` (bin "day13" test) generated 1 warning (run `cargo fix --bin "day13" --tests` to apply 1 suggestion)
[INFO] [stderr] warning: `aoc2023` (bin "day10" test) generated 1 warning
[INFO] [stderr] warning: `aoc2023` (bin "day12" test) generated 1 warning (run `cargo fix --bin "day12" --tests` to apply 1 suggestion)
[INFO] [stderr] warning: `aoc2023` (bin "day6" test) generated 1 warning (run `cargo fix --bin "day6" --tests` to apply 1 suggestion)
[INFO] [stderr] warning: `aoc2023` (bin "day9" test) generated 1 warning (run `cargo fix --bin "day9" --tests` to apply 1 suggestion)
[INFO] [stderr] warning: unused import: `super::*`
[INFO] [stderr]    --> src/bin/day8.rs:101:9
[INFO] [stderr]     |
[INFO] [stderr] 101 |     use super::*;
[INFO] [stderr]     |         ^^^^^^^^
[INFO] [stderr]     |
[INFO] [stderr]     = note: `#[warn(unused_imports)]` on by default
[INFO] [stderr] 
[INFO] [stderr] warning: `aoc2023` (bin "day8" test) generated 1 warning (run `cargo fix --bin "day8" --tests` to apply 1 suggestion)
[INFO] [stderr]     Finished `test` profile [unoptimized + debuginfo] target(s) in 0.03s
[INFO] [stderr]      Running unittests src/main.rs (/opt/rustwide/target/debug/deps/aoc2023-bd4470db5c8242a0)
[INFO] [stdout] 
[INFO] [stdout] running 0 tests
[INFO] [stdout] 
[INFO] [stdout] test result: ok. 0 passed; 0 failed; 0 ignored; 0 measured; 0 filtered out; finished in 0.00s
[INFO] [stdout] 
[INFO] [stderr]      Running unittests src/bin/day1.rs (/opt/rustwide/target/debug/deps/day1-44688065951414ab)
[INFO] [stdout] 
[INFO] [stdout] running 6 tests
[INFO] [stdout] test tests::test_convert_digits_at_beginning ... ok
[INFO] [stdout] test tests::test_convert_digits_at_end ... ok
[INFO] [stdout] test tests::test_word_to_digit ... ok
[INFO] [stdout] test tests::test_convert_digits_at_middle ... ok
[INFO] [stdout] test tests::test_convert_digits_chars_after ... ok
[INFO] [stdout] test tests::test_convert_digits_chars_before ... FAILED
[INFO] [stdout] 
[INFO] [stdout] failures:
[INFO] [stdout] 
[INFO] [stdout] ---- tests::test_convert_digits_chars_before stdout ----
[INFO] [stdout] thread 'tests::test_convert_digits_chars_before' panicked at src/bin/day1.rs:154:9:
[INFO] [stdout] assertion `left == right` failed
[INFO] [stdout]   left: "azero67"
[INFO] [stdout]  right: "a067"
[INFO] [stdout] stack backtrace:
[INFO] [stdout]    0:     0x6531e9a862fa - std::backtrace_rs::backtrace::libunwind::trace::h5a5b8284f2d0c266
[INFO] [stdout]                                at /rustc/90b35a6239c3d8bdabc530a6a0816f7ff89a0aaf/library/std/src/../../backtrace/src/backtrace/libunwind.rs:116:5
[INFO] [stdout]    1:     0x6531e9a862fa - std::backtrace_rs::backtrace::trace_unsynchronized::h76d4f1c9b0b875e3
[INFO] [stdout]                                at /rustc/90b35a6239c3d8bdabc530a6a0816f7ff89a0aaf/library/std/src/../../backtrace/src/backtrace/mod.rs:66:5
[INFO] [stdout]    2:     0x6531e9a862fa - std::sys::backtrace::_print_fmt::hc4546b8364a537c6
[INFO] [stdout]                                at /rustc/90b35a6239c3d8bdabc530a6a0816f7ff89a0aaf/library/std/src/sys/backtrace.rs:66:9
[INFO] [stdout]    3:     0x6531e9a862fa - <std::sys::backtrace::BacktraceLock::print::DisplayBacktrace as core::fmt::Display>::fmt::h5b6bd5631a6d1f6b
[INFO] [stdout]                                at /rustc/90b35a6239c3d8bdabc530a6a0816f7ff89a0aaf/library/std/src/sys/backtrace.rs:39:26
[INFO] [stdout]    4:     0x6531e9aab6e3 - core::fmt::rt::Argument::fmt::h270f6602a2b96f62
[INFO] [stdout]                                at /rustc/90b35a6239c3d8bdabc530a6a0816f7ff89a0aaf/library/core/src/fmt/rt.rs:177:76
[INFO] [stdout]    5:     0x6531e9aab6e3 - core::fmt::write::h7550c97b06c86515
[INFO] [stdout]                                at /rustc/90b35a6239c3d8bdabc530a6a0816f7ff89a0aaf/library/core/src/fmt/mod.rs:1186:21
[INFO] [stdout]    6:     0x6531e9a834c3 - std::io::Write::write_fmt::h509ff860e5956e5e
[INFO] [stdout]                                at /rustc/90b35a6239c3d8bdabc530a6a0816f7ff89a0aaf/library/std/src/io/mod.rs:1839:15
[INFO] [stdout]    7:     0x6531e9a86142 - std::sys::backtrace::BacktraceLock::print::h2395ccd2c84ba3aa
[INFO] [stdout]                                at /rustc/90b35a6239c3d8bdabc530a6a0816f7ff89a0aaf/library/std/src/sys/backtrace.rs:42:9
[INFO] [stdout]    8:     0x6531e9a8775a - std::panicking::default_hook::{{closure}}::he19d4c7230e07961
[INFO] [stdout]                                at /rustc/90b35a6239c3d8bdabc530a6a0816f7ff89a0aaf/library/std/src/panicking.rs:268:22
[INFO] [stdout]    9:     0x6531e9a87564 - std::panicking::default_hook::hf614597d3c67bbdb
[INFO] [stdout]                                at /rustc/90b35a6239c3d8bdabc530a6a0816f7ff89a0aaf/library/std/src/panicking.rs:292:9
[INFO] [stdout]   10:     0x6531e9a52e49 - <alloc::boxed::Box<F,A> as core::ops::function::Fn<Args>>::call::h39b51ce4599c23d1
[INFO] [stdout]                                at /rustc/90b35a6239c3d8bdabc530a6a0816f7ff89a0aaf/library/alloc/src/boxed.rs:2468:9
[INFO] [stdout]   11:     0x6531e9a52e49 - test::test_main::{{closure}}::he977ae839a582784
[INFO] [stdout]                                at /rustc/90b35a6239c3d8bdabc530a6a0816f7ff89a0aaf/library/test/src/lib.rs:133:21
[INFO] [stdout]   12:     0x6531e9a87df8 - <alloc::boxed::Box<F,A> as core::ops::function::Fn<Args>>::call::h9455091b6b06f9fb
[INFO] [stdout]                                at /rustc/90b35a6239c3d8bdabc530a6a0816f7ff89a0aaf/library/alloc/src/boxed.rs:2468:9
[INFO] [stdout]   13:     0x6531e9a87df8 - std::panicking::rust_panic_with_hook::h8942133a8b252070
[INFO] [stdout]                                at /rustc/90b35a6239c3d8bdabc530a6a0816f7ff89a0aaf/library/std/src/panicking.rs:809:13
[INFO] [stdout]   14:     0x6531e9a87bba - std::panicking::begin_panic_handler::{{closure}}::hb5f5963570096b29
[INFO] [stdout]                                at /rustc/90b35a6239c3d8bdabc530a6a0816f7ff89a0aaf/library/std/src/panicking.rs:674:13
[INFO] [stdout]   15:     0x6531e9a867d9 - std::sys::backtrace::__rust_end_short_backtrace::h6208cedc1922feda
[INFO] [stdout]                                at /rustc/90b35a6239c3d8bdabc530a6a0816f7ff89a0aaf/library/std/src/sys/backtrace.rs:170:18
[INFO] [stdout]   16:     0x6531e9a8784c - rust_begin_unwind
[INFO] [stdout]                                at /rustc/90b35a6239c3d8bdabc530a6a0816f7ff89a0aaf/library/std/src/panicking.rs:665:5
[INFO] [stdout]   17:     0x6531e9a12a50 - core::panicking::panic_fmt::h0c3082644d1bf418
[INFO] [stdout]                                at /rustc/90b35a6239c3d8bdabc530a6a0816f7ff89a0aaf/library/core/src/panicking.rs:74:14
[INFO] [stdout]   18:     0x6531e9a12d7b - core::panicking::assert_failed_inner::h2ddf1fcc067fa858
[INFO] [stdout]   19:     0x6531e9a14510 - core::panicking::assert_failed::hd8bec5215bffad2e
[INFO] [stdout]                                at /rustc/90b35a6239c3d8bdabc530a6a0816f7ff89a0aaf/library/core/src/panicking.rs:367:5
[INFO] [stdout]   20:     0x6531e9a1aafc - day1::tests::test_convert_digits_chars_before::h401a25745ca7edac
[INFO] [stdout]                                at /opt/rustwide/workdir/src/bin/day1.rs:154:9
[INFO] [stdout]   21:     0x6531e9a1a9b7 - day1::tests::test_convert_digits_chars_before::{{closure}}::h55a6ec88b2626c38
[INFO] [stdout]                                at /opt/rustwide/workdir/src/bin/day1.rs:153:42
[INFO] [stdout]   22:     0x6531e9a13816 - core::ops::function::FnOnce::call_once::h8c38987dd3e9b2e8
[INFO] [stdout]                                at /rustc/90b35a6239c3d8bdabc530a6a0816f7ff89a0aaf/library/core/src/ops/function.rs:250:5
[INFO] [stdout]   23:     0x6531e9a5780b - core::ops::function::FnOnce::call_once::h109cf8051a59b34e
[INFO] [stdout]                                at /rustc/90b35a6239c3d8bdabc530a6a0816f7ff89a0aaf/library/core/src/ops/function.rs:250:5
[INFO] [stdout]   24:     0x6531e9a5780b - test::__rust_begin_short_backtrace::hf4fff89d377446ba
[INFO] [stdout]                                at /rustc/90b35a6239c3d8bdabc530a6a0816f7ff89a0aaf/library/test/src/lib.rs:621:18
[INFO] [stdout]   25:     0x6531e9a57047 - test::run_test_in_process::{{closure}}::h0e39181dd7ee5a43
[INFO] [stdout]                                at /rustc/90b35a6239c3d8bdabc530a6a0816f7ff89a0aaf/library/test/src/lib.rs:644:60
[INFO] [stdout]   26:     0x6531e9a57047 - <core::panic::unwind_safe::AssertUnwindSafe<F> as core::ops::function::FnOnce<()>>::call_once::hc5a66a30f0bdfd1f
[INFO] [stdout]                                at /rustc/90b35a6239c3d8bdabc530a6a0816f7ff89a0aaf/library/core/src/panic/unwind_safe.rs:272:9
[INFO] [stdout]   27:     0x6531e9a57047 - std::panicking::try::do_call::h873b7cf639554a5e
[INFO] [stdout]                                at /rustc/90b35a6239c3d8bdabc530a6a0816f7ff89a0aaf/library/std/src/panicking.rs:557:40
[INFO] [stdout]   28:     0x6531e9a57047 - std::panicking::try::hdb19862fad9c8bd1
[INFO] [stdout]                                at /rustc/90b35a6239c3d8bdabc530a6a0816f7ff89a0aaf/library/std/src/panicking.rs:520:19
[INFO] [stdout]   29:     0x6531e9a57047 - std::panic::catch_unwind::h281fe732d236d260
[INFO] [stdout]                                at /rustc/90b35a6239c3d8bdabc530a6a0816f7ff89a0aaf/library/std/src/panic.rs:358:14
[INFO] [stdout]   30:     0x6531e9a57047 - test::run_test_in_process::h949b6df8457ed338
[INFO] [stdout]                                at /rustc/90b35a6239c3d8bdabc530a6a0816f7ff89a0aaf/library/test/src/lib.rs:644:27
[INFO] [stdout]   31:     0x6531e9a57047 - test::run_test::{{closure}}::h52c556a6d4740e10
[INFO] [stdout]                                at /rustc/90b35a6239c3d8bdabc530a6a0816f7ff89a0aaf/library/test/src/lib.rs:565:43
[INFO] [stdout]   32:     0x6531e9a1c324 - test::run_test::{{closure}}::h4237f6381c45ccb9
[INFO] [stdout]                                at /rustc/90b35a6239c3d8bdabc530a6a0816f7ff89a0aaf/library/test/src/lib.rs:595:41
[INFO] [stdout]   33:     0x6531e9a1c324 - std::sys::backtrace::__rust_begin_short_backtrace::h505c97a579eca628
[INFO] [stdout]                                at /rustc/90b35a6239c3d8bdabc530a6a0816f7ff89a0aaf/library/std/src/sys/backtrace.rs:154:18
[INFO] [stdout]   34:     0x6531e9a1f9ee - std::thread::Builder::spawn_unchecked_::{{closure}}::{{closure}}::h9e86b2e2bc107ea3
[INFO] [stdout]                                at /rustc/90b35a6239c3d8bdabc530a6a0816f7ff89a0aaf/library/std/src/thread/mod.rs:538:17
[INFO] [stdout]   35:     0x6531e9a1f9ee - <core::panic::unwind_safe::AssertUnwindSafe<F> as core::ops::function::FnOnce<()>>::call_once::h8b06ddb275ff4a25
[INFO] [stdout]                                at /rustc/90b35a6239c3d8bdabc530a6a0816f7ff89a0aaf/library/core/src/panic/unwind_safe.rs:272:9
[INFO] [stdout]   36:     0x6531e9a1f9ee - std::panicking::try::do_call::hb26ecd7cd9a9355d
[INFO] [stdout]                                at /rustc/90b35a6239c3d8bdabc530a6a0816f7ff89a0aaf/library/std/src/panicking.rs:557:40
[INFO] [stdout]   37:     0x6531e9a1f9ee - std::panicking::try::h8ddeca9d705f9069
[INFO] [stdout]                                at /rustc/90b35a6239c3d8bdabc530a6a0816f7ff89a0aaf/library/std/src/panicking.rs:520:19
[INFO] [stdout]   38:     0x6531e9a1f9ee - std::panic::catch_unwind::h49e1c33078844c46
[INFO] [stdout]                                at /rustc/90b35a6239c3d8bdabc530a6a0816f7ff89a0aaf/library/std/src/panic.rs:358:14
[INFO] [stdout]   39:     0x6531e9a1f9ee - std::thread::Builder::spawn_unchecked_::{{closure}}::h6073db6ff56ad35d
[INFO] [stdout]                                at /rustc/90b35a6239c3d8bdabc530a6a0816f7ff89a0aaf/library/std/src/thread/mod.rs:537:30
[INFO] [stdout]   40:     0x6531e9a1f9ee - core::ops::function::FnOnce::call_once{{vtable.shim}}::h2c5a5f3779c774f1
[INFO] [stdout]                                at /rustc/90b35a6239c3d8bdabc530a6a0816f7ff89a0aaf/library/core/src/ops/function.rs:250:5
[INFO] [stdout]   41:     0x6531e9a8bb4b - <alloc::boxed::Box<F,A> as core::ops::function::FnOnce<Args>>::call_once::hf75717d9f28faebf
[INFO] [stdout]                                at /rustc/90b35a6239c3d8bdabc530a6a0816f7ff89a0aaf/library/alloc/src/boxed.rs:2454:9
[INFO] [stdout]   42:     0x6531e9a8bb4b - <alloc::boxed::Box<F,A> as core::ops::function::FnOnce<Args>>::call_once::h7bd883a5f3c5f3c1
[INFO] [stdout]                                at /rustc/90b35a6239c3d8bdabc530a6a0816f7ff89a0aaf/library/alloc/src/boxed.rs:2454:9
[INFO] [stdout]   43:     0x6531e9a8bb4b - std::sys::pal::unix::thread::Thread::new::thread_start::hcc78f3943333fa94
[INFO] [stdout]                                at /rustc/90b35a6239c3d8bdabc530a6a0816f7ff89a0aaf/library/std/src/sys/pal/unix/thread.rs:105:17
[INFO] [stdout]   44:     0x779190c7eac3 - <unknown>
[INFO] [stdout]   45:     0x779190d0fa04 - clone
[INFO] [stdout]   46:                0x0 - <unknown>
[INFO] [stdout] 
[INFO] [stdout] 
[INFO] [stdout] failures:
[INFO] [stdout]     tests::test_convert_digits_chars_before
[INFO] [stdout] 
[INFO] [stdout] test result: FAILED. 5 passed; 1 failed; 0 ignored; 0 measured; 0 filtered out; finished in 0.04s
[INFO] [stdout] 
[INFO] [stderr] error: test failed, to rerun pass `--bin day1`
[INFO] running `Command { std: "docker" "inspect" "30c74b25aae3812f595667e67089e8952682bbf7a9142e0827a1770ad5f1b5e1", kill_on_drop: false }`
[INFO] running `Command { std: "docker" "rm" "-f" "30c74b25aae3812f595667e67089e8952682bbf7a9142e0827a1770ad5f1b5e1", kill_on_drop: false }`
[INFO] [stdout] 30c74b25aae3812f595667e67089e8952682bbf7a9142e0827a1770ad5f1b5e1
