[INFO] cloning repository https://github.com/Brysonmk1984/aa-battles
[INFO] running `Command { std: "git" "-c" "credential.helper=" "-c" "credential.helper=/workspace/cargo-home/bin/git-credential-null" "clone" "--bare" "https://github.com/Brysonmk1984/aa-battles" "/workspace/cache/git-repos/https%3A%2F%2Fgithub.com%2FBrysonmk1984%2Faa-battles", kill_on_drop: false }`
[INFO] [stderr] Cloning into bare repository '/workspace/cache/git-repos/https%3A%2F%2Fgithub.com%2FBrysonmk1984%2Faa-battles'...
[INFO] running `Command { std: "git" "rev-parse" "HEAD", kill_on_drop: false }`
[INFO] [stdout] fab94e12a18bfd1ad4314957ca8492a63b895cc8
[INFO] testing Brysonmk1984/aa-battles against 1.83.0 for beta-1.84.0-4-retry
[INFO] running `Command { std: "git" "clone" "/workspace/cache/git-repos/https%3A%2F%2Fgithub.com%2FBrysonmk1984%2Faa-battles" "/workspace/builds/worker-2-tc1/source", kill_on_drop: false }`
[INFO] [stderr] Cloning into '/workspace/builds/worker-2-tc1/source'...
[INFO] [stderr] done.
[INFO] validating manifest of git repo https://github.com/Brysonmk1984/aa-battles on toolchain 1.83.0
[INFO] running `Command { std: CARGO_HOME="/workspace/cargo-home" RUSTUP_HOME="/workspace/rustup-home" "/workspace/cargo-home/bin/cargo" "+1.83.0" "metadata" "--manifest-path" "Cargo.toml" "--no-deps", kill_on_drop: false }`
[INFO] started tweaking git repo https://github.com/Brysonmk1984/aa-battles
[INFO] finished tweaking git repo https://github.com/Brysonmk1984/aa-battles
[INFO] tweaked toml for git repo https://github.com/Brysonmk1984/aa-battles written to /workspace/builds/worker-2-tc1/source/Cargo.toml
[INFO] crate git repo https://github.com/Brysonmk1984/aa-battles already has a lockfile, it will not be regenerated
[INFO] running `Command { std: CARGO_HOME="/workspace/cargo-home" RUSTUP_HOME="/workspace/rustup-home" "/workspace/cargo-home/bin/cargo" "+1.83.0" "fetch" "--manifest-path" "Cargo.toml", kill_on_drop: false }`
[INFO] [stderr]     Updating crates.io index
[INFO] [stderr]  Downloading crates ...
[INFO] [stderr]   Downloaded mockall v0.13.0
[INFO] [stderr]   Downloaded mockall_derive v0.13.0
[INFO] [stderr]   Downloaded serde-this-or-that v0.4.2
[INFO] running `Command { std: "docker" "create" "-v" "/var/lib/crater-agent-workspace/builds/worker-2-tc1/target:/opt/rustwide/target:rw,Z" "-v" "/var/lib/crater-agent-workspace/builds/worker-2-tc1/source:/opt/rustwide/workdir:ro,Z" "-v" "/var/lib/crater-agent-workspace/cargo-home:/opt/rustwide/cargo-home:ro,Z" "-v" "/var/lib/crater-agent-workspace/rustup-home:/opt/rustwide/rustup-home:ro,Z" "-e" "SOURCE_DIR=/opt/rustwide/workdir" "-e" "CARGO_TARGET_DIR=/opt/rustwide/target" "-e" "CARGO_HOME=/opt/rustwide/cargo-home" "-e" "RUSTUP_HOME=/opt/rustwide/rustup-home" "-w" "/opt/rustwide/workdir" "-m" "1610612736" "--user" "0:0" "--network" "none" "ghcr.io/rust-lang/crates-build-env/linux@sha256:f3a9d4ad9d972b27faf3965f35b62e55ba32bbce8f20bc8fe909558a86702fde" "/opt/rustwide/cargo-home/bin/cargo" "+1.83.0" "metadata" "--no-deps" "--format-version=1", kill_on_drop: false }`
[INFO] [stdout] 978de6d772ebafb62177899823db0c8decaa64d5d781e641b529d412e26a0df2
[INFO] running `Command { std: "docker" "start" "-a" "978de6d772ebafb62177899823db0c8decaa64d5d781e641b529d412e26a0df2", kill_on_drop: false }`
[INFO] running `Command { std: "docker" "inspect" "978de6d772ebafb62177899823db0c8decaa64d5d781e641b529d412e26a0df2", kill_on_drop: false }`
[INFO] running `Command { std: "docker" "rm" "-f" "978de6d772ebafb62177899823db0c8decaa64d5d781e641b529d412e26a0df2", kill_on_drop: false }`
[INFO] [stdout] 978de6d772ebafb62177899823db0c8decaa64d5d781e641b529d412e26a0df2
[INFO] running `Command { std: "docker" "create" "-v" "/var/lib/crater-agent-workspace/builds/worker-2-tc1/target:/opt/rustwide/target:rw,Z" "-v" "/var/lib/crater-agent-workspace/builds/worker-2-tc1/source:/opt/rustwide/workdir:ro,Z" "-v" "/var/lib/crater-agent-workspace/cargo-home:/opt/rustwide/cargo-home:ro,Z" "-v" "/var/lib/crater-agent-workspace/rustup-home:/opt/rustwide/rustup-home:ro,Z" "-e" "SOURCE_DIR=/opt/rustwide/workdir" "-e" "CARGO_TARGET_DIR=/opt/rustwide/target" "-e" "CARGO_INCREMENTAL=0" "-e" "RUST_BACKTRACE=full" "-e" "RUSTFLAGS=--cap-lints=warn" "-e" "RUSTDOCFLAGS=--cap-lints=warn" "-e" "CARGO_HOME=/opt/rustwide/cargo-home" "-e" "RUSTUP_HOME=/opt/rustwide/rustup-home" "-w" "/opt/rustwide/workdir" "-m" "1610612736" "--user" "0:0" "--network" "none" "ghcr.io/rust-lang/crates-build-env/linux@sha256:f3a9d4ad9d972b27faf3965f35b62e55ba32bbce8f20bc8fe909558a86702fde" "/opt/rustwide/cargo-home/bin/cargo" "+1.83.0" "build" "--frozen" "--message-format=json", kill_on_drop: false }`
[INFO] [stdout] d356c0a06749d42066d2e2985f9a3303c804fc1b6557622d45dda42c32670939
[INFO] running `Command { std: "docker" "start" "-a" "d356c0a06749d42066d2e2985f9a3303c804fc1b6557622d45dda42c32670939", kill_on_drop: false }`
[INFO] [stderr]    Compiling proc-macro2 v1.0.86
[INFO] [stderr]    Compiling libc v0.2.158
[INFO] [stderr]    Compiling shlex v1.3.0
[INFO] [stderr]    Compiling lazy_static v1.5.0
[INFO] [stderr]    Compiling memchr v2.7.4
[INFO] [stderr]    Compiling rustversion v1.0.17
[INFO] [stderr]    Compiling byteorder v1.5.0
[INFO] [stderr]    Compiling pin-project-lite v0.2.14
[INFO] [stderr]    Compiling serde v1.0.209
[INFO] [stderr]    Compiling adler v1.0.2
[INFO] [stderr]    Compiling gimli v0.28.1
[INFO] [stderr]    Compiling mockall_derive v0.13.0
[INFO] [stderr]    Compiling eyre v0.6.12
[INFO] [stderr]    Compiling predicates-core v1.0.8
[INFO] [stderr]    Compiling tracing-core v0.1.32
[INFO] [stderr]    Compiling thread_local v1.1.8
[INFO] [stderr]    Compiling sharded-slab v0.1.7
[INFO] [stderr]    Compiling anyhow v1.0.86
[INFO] [stderr]    Compiling miniz_oxide v0.7.4
[INFO] [stderr]    Compiling serde_json v1.0.128
[INFO] [stderr]    Compiling cc v1.1.16
[INFO] [stderr]    Compiling owo-colors v3.5.0
[INFO] [stderr]    Compiling indenter v0.3.3
[INFO] [stderr]    Compiling heck v0.5.0
[INFO] [stderr]    Compiling termtree v0.4.1
[INFO] [stderr]    Compiling thiserror v1.0.63
[INFO] [stderr]    Compiling rustc-demangle v0.1.24
[INFO] [stderr]    Compiling anstyle v1.0.8
[INFO] [stderr]    Compiling itoa v1.0.11
[INFO] [stderr]    Compiling predicates-tree v1.0.11
[INFO] [stderr]    Compiling downcast v0.11.0
[INFO] [stderr]    Compiling tracing v0.1.40
[INFO] [stderr]    Compiling tracing-subscriber v0.3.18
[INFO] [stderr]    Compiling object v0.32.2
[INFO] [stderr]    Compiling predicates v3.1.2
[INFO] [stderr]    Compiling fragile v2.0.0
[INFO] [stderr]    Compiling arrayvec v0.7.6
[INFO] [stderr]    Compiling ryu v1.0.18
[INFO] [stderr]    Compiling getrandom v0.2.15
[INFO] [stderr]    Compiling dotenvy v0.15.7
[INFO] [stderr]    Compiling rand_core v0.6.4
[INFO] [stderr]    Compiling num-format v0.4.4
[INFO] [stderr]    Compiling quote v1.0.37
[INFO] [stderr]    Compiling syn v2.0.77
[INFO] [stderr]    Compiling backtrace v0.3.71
[INFO] [stderr]    Compiling addr2line v0.21.0
[INFO] [stderr]    Compiling tracing-error v0.2.0
[INFO] [stderr]    Compiling color-spantrace v0.2.1
[INFO] [stderr]    Compiling color-eyre v0.6.3
[INFO] [stderr]    Compiling zerocopy-derive v0.7.35
[INFO] [stderr]    Compiling serde_derive v1.0.209
[INFO] [stderr]    Compiling thiserror-impl v1.0.63
[INFO] [stderr]    Compiling strum_macros v0.26.4
[INFO] [stderr]    Compiling zerocopy v0.7.35
[INFO] [stderr]    Compiling strum v0.26.3
[INFO] [stderr]    Compiling ppv-lite86 v0.2.20
[INFO] [stderr]    Compiling rand_chacha v0.3.1
[INFO] [stderr]    Compiling rand v0.8.5
[INFO] [stderr]    Compiling mockall v0.13.0
[INFO] [stderr]    Compiling serde-this-or-that v0.4.2
[INFO] [stderr]    Compiling aa-battles v0.1.0 (/opt/rustwide/workdir)
[INFO] [stderr]     Finished `dev` profile [unoptimized + debuginfo] target(s) in 20.92s
[INFO] running `Command { std: "docker" "inspect" "d356c0a06749d42066d2e2985f9a3303c804fc1b6557622d45dda42c32670939", kill_on_drop: false }`
[INFO] running `Command { std: "docker" "rm" "-f" "d356c0a06749d42066d2e2985f9a3303c804fc1b6557622d45dda42c32670939", kill_on_drop: false }`
[INFO] [stdout] d356c0a06749d42066d2e2985f9a3303c804fc1b6557622d45dda42c32670939
[INFO] running `Command { std: "docker" "create" "-v" "/var/lib/crater-agent-workspace/builds/worker-2-tc1/target:/opt/rustwide/target:rw,Z" "-v" "/var/lib/crater-agent-workspace/builds/worker-2-tc1/source:/opt/rustwide/workdir:ro,Z" "-v" "/var/lib/crater-agent-workspace/cargo-home:/opt/rustwide/cargo-home:ro,Z" "-v" "/var/lib/crater-agent-workspace/rustup-home:/opt/rustwide/rustup-home:ro,Z" "-e" "SOURCE_DIR=/opt/rustwide/workdir" "-e" "CARGO_TARGET_DIR=/opt/rustwide/target" "-e" "CARGO_INCREMENTAL=0" "-e" "RUST_BACKTRACE=full" "-e" "RUSTFLAGS=--cap-lints=warn" "-e" "RUSTDOCFLAGS=--cap-lints=warn" "-e" "CARGO_HOME=/opt/rustwide/cargo-home" "-e" "RUSTUP_HOME=/opt/rustwide/rustup-home" "-w" "/opt/rustwide/workdir" "-m" "1610612736" "--user" "0:0" "--network" "none" "ghcr.io/rust-lang/crates-build-env/linux@sha256:f3a9d4ad9d972b27faf3965f35b62e55ba32bbce8f20bc8fe909558a86702fde" "/opt/rustwide/cargo-home/bin/cargo" "+1.83.0" "test" "--frozen" "--no-run" "--message-format=json", kill_on_drop: false }`
[INFO] [stdout] 4090fc6d5447592d1c14a8bb25f29266655897f3ae0936330f32d3d76b0b1163
[INFO] running `Command { std: "docker" "start" "-a" "4090fc6d5447592d1c14a8bb25f29266655897f3ae0936330f32d3d76b0b1163", kill_on_drop: false }`
[INFO] [stderr]    Compiling aa-battles v0.1.0 (/opt/rustwide/workdir)
[INFO] [stderr]     Finished `test` profile [unoptimized + debuginfo] target(s) in 1.97s
[INFO] running `Command { std: "docker" "inspect" "4090fc6d5447592d1c14a8bb25f29266655897f3ae0936330f32d3d76b0b1163", kill_on_drop: false }`
[INFO] running `Command { std: "docker" "rm" "-f" "4090fc6d5447592d1c14a8bb25f29266655897f3ae0936330f32d3d76b0b1163", kill_on_drop: false }`
[INFO] [stdout] 4090fc6d5447592d1c14a8bb25f29266655897f3ae0936330f32d3d76b0b1163
[INFO] running `Command { std: "docker" "create" "-v" "/var/lib/crater-agent-workspace/builds/worker-2-tc1/target:/opt/rustwide/target:rw,Z" "-v" "/var/lib/crater-agent-workspace/builds/worker-2-tc1/source:/opt/rustwide/workdir:ro,Z" "-v" "/var/lib/crater-agent-workspace/cargo-home:/opt/rustwide/cargo-home:ro,Z" "-v" "/var/lib/crater-agent-workspace/rustup-home:/opt/rustwide/rustup-home:ro,Z" "-e" "SOURCE_DIR=/opt/rustwide/workdir" "-e" "CARGO_TARGET_DIR=/opt/rustwide/target" "-e" "CARGO_INCREMENTAL=0" "-e" "RUST_BACKTRACE=full" "-e" "RUSTFLAGS=--cap-lints=warn" "-e" "RUSTDOCFLAGS=--cap-lints=warn" "-e" "CARGO_HOME=/opt/rustwide/cargo-home" "-e" "RUSTUP_HOME=/opt/rustwide/rustup-home" "-w" "/opt/rustwide/workdir" "-m" "1610612736" "--user" "0:0" "--network" "none" "ghcr.io/rust-lang/crates-build-env/linux@sha256:f3a9d4ad9d972b27faf3965f35b62e55ba32bbce8f20bc8fe909558a86702fde" "/opt/rustwide/cargo-home/bin/cargo" "+1.83.0" "test" "--frozen", kill_on_drop: false }`
[INFO] [stdout] d98a6012d60512ce1390c7a584640e4febc344f48ee828e98650cc96ec0f458f
[INFO] running `Command { std: "docker" "start" "-a" "d98a6012d60512ce1390c7a584640e4febc344f48ee828e98650cc96ec0f458f", kill_on_drop: false }`
[INFO] [stderr]     Finished `test` profile [unoptimized + debuginfo] target(s) in 0.07s
[INFO] [stderr]      Running unittests src/lib.rs (/opt/rustwide/target/debug/deps/aa_battles-f633de0e4ae1f711)
[INFO] [stdout] 
[INFO] [stdout] running 30 tests
[INFO] [stdout] test battle::determine_win_conditions::tests::test_check_for_king_captured_condition_air_no_capture ... ok
[INFO] [stdout] test battle::determine_win_conditions::tests::test_check_for_king_captured_condition_none ... ok
[INFO] [stdout] test battle::determine_win_conditions::tests::test_check_for_king_captured_condition_east_win ... ok
[INFO] [stdout] test battle::determine_win_conditions::tests::test_check_for_king_captured_condition_west_win ... ok
[INFO] [stdout] test battle::determine_win_conditions::tests::test_determine_army_conquered_condition_east ... ok
[INFO] [stdout] test battle::determine_win_conditions::tests::test_determine_army_conquered_condition_west ... ok
[INFO] [stdout] test battle::tick::phases::attack::attack_phase::tests::test_attack_phase_defender_count_should_not_change_if_not_in_range ... ok
[INFO] [stdout] test battle::tick::phases::attack::attack_phase::tests::test_aoe_attack ... ok
[INFO] [stdout] test battle::tick::phases::attack::attack_phase::tests::test_attack_phase_attacker_should_march_if_no_defender_in_range ... ok
[INFO] [stdout] test battle::tick::phases::attack::block::tests::try_block_fail ... ok
[INFO] [stdout] test battle::tick::phases::attack::attack_phase::tests::test_attack_speed ... ok
[INFO] [stdout] test battle::tick::phases::attack::block::tests::try_block_pass ... ok
[INFO] [stdout] test battle::tick::phases::attack::dodge::tests::try_dodge_fail_march ... ok
[INFO] [stdout] test battle::tick::phases::attack::dodge::tests::try_dodge_fail_no_march ... ok
[INFO] [stdout] test battle::tick::phases::attack::dodge::tests::try_dodge_pass_march ... ok
[INFO] [stdout] test battle::tick::phases::attack::dodge::tests::try_dodge_pass_no_march ... ok
[INFO] [stdout] test battle::tick::phases::march::test::test_attack_phase_march ... ok
[INFO] [stdout] test battle::tick::phases::march::test::test_direction_change ... ok
[INFO] [stdout] test battle::tick::phases::range_find::tests::test_update_in_range_map_air_not_in_range_of_melee ... ok
[INFO] [stdout] test battle::tick::phases::range_find::tests::test_update_in_range_map_flying_in_front ... ok
[INFO] [stdout] test battle::tick::phases::range_find::tests::test_update_in_range_map_none_in_range ... ok
[INFO] [stdout] test battle::tick::phases::range_find::tests::test_update_in_range_map_zero_count_excluded ... ok
[INFO] [stdout] test battle::tick::phases::range_find::tests::test_update_in_range_map_in_range ... ok
[INFO] [stdout] test match_up::match_up::test::should_march_east_distance_based_on_speed ... ok
[INFO] [stdout] test match_up::match_up::test::should_march_west_distance_based_on_speed ... ok
[INFO] [stdout] test match_up::match_up::test::should_set_is_marching ... ok
[INFO] [stdout] test battle::tick::phases::march::test::test_attack_phase_no_march ... ok
[INFO] [stdout] test battle::tick::phases::attack::attack_phase::tests::test_attack_phase_should_dodge_all_with_max_agility_and_marching ... FAILED
[INFO] [stdout] test battle::tick::phases::attack::attack_phase::tests::test_attack_phase_should_block_all_with_max_shield_rating ... FAILED
[INFO] [stderr] error: test failed, to rerun pass `--lib`
[INFO] [stdout] test tests::test_do_battle ... ok
[INFO] [stdout] 
[INFO] [stdout] failures:
[INFO] [stdout] 
[INFO] [stdout] ---- battle::tick::phases::attack::attack_phase::tests::test_attack_phase_should_dodge_all_with_max_agility_and_marching stdout ----
[INFO] [stdout] USING MOCK ARMIES
[INFO] [stdout] [PeacekeeperMonks]
[INFO] [stdout] 0 32
[INFO] [stdout] thread 'battle::tick::phases::attack::attack_phase::tests::test_attack_phase_should_dodge_all_with_max_agility_and_marching' panicked at src/battle/tick/phases/attack/attack_phase.rs:102:44:
[INFO] [stdout] called `Result::unwrap()` on an `Err` value: NotPresent
[INFO] [stdout] stack backtrace:
[INFO] [stdout]    0:     0x5865573ae4ba - std::backtrace_rs::backtrace::libunwind::trace::h5a5b8284f2d0c266
[INFO] [stdout]                                at /rustc/90b35a6239c3d8bdabc530a6a0816f7ff89a0aaf/library/std/src/../../backtrace/src/backtrace/libunwind.rs:116:5
[INFO] [stdout]    1:     0x5865573ae4ba - std::backtrace_rs::backtrace::trace_unsynchronized::h76d4f1c9b0b875e3
[INFO] [stdout]                                at /rustc/90b35a6239c3d8bdabc530a6a0816f7ff89a0aaf/library/std/src/../../backtrace/src/backtrace/mod.rs:66:5
[INFO] [stdout]    2:     0x5865573ae4ba - std::sys::backtrace::_print_fmt::hc4546b8364a537c6
[INFO] [stdout]                                at /rustc/90b35a6239c3d8bdabc530a6a0816f7ff89a0aaf/library/std/src/sys/backtrace.rs:66:9
[INFO] [stdout]    3:     0x5865573ae4ba - <std::sys::backtrace::BacktraceLock::print::DisplayBacktrace as core::fmt::Display>::fmt::h5b6bd5631a6d1f6b
[INFO] [stdout]                                at /rustc/90b35a6239c3d8bdabc530a6a0816f7ff89a0aaf/library/std/src/sys/backtrace.rs:39:26
[INFO] [stdout]    4:     0x5865573d4633 - core::fmt::rt::Argument::fmt::h270f6602a2b96f62
[INFO] [stdout]                                at /rustc/90b35a6239c3d8bdabc530a6a0816f7ff89a0aaf/library/core/src/fmt/rt.rs:177:76
[INFO] [stdout]    5:     0x5865573d4633 - core::fmt::write::h7550c97b06c86515
[INFO] [stdout]                                at /rustc/90b35a6239c3d8bdabc530a6a0816f7ff89a0aaf/library/core/src/fmt/mod.rs:1186:21
[INFO] [stdout]    6:     0x5865573ab293 - std::io::Write::write_fmt::h509ff860e5956e5e
[INFO] [stdout]                                at /rustc/90b35a6239c3d8bdabc530a6a0816f7ff89a0aaf/library/std/src/io/mod.rs:1839:15
[INFO] [stdout]    7:     0x5865573ae302 - std::sys::backtrace::BacktraceLock::print::h2395ccd2c84ba3aa
[INFO] [stdout]                                at /rustc/90b35a6239c3d8bdabc530a6a0816f7ff89a0aaf/library/std/src/sys/backtrace.rs:42:9
[INFO] [stdout]    8:     0x5865573af91a - std::panicking::default_hook::{{closure}}::he19d4c7230e07961
[INFO] [stdout]                                at /rustc/90b35a6239c3d8bdabc530a6a0816f7ff89a0aaf/library/std/src/panicking.rs:268:22
[INFO] [stdout]    9:     0x5865573af724 - std::panicking::default_hook::hf614597d3c67bbdb
[INFO] [stdout]                                at /rustc/90b35a6239c3d8bdabc530a6a0816f7ff89a0aaf/library/std/src/panicking.rs:292:9
[INFO] [stdout]   10:     0x586557331899 - <alloc::boxed::Box<F,A> as core::ops::function::Fn<Args>>::call::h39b51ce4599c23d1
[INFO] [stdout]                                at /rustc/90b35a6239c3d8bdabc530a6a0816f7ff89a0aaf/library/alloc/src/boxed.rs:2468:9
[INFO] [stdout]   11:     0x586557331899 - test::test_main::{{closure}}::he977ae839a582784
[INFO] [stdout]                                at /rustc/90b35a6239c3d8bdabc530a6a0816f7ff89a0aaf/library/test/src/lib.rs:133:21
[INFO] [stdout]   12:     0x5865573affb8 - <alloc::boxed::Box<F,A> as core::ops::function::Fn<Args>>::call::h9455091b6b06f9fb
[INFO] [stdout]                                at /rustc/90b35a6239c3d8bdabc530a6a0816f7ff89a0aaf/library/alloc/src/boxed.rs:2468:9
[INFO] [stdout]   13:     0x5865573affb8 - std::panicking::rust_panic_with_hook::h8942133a8b252070
[INFO] [stdout]                                at /rustc/90b35a6239c3d8bdabc530a6a0816f7ff89a0aaf/library/std/src/panicking.rs:809:13
[INFO] [stdout]   14:     0x5865573afd7a - std::panicking::begin_panic_handler::{{closure}}::hb5f5963570096b29
[INFO] [stdout]                                at /rustc/90b35a6239c3d8bdabc530a6a0816f7ff89a0aaf/library/std/src/panicking.rs:674:13
[INFO] [stdout]   15:     0x5865573ae999 - std::sys::backtrace::__rust_end_short_backtrace::h6208cedc1922feda
[INFO] [stdout]                                at /rustc/90b35a6239c3d8bdabc530a6a0816f7ff89a0aaf/library/std/src/sys/backtrace.rs:170:18
[INFO] [stdout]   16:     0x5865573afa0c - rust_begin_unwind
[INFO] [stdout]                                at /rustc/90b35a6239c3d8bdabc530a6a0816f7ff89a0aaf/library/std/src/panicking.rs:665:5
[INFO] [stdout]   17:     0x5865572990d0 - core::panicking::panic_fmt::h0c3082644d1bf418
[INFO] [stdout]                                at /rustc/90b35a6239c3d8bdabc530a6a0816f7ff89a0aaf/library/core/src/panicking.rs:74:14
[INFO] [stdout]   18:     0x586557299556 - core::result::unwrap_failed::hd20b4aa073bda1e2
[INFO] [stdout]                                at /rustc/90b35a6239c3d8bdabc530a6a0816f7ff89a0aaf/library/core/src/result.rs:1700:5
[INFO] [stdout]   19:     0x5865572ba98b - core::result::Result<T,E>::unwrap::hea6b20de9ce5b5b3
[INFO] [stdout]                                at /rustc/90b35a6239c3d8bdabc530a6a0816f7ff89a0aaf/library/core/src/result.rs:1104:23
[INFO] [stdout]   20:     0x5865572ba98b - aa_battles::battle::tick::phases::attack::attack_phase::run_attack_sequence::ha215cbdc6f9af8dd
[INFO] [stdout]                                at /opt/rustwide/workdir/src/battle/tick/phases/attack/attack_phase.rs:102:20
[INFO] [stdout]   21:     0x5865572ba46c - aa_battles::battle::tick::phases::attack::attack_phase::attack_phase::{{closure}}::h72f0b17cff1213bd
[INFO] [stdout]                                at /opt/rustwide/workdir/src/battle/tick/phases/attack/attack_phase.rs:40:17
[INFO] [stdout]   22:     0x5865572d3498 - core::iter::traits::iterator::Iterator::for_each::call::{{closure}}::hf222c624c1196fb7
[INFO] [stdout]                                at /rustc/90b35a6239c3d8bdabc530a6a0816f7ff89a0aaf/library/core/src/iter/traits/iterator.rs:810:29
[INFO] [stdout]   23:     0x5865572e26cb - <hashbrown::map::Iter<K,V> as core::iter::traits::iterator::Iterator>::fold::{{closure}}::hbd2749630f04b028
[INFO] [stdout]                                at /rust/deps/hashbrown-0.15.0/src/map.rs:3191:13
[INFO] [stdout]   24:     0x58655729c134 - hashbrown::raw::RawIterRange<T>::fold_impl::h6c3493f4f080ee85
[INFO] [stdout]                                at /rust/deps/hashbrown-0.15.0/src/raw/mod.rs:3604:23
[INFO] [stdout]   25:     0x5865572e2639 - <hashbrown::raw::RawIter<T> as core::iter::traits::iterator::Iterator>::fold::hd604055531fb7c43
[INFO] [stdout]                                at /rust/deps/hashbrown-0.15.0/src/raw/mod.rs:3768:18
[INFO] [stdout]   26:     0x5865572e2639 - <hashbrown::map::Iter<K,V> as core::iter::traits::iterator::Iterator>::fold::h02b11f2c7bc51155
[INFO] [stdout]                                at /rust/deps/hashbrown-0.15.0/src/map.rs:3189:20
[INFO] [stdout]   27:     0x5865572c4681 - <std::collections::hash::map::Iter<K,V> as core::iter::traits::iterator::Iterator>::fold::h5d20db620f0d604d
[INFO] [stdout]                                at /rustc/90b35a6239c3d8bdabc530a6a0816f7ff89a0aaf/library/std/src/collections/hash/map.rs:2351:9
[INFO] [stdout]   28:     0x5865572c4eb3 - core::iter::traits::iterator::Iterator::for_each::h66ea767c810709ad
[INFO] [stdout]                                at /rustc/90b35a6239c3d8bdabc530a6a0816f7ff89a0aaf/library/core/src/iter/traits/iterator.rs:813:9
[INFO] [stdout]   29:     0x5865572ba301 - aa_battles::battle::tick::phases::attack::attack_phase::attack_phase::h9661fe16d23bef5f
[INFO] [stdout]                                at /opt/rustwide/workdir/src/battle/tick/phases/attack/attack_phase.rs:29:5
[INFO] [stdout]   30:     0x5865572c9553 - aa_battles::battle::tick::phases::attack::attack_phase::tests::test_attack_phase_should_dodge_all_with_max_agility_and_marching::h1cc6d7896fa3cce6
[INFO] [stdout]                                at /opt/rustwide/workdir/src/battle/tick/phases/attack/attack_phase.rs:296:9
[INFO] [stdout]   31:     0x5865572c8eb7 - aa_battles::battle::tick::phases::attack::attack_phase::tests::test_attack_phase_should_dodge_all_with_max_agility_and_marching::{{closure}}::h2c2cb31faa3519f3
[INFO] [stdout]                                at /opt/rustwide/workdir/src/battle/tick/phases/attack/attack_phase.rs:267:74
[INFO] [stdout]   32:     0x5865572be786 - core::ops::function::FnOnce::call_once::h2eb9df5c92ce9467
[INFO] [stdout]                                at /rustc/90b35a6239c3d8bdabc530a6a0816f7ff89a0aaf/library/core/src/ops/function.rs:250:5
[INFO] [stdout]   33:     0x58655733625b - core::ops::function::FnOnce::call_once::h109cf8051a59b34e
[INFO] [stdout]                                at /rustc/90b35a6239c3d8bdabc530a6a0816f7ff89a0aaf/library/core/src/ops/function.rs:250:5
[INFO] [stdout]   34:     0x58655733625b - test::__rust_begin_short_backtrace::hf4fff89d377446ba
[INFO] [stdout]                                at /rustc/90b35a6239c3d8bdabc530a6a0816f7ff89a0aaf/library/test/src/lib.rs:621:18
[INFO] [stdout]   35:     0x586557335a97 - test::run_test_in_process::{{closure}}::h0e39181dd7ee5a43
[INFO] [stdout]                                at /rustc/90b35a6239c3d8bdabc530a6a0816f7ff89a0aaf/library/test/src/lib.rs:644:60
[INFO] [stdout]   36:     0x586557335a97 - <core::panic::unwind_safe::AssertUnwindSafe<F> as core::ops::function::FnOnce<()>>::call_once::hc5a66a30f0bdfd1f
[INFO] [stdout]                                at /rustc/90b35a6239c3d8bdabc530a6a0816f7ff89a0aaf/library/core/src/panic/unwind_safe.rs:272:9
[INFO] [stdout]   37:     0x586557335a97 - std::panicking::try::do_call::h873b7cf639554a5e
[INFO] [stdout]                                at /rustc/90b35a6239c3d8bdabc530a6a0816f7ff89a0aaf/library/std/src/panicking.rs:557:40
[INFO] [stdout]   38:     0x586557335a97 - std::panicking::try::hdb19862fad9c8bd1
[INFO] [stdout]                                at /rustc/90b35a6239c3d8bdabc530a6a0816f7ff89a0aaf/library/std/src/panicking.rs:520:19
[INFO] [stdout]   39:     0x586557335a97 - std::panic::catch_unwind::h281fe732d236d260
[INFO] [stdout]                                at /rustc/90b35a6239c3d8bdabc530a6a0816f7ff89a0aaf/library/std/src/panic.rs:358:14
[INFO] [stdout]   40:     0x586557335a97 - test::run_test_in_process::h949b6df8457ed338
[INFO] [stdout]                                at /rustc/90b35a6239c3d8bdabc530a6a0816f7ff89a0aaf/library/test/src/lib.rs:644:27
[INFO] [stdout]   41:     0x586557335a97 - test::run_test::{{closure}}::h52c556a6d4740e10
[INFO] [stdout]                                at /rustc/90b35a6239c3d8bdabc530a6a0816f7ff89a0aaf/library/test/src/lib.rs:565:43
[INFO] [stdout]   42:     0x5865572fad74 - test::run_test::{{closure}}::h4237f6381c45ccb9
[INFO] [stdout]                                at /rustc/90b35a6239c3d8bdabc530a6a0816f7ff89a0aaf/library/test/src/lib.rs:595:41
[INFO] [stdout]   43:     0x5865572fad74 - std::sys::backtrace::__rust_begin_short_backtrace::h505c97a579eca628
[INFO] [stdout]                                at /rustc/90b35a6239c3d8bdabc530a6a0816f7ff89a0aaf/library/std/src/sys/backtrace.rs:154:18
[INFO] [stdout]   44:     0x5865572fe43e - std::thread::Builder::spawn_unchecked_::{{closure}}::{{closure}}::h9e86b2e2bc107ea3
[INFO] [stdout]                                at /rustc/90b35a6239c3d8bdabc530a6a0816f7ff89a0aaf/library/std/src/thread/mod.rs:538:17
[INFO] [stdout]   45:     0x5865572fe43e - <core::panic::unwind_safe::AssertUnwindSafe<F> as core::ops::function::FnOnce<()>>::call_once::h8b06ddb275ff4a25
[INFO] [stdout]                                at /rustc/90b35a6239c3d8bdabc530a6a0816f7ff89a0aaf/library/core/src/panic/unwind_safe.rs:272:9
[INFO] [stdout]   46:     0x5865572fe43e - std::panicking::try::do_call::hb26ecd7cd9a9355d
[INFO] [stdout]                                at /rustc/90b35a6239c3d8bdabc530a6a0816f7ff89a0aaf/library/std/src/panicking.rs:557:40
[INFO] [stdout]   47:     0x5865572fe43e - std::panicking::try::h8ddeca9d705f9069
[INFO] [stdout]                                at /rustc/90b35a6239c3d8bdabc530a6a0816f7ff89a0aaf/library/std/src/panicking.rs:520:19
[INFO] [stdout]   48:     0x5865572fe43e - std::panic::catch_unwind::h49e1c33078844c46
[INFO] [stdout]                                at /rustc/90b35a6239c3d8bdabc530a6a0816f7ff89a0aaf/library/std/src/panic.rs:358:14
[INFO] [stdout]   49:     0x5865572fe43e - std::thread::Builder::spawn_unchecked_::{{closure}}::h6073db6ff56ad35d
[INFO] [stdout]                                at /rustc/90b35a6239c3d8bdabc530a6a0816f7ff89a0aaf/library/std/src/thread/mod.rs:537:30
[INFO] [stdout]   50:     0x5865572fe43e - core::ops::function::FnOnce::call_once{{vtable.shim}}::h2c5a5f3779c774f1
[INFO] [stdout]                                at /rustc/90b35a6239c3d8bdabc530a6a0816f7ff89a0aaf/library/core/src/ops/function.rs:250:5
[INFO] [stdout]   51:     0x5865573b3ffb - <alloc::boxed::Box<F,A> as core::ops::function::FnOnce<Args>>::call_once::hf75717d9f28faebf
[INFO] [stdout]                                at /rustc/90b35a6239c3d8bdabc530a6a0816f7ff89a0aaf/library/alloc/src/boxed.rs:2454:9
[INFO] [stdout]   52:     0x5865573b3ffb - <alloc::boxed::Box<F,A> as core::ops::function::FnOnce<Args>>::call_once::h7bd883a5f3c5f3c1
[INFO] [stdout]                                at /rustc/90b35a6239c3d8bdabc530a6a0816f7ff89a0aaf/library/alloc/src/boxed.rs:2454:9
[INFO] [stdout]   53:     0x5865573b3ffb - std::sys::pal::unix::thread::Thread::new::thread_start::hcc78f3943333fa94
[INFO] [stdout]                                at /rustc/90b35a6239c3d8bdabc530a6a0816f7ff89a0aaf/library/std/src/sys/pal/unix/thread.rs:105:17
[INFO] [stdout]   54:     0x7d01a4b6eac3 - <unknown>
[INFO] [stdout]   55:     0x7d01a4bffa04 - clone
[INFO] [stdout]   56:                0x0 - <unknown>
[INFO] [stdout] 
[INFO] [stdout] ---- battle::tick::phases::attack::attack_phase::tests::test_attack_phase_should_block_all_with_max_shield_rating stdout ----
[INFO] [stdout] USING MOCK ARMIES
[INFO] [stdout] [PeacekeeperMonks]
[INFO] [stdout] 50 46
[INFO] [stdout] 50 89
[INFO] [stdout] thread 'battle::tick::phases::attack::attack_phase::tests::test_attack_phase_should_block_all_with_max_shield_rating' panicked at src/battle/tick/phases/attack/attack_phase.rs:102:44:
[INFO] [stdout] called `Result::unwrap()` on an `Err` value: NotPresent
[INFO] [stdout] stack backtrace:
[INFO] [stdout]    0:     0x5865573ae4ba - std::backtrace_rs::backtrace::libunwind::trace::h5a5b8284f2d0c266
[INFO] [stdout]                                at /rustc/90b35a6239c3d8bdabc530a6a0816f7ff89a0aaf/library/std/src/../../backtrace/src/backtrace/libunwind.rs:116:5
[INFO] [stdout]    1:     0x5865573ae4ba - std::backtrace_rs::backtrace::trace_unsynchronized::h76d4f1c9b0b875e3
[INFO] [stdout]                                at /rustc/90b35a6239c3d8bdabc530a6a0816f7ff89a0aaf/library/std/src/../../backtrace/src/backtrace/mod.rs:66:5
[INFO] [stdout]    2:     0x5865573ae4ba - std::sys::backtrace::_print_fmt::hc4546b8364a537c6
[INFO] [stdout]                                at /rustc/90b35a6239c3d8bdabc530a6a0816f7ff89a0aaf/library/std/src/sys/backtrace.rs:66:9
[INFO] [stdout]    3:     0x5865573ae4ba - <std::sys::backtrace::BacktraceLock::print::DisplayBacktrace as core::fmt::Display>::fmt::h5b6bd5631a6d1f6b
[INFO] [stdout]                                at /rustc/90b35a6239c3d8bdabc530a6a0816f7ff89a0aaf/library/std/src/sys/backtrace.rs:39:26
[INFO] [stdout]    4:     0x5865573d4633 - core::fmt::rt::Argument::fmt::h270f6602a2b96f62
[INFO] [stdout]                                at /rustc/90b35a6239c3d8bdabc530a6a0816f7ff89a0aaf/library/core/src/fmt/rt.rs:177:76
[INFO] [stdout]    5:     0x5865573d4633 - core::fmt::write::h7550c97b06c86515
[INFO] [stdout]                                at /rustc/90b35a6239c3d8bdabc530a6a0816f7ff89a0aaf/library/core/src/fmt/mod.rs:1186:21
[INFO] [stdout]    6:     0x5865573ab293 - std::io::Write::write_fmt::h509ff860e5956e5e
[INFO] [stdout]                                at /rustc/90b35a6239c3d8bdabc530a6a0816f7ff89a0aaf/library/std/src/io/mod.rs:1839:15
[INFO] [stdout]    7:     0x5865573ae302 - std::sys::backtrace::BacktraceLock::print::h2395ccd2c84ba3aa
[INFO] [stdout]                                at /rustc/90b35a6239c3d8bdabc530a6a0816f7ff89a0aaf/library/std/src/sys/backtrace.rs:42:9
[INFO] [stdout]    8:     0x5865573af91a - std::panicking::default_hook::{{closure}}::he19d4c7230e07961
[INFO] [stdout]                                at /rustc/90b35a6239c3d8bdabc530a6a0816f7ff89a0aaf/library/std/src/panicking.rs:268:22
[INFO] [stdout]    9:     0x5865573af724 - std::panicking::default_hook::hf614597d3c67bbdb
[INFO] [stdout]                                at /rustc/90b35a6239c3d8bdabc530a6a0816f7ff89a0aaf/library/std/src/panicking.rs:292:9
[INFO] [stdout]   10:     0x586557331899 - <alloc::boxed::Box<F,A> as core::ops::function::Fn<Args>>::call::h39b51ce4599c23d1
[INFO] [stdout]                                at /rustc/90b35a6239c3d8bdabc530a6a0816f7ff89a0aaf/library/alloc/src/boxed.rs:2468:9
[INFO] [stdout]   11:     0x586557331899 - test::test_main::{{closure}}::he977ae839a582784
[INFO] [stdout]                                at /rustc/90b35a6239c3d8bdabc530a6a0816f7ff89a0aaf/library/test/src/lib.rs:133:21
[INFO] [stdout]   12:     0x5865573affb8 - <alloc::boxed::Box<F,A> as core::ops::function::Fn<Args>>::call::h9455091b6b06f9fb
[INFO] [stdout]                                at /rustc/90b35a6239c3d8bdabc530a6a0816f7ff89a0aaf/library/alloc/src/boxed.rs:2468:9
[INFO] [stdout]   13:     0x5865573affb8 - std::panicking::rust_panic_with_hook::h8942133a8b252070
[INFO] [stdout]                                at /rustc/90b35a6239c3d8bdabc530a6a0816f7ff89a0aaf/library/std/src/panicking.rs:809:13
[INFO] [stdout]   14:     0x5865573afd7a - std::panicking::begin_panic_handler::{{closure}}::hb5f5963570096b29
[INFO] [stdout]                                at /rustc/90b35a6239c3d8bdabc530a6a0816f7ff89a0aaf/library/std/src/panicking.rs:674:13
[INFO] [stdout]   15:     0x5865573ae999 - std::sys::backtrace::__rust_end_short_backtrace::h6208cedc1922feda
[INFO] [stdout]                                at /rustc/90b35a6239c3d8bdabc530a6a0816f7ff89a0aaf/library/std/src/sys/backtrace.rs:170:18
[INFO] [stdout]   16:     0x5865573afa0c - rust_begin_unwind
[INFO] [stdout]                                at /rustc/90b35a6239c3d8bdabc530a6a0816f7ff89a0aaf/library/std/src/panicking.rs:665:5
[INFO] [stdout]   17:     0x5865572990d0 - core::panicking::panic_fmt::h0c3082644d1bf418
[INFO] [stdout]                                at /rustc/90b35a6239c3d8bdabc530a6a0816f7ff89a0aaf/library/core/src/panicking.rs:74:14
[INFO] [stdout]   18:     0x586557299556 - core::result::unwrap_failed::hd20b4aa073bda1e2
[INFO] [stdout]                                at /rustc/90b35a6239c3d8bdabc530a6a0816f7ff89a0aaf/library/core/src/result.rs:1700:5
[INFO] [stdout]   19:     0x5865572ba98b - core::result::Result<T,E>::unwrap::hea6b20de9ce5b5b3
[INFO] [stdout]                                at /rustc/90b35a6239c3d8bdabc530a6a0816f7ff89a0aaf/library/core/src/result.rs:1104:23
[INFO] [stdout]   20:     0x5865572ba98b - aa_battles::battle::tick::phases::attack::attack_phase::run_attack_sequence::ha215cbdc6f9af8dd
[INFO] [stdout]                                at /opt/rustwide/workdir/src/battle/tick/phases/attack/attack_phase.rs:102:20
[INFO] [stdout]   21:     0x5865572ba46c - aa_battles::battle::tick::phases::attack::attack_phase::attack_phase::{{closure}}::h72f0b17cff1213bd
[INFO] [stdout]                                at /opt/rustwide/workdir/src/battle/tick/phases/attack/attack_phase.rs:40:17
[INFO] [stdout]   22:     0x5865572d3498 - core::iter::traits::iterator::Iterator::for_each::call::{{closure}}::hf222c624c1196fb7
[INFO] [stdout]                                at /rustc/90b35a6239c3d8bdabc530a6a0816f7ff89a0aaf/library/core/src/iter/traits/iterator.rs:810:29
[INFO] [stdout]   23:     0x5865572e26cb - <hashbrown::map::Iter<K,V> as core::iter::traits::iterator::Iterator>::fold::{{closure}}::hbd2749630f04b028
[INFO] [stdout]                                at /rust/deps/hashbrown-0.15.0/src/map.rs:3191:13
[INFO] [stdout]   24:     0x58655729c134 - hashbrown::raw::RawIterRange<T>::fold_impl::h6c3493f4f080ee85
[INFO] [stdout]                                at /rust/deps/hashbrown-0.15.0/src/raw/mod.rs:3604:23
[INFO] [stdout]   25:     0x5865572e2639 - <hashbrown::raw::RawIter<T> as core::iter::traits::iterator::Iterator>::fold::hd604055531fb7c43
[INFO] [stdout]                                at /rust/deps/hashbrown-0.15.0/src/raw/mod.rs:3768:18
[INFO] [stdout]   26:     0x5865572e2639 - <hashbrown::map::Iter<K,V> as core::iter::traits::iterator::Iterator>::fold::h02b11f2c7bc51155
[INFO] [stdout]                                at /rust/deps/hashbrown-0.15.0/src/map.rs:3189:20
[INFO] [stdout]   27:     0x5865572c4681 - <std::collections::hash::map::Iter<K,V> as core::iter::traits::iterator::Iterator>::fold::h5d20db620f0d604d
[INFO] [stdout]                                at /rustc/90b35a6239c3d8bdabc530a6a0816f7ff89a0aaf/library/std/src/collections/hash/map.rs:2351:9
[INFO] [stdout]   28:     0x5865572c4eb3 - core::iter::traits::iterator::Iterator::for_each::h66ea767c810709ad
[INFO] [stdout]                                at /rustc/90b35a6239c3d8bdabc530a6a0816f7ff89a0aaf/library/core/src/iter/traits/iterator.rs:813:9
[INFO] [stdout]   29:     0x5865572ba301 - aa_battles::battle::tick::phases::attack::attack_phase::attack_phase::h9661fe16d23bef5f
[INFO] [stdout]                                at /opt/rustwide/workdir/src/battle/tick/phases/attack/attack_phase.rs:29:5
[INFO] [stdout]   30:     0x5865572c9c83 - aa_battles::battle::tick::phases::attack::attack_phase::tests::test_attack_phase_should_block_all_with_max_shield_rating::hbd37eb63ad7412de
[INFO] [stdout]                                at /opt/rustwide/workdir/src/battle/tick/phases/attack/attack_phase.rs:332:9
[INFO] [stdout]   31:     0x5865572c9607 - aa_battles::battle::tick::phases::attack::attack_phase::tests::test_attack_phase_should_block_all_with_max_shield_rating::{{closure}}::h3127b0e39886bee1
[INFO] [stdout]                                at /opt/rustwide/workdir/src/battle/tick/phases/attack/attack_phase.rs:304:67
[INFO] [stdout]   32:     0x5865572becb6 - core::ops::function::FnOnce::call_once::h7abeea3f532d9772
[INFO] [stdout]                                at /rustc/90b35a6239c3d8bdabc530a6a0816f7ff89a0aaf/library/core/src/ops/function.rs:250:5
[INFO] [stdout]   33:     0x58655733625b - core::ops::function::FnOnce::call_once::h109cf8051a59b34e
[INFO] [stdout]                                at /rustc/90b35a6239c3d8bdabc530a6a0816f7ff89a0aaf/library/core/src/ops/function.rs:250:5
[INFO] [stdout]   34:     0x58655733625b - test::__rust_begin_short_backtrace::hf4fff89d377446ba
[INFO] [stdout]                                at /rustc/90b35a6239c3d8bdabc530a6a0816f7ff89a0aaf/library/test/src/lib.rs:621:18
[INFO] [stdout]   35:     0x586557335a97 - test::run_test_in_process::{{closure}}::h0e39181dd7ee5a43
[INFO] [stdout]                                at /rustc/90b35a6239c3d8bdabc530a6a0816f7ff89a0aaf/library/test/src/lib.rs:644:60
[INFO] [stdout]   36:     0x586557335a97 - <core::panic::unwind_safe::AssertUnwindSafe<F> as core::ops::function::FnOnce<()>>::call_once::hc5a66a30f0bdfd1f
[INFO] [stdout]                                at /rustc/90b35a6239c3d8bdabc530a6a0816f7ff89a0aaf/library/core/src/panic/unwind_safe.rs:272:9
[INFO] [stdout]   37:     0x586557335a97 - std::panicking::try::do_call::h873b7cf639554a5e
[INFO] [stdout]                                at /rustc/90b35a6239c3d8bdabc530a6a0816f7ff89a0aaf/library/std/src/panicking.rs:557:40
[INFO] [stdout]   38:     0x586557335a97 - std::panicking::try::hdb19862fad9c8bd1
[INFO] [stdout]                                at /rustc/90b35a6239c3d8bdabc530a6a0816f7ff89a0aaf/library/std/src/panicking.rs:520:19
[INFO] [stdout]   39:     0x586557335a97 - std::panic::catch_unwind::h281fe732d236d260
[INFO] [stdout]                                at /rustc/90b35a6239c3d8bdabc530a6a0816f7ff89a0aaf/library/std/src/panic.rs:358:14
[INFO] [stdout]   40:     0x586557335a97 - test::run_test_in_process::h949b6df8457ed338
[INFO] [stdout]                                at /rustc/90b35a6239c3d8bdabc530a6a0816f7ff89a0aaf/library/test/src/lib.rs:644:27
[INFO] [stdout]   41:     0x586557335a97 - test::run_test::{{closure}}::h52c556a6d4740e10
[INFO] [stdout]                                at /rustc/90b35a6239c3d8bdabc530a6a0816f7ff89a0aaf/library/test/src/lib.rs:565:43
[INFO] [stdout]   42:     0x5865572fad74 - test::run_test::{{closure}}::h4237f6381c45ccb9
[INFO] [stdout]                                at /rustc/90b35a6239c3d8bdabc530a6a0816f7ff89a0aaf/library/test/src/lib.rs:595:41
[INFO] [stdout]   43:     0x5865572fad74 - std::sys::backtrace::__rust_begin_short_backtrace::h505c97a579eca628
[INFO] [stdout]                                at /rustc/90b35a6239c3d8bdabc530a6a0816f7ff89a0aaf/library/std/src/sys/backtrace.rs:154:18
[INFO] [stdout]   44:     0x5865572fe43e - std::thread::Builder::spawn_unchecked_::{{closure}}::{{closure}}::h9e86b2e2bc107ea3
[INFO] [stdout]                                at /rustc/90b35a6239c3d8bdabc530a6a0816f7ff89a0aaf/library/std/src/thread/mod.rs:538:17
[INFO] [stdout]   45:     0x5865572fe43e - <core::panic::unwind_safe::AssertUnwindSafe<F> as core::ops::function::FnOnce<()>>::call_once::h8b06ddb275ff4a25
[INFO] [stdout]                                at /rustc/90b35a6239c3d8bdabc530a6a0816f7ff89a0aaf/library/core/src/panic/unwind_safe.rs:272:9
[INFO] [stdout]   46:     0x5865572fe43e - std::panicking::try::do_call::hb26ecd7cd9a9355d
[INFO] [stdout]                                at /rustc/90b35a6239c3d8bdabc530a6a0816f7ff89a0aaf/library/std/src/panicking.rs:557:40
[INFO] [stdout]   47:     0x5865572fe43e - std::panicking::try::h8ddeca9d705f9069
[INFO] [stdout]                                at /rustc/90b35a6239c3d8bdabc530a6a0816f7ff89a0aaf/library/std/src/panicking.rs:520:19
[INFO] [stdout]   48:     0x5865572fe43e - std::panic::catch_unwind::h49e1c33078844c46
[INFO] [stdout]                                at /rustc/90b35a6239c3d8bdabc530a6a0816f7ff89a0aaf/library/std/src/panic.rs:358:14
[INFO] [stdout]   49:     0x5865572fe43e - std::thread::Builder::spawn_unchecked_::{{closure}}::h6073db6ff56ad35d
[INFO] [stdout]                                at /rustc/90b35a6239c3d8bdabc530a6a0816f7ff89a0aaf/library/std/src/thread/mod.rs:537:30
[INFO] [stdout]   50:     0x5865572fe43e - core::ops::function::FnOnce::call_once{{vtable.shim}}::h2c5a5f3779c774f1
[INFO] [stdout]                                at /rustc/90b35a6239c3d8bdabc530a6a0816f7ff89a0aaf/library/core/src/ops/function.rs:250:5
[INFO] [stdout]   51:     0x5865573b3ffb - <alloc::boxed::Box<F,A> as core::ops::function::FnOnce<Args>>::call_once::hf75717d9f28faebf
[INFO] [stdout]                                at /rustc/90b35a6239c3d8bdabc530a6a0816f7ff89a0aaf/library/alloc/src/boxed.rs:2454:9
[INFO] [stdout]   52:     0x5865573b3ffb - <alloc::boxed::Box<F,A> as core::ops::function::FnOnce<Args>>::call_once::h7bd883a5f3c5f3c1
[INFO] [stdout]                                at /rustc/90b35a6239c3d8bdabc530a6a0816f7ff89a0aaf/library/alloc/src/boxed.rs:2454:9
[INFO] [stdout]   53:     0x5865573b3ffb - std::sys::pal::unix::thread::Thread::new::thread_start::hcc78f3943333fa94
[INFO] [stdout]                                at /rustc/90b35a6239c3d8bdabc530a6a0816f7ff89a0aaf/library/std/src/sys/pal/unix/thread.rs:105:17
[INFO] [stdout]   54:     0x7d01a4b6eac3 - <unknown>
[INFO] [stdout]   55:     0x7d01a4bffa04 - clone
[INFO] [stdout]   56:                0x0 - <unknown>
[INFO] [stdout] 
[INFO] [stdout] 
[INFO] [stdout] failures:
[INFO] [stdout]     battle::tick::phases::attack::attack_phase::tests::test_attack_phase_should_block_all_with_max_shield_rating
[INFO] [stdout]     battle::tick::phases::attack::attack_phase::tests::test_attack_phase_should_dodge_all_with_max_agility_and_marching
[INFO] [stdout] 
[INFO] [stdout] test result: FAILED. 28 passed; 2 failed; 0 ignored; 0 measured; 0 filtered out; finished in 2.54s
[INFO] [stdout] 
[INFO] running `Command { std: "docker" "inspect" "d98a6012d60512ce1390c7a584640e4febc344f48ee828e98650cc96ec0f458f", kill_on_drop: false }`
[INFO] running `Command { std: "docker" "rm" "-f" "d98a6012d60512ce1390c7a584640e4febc344f48ee828e98650cc96ec0f458f", kill_on_drop: false }`
[INFO] [stdout] d98a6012d60512ce1390c7a584640e4febc344f48ee828e98650cc96ec0f458f
