[INFO] cloning repository https://github.com/BooleanCat/safely
[INFO] running `Command { std: "git" "-c" "credential.helper=" "-c" "credential.helper=/workspace/cargo-home/bin/git-credential-null" "clone" "--bare" "https://github.com/BooleanCat/safely" "/workspace/cache/git-repos/https%3A%2F%2Fgithub.com%2FBooleanCat%2Fsafely", kill_on_drop: false }`
[INFO] [stderr] Cloning into bare repository '/workspace/cache/git-repos/https%3A%2F%2Fgithub.com%2FBooleanCat%2Fsafely'...
[INFO] running `Command { std: "git" "rev-parse" "HEAD", kill_on_drop: false }`
[INFO] [stdout] 188254f29f5c1017eade7f29f9178914cbb24f10
[INFO] testing BooleanCat/safely against 1.83.0 for beta-1.84.0-4-retry
[INFO] running `Command { std: "git" "clone" "/workspace/cache/git-repos/https%3A%2F%2Fgithub.com%2FBooleanCat%2Fsafely" "/workspace/builds/worker-2-tc1/source", kill_on_drop: false }`
[INFO] [stderr] Cloning into '/workspace/builds/worker-2-tc1/source'...
[INFO] [stderr] done.
[INFO] validating manifest of git repo https://github.com/BooleanCat/safely on toolchain 1.83.0
[INFO] running `Command { std: CARGO_HOME="/workspace/cargo-home" RUSTUP_HOME="/workspace/rustup-home" "/workspace/cargo-home/bin/cargo" "+1.83.0" "metadata" "--manifest-path" "Cargo.toml" "--no-deps", kill_on_drop: false }`
[INFO] started tweaking git repo https://github.com/BooleanCat/safely
[INFO] finished tweaking git repo https://github.com/BooleanCat/safely
[INFO] tweaked toml for git repo https://github.com/BooleanCat/safely written to /workspace/builds/worker-2-tc1/source/Cargo.toml
[INFO] crate git repo https://github.com/BooleanCat/safely already has a lockfile, it will not be regenerated
[INFO] running `Command { std: CARGO_HOME="/workspace/cargo-home" RUSTUP_HOME="/workspace/rustup-home" "/workspace/cargo-home/bin/cargo" "+1.83.0" "fetch" "--manifest-path" "Cargo.toml", kill_on_drop: false }`
[INFO] [stderr]  Downloading crates ...
[INFO] [stderr]   Downloaded lock_api v0.4.3
[INFO] [stderr]   Downloaded serial_test v0.5.1
[INFO] [stderr]   Downloaded serial_test_derive v0.5.1
[INFO] running `Command { std: "docker" "create" "-v" "/var/lib/crater-agent-workspace/builds/worker-2-tc1/target:/opt/rustwide/target:rw,Z" "-v" "/var/lib/crater-agent-workspace/builds/worker-2-tc1/source:/opt/rustwide/workdir:ro,Z" "-v" "/var/lib/crater-agent-workspace/cargo-home:/opt/rustwide/cargo-home:ro,Z" "-v" "/var/lib/crater-agent-workspace/rustup-home:/opt/rustwide/rustup-home:ro,Z" "-e" "SOURCE_DIR=/opt/rustwide/workdir" "-e" "CARGO_TARGET_DIR=/opt/rustwide/target" "-e" "CARGO_HOME=/opt/rustwide/cargo-home" "-e" "RUSTUP_HOME=/opt/rustwide/rustup-home" "-w" "/opt/rustwide/workdir" "-m" "1610612736" "--user" "0:0" "--network" "none" "ghcr.io/rust-lang/crates-build-env/linux@sha256:f3a9d4ad9d972b27faf3965f35b62e55ba32bbce8f20bc8fe909558a86702fde" "/opt/rustwide/cargo-home/bin/cargo" "+1.83.0" "metadata" "--no-deps" "--format-version=1", kill_on_drop: false }`
[INFO] [stdout] f5b1b259c16541e915be964a1d954c2735ee264d6c354fa58b308bc913c6f1c4
[INFO] running `Command { std: "docker" "start" "-a" "f5b1b259c16541e915be964a1d954c2735ee264d6c354fa58b308bc913c6f1c4", kill_on_drop: false }`
[INFO] running `Command { std: "docker" "inspect" "f5b1b259c16541e915be964a1d954c2735ee264d6c354fa58b308bc913c6f1c4", kill_on_drop: false }`
[INFO] running `Command { std: "docker" "rm" "-f" "f5b1b259c16541e915be964a1d954c2735ee264d6c354fa58b308bc913c6f1c4", kill_on_drop: false }`
[INFO] [stdout] f5b1b259c16541e915be964a1d954c2735ee264d6c354fa58b308bc913c6f1c4
[INFO] running `Command { std: "docker" "create" "-v" "/var/lib/crater-agent-workspace/builds/worker-2-tc1/target:/opt/rustwide/target:rw,Z" "-v" "/var/lib/crater-agent-workspace/builds/worker-2-tc1/source:/opt/rustwide/workdir:ro,Z" "-v" "/var/lib/crater-agent-workspace/cargo-home:/opt/rustwide/cargo-home:ro,Z" "-v" "/var/lib/crater-agent-workspace/rustup-home:/opt/rustwide/rustup-home:ro,Z" "-e" "SOURCE_DIR=/opt/rustwide/workdir" "-e" "CARGO_TARGET_DIR=/opt/rustwide/target" "-e" "CARGO_INCREMENTAL=0" "-e" "RUST_BACKTRACE=full" "-e" "RUSTFLAGS=--cap-lints=warn" "-e" "RUSTDOCFLAGS=--cap-lints=warn" "-e" "CARGO_HOME=/opt/rustwide/cargo-home" "-e" "RUSTUP_HOME=/opt/rustwide/rustup-home" "-w" "/opt/rustwide/workdir" "-m" "1610612736" "--user" "0:0" "--network" "none" "ghcr.io/rust-lang/crates-build-env/linux@sha256:f3a9d4ad9d972b27faf3965f35b62e55ba32bbce8f20bc8fe909558a86702fde" "/opt/rustwide/cargo-home/bin/cargo" "+1.83.0" "build" "--frozen" "--message-format=json", kill_on_drop: false }`
[INFO] [stdout] 23e0ca3f8b4a34ae97e0fdc74c41ed890ee48c8c3e83bdaf6d3e81ad66700b55
[INFO] running `Command { std: "docker" "start" "-a" "23e0ca3f8b4a34ae97e0fdc74c41ed890ee48c8c3e83bdaf6d3e81ad66700b55", kill_on_drop: false }`
[INFO] [stderr]    Compiling proc-macro2 v1.0.26
[INFO] [stderr]    Compiling unicode-xid v0.2.1
[INFO] [stderr]    Compiling syn v1.0.68
[INFO] [stderr]    Compiling version_check v0.9.3
[INFO] [stderr]    Compiling serde_derive v1.0.125
[INFO] [stderr]    Compiling serde v1.0.125
[INFO] [stderr]    Compiling libc v0.2.92
[INFO] [stderr]    Compiling bitflags v1.2.1
[INFO] [stderr]    Compiling ryu v1.0.5
[INFO] [stderr]    Compiling unicode-segmentation v1.7.1
[INFO] [stderr]    Compiling doc-comment v0.3.3
[INFO] [stderr]    Compiling unicode-width v0.1.8
[INFO] [stderr]    Compiling serde_json v1.0.64
[INFO] [stderr]    Compiling vec_map v0.8.2
[INFO] [stderr]    Compiling ansi_term v0.11.0
[INFO] [stderr]    Compiling strsim v0.8.0
[INFO] [stderr]    Compiling textwrap v0.11.0
[INFO] [stderr]    Compiling itoa v0.4.7
[INFO] [stderr]    Compiling lazy_static v1.4.0
[INFO] [stderr]    Compiling termcolor v1.1.2
[INFO] [stderr]    Compiling proc-macro-error-attr v1.0.4
[INFO] [stderr]    Compiling proc-macro-error v1.0.4
[INFO] [stderr]    Compiling heck v0.3.2
[INFO] [stderr]    Compiling quote v1.0.9
[INFO] [stderr]    Compiling atty v0.2.14
[INFO] [stderr]    Compiling clap v2.33.3
[INFO] [stderr]    Compiling structopt-derive v0.4.14
[INFO] [stderr]    Compiling snafu-derive v0.6.10
[INFO] [stderr]    Compiling structopt v0.3.21
[INFO] [stderr]    Compiling snafu v0.6.10
[INFO] [stderr]    Compiling toml v0.5.8
[INFO] [stderr]    Compiling libsafely v0.1.0 (/opt/rustwide/workdir/libsafely)
[INFO] [stdout] warning: derive helper attribute is used before it is introduced
[INFO] [stdout]  --> libsafely/src/config/hooks.rs:4:3
[INFO] [stdout]   |
[INFO] [stdout] 4 | #[serde(rename_all = "camelCase")]
[INFO] [stdout]   |   ^^^^^
[INFO] [stdout] 5 | #[derive(Serialize, Deserialize, Debug, Default)]
[INFO] [stdout]   |          --------- the attribute is introduced here
[INFO] [stdout]   |
[INFO] [stdout]   = warning: this was previously accepted by the compiler but is being phased out; it will become a hard error in a future release!
[INFO] [stdout]   = note: for more information, see issue #79202 <https://github.com/rust-lang/rust/issues/79202>
[INFO] [stdout]   = note: `#[warn(legacy_derive_helpers)]` on by default
[INFO] [stdout] 
[INFO] [stdout] 
[INFO] [stdout] warning: derive helper attribute is used before it is introduced
[INFO] [stdout]  --> libsafely/src/config/linux/device.rs:3:3
[INFO] [stdout]   |
[INFO] [stdout] 3 | #[serde(rename_all = "camelCase")]
[INFO] [stdout]   |   ^^^^^
[INFO] [stdout] 4 | #[derive(Serialize, Deserialize, Debug, Default)]
[INFO] [stdout]   |          --------- the attribute is introduced here
[INFO] [stdout]   |
[INFO] [stdout]   = warning: this was previously accepted by the compiler but is being phased out; it will become a hard error in a future release!
[INFO] [stdout]   = note: for more information, see issue #79202 <https://github.com/rust-lang/rust/issues/79202>
[INFO] [stdout] 
[INFO] [stdout] 
[INFO] [stdout] warning: derive helper attribute is used before it is introduced
[INFO] [stdout]  --> libsafely/src/config/linux/intel_rdt.rs:3:3
[INFO] [stdout]   |
[INFO] [stdout] 3 | #[serde(rename_all = "camelCase")]
[INFO] [stdout]   |   ^^^^^
[INFO] [stdout] 4 | #[derive(Serialize, Deserialize, Debug, Default)]
[INFO] [stdout]   |          --------- the attribute is introduced here
[INFO] [stdout]   |
[INFO] [stdout]   = warning: this was previously accepted by the compiler but is being phased out; it will become a hard error in a future release!
[INFO] [stdout]   = note: for more information, see issue #79202 <https://github.com/rust-lang/rust/issues/79202>
[INFO] [stdout] 
[INFO] [stdout] 
[INFO] [stdout] warning: derive helper attribute is used before it is introduced
[INFO] [stdout]  --> libsafely/src/config/linux/resources/block_io.rs:4:3
[INFO] [stdout]   |
[INFO] [stdout] 4 | #[serde(rename_all = "camelCase")]
[INFO] [stdout]   |   ^^^^^
[INFO] [stdout] 5 | #[derive(Serialize, Deserialize, Debug, Default)]
[INFO] [stdout]   |          --------- the attribute is introduced here
[INFO] [stdout]   |
[INFO] [stdout]   = warning: this was previously accepted by the compiler but is being phased out; it will become a hard error in a future release!
[INFO] [stdout]   = note: for more information, see issue #79202 <https://github.com/rust-lang/rust/issues/79202>
[INFO] [stdout] 
[INFO] [stdout] 
[INFO] [stdout] warning: derive helper attribute is used before it is introduced
[INFO] [stdout]  --> libsafely/src/config/linux/resources/cpu.rs:3:3
[INFO] [stdout]   |
[INFO] [stdout] 3 | #[serde(rename_all = "camelCase")]
[INFO] [stdout]   |   ^^^^^
[INFO] [stdout] 4 | #[derive(Serialize, Deserialize, Debug, Default)]
[INFO] [stdout]   |          --------- the attribute is introduced here
[INFO] [stdout]   |
[INFO] [stdout]   = warning: this was previously accepted by the compiler but is being phased out; it will become a hard error in a future release!
[INFO] [stdout]   = note: for more information, see issue #79202 <https://github.com/rust-lang/rust/issues/79202>
[INFO] [stdout] 
[INFO] [stdout] 
[INFO] [stdout] warning: derive helper attribute is used before it is introduced
[INFO] [stdout]  --> libsafely/src/config/linux/resources/huge_page_limit.rs:3:3
[INFO] [stdout]   |
[INFO] [stdout] 3 | #[serde(rename_all = "camelCase")]
[INFO] [stdout]   |   ^^^^^
[INFO] [stdout] 4 | #[derive(Serialize, Deserialize, Debug)]
[INFO] [stdout]   |          --------- the attribute is introduced here
[INFO] [stdout]   |
[INFO] [stdout]   = warning: this was previously accepted by the compiler but is being phased out; it will become a hard error in a future release!
[INFO] [stdout]   = note: for more information, see issue #79202 <https://github.com/rust-lang/rust/issues/79202>
[INFO] [stdout] 
[INFO] [stdout] 
[INFO] [stdout] warning: derive helper attribute is used before it is introduced
[INFO] [stdout]  --> libsafely/src/config/linux/resources/memory.rs:3:3
[INFO] [stdout]   |
[INFO] [stdout] 3 | #[serde(rename_all = "camelCase")]
[INFO] [stdout]   |   ^^^^^
[INFO] [stdout] 4 | #[derive(Serialize, Deserialize, Debug, Default)]
[INFO] [stdout]   |          --------- the attribute is introduced here
[INFO] [stdout]   |
[INFO] [stdout]   = warning: this was previously accepted by the compiler but is being phased out; it will become a hard error in a future release!
[INFO] [stdout]   = note: for more information, see issue #79202 <https://github.com/rust-lang/rust/issues/79202>
[INFO] [stdout] 
[INFO] [stdout] 
[INFO] [stdout] warning: derive helper attribute is used before it is introduced
[INFO] [stdout]  --> libsafely/src/config/linux/resources/rdma.rs:3:3
[INFO] [stdout]   |
[INFO] [stdout] 3 | #[serde(rename_all = "camelCase")]
[INFO] [stdout]   |   ^^^^^
[INFO] [stdout] 4 | #[derive(Serialize, Deserialize, Debug, Default)]
[INFO] [stdout]   |          --------- the attribute is introduced here
[INFO] [stdout]   |
[INFO] [stdout]   = warning: this was previously accepted by the compiler but is being phased out; it will become a hard error in a future release!
[INFO] [stdout]   = note: for more information, see issue #79202 <https://github.com/rust-lang/rust/issues/79202>
[INFO] [stdout] 
[INFO] [stdout] 
[INFO] [stdout] warning: derive helper attribute is used before it is introduced
[INFO] [stdout]  --> libsafely/src/config/linux/resources/weight_device.rs:3:3
[INFO] [stdout]   |
[INFO] [stdout] 3 | #[serde(rename_all = "camelCase")]
[INFO] [stdout]   |   ^^^^^
[INFO] [stdout] 4 | #[derive(Serialize, Deserialize, Debug)]
[INFO] [stdout]   |          --------- the attribute is introduced here
[INFO] [stdout]   |
[INFO] [stdout]   = warning: this was previously accepted by the compiler but is being phased out; it will become a hard error in a future release!
[INFO] [stdout]   = note: for more information, see issue #79202 <https://github.com/rust-lang/rust/issues/79202>
[INFO] [stdout] 
[INFO] [stdout] 
[INFO] [stdout] warning: derive helper attribute is used before it is introduced
[INFO] [stdout]   --> libsafely/src/config/linux/resources/mod.rs:28:3
[INFO] [stdout]    |
[INFO] [stdout] 28 | #[serde(rename_all = "camelCase")]
[INFO] [stdout]    |   ^^^^^
[INFO] [stdout] 29 | #[derive(Serialize, Deserialize, Debug, Default)]
[INFO] [stdout]    |          --------- the attribute is introduced here
[INFO] [stdout]    |
[INFO] [stdout]    = warning: this was previously accepted by the compiler but is being phased out; it will become a hard error in a future release!
[INFO] [stdout]    = note: for more information, see issue #79202 <https://github.com/rust-lang/rust/issues/79202>
[INFO] [stdout] 
[INFO] [stdout] 
[INFO] [stdout] warning: derive helper attribute is used before it is introduced
[INFO] [stdout]  --> libsafely/src/config/linux/seccomp.rs:4:3
[INFO] [stdout]   |
[INFO] [stdout] 4 | #[serde(rename_all = "camelCase")]
[INFO] [stdout]   |   ^^^^^
[INFO] [stdout] 5 | #[derive(Serialize, Deserialize, Debug)]
[INFO] [stdout]   |          --------- the attribute is introduced here
[INFO] [stdout]   |
[INFO] [stdout]   = warning: this was previously accepted by the compiler but is being phased out; it will become a hard error in a future release!
[INFO] [stdout]   = note: for more information, see issue #79202 <https://github.com/rust-lang/rust/issues/79202>
[INFO] [stdout] 
[INFO] [stdout] 
[INFO] [stdout] warning: derive helper attribute is used before it is introduced
[INFO] [stdout]  --> libsafely/src/config/linux/syscall.rs:4:3
[INFO] [stdout]   |
[INFO] [stdout] 4 | #[serde(rename_all = "camelCase")]
[INFO] [stdout]   |   ^^^^^
[INFO] [stdout] 5 | #[derive(Serialize, Deserialize, Debug)]
[INFO] [stdout]   |          --------- the attribute is introduced here
[INFO] [stdout]   |
[INFO] [stdout]   = warning: this was previously accepted by the compiler but is being phased out; it will become a hard error in a future release!
[INFO] [stdout]   = note: for more information, see issue #79202 <https://github.com/rust-lang/rust/issues/79202>
[INFO] [stdout] 
[INFO] [stdout] 
[INFO] [stdout] warning: derive helper attribute is used before it is introduced
[INFO] [stdout]  --> libsafely/src/config/linux/syscall_arg.rs:3:3
[INFO] [stdout]   |
[INFO] [stdout] 3 | #[serde(rename_all = "camelCase")]
[INFO] [stdout]   |   ^^^^^
[INFO] [stdout] 4 | #[derive(Serialize, Deserialize, Debug)]
[INFO] [stdout]   |          --------- the attribute is introduced here
[INFO] [stdout]   |
[INFO] [stdout]   = warning: this was previously accepted by the compiler but is being phased out; it will become a hard error in a future release!
[INFO] [stdout]   = note: for more information, see issue #79202 <https://github.com/rust-lang/rust/issues/79202>
[INFO] [stdout] 
[INFO] [stdout] 
[INFO] [stdout] warning: derive helper attribute is used before it is introduced
[INFO] [stdout]   --> libsafely/src/config/linux/mod.rs:23:3
[INFO] [stdout]    |
[INFO] [stdout] 23 | #[serde(rename_all = "camelCase")]
[INFO] [stdout]    |   ^^^^^
[INFO] [stdout] 24 | #[derive(Serialize, Deserialize, Debug, Default)]
[INFO] [stdout]    |          --------- the attribute is introduced here
[INFO] [stdout]    |
[INFO] [stdout]    = warning: this was previously accepted by the compiler but is being phased out; it will become a hard error in a future release!
[INFO] [stdout]    = note: for more information, see issue #79202 <https://github.com/rust-lang/rust/issues/79202>
[INFO] [stdout] 
[INFO] [stdout] 
[INFO] [stdout] warning: derive helper attribute is used before it is introduced
[INFO] [stdout]  --> libsafely/src/config/process.rs:4:3
[INFO] [stdout]   |
[INFO] [stdout] 4 | #[serde(rename_all = "camelCase")]
[INFO] [stdout]   |   ^^^^^
[INFO] [stdout] 5 | #[derive(Serialize, Deserialize, Debug)]
[INFO] [stdout]   |          --------- the attribute is introduced here
[INFO] [stdout]   |
[INFO] [stdout]   = warning: this was previously accepted by the compiler but is being phased out; it will become a hard error in a future release!
[INFO] [stdout]   = note: for more information, see issue #79202 <https://github.com/rust-lang/rust/issues/79202>
[INFO] [stdout] 
[INFO] [stdout] 
[INFO] [stdout] warning: derive helper attribute is used before it is introduced
[INFO] [stdout]  --> libsafely/src/config/root.rs:3:3
[INFO] [stdout]   |
[INFO] [stdout] 3 | #[serde(rename_all = "camelCase")]
[INFO] [stdout]   |   ^^^^^
[INFO] [stdout] 4 | #[derive(Serialize, Deserialize, Debug)]
[INFO] [stdout]   |          --------- the attribute is introduced here
[INFO] [stdout]   |
[INFO] [stdout]   = warning: this was previously accepted by the compiler but is being phased out; it will become a hard error in a future release!
[INFO] [stdout]   = note: for more information, see issue #79202 <https://github.com/rust-lang/rust/issues/79202>
[INFO] [stdout] 
[INFO] [stdout] 
[INFO] [stdout] warning: derive helper attribute is used before it is introduced
[INFO] [stdout]  --> libsafely/src/config/solaris/anet.rs:3:3
[INFO] [stdout]   |
[INFO] [stdout] 3 | #[serde(rename_all = "camelCase")]
[INFO] [stdout]   |   ^^^^^
[INFO] [stdout] 4 | #[derive(Serialize, Deserialize, Debug, Default)]
[INFO] [stdout]   |          --------- the attribute is introduced here
[INFO] [stdout]   |
[INFO] [stdout]   = warning: this was previously accepted by the compiler but is being phased out; it will become a hard error in a future release!
[INFO] [stdout]   = note: for more information, see issue #79202 <https://github.com/rust-lang/rust/issues/79202>
[INFO] [stdout] 
[INFO] [stdout] 
[INFO] [stdout] warning: derive helper attribute is used before it is introduced
[INFO] [stdout]   --> libsafely/src/config/solaris/mod.rs:10:3
[INFO] [stdout]    |
[INFO] [stdout] 10 | #[serde(rename_all = "camelCase")]
[INFO] [stdout]    |   ^^^^^
[INFO] [stdout] 11 | #[derive(Serialize, Deserialize, Debug, Default)]
[INFO] [stdout]    |          --------- the attribute is introduced here
[INFO] [stdout]    |
[INFO] [stdout]    = warning: this was previously accepted by the compiler but is being phased out; it will become a hard error in a future release!
[INFO] [stdout]    = note: for more information, see issue #79202 <https://github.com/rust-lang/rust/issues/79202>
[INFO] [stdout] 
[INFO] [stdout] 
[INFO] [stdout] warning: derive helper attribute is used before it is introduced
[INFO] [stdout]  --> libsafely/src/config/user.rs:3:3
[INFO] [stdout]   |
[INFO] [stdout] 3 | #[serde(untagged)]
[INFO] [stdout]   |   ^^^^^
[INFO] [stdout] 4 | #[derive(Serialize, Deserialize, Debug)]
[INFO] [stdout]   |          --------- the attribute is introduced here
[INFO] [stdout]   |
[INFO] [stdout]   = warning: this was previously accepted by the compiler but is being phased out; it will become a hard error in a future release!
[INFO] [stdout]   = note: for more information, see issue #79202 <https://github.com/rust-lang/rust/issues/79202>
[INFO] [stdout] 
[INFO] [stdout] 
[INFO] [stdout] warning: derive helper attribute is used before it is introduced
[INFO] [stdout]  --> libsafely/src/config/windows/device.rs:3:3
[INFO] [stdout]   |
[INFO] [stdout] 3 | #[serde(rename_all = "camelCase")]
[INFO] [stdout]   |   ^^^^^
[INFO] [stdout] 4 | #[derive(Serialize, Deserialize, Debug)]
[INFO] [stdout]   |          --------- the attribute is introduced here
[INFO] [stdout]   |
[INFO] [stdout]   = warning: this was previously accepted by the compiler but is being phased out; it will become a hard error in a future release!
[INFO] [stdout]   = note: for more information, see issue #79202 <https://github.com/rust-lang/rust/issues/79202>
[INFO] [stdout] 
[INFO] [stdout] 
[INFO] [stdout] warning: derive helper attribute is used before it is introduced
[INFO] [stdout]  --> libsafely/src/config/windows/network.rs:3:3
[INFO] [stdout]   |
[INFO] [stdout] 3 | #[serde(rename_all = "camelCase")]
[INFO] [stdout]   |   ^^^^^
[INFO] [stdout] 4 | #[derive(Serialize, Deserialize, Debug, Default)]
[INFO] [stdout]   |          --------- the attribute is introduced here
[INFO] [stdout]   |
[INFO] [stdout]   = warning: this was previously accepted by the compiler but is being phased out; it will become a hard error in a future release!
[INFO] [stdout]   = note: for more information, see issue #79202 <https://github.com/rust-lang/rust/issues/79202>
[INFO] [stdout] 
[INFO] [stdout] 
[INFO] [stdout] warning: derive helper attribute is used before it is introduced
[INFO] [stdout]  --> libsafely/src/config/windows/resources/storage.rs:3:3
[INFO] [stdout]   |
[INFO] [stdout] 3 | #[serde(rename_all = "camelCase")]
[INFO] [stdout]   |   ^^^^^
[INFO] [stdout] 4 | #[derive(Serialize, Deserialize, Debug, Default)]
[INFO] [stdout]   |          --------- the attribute is introduced here
[INFO] [stdout]   |
[INFO] [stdout]   = warning: this was previously accepted by the compiler but is being phased out; it will become a hard error in a future release!
[INFO] [stdout]   = note: for more information, see issue #79202 <https://github.com/rust-lang/rust/issues/79202>
[INFO] [stdout] 
[INFO] [stdout] 
[INFO] [stdout] warning: derive helper attribute is used before it is introduced
[INFO] [stdout]   --> libsafely/src/config/windows/mod.rs:12:3
[INFO] [stdout]    |
[INFO] [stdout] 12 | #[serde(rename_all = "camelCase")]
[INFO] [stdout]    |   ^^^^^
[INFO] [stdout] 13 | #[derive(Serialize, Deserialize, Debug, Default)]
[INFO] [stdout]    |          --------- the attribute is introduced here
[INFO] [stdout]    |
[INFO] [stdout]    = warning: this was previously accepted by the compiler but is being phased out; it will become a hard error in a future release!
[INFO] [stdout]    = note: for more information, see issue #79202 <https://github.com/rust-lang/rust/issues/79202>
[INFO] [stdout] 
[INFO] [stdout] 
[INFO] [stdout] warning: derive helper attribute is used before it is introduced
[INFO] [stdout]   --> libsafely/src/config/mod.rs:27:3
[INFO] [stdout]    |
[INFO] [stdout] 27 | #[serde(rename_all = "camelCase")]
[INFO] [stdout]    |   ^^^^^
[INFO] [stdout] 28 | #[derive(Serialize, Deserialize, Debug)]
[INFO] [stdout]    |          --------- the attribute is introduced here
[INFO] [stdout]    |
[INFO] [stdout]    = warning: this was previously accepted by the compiler but is being phased out; it will become a hard error in a future release!
[INFO] [stdout]    = note: for more information, see issue #79202 <https://github.com/rust-lang/rust/issues/79202>
[INFO] [stdout] 
[INFO] [stdout] 
[INFO] [stderr]    Compiling safely v0.1.0 (/opt/rustwide/workdir/safely)
[INFO] [stdout] warning: fields `id` and `bundle_path` are never read
[INFO] [stdout]   --> safely/src/main.rs:22:9
[INFO] [stdout]    |
[INFO] [stdout] 20 |     Create {
[INFO] [stdout]    |     ------ fields in this variant
[INFO] [stdout] 21 |         #[structopt(name = "container-id")]
[INFO] [stdout] 22 |         id: String,
[INFO] [stdout]    |         ^^
[INFO] [stdout] ...
[INFO] [stdout] 25 |         bundle_path: PathBuf,
[INFO] [stdout]    |         ^^^^^^^^^^^
[INFO] [stdout]    |
[INFO] [stdout]    = note: `Subcommand` has a derived impl for the trait `Debug`, but this is intentionally ignored during dead code analysis
[INFO] [stdout]    = note: `#[warn(dead_code)]` on by default
[INFO] [stdout] 
[INFO] [stdout] 
[INFO] [stdout] warning: field `id` is never read
[INFO] [stdout]   --> safely/src/main.rs:31:9
[INFO] [stdout]    |
[INFO] [stdout] 29 |     State {
[INFO] [stdout]    |     ----- field in this variant
[INFO] [stdout] 30 |         #[structopt(name = "container-id")]
[INFO] [stdout] 31 |         id: String,
[INFO] [stdout]    |         ^^
[INFO] [stdout]    |
[INFO] [stdout]    = note: `Subcommand` has a derived impl for the trait `Debug`, but this is intentionally ignored during dead code analysis
[INFO] [stdout] 
[INFO] [stdout] 
[INFO] [stdout] warning: field `id` is never read
[INFO] [stdout]   --> safely/src/main.rs:37:9
[INFO] [stdout]    |
[INFO] [stdout] 35 |     Start {
[INFO] [stdout]    |     ----- field in this variant
[INFO] [stdout] 36 |         #[structopt(name = "container-id")]
[INFO] [stdout] 37 |         id: String,
[INFO] [stdout]    |         ^^
[INFO] [stdout]    |
[INFO] [stdout]    = note: `Subcommand` has a derived impl for the trait `Debug`, but this is intentionally ignored during dead code analysis
[INFO] [stdout] 
[INFO] [stdout] 
[INFO] [stdout] warning: fields `id` and `signal` are never read
[INFO] [stdout]   --> safely/src/main.rs:43:9
[INFO] [stdout]    |
[INFO] [stdout] 41 |     Kill {
[INFO] [stdout]    |     ---- fields in this variant
[INFO] [stdout] 42 |         #[structopt(name = "container-id")]
[INFO] [stdout] 43 |         id: String,
[INFO] [stdout]    |         ^^
[INFO] [stdout] ...
[INFO] [stdout] 46 |         signal: String,
[INFO] [stdout]    |         ^^^^^^
[INFO] [stdout]    |
[INFO] [stdout]    = note: `Subcommand` has a derived impl for the trait `Debug`, but this is intentionally ignored during dead code analysis
[INFO] [stdout] 
[INFO] [stdout] 
[INFO] [stdout] warning: field `id` is never read
[INFO] [stdout]   --> safely/src/main.rs:52:9
[INFO] [stdout]    |
[INFO] [stdout] 50 |     Delete {
[INFO] [stdout]    |     ------ field in this variant
[INFO] [stdout] 51 |         #[structopt(name = "container-id")]
[INFO] [stdout] 52 |         id: String,
[INFO] [stdout]    |         ^^
[INFO] [stdout]    |
[INFO] [stdout]    = note: `Subcommand` has a derived impl for the trait `Debug`, but this is intentionally ignored during dead code analysis
[INFO] [stdout] 
[INFO] [stdout] 
[INFO] [stderr]     Finished `dev` profile [unoptimized + debuginfo] target(s) in 20.52s
[INFO] running `Command { std: "docker" "inspect" "23e0ca3f8b4a34ae97e0fdc74c41ed890ee48c8c3e83bdaf6d3e81ad66700b55", kill_on_drop: false }`
[INFO] running `Command { std: "docker" "rm" "-f" "23e0ca3f8b4a34ae97e0fdc74c41ed890ee48c8c3e83bdaf6d3e81ad66700b55", kill_on_drop: false }`
[INFO] [stdout] 23e0ca3f8b4a34ae97e0fdc74c41ed890ee48c8c3e83bdaf6d3e81ad66700b55
[INFO] running `Command { std: "docker" "create" "-v" "/var/lib/crater-agent-workspace/builds/worker-2-tc1/target:/opt/rustwide/target:rw,Z" "-v" "/var/lib/crater-agent-workspace/builds/worker-2-tc1/source:/opt/rustwide/workdir:ro,Z" "-v" "/var/lib/crater-agent-workspace/cargo-home:/opt/rustwide/cargo-home:ro,Z" "-v" "/var/lib/crater-agent-workspace/rustup-home:/opt/rustwide/rustup-home:ro,Z" "-e" "SOURCE_DIR=/opt/rustwide/workdir" "-e" "CARGO_TARGET_DIR=/opt/rustwide/target" "-e" "CARGO_INCREMENTAL=0" "-e" "RUST_BACKTRACE=full" "-e" "RUSTFLAGS=--cap-lints=warn" "-e" "RUSTDOCFLAGS=--cap-lints=warn" "-e" "CARGO_HOME=/opt/rustwide/cargo-home" "-e" "RUSTUP_HOME=/opt/rustwide/rustup-home" "-w" "/opt/rustwide/workdir" "-m" "1610612736" "--user" "0:0" "--network" "none" "ghcr.io/rust-lang/crates-build-env/linux@sha256:f3a9d4ad9d972b27faf3965f35b62e55ba32bbce8f20bc8fe909558a86702fde" "/opt/rustwide/cargo-home/bin/cargo" "+1.83.0" "test" "--frozen" "--no-run" "--message-format=json", kill_on_drop: false }`
[INFO] [stdout] 8229dd5197260746ab66b2c6aed25a1f3040b6519f5d1174a3a51a2253455718
[INFO] running `Command { std: "docker" "start" "-a" "8229dd5197260746ab66b2c6aed25a1f3040b6519f5d1174a3a51a2253455718", kill_on_drop: false }`
[INFO] [stderr]    Compiling getrandom v0.2.2
[INFO] [stderr]    Compiling instant v0.1.9
[INFO] [stderr]    Compiling scopeguard v1.1.0
[INFO] [stderr]    Compiling ppv-lite86 v0.2.10
[INFO] [stderr]    Compiling smallvec v1.6.1
[INFO] [stderr]    Compiling serial_test_derive v0.5.1
[INFO] [stderr]    Compiling remove_dir_all v0.5.3
[INFO] [stderr]    Compiling specsafely v0.1.0 (/opt/rustwide/workdir/specsafely)
[INFO] [stdout] warning: derive helper attribute is used before it is introduced
[INFO] [stdout]  --> libsafely/src/config/hooks.rs:4:3
[INFO] [stdout]   |
[INFO] [stdout] 4 | #[serde(rename_all = "camelCase")]
[INFO] [stdout]   |   ^^^^^
[INFO] [stdout] 5 | #[derive(Serialize, Deserialize, Debug, Default)]
[INFO] [stdout]   |          --------- the attribute is introduced here
[INFO] [stdout]   |
[INFO] [stdout]   = warning: this was previously accepted by the compiler but is being phased out; it will become a hard error in a future release!
[INFO] [stdout]   = note: for more information, see issue #79202 <https://github.com/rust-lang/rust/issues/79202>
[INFO] [stdout]   = note: `#[warn(legacy_derive_helpers)]` on by default
[INFO] [stdout] 
[INFO] [stdout] 
[INFO] [stdout] warning: derive helper attribute is used before it is introduced
[INFO] [stdout]  --> libsafely/src/config/linux/device.rs:3:3
[INFO] [stdout]   |
[INFO] [stdout] 3 | #[serde(rename_all = "camelCase")]
[INFO] [stdout]   |   ^^^^^
[INFO] [stdout] 4 | #[derive(Serialize, Deserialize, Debug, Default)]
[INFO] [stdout]   |          --------- the attribute is introduced here
[INFO] [stdout]   |
[INFO] [stdout]   = warning: this was previously accepted by the compiler but is being phased out; it will become a hard error in a future release!
[INFO] [stdout]   = note: for more information, see issue #79202 <https://github.com/rust-lang/rust/issues/79202>
[INFO] [stdout] 
[INFO] [stdout] 
[INFO] [stdout] warning: derive helper attribute is used before it is introduced
[INFO] [stdout]  --> libsafely/src/config/linux/intel_rdt.rs:3:3
[INFO] [stdout]   |
[INFO] [stdout] 3 | #[serde(rename_all = "camelCase")]
[INFO] [stdout]   |   ^^^^^
[INFO] [stdout] 4 | #[derive(Serialize, Deserialize, Debug, Default)]
[INFO] [stdout]   |          --------- the attribute is introduced here
[INFO] [stdout]   |
[INFO] [stdout]   = warning: this was previously accepted by the compiler but is being phased out; it will become a hard error in a future release!
[INFO] [stdout]   = note: for more information, see issue #79202 <https://github.com/rust-lang/rust/issues/79202>
[INFO] [stdout] 
[INFO] [stdout] 
[INFO] [stdout] warning: derive helper attribute is used before it is introduced
[INFO] [stdout]  --> libsafely/src/config/linux/resources/block_io.rs:4:3
[INFO] [stdout]   |
[INFO] [stdout] 4 | #[serde(rename_all = "camelCase")]
[INFO] [stdout]   |   ^^^^^
[INFO] [stdout] 5 | #[derive(Serialize, Deserialize, Debug, Default)]
[INFO] [stdout]   |          --------- the attribute is introduced here
[INFO] [stdout]   |
[INFO] [stdout]   = warning: this was previously accepted by the compiler but is being phased out; it will become a hard error in a future release!
[INFO] [stdout]   = note: for more information, see issue #79202 <https://github.com/rust-lang/rust/issues/79202>
[INFO] [stdout] 
[INFO] [stdout] 
[INFO] [stdout] warning: derive helper attribute is used before it is introduced
[INFO] [stdout]  --> libsafely/src/config/linux/resources/cpu.rs:3:3
[INFO] [stdout]   |
[INFO] [stdout] 3 | #[serde(rename_all = "camelCase")]
[INFO] [stdout]   |   ^^^^^
[INFO] [stdout] 4 | #[derive(Serialize, Deserialize, Debug, Default)]
[INFO] [stdout]   |          --------- the attribute is introduced here
[INFO] [stdout]   |
[INFO] [stdout]   = warning: this was previously accepted by the compiler but is being phased out; it will become a hard error in a future release!
[INFO] [stdout]   = note: for more information, see issue #79202 <https://github.com/rust-lang/rust/issues/79202>
[INFO] [stdout] 
[INFO] [stdout] 
[INFO] [stdout] warning: derive helper attribute is used before it is introduced
[INFO] [stdout]  --> libsafely/src/config/linux/resources/huge_page_limit.rs:3:3
[INFO] [stdout]   |
[INFO] [stdout] 3 | #[serde(rename_all = "camelCase")]
[INFO] [stdout]   |   ^^^^^
[INFO] [stdout] 4 | #[derive(Serialize, Deserialize, Debug)]
[INFO] [stdout]   |          --------- the attribute is introduced here
[INFO] [stdout]   |
[INFO] [stdout]   = warning: this was previously accepted by the compiler but is being phased out; it will become a hard error in a future release!
[INFO] [stdout]   = note: for more information, see issue #79202 <https://github.com/rust-lang/rust/issues/79202>
[INFO] [stdout] 
[INFO] [stdout] 
[INFO] [stdout] warning: derive helper attribute is used before it is introduced
[INFO] [stdout]  --> libsafely/src/config/linux/resources/memory.rs:3:3
[INFO] [stdout]   |
[INFO] [stdout] 3 | #[serde(rename_all = "camelCase")]
[INFO] [stdout]   |   ^^^^^
[INFO] [stdout] 4 | #[derive(Serialize, Deserialize, Debug, Default)]
[INFO] [stdout]   |          --------- the attribute is introduced here
[INFO] [stdout]   |
[INFO] [stdout]   = warning: this was previously accepted by the compiler but is being phased out; it will become a hard error in a future release!
[INFO] [stdout]   = note: for more information, see issue #79202 <https://github.com/rust-lang/rust/issues/79202>
[INFO] [stdout] 
[INFO] [stdout] 
[INFO] [stdout] warning: derive helper attribute is used before it is introduced
[INFO] [stdout]  --> libsafely/src/config/linux/resources/rdma.rs:3:3
[INFO] [stdout]   |
[INFO] [stdout] 3 | #[serde(rename_all = "camelCase")]
[INFO] [stdout]   |   ^^^^^
[INFO] [stdout] 4 | #[derive(Serialize, Deserialize, Debug, Default)]
[INFO] [stdout]   |          --------- the attribute is introduced here
[INFO] [stdout]   |
[INFO] [stdout]   = warning: this was previously accepted by the compiler but is being phased out; it will become a hard error in a future release!
[INFO] [stdout]   = note: for more information, see issue #79202 <https://github.com/rust-lang/rust/issues/79202>
[INFO] [stdout] 
[INFO] [stdout] 
[INFO] [stdout] warning: derive helper attribute is used before it is introduced
[INFO] [stdout]  --> libsafely/src/config/linux/resources/weight_device.rs:3:3
[INFO] [stdout]   |
[INFO] [stdout] 3 | #[serde(rename_all = "camelCase")]
[INFO] [stdout]   |   ^^^^^
[INFO] [stdout] 4 | #[derive(Serialize, Deserialize, Debug)]
[INFO] [stdout]   |          --------- the attribute is introduced here
[INFO] [stdout]   |
[INFO] [stdout]   = warning: this was previously accepted by the compiler but is being phased out; it will become a hard error in a future release!
[INFO] [stdout]   = note: for more information, see issue #79202 <https://github.com/rust-lang/rust/issues/79202>
[INFO] [stdout] 
[INFO] [stdout] 
[INFO] [stdout] warning: derive helper attribute is used before it is introduced
[INFO] [stdout]   --> libsafely/src/config/linux/resources/mod.rs:28:3
[INFO] [stdout]    |
[INFO] [stdout] 28 | #[serde(rename_all = "camelCase")]
[INFO] [stdout]    |   ^^^^^
[INFO] [stdout] 29 | #[derive(Serialize, Deserialize, Debug, Default)]
[INFO] [stdout]    |          --------- the attribute is introduced here
[INFO] [stdout]    |
[INFO] [stdout]    = warning: this was previously accepted by the compiler but is being phased out; it will become a hard error in a future release!
[INFO] [stdout]    = note: for more information, see issue #79202 <https://github.com/rust-lang/rust/issues/79202>
[INFO] [stdout] 
[INFO] [stdout] 
[INFO] [stdout] warning: derive helper attribute is used before it is introduced
[INFO] [stdout]  --> libsafely/src/config/linux/seccomp.rs:4:3
[INFO] [stdout]   |
[INFO] [stdout] 4 | #[serde(rename_all = "camelCase")]
[INFO] [stdout]   |   ^^^^^
[INFO] [stdout] 5 | #[derive(Serialize, Deserialize, Debug)]
[INFO] [stdout]   |          --------- the attribute is introduced here
[INFO] [stdout]   |
[INFO] [stdout]   = warning: this was previously accepted by the compiler but is being phased out; it will become a hard error in a future release!
[INFO] [stdout]   = note: for more information, see issue #79202 <https://github.com/rust-lang/rust/issues/79202>
[INFO] [stdout] 
[INFO] [stdout] 
[INFO] [stdout] warning: derive helper attribute is used before it is introduced
[INFO] [stdout]  --> libsafely/src/config/linux/syscall.rs:4:3
[INFO] [stdout]   |
[INFO] [stdout] 4 | #[serde(rename_all = "camelCase")]
[INFO] [stdout]   |   ^^^^^
[INFO] [stdout] 5 | #[derive(Serialize, Deserialize, Debug)]
[INFO] [stdout]   |          --------- the attribute is introduced here
[INFO] [stdout]   |
[INFO] [stdout]   = warning: this was previously accepted by the compiler but is being phased out; it will become a hard error in a future release!
[INFO] [stdout]   = note: for more information, see issue #79202 <https://github.com/rust-lang/rust/issues/79202>
[INFO] [stdout] 
[INFO] [stdout] 
[INFO] [stdout] warning: derive helper attribute is used before it is introduced
[INFO] [stdout]  --> libsafely/src/config/linux/syscall_arg.rs:3:3
[INFO] [stdout]   |
[INFO] [stdout] 3 | #[serde(rename_all = "camelCase")]
[INFO] [stdout]   |   ^^^^^
[INFO] [stdout] 4 | #[derive(Serialize, Deserialize, Debug)]
[INFO] [stdout]   |          --------- the attribute is introduced here
[INFO] [stdout]   |
[INFO] [stdout]   = warning: this was previously accepted by the compiler but is being phased out; it will become a hard error in a future release!
[INFO] [stdout]   = note: for more information, see issue #79202 <https://github.com/rust-lang/rust/issues/79202>
[INFO] [stdout] 
[INFO] [stdout] 
[INFO] [stdout] warning: derive helper attribute is used before it is introduced
[INFO] [stdout]   --> libsafely/src/config/linux/mod.rs:23:3
[INFO] [stdout]    |
[INFO] [stdout] 23 | #[serde(rename_all = "camelCase")]
[INFO] [stdout]    |   ^^^^^
[INFO] [stdout] 24 | #[derive(Serialize, Deserialize, Debug, Default)]
[INFO] [stdout]    |          --------- the attribute is introduced here
[INFO] [stdout]    |
[INFO] [stdout]    = warning: this was previously accepted by the compiler but is being phased out; it will become a hard error in a future release!
[INFO] [stdout]    = note: for more information, see issue #79202 <https://github.com/rust-lang/rust/issues/79202>
[INFO] [stdout] 
[INFO] [stdout] 
[INFO] [stdout] warning: derive helper attribute is used before it is introduced
[INFO] [stdout]  --> libsafely/src/config/process.rs:4:3
[INFO] [stdout]   |
[INFO] [stdout] 4 | #[serde(rename_all = "camelCase")]
[INFO] [stdout]   |   ^^^^^
[INFO] [stdout] 5 | #[derive(Serialize, Deserialize, Debug)]
[INFO] [stdout]   |          --------- the attribute is introduced here
[INFO] [stdout]   |
[INFO] [stdout]   = warning: this was previously accepted by the compiler but is being phased out; it will become a hard error in a future release!
[INFO] [stdout]   = note: for more information, see issue #79202 <https://github.com/rust-lang/rust/issues/79202>
[INFO] [stdout] 
[INFO] [stdout] 
[INFO] [stdout] warning: derive helper attribute is used before it is introduced
[INFO] [stdout]  --> libsafely/src/config/root.rs:3:3
[INFO] [stdout]   |
[INFO] [stdout] 3 | #[serde(rename_all = "camelCase")]
[INFO] [stdout]   |   ^^^^^
[INFO] [stdout] 4 | #[derive(Serialize, Deserialize, Debug)]
[INFO] [stdout]   |          --------- the attribute is introduced here
[INFO] [stdout]   |
[INFO] [stdout]   = warning: this was previously accepted by the compiler but is being phased out; it will become a hard error in a future release!
[INFO] [stdout]   = note: for more information, see issue #79202 <https://github.com/rust-lang/rust/issues/79202>
[INFO] [stdout] 
[INFO] [stdout] 
[INFO] [stdout] warning: derive helper attribute is used before it is introduced
[INFO] [stdout]  --> libsafely/src/config/solaris/anet.rs:3:3
[INFO] [stdout]   |
[INFO] [stdout] 3 | #[serde(rename_all = "camelCase")]
[INFO] [stdout]   |   ^^^^^
[INFO] [stdout] 4 | #[derive(Serialize, Deserialize, Debug, Default)]
[INFO] [stdout]   |          --------- the attribute is introduced here
[INFO] [stdout]   |
[INFO] [stdout]   = warning: this was previously accepted by the compiler but is being phased out; it will become a hard error in a future release!
[INFO] [stdout]   = note: for more information, see issue #79202 <https://github.com/rust-lang/rust/issues/79202>
[INFO] [stdout] 
[INFO] [stdout] 
[INFO] [stdout] warning: derive helper attribute is used before it is introduced
[INFO] [stdout]   --> libsafely/src/config/solaris/mod.rs:10:3
[INFO] [stdout]    |
[INFO] [stdout] 10 | #[serde(rename_all = "camelCase")]
[INFO] [stdout]    |   ^^^^^
[INFO] [stdout] 11 | #[derive(Serialize, Deserialize, Debug, Default)]
[INFO] [stdout]    |          --------- the attribute is introduced here
[INFO] [stdout]    |
[INFO] [stdout]    = warning: this was previously accepted by the compiler but is being phased out; it will become a hard error in a future release!
[INFO] [stdout]    = note: for more information, see issue #79202 <https://github.com/rust-lang/rust/issues/79202>
[INFO] [stdout] 
[INFO] [stdout] 
[INFO] [stdout] warning: derive helper attribute is used before it is introduced
[INFO] [stdout]  --> libsafely/src/config/user.rs:3:3
[INFO] [stdout]   |
[INFO] [stdout] 3 | #[serde(untagged)]
[INFO] [stdout]   |   ^^^^^
[INFO] [stdout] 4 | #[derive(Serialize, Deserialize, Debug)]
[INFO] [stdout]   |          --------- the attribute is introduced here
[INFO] [stdout]   |
[INFO] [stdout]   = warning: this was previously accepted by the compiler but is being phased out; it will become a hard error in a future release!
[INFO] [stdout]   = note: for more information, see issue #79202 <https://github.com/rust-lang/rust/issues/79202>
[INFO] [stdout] 
[INFO] [stdout] 
[INFO] [stdout] warning: derive helper attribute is used before it is introduced
[INFO] [stdout]  --> libsafely/src/config/windows/device.rs:3:3
[INFO] [stdout]   |
[INFO] [stdout] 3 | #[serde(rename_all = "camelCase")]
[INFO] [stdout]   |   ^^^^^
[INFO] [stdout] 4 | #[derive(Serialize, Deserialize, Debug)]
[INFO] [stdout]   |          --------- the attribute is introduced here
[INFO] [stdout]   |
[INFO] [stdout]   = warning: this was previously accepted by the compiler but is being phased out; it will become a hard error in a future release!
[INFO] [stdout]   = note: for more information, see issue #79202 <https://github.com/rust-lang/rust/issues/79202>
[INFO] [stdout] 
[INFO] [stdout] 
[INFO] [stdout] warning: derive helper attribute is used before it is introduced
[INFO] [stdout]  --> libsafely/src/config/windows/network.rs:3:3
[INFO] [stdout]   |
[INFO] [stdout] 3 | #[serde(rename_all = "camelCase")]
[INFO] [stdout]   |   ^^^^^
[INFO] [stdout] 4 | #[derive(Serialize, Deserialize, Debug, Default)]
[INFO] [stdout]   |          --------- the attribute is introduced here
[INFO] [stdout]   |
[INFO] [stdout]   = warning: this was previously accepted by the compiler but is being phased out; it will become a hard error in a future release!
[INFO] [stdout]   = note: for more information, see issue #79202 <https://github.com/rust-lang/rust/issues/79202>
[INFO] [stdout] 
[INFO] [stdout] 
[INFO] [stdout] warning: derive helper attribute is used before it is introduced
[INFO] [stdout]  --> libsafely/src/config/windows/resources/storage.rs:3:3
[INFO] [stdout]   |
[INFO] [stdout] 3 | #[serde(rename_all = "camelCase")]
[INFO] [stdout]   |   ^^^^^
[INFO] [stdout] 4 | #[derive(Serialize, Deserialize, Debug, Default)]
[INFO] [stdout]   |          --------- the attribute is introduced here
[INFO] [stdout]   |
[INFO] [stdout]   = warning: this was previously accepted by the compiler but is being phased out; it will become a hard error in a future release!
[INFO] [stdout]   = note: for more information, see issue #79202 <https://github.com/rust-lang/rust/issues/79202>
[INFO] [stdout] 
[INFO] [stdout] 
[INFO] [stdout] warning: derive helper attribute is used before it is introduced
[INFO] [stdout]   --> libsafely/src/config/windows/mod.rs:12:3
[INFO] [stdout]    |
[INFO] [stdout] 12 | #[serde(rename_all = "camelCase")]
[INFO] [stdout]    |   ^^^^^
[INFO] [stdout] 13 | #[derive(Serialize, Deserialize, Debug, Default)]
[INFO] [stdout]    |          --------- the attribute is introduced here
[INFO] [stdout]    |
[INFO] [stdout]    = warning: this was previously accepted by the compiler but is being phased out; it will become a hard error in a future release!
[INFO] [stdout]    = note: for more information, see issue #79202 <https://github.com/rust-lang/rust/issues/79202>
[INFO] [stdout] 
[INFO] [stdout] 
[INFO] [stdout] warning: derive helper attribute is used before it is introduced
[INFO] [stdout]   --> libsafely/src/config/mod.rs:27:3
[INFO] [stdout]    |
[INFO] [stdout] 27 | #[serde(rename_all = "camelCase")]
[INFO] [stdout]    |   ^^^^^
[INFO] [stdout] 28 | #[derive(Serialize, Deserialize, Debug)]
[INFO] [stdout]    |          --------- the attribute is introduced here
[INFO] [stdout]    |
[INFO] [stdout]    = warning: this was previously accepted by the compiler but is being phased out; it will become a hard error in a future release!
[INFO] [stdout]    = note: for more information, see issue #79202 <https://github.com/rust-lang/rust/issues/79202>
[INFO] [stdout] 
[INFO] [stdout] 
[INFO] [stderr]    Compiling libsafely v0.1.0 (/opt/rustwide/workdir/libsafely)
[INFO] [stderr]    Compiling lock_api v0.4.3
[INFO] [stderr]    Compiling parking_lot_core v0.8.3
[INFO] [stderr]    Compiling parking_lot v0.11.1
[INFO] [stderr]    Compiling rand_core v0.6.2
[INFO] [stderr]    Compiling rand_chacha v0.3.0
[INFO] [stderr]    Compiling serial_test v0.5.1
[INFO] [stdout] warning: derive helper attribute is used before it is introduced
[INFO] [stdout]  --> libsafely/src/config/hooks.rs:4:3
[INFO] [stdout]   |
[INFO] [stdout] 4 | #[serde(rename_all = "camelCase")]
[INFO] [stdout]   |   ^^^^^
[INFO] [stdout] 5 | #[derive(Serialize, Deserialize, Debug, Default)]
[INFO] [stdout]   |          --------- the attribute is introduced here
[INFO] [stdout]   |
[INFO] [stdout]   = warning: this was previously accepted by the compiler but is being phased out; it will become a hard error in a future release!
[INFO] [stdout]   = note: for more information, see issue #79202 <https://github.com/rust-lang/rust/issues/79202>
[INFO] [stdout]   = note: `#[warn(legacy_derive_helpers)]` on by default
[INFO] [stdout] 
[INFO] [stdout] 
[INFO] [stdout] warning: derive helper attribute is used before it is introduced
[INFO] [stdout]  --> libsafely/src/config/linux/device.rs:3:3
[INFO] [stdout]   |
[INFO] [stdout] 3 | #[serde(rename_all = "camelCase")]
[INFO] [stdout]   |   ^^^^^
[INFO] [stdout] 4 | #[derive(Serialize, Deserialize, Debug, Default)]
[INFO] [stdout]   |          --------- the attribute is introduced here
[INFO] [stdout]   |
[INFO] [stdout]   = warning: this was previously accepted by the compiler but is being phased out; it will become a hard error in a future release!
[INFO] [stdout]   = note: for more information, see issue #79202 <https://github.com/rust-lang/rust/issues/79202>
[INFO] [stdout] 
[INFO] [stdout] 
[INFO] [stdout] warning: derive helper attribute is used before it is introduced
[INFO] [stdout]  --> libsafely/src/config/linux/intel_rdt.rs:3:3
[INFO] [stdout]   |
[INFO] [stdout] 3 | #[serde(rename_all = "camelCase")]
[INFO] [stdout]   |   ^^^^^
[INFO] [stdout] 4 | #[derive(Serialize, Deserialize, Debug, Default)]
[INFO] [stdout]   |          --------- the attribute is introduced here
[INFO] [stdout]   |
[INFO] [stdout]   = warning: this was previously accepted by the compiler but is being phased out; it will become a hard error in a future release!
[INFO] [stdout]   = note: for more information, see issue #79202 <https://github.com/rust-lang/rust/issues/79202>
[INFO] [stdout] 
[INFO] [stdout] 
[INFO] [stdout] warning: derive helper attribute is used before it is introduced
[INFO] [stdout]  --> libsafely/src/config/linux/resources/block_io.rs:4:3
[INFO] [stdout]   |
[INFO] [stdout] 4 | #[serde(rename_all = "camelCase")]
[INFO] [stdout]   |   ^^^^^
[INFO] [stdout] 5 | #[derive(Serialize, Deserialize, Debug, Default)]
[INFO] [stdout]   |          --------- the attribute is introduced here
[INFO] [stdout]   |
[INFO] [stdout]   = warning: this was previously accepted by the compiler but is being phased out; it will become a hard error in a future release!
[INFO] [stdout]   = note: for more information, see issue #79202 <https://github.com/rust-lang/rust/issues/79202>
[INFO] [stdout] 
[INFO] [stdout] 
[INFO] [stdout] warning: derive helper attribute is used before it is introduced
[INFO] [stdout]  --> libsafely/src/config/linux/resources/cpu.rs:3:3
[INFO] [stdout]   |
[INFO] [stdout] 3 | #[serde(rename_all = "camelCase")]
[INFO] [stdout]   |   ^^^^^
[INFO] [stdout] 4 | #[derive(Serialize, Deserialize, Debug, Default)]
[INFO] [stdout]   |          --------- the attribute is introduced here
[INFO] [stdout]   |
[INFO] [stdout]   = warning: this was previously accepted by the compiler but is being phased out; it will become a hard error in a future release!
[INFO] [stdout]   = note: for more information, see issue #79202 <https://github.com/rust-lang/rust/issues/79202>
[INFO] [stdout] 
[INFO] [stdout] 
[INFO] [stdout] warning: derive helper attribute is used before it is introduced
[INFO] [stdout]  --> libsafely/src/config/linux/resources/huge_page_limit.rs:3:3
[INFO] [stdout]   |
[INFO] [stdout] 3 | #[serde(rename_all = "camelCase")]
[INFO] [stdout]   |   ^^^^^
[INFO] [stdout] 4 | #[derive(Serialize, Deserialize, Debug)]
[INFO] [stdout]   |          --------- the attribute is introduced here
[INFO] [stdout]   |
[INFO] [stdout]   = warning: this was previously accepted by the compiler but is being phased out; it will become a hard error in a future release!
[INFO] [stdout]   = note: for more information, see issue #79202 <https://github.com/rust-lang/rust/issues/79202>
[INFO] [stdout] 
[INFO] [stdout] 
[INFO] [stdout] warning: derive helper attribute is used before it is introduced
[INFO] [stdout]  --> libsafely/src/config/linux/resources/memory.rs:3:3
[INFO] [stdout]   |
[INFO] [stdout] 3 | #[serde(rename_all = "camelCase")]
[INFO] [stdout]   |   ^^^^^
[INFO] [stdout] 4 | #[derive(Serialize, Deserialize, Debug, Default)]
[INFO] [stdout]   |          --------- the attribute is introduced here
[INFO] [stdout]   |
[INFO] [stdout]   = warning: this was previously accepted by the compiler but is being phased out; it will become a hard error in a future release!
[INFO] [stdout]   = note: for more information, see issue #79202 <https://github.com/rust-lang/rust/issues/79202>
[INFO] [stdout] 
[INFO] [stdout] 
[INFO] [stdout] warning: derive helper attribute is used before it is introduced
[INFO] [stdout]  --> libsafely/src/config/linux/resources/rdma.rs:3:3
[INFO] [stdout]   |
[INFO] [stdout] 3 | #[serde(rename_all = "camelCase")]
[INFO] [stdout]   |   ^^^^^
[INFO] [stdout] 4 | #[derive(Serialize, Deserialize, Debug, Default)]
[INFO] [stdout]   |          --------- the attribute is introduced here
[INFO] [stdout]   |
[INFO] [stdout]   = warning: this was previously accepted by the compiler but is being phased out; it will become a hard error in a future release!
[INFO] [stdout]   = note: for more information, see issue #79202 <https://github.com/rust-lang/rust/issues/79202>
[INFO] [stdout] 
[INFO] [stdout] 
[INFO] [stdout] warning: derive helper attribute is used before it is introduced
[INFO] [stdout]  --> libsafely/src/config/linux/resources/weight_device.rs:3:3
[INFO] [stdout]   |
[INFO] [stdout] 3 | #[serde(rename_all = "camelCase")]
[INFO] [stdout]   |   ^^^^^
[INFO] [stdout] 4 | #[derive(Serialize, Deserialize, Debug)]
[INFO] [stdout]   |          --------- the attribute is introduced here
[INFO] [stdout]   |
[INFO] [stdout]   = warning: this was previously accepted by the compiler but is being phased out; it will become a hard error in a future release!
[INFO] [stdout]   = note: for more information, see issue #79202 <https://github.com/rust-lang/rust/issues/79202>
[INFO] [stdout] 
[INFO] [stdout] 
[INFO] [stdout] warning: derive helper attribute is used before it is introduced
[INFO] [stdout]   --> libsafely/src/config/linux/resources/mod.rs:28:3
[INFO] [stdout]    |
[INFO] [stdout] 28 | #[serde(rename_all = "camelCase")]
[INFO] [stdout]    |   ^^^^^
[INFO] [stdout] 29 | #[derive(Serialize, Deserialize, Debug, Default)]
[INFO] [stdout]    |          --------- the attribute is introduced here
[INFO] [stdout]    |
[INFO] [stdout]    = warning: this was previously accepted by the compiler but is being phased out; it will become a hard error in a future release!
[INFO] [stdout]    = note: for more information, see issue #79202 <https://github.com/rust-lang/rust/issues/79202>
[INFO] [stdout] 
[INFO] [stdout] 
[INFO] [stdout] warning: derive helper attribute is used before it is introduced
[INFO] [stdout]  --> libsafely/src/config/linux/seccomp.rs:4:3
[INFO] [stdout]   |
[INFO] [stdout] 4 | #[serde(rename_all = "camelCase")]
[INFO] [stdout]   |   ^^^^^
[INFO] [stdout] 5 | #[derive(Serialize, Deserialize, Debug)]
[INFO] [stdout]   |          --------- the attribute is introduced here
[INFO] [stdout]   |
[INFO] [stdout]   = warning: this was previously accepted by the compiler but is being phased out; it will become a hard error in a future release!
[INFO] [stdout]   = note: for more information, see issue #79202 <https://github.com/rust-lang/rust/issues/79202>
[INFO] [stdout] 
[INFO] [stdout] 
[INFO] [stdout] warning: derive helper attribute is used before it is introduced
[INFO] [stdout]  --> libsafely/src/config/linux/syscall.rs:4:3
[INFO] [stdout]   |
[INFO] [stdout] 4 | #[serde(rename_all = "camelCase")]
[INFO] [stdout]   |   ^^^^^
[INFO] [stdout] 5 | #[derive(Serialize, Deserialize, Debug)]
[INFO] [stdout]   |          --------- the attribute is introduced here
[INFO] [stdout]   |
[INFO] [stdout]   = warning: this was previously accepted by the compiler but is being phased out; it will become a hard error in a future release!
[INFO] [stdout]   = note: for more information, see issue #79202 <https://github.com/rust-lang/rust/issues/79202>
[INFO] [stdout] 
[INFO] [stdout] 
[INFO] [stdout] warning: derive helper attribute is used before it is introduced
[INFO] [stdout]  --> libsafely/src/config/linux/syscall_arg.rs:3:3
[INFO] [stdout]   |
[INFO] [stdout] 3 | #[serde(rename_all = "camelCase")]
[INFO] [stdout]   |   ^^^^^
[INFO] [stdout] 4 | #[derive(Serialize, Deserialize, Debug)]
[INFO] [stdout]   |          --------- the attribute is introduced here
[INFO] [stdout]   |
[INFO] [stdout]   = warning: this was previously accepted by the compiler but is being phased out; it will become a hard error in a future release!
[INFO] [stdout]   = note: for more information, see issue #79202 <https://github.com/rust-lang/rust/issues/79202>
[INFO] [stdout] 
[INFO] [stdout] 
[INFO] [stdout] warning: derive helper attribute is used before it is introduced
[INFO] [stdout]   --> libsafely/src/config/linux/mod.rs:23:3
[INFO] [stdout]    |
[INFO] [stdout] 23 | #[serde(rename_all = "camelCase")]
[INFO] [stdout]    |   ^^^^^
[INFO] [stdout] 24 | #[derive(Serialize, Deserialize, Debug, Default)]
[INFO] [stdout]    |          --------- the attribute is introduced here
[INFO] [stdout]    |
[INFO] [stdout]    = warning: this was previously accepted by the compiler but is being phased out; it will become a hard error in a future release!
[INFO] [stdout]    = note: for more information, see issue #79202 <https://github.com/rust-lang/rust/issues/79202>
[INFO] [stdout] 
[INFO] [stdout] 
[INFO] [stdout] warning: derive helper attribute is used before it is introduced
[INFO] [stdout]  --> libsafely/src/config/process.rs:4:3
[INFO] [stdout]   |
[INFO] [stdout] 4 | #[serde(rename_all = "camelCase")]
[INFO] [stdout]   |   ^^^^^
[INFO] [stdout] 5 | #[derive(Serialize, Deserialize, Debug)]
[INFO] [stdout]   |          --------- the attribute is introduced here
[INFO] [stdout]   |
[INFO] [stdout]   = warning: this was previously accepted by the compiler but is being phased out; it will become a hard error in a future release!
[INFO] [stdout]   = note: for more information, see issue #79202 <https://github.com/rust-lang/rust/issues/79202>
[INFO] [stdout] 
[INFO] [stdout] 
[INFO] [stdout] warning: derive helper attribute is used before it is introduced
[INFO] [stdout]  --> libsafely/src/config/root.rs:3:3
[INFO] [stdout]   |
[INFO] [stdout] 3 | #[serde(rename_all = "camelCase")]
[INFO] [stdout]   |   ^^^^^
[INFO] [stdout] 4 | #[derive(Serialize, Deserialize, Debug)]
[INFO] [stdout]   |          --------- the attribute is introduced here
[INFO] [stdout]   |
[INFO] [stdout]   = warning: this was previously accepted by the compiler but is being phased out; it will become a hard error in a future release!
[INFO] [stdout]   = note: for more information, see issue #79202 <https://github.com/rust-lang/rust/issues/79202>
[INFO] [stdout] 
[INFO] [stdout] 
[INFO] [stdout] warning: derive helper attribute is used before it is introduced
[INFO] [stdout]  --> libsafely/src/config/solaris/anet.rs:3:3
[INFO] [stdout]   |
[INFO] [stdout] 3 | #[serde(rename_all = "camelCase")]
[INFO] [stdout]   |   ^^^^^
[INFO] [stdout] 4 | #[derive(Serialize, Deserialize, Debug, Default)]
[INFO] [stdout]   |          --------- the attribute is introduced here
[INFO] [stdout]   |
[INFO] [stdout]   = warning: this was previously accepted by the compiler but is being phased out; it will become a hard error in a future release!
[INFO] [stdout]   = note: for more information, see issue #79202 <https://github.com/rust-lang/rust/issues/79202>
[INFO] [stdout] 
[INFO] [stdout] 
[INFO] [stdout] warning: derive helper attribute is used before it is introduced
[INFO] [stdout]   --> libsafely/src/config/solaris/mod.rs:10:3
[INFO] [stdout]    |
[INFO] [stdout] 10 | #[serde(rename_all = "camelCase")]
[INFO] [stdout]    |   ^^^^^
[INFO] [stdout] 11 | #[derive(Serialize, Deserialize, Debug, Default)]
[INFO] [stdout]    |          --------- the attribute is introduced here
[INFO] [stdout]    |
[INFO] [stdout]    = warning: this was previously accepted by the compiler but is being phased out; it will become a hard error in a future release!
[INFO] [stdout]    = note: for more information, see issue #79202 <https://github.com/rust-lang/rust/issues/79202>
[INFO] [stdout] 
[INFO] [stdout] 
[INFO] [stdout] warning: derive helper attribute is used before it is introduced
[INFO] [stdout]  --> libsafely/src/config/user.rs:3:3
[INFO] [stdout]   |
[INFO] [stdout] 3 | #[serde(untagged)]
[INFO] [stdout]   |   ^^^^^
[INFO] [stdout] 4 | #[derive(Serialize, Deserialize, Debug)]
[INFO] [stdout]   |          --------- the attribute is introduced here
[INFO] [stdout]   |
[INFO] [stdout]   = warning: this was previously accepted by the compiler but is being phased out; it will become a hard error in a future release!
[INFO] [stdout]   = note: for more information, see issue #79202 <https://github.com/rust-lang/rust/issues/79202>
[INFO] [stdout] 
[INFO] [stdout] 
[INFO] [stdout] warning: derive helper attribute is used before it is introduced
[INFO] [stdout]  --> libsafely/src/config/windows/device.rs:3:3
[INFO] [stdout]   |
[INFO] [stdout] 3 | #[serde(rename_all = "camelCase")]
[INFO] [stdout]   |   ^^^^^
[INFO] [stdout] 4 | #[derive(Serialize, Deserialize, Debug)]
[INFO] [stdout]   |          --------- the attribute is introduced here
[INFO] [stdout]   |
[INFO] [stdout]   = warning: this was previously accepted by the compiler but is being phased out; it will become a hard error in a future release!
[INFO] [stdout]   = note: for more information, see issue #79202 <https://github.com/rust-lang/rust/issues/79202>
[INFO] [stdout] 
[INFO] [stdout] 
[INFO] [stdout] warning: derive helper attribute is used before it is introduced
[INFO] [stdout]  --> libsafely/src/config/windows/network.rs:3:3
[INFO] [stdout]   |
[INFO] [stdout] 3 | #[serde(rename_all = "camelCase")]
[INFO] [stdout]   |   ^^^^^
[INFO] [stdout] 4 | #[derive(Serialize, Deserialize, Debug, Default)]
[INFO] [stdout]   |          --------- the attribute is introduced here
[INFO] [stdout]   |
[INFO] [stdout]   = warning: this was previously accepted by the compiler but is being phased out; it will become a hard error in a future release!
[INFO] [stdout]   = note: for more information, see issue #79202 <https://github.com/rust-lang/rust/issues/79202>
[INFO] [stdout] 
[INFO] [stdout] 
[INFO] [stdout] warning: derive helper attribute is used before it is introduced
[INFO] [stdout]  --> libsafely/src/config/windows/resources/storage.rs:3:3
[INFO] [stdout]   |
[INFO] [stdout] 3 | #[serde(rename_all = "camelCase")]
[INFO] [stdout]   |   ^^^^^
[INFO] [stdout] 4 | #[derive(Serialize, Deserialize, Debug, Default)]
[INFO] [stdout]   |          --------- the attribute is introduced here
[INFO] [stdout]   |
[INFO] [stdout]   = warning: this was previously accepted by the compiler but is being phased out; it will become a hard error in a future release!
[INFO] [stdout]   = note: for more information, see issue #79202 <https://github.com/rust-lang/rust/issues/79202>
[INFO] [stdout] 
[INFO] [stdout] 
[INFO] [stdout] warning: derive helper attribute is used before it is introduced
[INFO] [stdout]   --> libsafely/src/config/windows/mod.rs:12:3
[INFO] [stdout]    |
[INFO] [stdout] 12 | #[serde(rename_all = "camelCase")]
[INFO] [stdout]    |   ^^^^^
[INFO] [stdout] 13 | #[derive(Serialize, Deserialize, Debug, Default)]
[INFO] [stdout]    |          --------- the attribute is introduced here
[INFO] [stdout]    |
[INFO] [stdout]    = warning: this was previously accepted by the compiler but is being phased out; it will become a hard error in a future release!
[INFO] [stdout]    = note: for more information, see issue #79202 <https://github.com/rust-lang/rust/issues/79202>
[INFO] [stdout] 
[INFO] [stdout] 
[INFO] [stdout] warning: derive helper attribute is used before it is introduced
[INFO] [stdout]   --> libsafely/src/config/mod.rs:27:3
[INFO] [stdout]    |
[INFO] [stdout] 27 | #[serde(rename_all = "camelCase")]
[INFO] [stdout]    |   ^^^^^
[INFO] [stdout] 28 | #[derive(Serialize, Deserialize, Debug)]
[INFO] [stdout]    |          --------- the attribute is introduced here
[INFO] [stdout]    |
[INFO] [stdout]    = warning: this was previously accepted by the compiler but is being phased out; it will become a hard error in a future release!
[INFO] [stdout]    = note: for more information, see issue #79202 <https://github.com/rust-lang/rust/issues/79202>
[INFO] [stdout] 
[INFO] [stdout] 
[INFO] [stderr]    Compiling rand v0.8.3
[INFO] [stderr]    Compiling tempfile v3.2.0
[INFO] [stderr]    Compiling safely v0.1.0 (/opt/rustwide/workdir/safely)
[INFO] [stdout] warning: fields `id` and `bundle_path` are never read
[INFO] [stdout]   --> safely/src/main.rs:22:9
[INFO] [stdout]    |
[INFO] [stdout] 20 |     Create {
[INFO] [stdout]    |     ------ fields in this variant
[INFO] [stdout] 21 |         #[structopt(name = "container-id")]
[INFO] [stdout] 22 |         id: String,
[INFO] [stdout]    |         ^^
[INFO] [stdout] ...
[INFO] [stdout] 25 |         bundle_path: PathBuf,
[INFO] [stdout]    |         ^^^^^^^^^^^
[INFO] [stdout]    |
[INFO] [stdout]    = note: `Subcommand` has a derived impl for the trait `Debug`, but this is intentionally ignored during dead code analysis
[INFO] [stdout]    = note: `#[warn(dead_code)]` on by default
[INFO] [stdout] 
[INFO] [stdout] 
[INFO] [stdout] warning: field `id` is never read
[INFO] [stdout]   --> safely/src/main.rs:31:9
[INFO] [stdout]    |
[INFO] [stdout] 29 |     State {
[INFO] [stdout]    |     ----- field in this variant
[INFO] [stdout] 30 |         #[structopt(name = "container-id")]
[INFO] [stdout] 31 |         id: String,
[INFO] [stdout]    |         ^^
[INFO] [stdout]    |
[INFO] [stdout]    = note: `Subcommand` has a derived impl for the trait `Debug`, but this is intentionally ignored during dead code analysis
[INFO] [stdout] 
[INFO] [stdout] 
[INFO] [stdout] warning: field `id` is never read
[INFO] [stdout]   --> safely/src/main.rs:37:9
[INFO] [stdout]    |
[INFO] [stdout] 35 |     Start {
[INFO] [stdout]    |     ----- field in this variant
[INFO] [stdout] 36 |         #[structopt(name = "container-id")]
[INFO] [stdout] 37 |         id: String,
[INFO] [stdout]    |         ^^
[INFO] [stdout]    |
[INFO] [stdout]    = note: `Subcommand` has a derived impl for the trait `Debug`, but this is intentionally ignored during dead code analysis
[INFO] [stdout] 
[INFO] [stdout] 
[INFO] [stdout] warning: fields `id` and `signal` are never read
[INFO] [stdout]   --> safely/src/main.rs:43:9
[INFO] [stdout]    |
[INFO] [stdout] 41 |     Kill {
[INFO] [stdout]    |     ---- fields in this variant
[INFO] [stdout] 42 |         #[structopt(name = "container-id")]
[INFO] [stdout] 43 |         id: String,
[INFO] [stdout]    |         ^^
[INFO] [stdout] ...
[INFO] [stdout] 46 |         signal: String,
[INFO] [stdout]    |         ^^^^^^
[INFO] [stdout]    |
[INFO] [stdout]    = note: `Subcommand` has a derived impl for the trait `Debug`, but this is intentionally ignored during dead code analysis
[INFO] [stdout] 
[INFO] [stdout] 
[INFO] [stdout] warning: field `id` is never read
[INFO] [stdout]   --> safely/src/main.rs:52:9
[INFO] [stdout]    |
[INFO] [stdout] 50 |     Delete {
[INFO] [stdout]    |     ------ field in this variant
[INFO] [stdout] 51 |         #[structopt(name = "container-id")]
[INFO] [stdout] 52 |         id: String,
[INFO] [stdout]    |         ^^
[INFO] [stdout]    |
[INFO] [stdout]    = note: `Subcommand` has a derived impl for the trait `Debug`, but this is intentionally ignored during dead code analysis
[INFO] [stdout] 
[INFO] [stdout] 
[INFO] [stderr]     Finished `test` profile [unoptimized + debuginfo] target(s) in 6.12s
[INFO] running `Command { std: "docker" "inspect" "8229dd5197260746ab66b2c6aed25a1f3040b6519f5d1174a3a51a2253455718", kill_on_drop: false }`
[INFO] running `Command { std: "docker" "rm" "-f" "8229dd5197260746ab66b2c6aed25a1f3040b6519f5d1174a3a51a2253455718", kill_on_drop: false }`
[INFO] [stdout] 8229dd5197260746ab66b2c6aed25a1f3040b6519f5d1174a3a51a2253455718
[INFO] running `Command { std: "docker" "create" "-v" "/var/lib/crater-agent-workspace/builds/worker-2-tc1/target:/opt/rustwide/target:rw,Z" "-v" "/var/lib/crater-agent-workspace/builds/worker-2-tc1/source:/opt/rustwide/workdir:ro,Z" "-v" "/var/lib/crater-agent-workspace/cargo-home:/opt/rustwide/cargo-home:ro,Z" "-v" "/var/lib/crater-agent-workspace/rustup-home:/opt/rustwide/rustup-home:ro,Z" "-e" "SOURCE_DIR=/opt/rustwide/workdir" "-e" "CARGO_TARGET_DIR=/opt/rustwide/target" "-e" "CARGO_INCREMENTAL=0" "-e" "RUST_BACKTRACE=full" "-e" "RUSTFLAGS=--cap-lints=warn" "-e" "RUSTDOCFLAGS=--cap-lints=warn" "-e" "CARGO_HOME=/opt/rustwide/cargo-home" "-e" "RUSTUP_HOME=/opt/rustwide/rustup-home" "-w" "/opt/rustwide/workdir" "-m" "1610612736" "--user" "0:0" "--network" "none" "ghcr.io/rust-lang/crates-build-env/linux@sha256:f3a9d4ad9d972b27faf3965f35b62e55ba32bbce8f20bc8fe909558a86702fde" "/opt/rustwide/cargo-home/bin/cargo" "+1.83.0" "test" "--frozen", kill_on_drop: false }`
[INFO] [stdout] 213450ecfccea72e08cf7c44152622ff1b46b765b242eafac1585f2d8cdf042d
[INFO] running `Command { std: "docker" "start" "-a" "213450ecfccea72e08cf7c44152622ff1b46b765b242eafac1585f2d8cdf042d", kill_on_drop: false }`
[INFO] [stderr] warning: derive helper attribute is used before it is introduced
[INFO] [stderr]  --> libsafely/src/config/hooks.rs:4:3
[INFO] [stderr]   |
[INFO] [stderr] 4 | #[serde(rename_all = "camelCase")]
[INFO] [stderr]   |   ^^^^^
[INFO] [stderr] 5 | #[derive(Serialize, Deserialize, Debug, Default)]
[INFO] [stderr]   |          --------- the attribute is introduced here
[INFO] [stderr]   |
[INFO] [stderr]   = warning: this was previously accepted by the compiler but is being phased out; it will become a hard error in a future release!
[INFO] [stderr]   = note: for more information, see issue #79202 <https://github.com/rust-lang/rust/issues/79202>
[INFO] [stderr]   = note: `#[warn(legacy_derive_helpers)]` on by default
[INFO] [stderr] 
[INFO] [stderr] warning: derive helper attribute is used before it is introduced
[INFO] [stderr]  --> libsafely/src/config/linux/device.rs:3:3
[INFO] [stderr]   |
[INFO] [stderr] 3 | #[serde(rename_all = "camelCase")]
[INFO] [stderr]   |   ^^^^^
[INFO] [stderr] 4 | #[derive(Serialize, Deserialize, Debug, Default)]
[INFO] [stderr]   |          --------- the attribute is introduced here
[INFO] [stderr]   |
[INFO] [stderr]   = warning: this was previously accepted by the compiler but is being phased out; it will become a hard error in a future release!
[INFO] [stderr]   = note: for more information, see issue #79202 <https://github.com/rust-lang/rust/issues/79202>
[INFO] [stderr] 
[INFO] [stderr] warning: derive helper attribute is used before it is introduced
[INFO] [stderr]  --> libsafely/src/config/linux/intel_rdt.rs:3:3
[INFO] [stderr]   |
[INFO] [stderr] 3 | #[serde(rename_all = "camelCase")]
[INFO] [stderr]   |   ^^^^^
[INFO] [stderr] 4 | #[derive(Serialize, Deserialize, Debug, Default)]
[INFO] [stderr]   |          --------- the attribute is introduced here
[INFO] [stderr]   |
[INFO] [stderr]   = warning: this was previously accepted by the compiler but is being phased out; it will become a hard error in a future release!
[INFO] [stderr]   = note: for more information, see issue #79202 <https://github.com/rust-lang/rust/issues/79202>
[INFO] [stderr] 
[INFO] [stderr] warning: derive helper attribute is used before it is introduced
[INFO] [stderr]  --> libsafely/src/config/linux/resources/block_io.rs:4:3
[INFO] [stderr]   |
[INFO] [stderr] 4 | #[serde(rename_all = "camelCase")]
[INFO] [stderr]   |   ^^^^^
[INFO] [stderr] 5 | #[derive(Serialize, Deserialize, Debug, Default)]
[INFO] [stderr]   |          --------- the attribute is introduced here
[INFO] [stderr]   |
[INFO] [stderr]   = warning: this was previously accepted by the compiler but is being phased out; it will become a hard error in a future release!
[INFO] [stderr]   = note: for more information, see issue #79202 <https://github.com/rust-lang/rust/issues/79202>
[INFO] [stderr] 
[INFO] [stderr] warning: derive helper attribute is used before it is introduced
[INFO] [stderr]  --> libsafely/src/config/linux/resources/cpu.rs:3:3
[INFO] [stderr]   |
[INFO] [stderr] 3 | #[serde(rename_all = "camelCase")]
[INFO] [stderr]   |   ^^^^^
[INFO] [stderr] 4 | #[derive(Serialize, Deserialize, Debug, Default)]
[INFO] [stderr]   |          --------- the attribute is introduced here
[INFO] [stderr]   |
[INFO] [stderr]   = warning: this was previously accepted by the compiler but is being phased out; it will become a hard error in a future release!
[INFO] [stderr]   = note: for more information, see issue #79202 <https://github.com/rust-lang/rust/issues/79202>
[INFO] [stderr] 
[INFO] [stderr] warning: derive helper attribute is used before it is introduced
[INFO] [stderr]  --> libsafely/src/config/linux/resources/huge_page_limit.rs:3:3
[INFO] [stderr]   |
[INFO] [stderr] 3 | #[serde(rename_all = "camelCase")]
[INFO] [stderr]   |   ^^^^^
[INFO] [stderr] 4 | #[derive(Serialize, Deserialize, Debug)]
[INFO] [stderr]   |          --------- the attribute is introduced here
[INFO] [stderr]   |
[INFO] [stderr]   = warning: this was previously accepted by the compiler but is being phased out; it will become a hard error in a future release!
[INFO] [stderr]   = note: for more information, see issue #79202 <https://github.com/rust-lang/rust/issues/79202>
[INFO] [stderr] 
[INFO] [stderr] warning: derive helper attribute is used before it is introduced
[INFO] [stderr]  --> libsafely/src/config/linux/resources/memory.rs:3:3
[INFO] [stderr]   |
[INFO] [stderr] 3 | #[serde(rename_all = "camelCase")]
[INFO] [stderr]   |   ^^^^^
[INFO] [stderr] 4 | #[derive(Serialize, Deserialize, Debug, Default)]
[INFO] [stderr]   |          --------- the attribute is introduced here
[INFO] [stderr]   |
[INFO] [stderr]   = warning: this was previously accepted by the compiler but is being phased out; it will become a hard error in a future release!
[INFO] [stderr]   = note: for more information, see issue #79202 <https://github.com/rust-lang/rust/issues/79202>
[INFO] [stderr] 
[INFO] [stderr] warning: derive helper attribute is used before it is introduced
[INFO] [stderr]  --> libsafely/src/config/linux/resources/rdma.rs:3:3
[INFO] [stderr]   |
[INFO] [stderr] 3 | #[serde(rename_all = "camelCase")]
[INFO] [stderr]   |   ^^^^^
[INFO] [stderr] 4 | #[derive(Serialize, Deserialize, Debug, Default)]
[INFO] [stderr]   |          --------- the attribute is introduced here
[INFO] [stderr]   |
[INFO] [stderr]   = warning: this was previously accepted by the compiler but is being phased out; it will become a hard error in a future release!
[INFO] [stderr]   = note: for more information, see issue #79202 <https://github.com/rust-lang/rust/issues/79202>
[INFO] [stderr] 
[INFO] [stderr] warning: derive helper attribute is used before it is introduced
[INFO] [stderr]  --> libsafely/src/config/linux/resources/weight_device.rs:3:3
[INFO] [stderr]   |
[INFO] [stderr] 3 | #[serde(rename_all = "camelCase")]
[INFO] [stderr]   |   ^^^^^
[INFO] [stderr] 4 | #[derive(Serialize, Deserialize, Debug)]
[INFO] [stderr]   |          --------- the attribute is introduced here
[INFO] [stderr]   |
[INFO] [stderr]   = warning: this was previously accepted by the compiler but is being phased out; it will become a hard error in a future release!
[INFO] [stderr]   = note: for more information, see issue #79202 <https://github.com/rust-lang/rust/issues/79202>
[INFO] [stderr] 
[INFO] [stderr] warning: derive helper attribute is used before it is introduced
[INFO] [stderr]   --> libsafely/src/config/linux/resources/mod.rs:28:3
[INFO] [stderr]    |
[INFO] [stderr] 28 | #[serde(rename_all = "camelCase")]
[INFO] [stderr]    |   ^^^^^
[INFO] [stderr] 29 | #[derive(Serialize, Deserialize, Debug, Default)]
[INFO] [stderr]    |          --------- the attribute is introduced here
[INFO] [stderr]    |
[INFO] [stderr]    = warning: this was previously accepted by the compiler but is being phased out; it will become a hard error in a future release!
[INFO] [stderr]    = note: for more information, see issue #79202 <https://github.com/rust-lang/rust/issues/79202>
[INFO] [stderr] 
[INFO] [stderr] warning: derive helper attribute is used before it is introduced
[INFO] [stderr]  --> libsafely/src/config/linux/seccomp.rs:4:3
[INFO] [stderr]   |
[INFO] [stderr] 4 | #[serde(rename_all = "camelCase")]
[INFO] [stderr]   |   ^^^^^
[INFO] [stderr] 5 | #[derive(Serialize, Deserialize, Debug)]
[INFO] [stderr]   |          --------- the attribute is introduced here
[INFO] [stderr]   |
[INFO] [stderr]   = warning: this was previously accepted by the compiler but is being phased out; it will become a hard error in a future release!
[INFO] [stderr]   = note: for more information, see issue #79202 <https://github.com/rust-lang/rust/issues/79202>
[INFO] [stderr] 
[INFO] [stderr] warning: derive helper attribute is used before it is introduced
[INFO] [stderr]  --> libsafely/src/config/linux/syscall.rs:4:3
[INFO] [stderr]   |
[INFO] [stderr] 4 | #[serde(rename_all = "camelCase")]
[INFO] [stderr]   |   ^^^^^
[INFO] [stderr] 5 | #[derive(Serialize, Deserialize, Debug)]
[INFO] [stderr]   |          --------- the attribute is introduced here
[INFO] [stderr]   |
[INFO] [stderr]   = warning: this was previously accepted by the compiler but is being phased out; it will become a hard error in a future release!
[INFO] [stderr]   = note: for more information, see issue #79202 <https://github.com/rust-lang/rust/issues/79202>
[INFO] [stderr] 
[INFO] [stderr] warning: derive helper attribute is used before it is introduced
[INFO] [stderr]  --> libsafely/src/config/linux/syscall_arg.rs:3:3
[INFO] [stderr]   |
[INFO] [stderr] 3 | #[serde(rename_all = "camelCase")]
[INFO] [stderr]   |   ^^^^^
[INFO] [stderr] 4 | #[derive(Serialize, Deserialize, Debug)]
[INFO] [stderr]   |          --------- the attribute is introduced here
[INFO] [stderr]   |
[INFO] [stderr]   = warning: this was previously accepted by the compiler but is being phased out; it will become a hard error in a future release!
[INFO] [stderr]   = note: for more information, see issue #79202 <https://github.com/rust-lang/rust/issues/79202>
[INFO] [stderr] 
[INFO] [stderr] warning: derive helper attribute is used before it is introduced
[INFO] [stderr]   --> libsafely/src/config/linux/mod.rs:23:3
[INFO] [stderr]    |
[INFO] [stderr] 23 | #[serde(rename_all = "camelCase")]
[INFO] [stderr]    |   ^^^^^
[INFO] [stderr] 24 | #[derive(Serialize, Deserialize, Debug, Default)]
[INFO] [stderr]    |          --------- the attribute is introduced here
[INFO] [stderr]    |
[INFO] [stderr]    = warning: this was previously accepted by the compiler but is being phased out; it will become a hard error in a future release!
[INFO] [stderr]    = note: for more information, see issue #79202 <https://github.com/rust-lang/rust/issues/79202>
[INFO] [stderr] 
[INFO] [stderr] warning: derive helper attribute is used before it is introduced
[INFO] [stderr]  --> libsafely/src/config/process.rs:4:3
[INFO] [stderr]   |
[INFO] [stderr] 4 | #[serde(rename_all = "camelCase")]
[INFO] [stderr]   |   ^^^^^
[INFO] [stderr] 5 | #[derive(Serialize, Deserialize, Debug)]
[INFO] [stderr]   |          --------- the attribute is introduced here
[INFO] [stderr]   |
[INFO] [stderr]   = warning: this was previously accepted by the compiler but is being phased out; it will become a hard error in a future release!
[INFO] [stderr]   = note: for more information, see issue #79202 <https://github.com/rust-lang/rust/issues/79202>
[INFO] [stderr] 
[INFO] [stderr] warning: derive helper attribute is used before it is introduced
[INFO] [stderr]  --> libsafely/src/config/root.rs:3:3
[INFO] [stderr]   |
[INFO] [stderr] 3 | #[serde(rename_all = "camelCase")]
[INFO] [stderr]   |   ^^^^^
[INFO] [stderr] 4 | #[derive(Serialize, Deserialize, Debug)]
[INFO] [stderr]   |          --------- the attribute is introduced here
[INFO] [stderr]   |
[INFO] [stderr]   = warning: this was previously accepted by the compiler but is being phased out; it will become a hard error in a future release!
[INFO] [stderr]   = note: for more information, see issue #79202 <https://github.com/rust-lang/rust/issues/79202>
[INFO] [stderr] 
[INFO] [stderr] warning: derive helper attribute is used before it is introduced
[INFO] [stderr]  --> libsafely/src/config/solaris/anet.rs:3:3
[INFO] [stderr]   |
[INFO] [stderr] 3 | #[serde(rename_all = "camelCase")]
[INFO] [stderr]   |   ^^^^^
[INFO] [stderr] 4 | #[derive(Serialize, Deserialize, Debug, Default)]
[INFO] [stderr]   |          --------- the attribute is introduced here
[INFO] [stderr]   |
[INFO] [stderr]   = warning: this was previously accepted by the compiler but is being phased out; it will become a hard error in a future release!
[INFO] [stderr]   = note: for more information, see issue #79202 <https://github.com/rust-lang/rust/issues/79202>
[INFO] [stderr] 
[INFO] [stderr] warning: derive helper attribute is used before it is introduced
[INFO] [stderr]   --> libsafely/src/config/solaris/mod.rs:10:3
[INFO] [stderr]    |
[INFO] [stderr] 10 | #[serde(rename_all = "camelCase")]
[INFO] [stderr]    |   ^^^^^
[INFO] [stderr] 11 | #[derive(Serialize, Deserialize, Debug, Default)]
[INFO] [stderr]    |          --------- the attribute is introduced here
[INFO] [stderr]    |
[INFO] [stderr]    = warning: this was previously accepted by the compiler but is being phased out; it will become a hard error in a future release!
[INFO] [stderr]    = note: for more information, see issue #79202 <https://github.com/rust-lang/rust/issues/79202>
[INFO] [stderr] 
[INFO] [stderr] warning: derive helper attribute is used before it is introduced
[INFO] [stderr]  --> libsafely/src/config/user.rs:3:3
[INFO] [stderr]   |
[INFO] [stderr] 3 | #[serde(untagged)]
[INFO] [stderr]   |   ^^^^^
[INFO] [stderr] 4 | #[derive(Serialize, Deserialize, Debug)]
[INFO] [stderr]   |          --------- the attribute is introduced here
[INFO] [stderr]   |
[INFO] [stderr]   = warning: this was previously accepted by the compiler but is being phased out; it will become a hard error in a future release!
[INFO] [stderr]   = note: for more information, see issue #79202 <https://github.com/rust-lang/rust/issues/79202>
[INFO] [stderr] 
[INFO] [stderr] warning: derive helper attribute is used before it is introduced
[INFO] [stderr]  --> libsafely/src/config/windows/device.rs:3:3
[INFO] [stderr]   |
[INFO] [stderr] 3 | #[serde(rename_all = "camelCase")]
[INFO] [stderr]   |   ^^^^^
[INFO] [stderr] 4 | #[derive(Serialize, Deserialize, Debug)]
[INFO] [stderr]   |          --------- the attribute is introduced here
[INFO] [stderr]   |
[INFO] [stderr]   = warning: this was previously accepted by the compiler but is being phased out; it will become a hard error in a future release!
[INFO] [stderr]   = note: for more information, see issue #79202 <https://github.com/rust-lang/rust/issues/79202>
[INFO] [stderr] 
[INFO] [stderr] warning: derive helper attribute is used before it is introduced
[INFO] [stderr]  --> libsafely/src/config/windows/network.rs:3:3
[INFO] [stderr]   |
[INFO] [stderr] 3 | #[serde(rename_all = "camelCase")]
[INFO] [stderr]   |   ^^^^^
[INFO] [stderr] 4 | #[derive(Serialize, Deserialize, Debug, Default)]
[INFO] [stderr]   |          --------- the attribute is introduced here
[INFO] [stderr]   |
[INFO] [stderr]   = warning: this was previously accepted by the compiler but is being phased out; it will become a hard error in a future release!
[INFO] [stderr]   = note: for more information, see issue #79202 <https://github.com/rust-lang/rust/issues/79202>
[INFO] [stderr] 
[INFO] [stderr] warning: derive helper attribute is used before it is introduced
[INFO] [stderr]  --> libsafely/src/config/windows/resources/storage.rs:3:3
[INFO] [stderr]   |
[INFO] [stderr] 3 | #[serde(rename_all = "camelCase")]
[INFO] [stderr]   |   ^^^^^
[INFO] [stderr] 4 | #[derive(Serialize, Deserialize, Debug, Default)]
[INFO] [stderr]   |          --------- the attribute is introduced here
[INFO] [stderr]   |
[INFO] [stderr]   = warning: this was previously accepted by the compiler but is being phased out; it will become a hard error in a future release!
[INFO] [stderr]   = note: for more information, see issue #79202 <https://github.com/rust-lang/rust/issues/79202>
[INFO] [stderr] 
[INFO] [stderr] warning: derive helper attribute is used before it is introduced
[INFO] [stderr]   --> libsafely/src/config/windows/mod.rs:12:3
[INFO] [stderr]    |
[INFO] [stderr] 12 | #[serde(rename_all = "camelCase")]
[INFO] [stderr]    |   ^^^^^
[INFO] [stderr] 13 | #[derive(Serialize, Deserialize, Debug, Default)]
[INFO] [stderr]    |          --------- the attribute is introduced here
[INFO] [stderr]    |
[INFO] [stderr]    = warning: this was previously accepted by the compiler but is being phased out; it will become a hard error in a future release!
[INFO] [stderr]    = note: for more information, see issue #79202 <https://github.com/rust-lang/rust/issues/79202>
[INFO] [stderr] 
[INFO] [stderr] warning: derive helper attribute is used before it is introduced
[INFO] [stderr]   --> libsafely/src/config/mod.rs:27:3
[INFO] [stderr]    |
[INFO] [stderr] 27 | #[serde(rename_all = "camelCase")]
[INFO] [stderr]    |   ^^^^^
[INFO] [stderr] 28 | #[derive(Serialize, Deserialize, Debug)]
[INFO] [stderr]    |          --------- the attribute is introduced here
[INFO] [stderr]    |
[INFO] [stderr]    = warning: this was previously accepted by the compiler but is being phased out; it will become a hard error in a future release!
[INFO] [stderr]    = note: for more information, see issue #79202 <https://github.com/rust-lang/rust/issues/79202>
[INFO] [stderr] 
[INFO] [stderr] warning: `libsafely` (lib) generated 24 warnings
[INFO] [stderr] warning: `libsafely` (lib test) generated 24 warnings (24 duplicates)
[INFO] [stderr] warning: fields `id` and `bundle_path` are never read
[INFO] [stderr]   --> safely/src/main.rs:22:9
[INFO] [stderr]    |
[INFO] [stderr] 20 |     Create {
[INFO] [stderr]    |     ------ fields in this variant
[INFO] [stderr] 21 |         #[structopt(name = "container-id")]
[INFO] [stderr] 22 |         id: String,
[INFO] [stderr]    |         ^^
[INFO] [stderr] ...
[INFO] [stderr] 25 |         bundle_path: PathBuf,
[INFO] [stderr]    |         ^^^^^^^^^^^
[INFO] [stderr]    |
[INFO] [stderr]    = note: `Subcommand` has a derived impl for the trait `Debug`, but this is intentionally ignored during dead code analysis
[INFO] [stderr]    = note: `#[warn(dead_code)]` on by default
[INFO] [stderr] 
[INFO] [stderr] warning: field `id` is never read
[INFO] [stderr]   --> safely/src/main.rs:31:9
[INFO] [stderr]    |
[INFO] [stderr] 29 |     State {
[INFO] [stderr]    |     ----- field in this variant
[INFO] [stderr] 30 |         #[structopt(name = "container-id")]
[INFO] [stderr] 31 |         id: String,
[INFO] [stderr]    |         ^^
[INFO] [stderr]    |
[INFO] [stderr]    = note: `Subcommand` has a derived impl for the trait `Debug`, but this is intentionally ignored during dead code analysis
[INFO] [stderr] 
[INFO] [stderr] warning: field `id` is never read
[INFO] [stderr]   --> safely/src/main.rs:37:9
[INFO] [stderr]    |
[INFO] [stderr] 35 |     Start {
[INFO] [stderr]    |     ----- field in this variant
[INFO] [stderr] 36 |         #[structopt(name = "container-id")]
[INFO] [stderr] 37 |         id: String,
[INFO] [stderr]    |         ^^
[INFO] [stderr]    |
[INFO] [stderr]    = note: `Subcommand` has a derived impl for the trait `Debug`, but this is intentionally ignored during dead code analysis
[INFO] [stderr] 
[INFO] [stderr] warning: fields `id` and `signal` are never read
[INFO] [stderr]   --> safely/src/main.rs:43:9
[INFO] [stderr]    |
[INFO] [stderr] 41 |     Kill {
[INFO] [stderr]    |     ---- fields in this variant
[INFO] [stderr] 42 |         #[structopt(name = "container-id")]
[INFO] [stderr] 43 |         id: String,
[INFO] [stderr]    |         ^^
[INFO] [stderr] ...
[INFO] [stderr] 46 |         signal: String,
[INFO] [stderr]    |         ^^^^^^
[INFO] [stderr]    |
[INFO] [stderr]    = note: `Subcommand` has a derived impl for the trait `Debug`, but this is intentionally ignored during dead code analysis
[INFO] [stderr] 
[INFO] [stderr] warning: field `id` is never read
[INFO] [stderr]   --> safely/src/main.rs:52:9
[INFO] [stderr]    |
[INFO] [stderr] 50 |     Delete {
[INFO] [stderr]    |     ------ field in this variant
[INFO] [stderr] 51 |         #[structopt(name = "container-id")]
[INFO] [stderr] 52 |         id: String,
[INFO] [stderr]    |         ^^
[INFO] [stderr]    |
[INFO] [stderr]    = note: `Subcommand` has a derived impl for the trait `Debug`, but this is intentionally ignored during dead code analysis
[INFO] [stderr] 
[INFO] [stderr] warning: `safely` (bin "safely" test) generated 5 warnings
[INFO] [stderr]     Finished `test` profile [unoptimized + debuginfo] target(s) in 0.09s
[INFO] [stdout] 
[INFO] [stderr]      Running unittests src/lib.rs (/opt/rustwide/target/debug/deps/libsafely-ace69efebc9ec431)
[INFO] [stdout] running 87 tests
[INFO] [stdout] test config::capabilities::tests::serialize ... ok
[INFO] [stdout] test config::console_size::tests::serialize ... ok
[INFO] [stdout] test config::capabilities::tests::serialize_optional_fields ... ok
[INFO] [stdout] test config::hook::tests::serialize_optional_fields ... ok
[INFO] [stdout] test config::hook::tests::serialize ... ok
[INFO] [stdout] test config::hooks::tests::serialize_optional_fields ... ok
[INFO] [stdout] test config::hooks::tests::serialize ... ok
[INFO] [stdout] test config::linux::device::tests::serialize ... ok
[INFO] [stdout] test config::linux::id_mapping::tests::serialize ... ok
[INFO] [stdout] test config::linux::intel_rdt::tests::serialize ... ok
[INFO] [stdout] test config::linux::intel_rdt::tests::serialize_optional_fields ... ok
[INFO] [stdout] test config::linux::device::tests::serialize_optional_fields ... ok
[INFO] [stdout] test config::linux::namespace::tests::serialize ... ok
[INFO] [stdout] test config::linux::namespace::tests::serialize_optional_fields ... ok
[INFO] [stdout] test config::linux::personality::tests::serialize ... ok
[INFO] [stdout] test config::linux::resources::block_io::tests::serialize ... ok
[INFO] [stdout] test config::linux::resources::block_io::tests::serialize_optional_fields ... ok
[INFO] [stdout] test config::linux::resources::cpu::tests::serialize_optional_fields ... ok
[INFO] [stdout] test config::linux::resources::device::tests::serialize_optional_fields ... ok
[INFO] [stdout] test config::linux::resources::cpu::tests::serialize ... ok
[INFO] [stdout] test config::linux::resources::memory::tests::serialize_optional_fields ... ok
[INFO] [stdout] test config::linux::resources::network::tests::serialize_optional_fields ... ok
[INFO] [stdout] test config::linux::resources::priority::tests::serialize ... ok
[INFO] [stdout] test config::linux::resources::pids::tests::serialize ... ok
[INFO] [stdout] test config::linux::resources::device::tests::serialize ... ok
[INFO] [stdout] test config::linux::resources::rdma::tests::serialize ... ok
[INFO] [stdout] test config::linux::resources::tests::serialize_optional_fields ... ok
[INFO] [stdout] test config::linux::personality::tests::serialize_optional_fields ... ok
[INFO] [stdout] test config::linux::resources::weight_device::tests::serialize_optional_fields ... ok
[INFO] [stdout] test config::linux::resources::throttle_device::tests::serialize ... ok
[INFO] [stdout] test config::linux::resources::weight_device::tests::serialize ... ok
[INFO] [stdout] test config::linux::resources::huge_page_limit::tests::serialize ... ok
[INFO] [stdout] test config::linux::resources::memory::tests::serialize ... ok
[INFO] [stdout] test config::linux::syscall::tests::serialize_optional_fields ... ok
[INFO] [stdout] test config::linux::seccomp::tests::serialize_optional_fields ... ok
[INFO] [stdout] test config::linux::syscall_arg::tests::serialize_optional_fields ... ok
[INFO] [stdout] test config::linux::syscall_arg::tests::serialize ... ok
[INFO] [stdout] test config::linux::seccomp::tests::serialize ... ok
[INFO] [stdout] test config::linux::resources::rdma::tests::serialize_optional_fields ... ok
[INFO] [stdout] test config::linux::tests::serialize ... ok
[INFO] [stdout] test config::linux::syscall::tests::serialize ... ok
[INFO] [stdout] test config::linux::resources::network::tests::serialize ... ok
[INFO] [stdout] test config::linux::tests::serialize_optional_fields ... ok
[INFO] [stdout] test config::mount::tests::serialize ... ok
[INFO] [stdout] test config::mount::tests::serialize_optional_fields ... ok
[INFO] [stdout] test config::process::tests::serialize ... ok
[INFO] [stdout] test config::process::tests::serialize_optional_fields ... ok
[INFO] [stdout] test config::rlimit::tests::serialize ... ok
[INFO] [stdout] test config::root::tests::serialize ... ok
[INFO] [stdout] test config::root::tests::serialize_optional_fields ... ok
[INFO] [stdout] test config::solaris::anet::tests::serialize_optional_fields ... ok
[INFO] [stdout] test config::solaris::capped_cpu::tests::serialize_optional_fields ... ok
[INFO] [stdout] test config::solaris::anet::tests::serialize ... ok
[INFO] [stdout] test config::solaris::capped_memory::tests::serialize ... ok
[INFO] [stdout] test config::solaris::capped_memory::tests::serialize_optional_fields ... ok
[INFO] [stdout] test config::solaris::tests::serialize ... ok
[INFO] [stdout] test config::solaris::tests::serialize_optional_fields ... ok
[INFO] [stdout] test config::user::tests::serialize_posix ... ok
[INFO] [stdout] test config::tests::serialize ... ok
[INFO] [stdout] test config::user::tests::serialize_windows ... ok
[INFO] [stdout] test config::user::tests::serialize_posix_optional_fields ... ok
[INFO] [stdout] test config::user::tests::serialize_windows_optional_fields ... ok
[INFO] [stdout] test config::solaris::capped_cpu::tests::serialize ... ok
[INFO] [stdout] test config::vm::hypervisor::tests::serialize ... ok
[INFO] [stdout] test config::tests::serialize_optional_fields ... ok
[INFO] [stdout] test config::vm::hypervisor::tests::serialize_optional_fields ... ok
[INFO] [stdout] test config::vm::image::tests::serialize ... ok
[INFO] [stdout] test config::vm::kernel::tests::serialize_optional_fields ... ok
[INFO] [stdout] test config::vm::kernel::tests::serialize ... ok
[INFO] [stdout] test config::linux::resources::tests::serialize ... ok
[INFO] [stdout] test config::vm::tests::serialize ... ok
[INFO] [stdout] test config::windows::hyperv::tests::serialize ... ok
[INFO] [stdout] test config::vm::tests::serialize_optional_fields ... ok
[INFO] [stdout] test config::windows::device::tests::serialize ... ok
[INFO] [stdout] test config::windows::network::tests::serialize_optional_fields ... ok
[INFO] [stdout] test config::windows::resources::cpu::tests::serialize ... ok
[INFO] [stdout] test config::windows::resources::cpu::tests::serialize_optional_fields ... ok
[INFO] [stdout] test config::windows::resources::storage::tests::serialize ... ok
[INFO] [stdout] test config::windows::network::tests::serialize ... ok
[INFO] [stdout] test config::windows::resources::storage::tests::serialize_optional_fields ... ok
[INFO] [stdout] test config::windows::resources::memory::tests::serialize_optional_fields ... ok
[INFO] [stdout] test config::windows::hyperv::tests::serialize_optional_fields ... ok
[INFO] [stdout] test config::windows::resources::tests::serialize ... ok
[INFO] [stdout] test config::windows::resources::tests::serialize_optional_fields ... ok
[INFO] [stdout] test config::windows::tests::serialize ... ok
[INFO] [stdout] test config::windows::tests::serialize_optional_fields ... ok
[INFO] [stdout] test config::windows::resources::memory::tests::serialize ... ok
[INFO] [stdout] 
[INFO] [stdout] test result: ok. 87 passed; 0 failed; 0 ignored; 0 measured; 0 filtered out; finished in 0.01s
[INFO] [stdout] 
[INFO] [stderr]      Running unittests src/main.rs (/opt/rustwide/target/debug/deps/safely-f5c6dd796a7fdc4f)
[INFO] [stdout] 
[INFO] [stdout] running 4 tests
[INFO] [stdout] test config::tests::config_load_loads_defaults ... ok
[INFO] [stdout] test config::tests::config_from_file_reads_values ... ok
[INFO] [stdout] test config::tests::config_from_file_reads_values_with_defaults ... ok
[INFO] [stderr]      Running tests/spec.rs (/opt/rustwide/target/debug/deps/spec-afe4f10cb06c632e)
[INFO] [stderr] error: test failed, to rerun pass `-p specsafely --test spec`
[INFO] [stdout] test config::tests::config_load_loads_from_home ... ok
[INFO] [stdout] 
[INFO] [stdout] test result: ok. 4 passed; 0 failed; 0 ignored; 0 measured; 0 filtered out; finished in 0.01s
[INFO] [stdout] 
[INFO] [stdout] 
[INFO] [stdout] running 5 tests
[INFO] [stdout] test it_fails_deleting_a_container_that_does_not_exist ... FAILED
[INFO] [stdout] test it_fails_starting_a_container_that_does_not_exist ... FAILED
[INFO] [stdout] test it_displays_help ... FAILED
[INFO] [stdout] test it_fails_getting_state_for_container_that_does_not_exist ... FAILED
[INFO] [stdout] test it_fails_killing_a_container_that_does_not_exist ... FAILED
[INFO] [stdout] 
[INFO] [stdout] failures:
[INFO] [stdout] 
[INFO] [stdout] ---- it_fails_deleting_a_container_that_does_not_exist stdout ----
[INFO] [stdout] thread 'it_fails_deleting_a_container_that_does_not_exist' panicked at specsafely/tests/spec.rs:47:10:
[INFO] [stdout] failed to execute command: Os { code: 2, kind: NotFound, message: "No such file or directory" }
[INFO] [stdout] stack backtrace:
[INFO] [stdout]    0:     0x6387e2b53b3a - std::backtrace_rs::backtrace::libunwind::trace::h5a5b8284f2d0c266
[INFO] [stdout]                                at /rustc/90b35a6239c3d8bdabc530a6a0816f7ff89a0aaf/library/std/src/../../backtrace/src/backtrace/libunwind.rs:116:5
[INFO] [stdout]    1:     0x6387e2b53b3a - std::backtrace_rs::backtrace::trace_unsynchronized::h76d4f1c9b0b875e3
[INFO] [stdout]                                at /rustc/90b35a6239c3d8bdabc530a6a0816f7ff89a0aaf/library/std/src/../../backtrace/src/backtrace/mod.rs:66:5
[INFO] [stdout]    2:     0x6387e2b53b3a - std::sys::backtrace::_print_fmt::hc4546b8364a537c6
[INFO] [stdout]                                at /rustc/90b35a6239c3d8bdabc530a6a0816f7ff89a0aaf/library/std/src/sys/backtrace.rs:66:9
[INFO] [stdout]    3:     0x6387e2b53b3a - <std::sys::backtrace::BacktraceLock::print::DisplayBacktrace as core::fmt::Display>::fmt::h5b6bd5631a6d1f6b
[INFO] [stdout]                                at /rustc/90b35a6239c3d8bdabc530a6a0816f7ff89a0aaf/library/std/src/sys/backtrace.rs:39:26
[INFO] [stdout]    4:     0x6387e2b79023 - core::fmt::rt::Argument::fmt::h270f6602a2b96f62
[INFO] [stdout]                                at /rustc/90b35a6239c3d8bdabc530a6a0816f7ff89a0aaf/library/core/src/fmt/rt.rs:177:76
[INFO] [stdout]    5:     0x6387e2b79023 - core::fmt::write::h7550c97b06c86515
[INFO] [stdout]                                at /rustc/90b35a6239c3d8bdabc530a6a0816f7ff89a0aaf/library/core/src/fmt/mod.rs:1186:21
[INFO] [stdout]    6:     0x6387e2b50d03 - std::io::Write::write_fmt::h509ff860e5956e5e
[INFO] [stdout]                                at /rustc/90b35a6239c3d8bdabc530a6a0816f7ff89a0aaf/library/std/src/io/mod.rs:1839:15
[INFO] [stdout]    7:     0x6387e2b53982 - std::sys::backtrace::BacktraceLock::print::h2395ccd2c84ba3aa
[INFO] [stdout]                                at /rustc/90b35a6239c3d8bdabc530a6a0816f7ff89a0aaf/library/std/src/sys/backtrace.rs:42:9
[INFO] [stdout]    8:     0x6387e2b54f9a - std::panicking::default_hook::{{closure}}::he19d4c7230e07961
[INFO] [stdout]                                at /rustc/90b35a6239c3d8bdabc530a6a0816f7ff89a0aaf/library/std/src/panicking.rs:268:22
[INFO] [stdout]    9:     0x6387e2b54da4 - std::panicking::default_hook::hf614597d3c67bbdb
[INFO] [stdout]                                at /rustc/90b35a6239c3d8bdabc530a6a0816f7ff89a0aaf/library/std/src/panicking.rs:292:9
[INFO] [stdout]   10:     0x6387e2b20689 - <alloc::boxed::Box<F,A> as core::ops::function::Fn<Args>>::call::h39b51ce4599c23d1
[INFO] [stdout]                                at /rustc/90b35a6239c3d8bdabc530a6a0816f7ff89a0aaf/library/alloc/src/boxed.rs:2468:9
[INFO] [stdout]   11:     0x6387e2b20689 - test::test_main::{{closure}}::he977ae839a582784
[INFO] [stdout]                                at /rustc/90b35a6239c3d8bdabc530a6a0816f7ff89a0aaf/library/test/src/lib.rs:133:21
[INFO] [stdout]   12:     0x6387e2b55638 - <alloc::boxed::Box<F,A> as core::ops::function::Fn<Args>>::call::h9455091b6b06f9fb
[INFO] [stdout]                                at /rustc/90b35a6239c3d8bdabc530a6a0816f7ff89a0aaf/library/alloc/src/boxed.rs:2468:9
[INFO] [stdout]   13:     0x6387e2b55638 - std::panicking::rust_panic_with_hook::h8942133a8b252070
[INFO] [stdout]                                at /rustc/90b35a6239c3d8bdabc530a6a0816f7ff89a0aaf/library/std/src/panicking.rs:809:13
[INFO] [stdout]   14:     0x6387e2b553fa - std::panicking::begin_panic_handler::{{closure}}::hb5f5963570096b29
[INFO] [stdout]                                at /rustc/90b35a6239c3d8bdabc530a6a0816f7ff89a0aaf/library/std/src/panicking.rs:674:13
[INFO] [stdout]   15:     0x6387e2b54019 - std::sys::backtrace::__rust_end_short_backtrace::h6208cedc1922feda
[INFO] [stdout]                                at /rustc/90b35a6239c3d8bdabc530a6a0816f7ff89a0aaf/library/std/src/sys/backtrace.rs:170:18
[INFO] [stdout]   16:     0x6387e2b5508c - rust_begin_unwind
[INFO] [stdout]                                at /rustc/90b35a6239c3d8bdabc530a6a0816f7ff89a0aaf/library/std/src/panicking.rs:665:5
[INFO] [stdout]   17:     0x6387e2adca60 - core::panicking::panic_fmt::h0c3082644d1bf418
[INFO] [stdout]                                at /rustc/90b35a6239c3d8bdabc530a6a0816f7ff89a0aaf/library/core/src/panicking.rs:74:14
[INFO] [stdout]   18:     0x6387e2adce06 - core::result::unwrap_failed::hd20b4aa073bda1e2
[INFO] [stdout]                                at /rustc/90b35a6239c3d8bdabc530a6a0816f7ff89a0aaf/library/core/src/result.rs:1700:5
[INFO] [stdout]   19:     0x6387e2ae6c18 - core::result::Result<T,E>::expect::hc02abffce6a9e508
[INFO] [stdout]                                at /rustc/90b35a6239c3d8bdabc530a6a0816f7ff89a0aaf/library/core/src/result.rs:1061:23
[INFO] [stdout]   20:     0x6387e2ae3ff1 - spec::it_fails_deleting_a_container_that_does_not_exist::ha6c3afe4b24ac1eb
[INFO] [stdout]                                at /opt/rustwide/workdir/specsafely/tests/spec.rs:44:18
[INFO] [stdout]   21:     0x6387e2ae3f17 - spec::it_fails_deleting_a_container_that_does_not_exist::{{closure}}::h59eab17120e38bab
[INFO] [stdout]                                at /opt/rustwide/workdir/specsafely/tests/spec.rs:43:55
[INFO] [stdout]   22:     0x6387e2addcd6 - core::ops::function::FnOnce::call_once::hb461ef8b5227e7c0
[INFO] [stdout]                                at /rustc/90b35a6239c3d8bdabc530a6a0816f7ff89a0aaf/library/core/src/ops/function.rs:250:5
[INFO] [stdout]   23:     0x6387e2b2504b - core::ops::function::FnOnce::call_once::h109cf8051a59b34e
[INFO] [stdout]                                at /rustc/90b35a6239c3d8bdabc530a6a0816f7ff89a0aaf/library/core/src/ops/function.rs:250:5
[INFO] [stdout]   24:     0x6387e2b2504b - test::__rust_begin_short_backtrace::hf4fff89d377446ba
[INFO] [stdout]                                at /rustc/90b35a6239c3d8bdabc530a6a0816f7ff89a0aaf/library/test/src/lib.rs:621:18
[INFO] [stdout]   25:     0x6387e2b24887 - test::run_test_in_process::{{closure}}::h0e39181dd7ee5a43
[INFO] [stdout]                                at /rustc/90b35a6239c3d8bdabc530a6a0816f7ff89a0aaf/library/test/src/lib.rs:644:60
[INFO] [stdout]   26:     0x6387e2b24887 - <core::panic::unwind_safe::AssertUnwindSafe<F> as core::ops::function::FnOnce<()>>::call_once::hc5a66a30f0bdfd1f
[INFO] [stdout]                                at /rustc/90b35a6239c3d8bdabc530a6a0816f7ff89a0aaf/library/core/src/panic/unwind_safe.rs:272:9
[INFO] [stdout]   27:     0x6387e2b24887 - std::panicking::try::do_call::h873b7cf639554a5e
[INFO] [stdout]                                at /rustc/90b35a6239c3d8bdabc530a6a0816f7ff89a0aaf/library/std/src/panicking.rs:557:40
[INFO] [stdout]   28:     0x6387e2b24887 - std::panicking::try::hdb19862fad9c8bd1
[INFO] [stdout]                                at /rustc/90b35a6239c3d8bdabc530a6a0816f7ff89a0aaf/library/std/src/panicking.rs:520:19
[INFO] [stdout]   29:     0x6387e2b24887 - std::panic::catch_unwind::h281fe732d236d260
[INFO] [stdout]                                at /rustc/90b35a6239c3d8bdabc530a6a0816f7ff89a0aaf/library/std/src/panic.rs:358:14
[INFO] [stdout]   30:     0x6387e2b24887 - test::run_test_in_process::h949b6df8457ed338
[INFO] [stdout]                                at /rustc/90b35a6239c3d8bdabc530a6a0816f7ff89a0aaf/library/test/src/lib.rs:644:27
[INFO] [stdout]   31:     0x6387e2b24887 - test::run_test::{{closure}}::h52c556a6d4740e10
[INFO] [stdout]                                at /rustc/90b35a6239c3d8bdabc530a6a0816f7ff89a0aaf/library/test/src/lib.rs:565:43
[INFO] [stdout]   32:     0x6387e2ae9b64 - test::run_test::{{closure}}::h4237f6381c45ccb9
[INFO] [stdout]                                at /rustc/90b35a6239c3d8bdabc530a6a0816f7ff89a0aaf/library/test/src/lib.rs:595:41
[INFO] [stdout]   33:     0x6387e2ae9b64 - std::sys::backtrace::__rust_begin_short_backtrace::h505c97a579eca628
[INFO] [stdout]                                at /rustc/90b35a6239c3d8bdabc530a6a0816f7ff89a0aaf/library/std/src/sys/backtrace.rs:154:18
[INFO] [stdout]   34:     0x6387e2aed22e - std::thread::Builder::spawn_unchecked_::{{closure}}::{{closure}}::h9e86b2e2bc107ea3
[INFO] [stdout]                                at /rustc/90b35a6239c3d8bdabc530a6a0816f7ff89a0aaf/library/std/src/thread/mod.rs:538:17
[INFO] [stdout]   35:     0x6387e2aed22e - <core::panic::unwind_safe::AssertUnwindSafe<F> as core::ops::function::FnOnce<()>>::call_once::h8b06ddb275ff4a25
[INFO] [stdout]                                at /rustc/90b35a6239c3d8bdabc530a6a0816f7ff89a0aaf/library/core/src/panic/unwind_safe.rs:272:9
[INFO] [stdout]   36:     0x6387e2aed22e - std::panicking::try::do_call::hb26ecd7cd9a9355d
[INFO] [stdout]                                at /rustc/90b35a6239c3d8bdabc530a6a0816f7ff89a0aaf/library/std/src/panicking.rs:557:40
[INFO] [stdout]   37:     0x6387e2aed22e - std::panicking::try::h8ddeca9d705f9069
[INFO] [stdout]                                at /rustc/90b35a6239c3d8bdabc530a6a0816f7ff89a0aaf/library/std/src/panicking.rs:520:19
[INFO] [stdout]   38:     0x6387e2aed22e - std::panic::catch_unwind::h49e1c33078844c46
[INFO] [stdout]                                at /rustc/90b35a6239c3d8bdabc530a6a0816f7ff89a0aaf/library/std/src/panic.rs:358:14
[INFO] [stdout]   39:     0x6387e2aed22e - std::thread::Builder::spawn_unchecked_::{{closure}}::h6073db6ff56ad35d
[INFO] [stdout]                                at /rustc/90b35a6239c3d8bdabc530a6a0816f7ff89a0aaf/library/std/src/thread/mod.rs:537:30
[INFO] [stdout]   40:     0x6387e2aed22e - core::ops::function::FnOnce::call_once{{vtable.shim}}::h2c5a5f3779c774f1
[INFO] [stdout]                                at /rustc/90b35a6239c3d8bdabc530a6a0816f7ff89a0aaf/library/core/src/ops/function.rs:250:5
[INFO] [stdout]   41:     0x6387e2b5947b - <alloc::boxed::Box<F,A> as core::ops::function::FnOnce<Args>>::call_once::hf75717d9f28faebf
[INFO] [stdout]                                at /rustc/90b35a6239c3d8bdabc530a6a0816f7ff89a0aaf/library/alloc/src/boxed.rs:2454:9
[INFO] [stdout]   42:     0x6387e2b5947b - <alloc::boxed::Box<F,A> as core::ops::function::FnOnce<Args>>::call_once::h7bd883a5f3c5f3c1
[INFO] [stdout]                                at /rustc/90b35a6239c3d8bdabc530a6a0816f7ff89a0aaf/library/alloc/src/boxed.rs:2454:9
[INFO] [stdout]   43:     0x6387e2b5947b - std::sys::pal::unix::thread::Thread::new::thread_start::hcc78f3943333fa94
[INFO] [stdout]                                at /rustc/90b35a6239c3d8bdabc530a6a0816f7ff89a0aaf/library/std/src/sys/pal/unix/thread.rs:105:17
[INFO] [stdout]   44:     0x755467550ac3 - <unknown>
[INFO] [stdout]   45:     0x7554675e1a04 - clone
[INFO] [stdout]   46:                0x0 - <unknown>
[INFO] [stdout] 
[INFO] [stdout] ---- it_fails_starting_a_container_that_does_not_exist stdout ----
[INFO] [stdout] thread 'it_fails_starting_a_container_that_does_not_exist' panicked at specsafely/tests/spec.rs:60:10:
[INFO] [stdout] failed to execute command: Os { code: 2, kind: NotFound, message: "No such file or directory" }
[INFO] [stdout] stack backtrace:
[INFO] [stdout]    0:     0x6387e2b53b3a - std::backtrace_rs::backtrace::libunwind::trace::h5a5b8284f2d0c266
[INFO] [stdout]                                at /rustc/90b35a6239c3d8bdabc530a6a0816f7ff89a0aaf/library/std/src/../../backtrace/src/backtrace/libunwind.rs:116:5
[INFO] [stdout]    1:     0x6387e2b53b3a - std::backtrace_rs::backtrace::trace_unsynchronized::h76d4f1c9b0b875e3
[INFO] [stdout]                                at /rustc/90b35a6239c3d8bdabc530a6a0816f7ff89a0aaf/library/std/src/../../backtrace/src/backtrace/mod.rs:66:5
[INFO] [stdout]    2:     0x6387e2b53b3a - std::sys::backtrace::_print_fmt::hc4546b8364a537c6
[INFO] [stdout]                                at /rustc/90b35a6239c3d8bdabc530a6a0816f7ff89a0aaf/library/std/src/sys/backtrace.rs:66:9
[INFO] [stdout]    3:     0x6387e2b53b3a - <std::sys::backtrace::BacktraceLock::print::DisplayBacktrace as core::fmt::Display>::fmt::h5b6bd5631a6d1f6b
[INFO] [stdout]                                at /rustc/90b35a6239c3d8bdabc530a6a0816f7ff89a0aaf/library/std/src/sys/backtrace.rs:39:26
[INFO] [stdout]    4:     0x6387e2b79023 - core::fmt::rt::Argument::fmt::h270f6602a2b96f62
[INFO] [stdout]                                at /rustc/90b35a6239c3d8bdabc530a6a0816f7ff89a0aaf/library/core/src/fmt/rt.rs:177:76
[INFO] [stdout]    5:     0x6387e2b79023 - core::fmt::write::h7550c97b06c86515
[INFO] [stdout]                                at /rustc/90b35a6239c3d8bdabc530a6a0816f7ff89a0aaf/library/core/src/fmt/mod.rs:1186:21
[INFO] [stdout]    6:     0x6387e2b50d03 - std::io::Write::write_fmt::h509ff860e5956e5e
[INFO] [stdout]                                at /rustc/90b35a6239c3d8bdabc530a6a0816f7ff89a0aaf/library/std/src/io/mod.rs:1839:15
[INFO] [stdout]    7:     0x6387e2b53982 - std::sys::backtrace::BacktraceLock::print::h2395ccd2c84ba3aa
[INFO] [stdout]                                at /rustc/90b35a6239c3d8bdabc530a6a0816f7ff89a0aaf/library/std/src/sys/backtrace.rs:42:9
[INFO] [stdout]    8:     0x6387e2b54f9a - std::panicking::default_hook::{{closure}}::he19d4c7230e07961
[INFO] [stdout]                                at /rustc/90b35a6239c3d8bdabc530a6a0816f7ff89a0aaf/library/std/src/panicking.rs:268:22
[INFO] [stdout]    9:     0x6387e2b54da4 - std::panicking::default_hook::hf614597d3c67bbdb
[INFO] [stdout]                                at /rustc/90b35a6239c3d8bdabc530a6a0816f7ff89a0aaf/library/std/src/panicking.rs:292:9
[INFO] [stdout]   10:     0x6387e2b20689 - <alloc::boxed::Box<F,A> as core::ops::function::Fn<Args>>::call::h39b51ce4599c23d1
[INFO] [stdout]                                at /rustc/90b35a6239c3d8bdabc530a6a0816f7ff89a0aaf/library/alloc/src/boxed.rs:2468:9
[INFO] [stdout]   11:     0x6387e2b20689 - test::test_main::{{closure}}::he977ae839a582784
[INFO] [stdout]                                at /rustc/90b35a6239c3d8bdabc530a6a0816f7ff89a0aaf/library/test/src/lib.rs:133:21
[INFO] [stdout]   12:     0x6387e2b55638 - <alloc::boxed::Box<F,A> as core::ops::function::Fn<Args>>::call::h9455091b6b06f9fb
[INFO] [stdout]                                at /rustc/90b35a6239c3d8bdabc530a6a0816f7ff89a0aaf/library/alloc/src/boxed.rs:2468:9
[INFO] [stdout]   13:     0x6387e2b55638 - std::panicking::rust_panic_with_hook::h8942133a8b252070
[INFO] [stdout]                                at /rustc/90b35a6239c3d8bdabc530a6a0816f7ff89a0aaf/library/std/src/panicking.rs:809:13
[INFO] [stdout]   14:     0x6387e2b553fa - std::panicking::begin_panic_handler::{{closure}}::hb5f5963570096b29
[INFO] [stdout]                                at /rustc/90b35a6239c3d8bdabc530a6a0816f7ff89a0aaf/library/std/src/panicking.rs:674:13
[INFO] [stdout]   15:     0x6387e2b54019 - std::sys::backtrace::__rust_end_short_backtrace::h6208cedc1922feda
[INFO] [stdout]                                at /rustc/90b35a6239c3d8bdabc530a6a0816f7ff89a0aaf/library/std/src/sys/backtrace.rs:170:18
[INFO] [stdout]   16:     0x6387e2b5508c - rust_begin_unwind
[INFO] [stdout]                                at /rustc/90b35a6239c3d8bdabc530a6a0816f7ff89a0aaf/library/std/src/panicking.rs:665:5
[INFO] [stdout]   17:     0x6387e2adca60 - core::panicking::panic_fmt::h0c3082644d1bf418
[INFO] [stdout]                                at /rustc/90b35a6239c3d8bdabc530a6a0816f7ff89a0aaf/library/core/src/panicking.rs:74:14
[INFO] [stdout]   18:     0x6387e2adce06 - core::result::unwrap_failed::hd20b4aa073bda1e2
[INFO] [stdout]                                at /rustc/90b35a6239c3d8bdabc530a6a0816f7ff89a0aaf/library/core/src/result.rs:1700:5
[INFO] [stdout]   19:     0x6387e2ae6c18 - core::result::Result<T,E>::expect::hc02abffce6a9e508
[INFO] [stdout]                                at /rustc/90b35a6239c3d8bdabc530a6a0816f7ff89a0aaf/library/core/src/result.rs:1061:23
[INFO] [stdout]   20:     0x6387e2ae4391 - spec::it_fails_starting_a_container_that_does_not_exist::h3857fc9d575ae72c
[INFO] [stdout]                                at /opt/rustwide/workdir/specsafely/tests/spec.rs:57:18
[INFO] [stdout]   21:     0x6387e2ae42b7 - spec::it_fails_starting_a_container_that_does_not_exist::{{closure}}::hd4c254d8ae09f92e
[INFO] [stdout]                                at /opt/rustwide/workdir/specsafely/tests/spec.rs:56:55
[INFO] [stdout]   22:     0x6387e2addd56 - core::ops::function::FnOnce::call_once::hfd63d1d281b3cdae
[INFO] [stdout]                                at /rustc/90b35a6239c3d8bdabc530a6a0816f7ff89a0aaf/library/core/src/ops/function.rs:250:5
[INFO] [stdout]   23:     0x6387e2b2504b - core::ops::function::FnOnce::call_once::h109cf8051a59b34e
[INFO] [stdout]                                at /rustc/90b35a6239c3d8bdabc530a6a0816f7ff89a0aaf/library/core/src/ops/function.rs:250:5
[INFO] [stdout]   24:     0x6387e2b2504b - test::__rust_begin_short_backtrace::hf4fff89d377446ba
[INFO] [stdout]                                at /rustc/90b35a6239c3d8bdabc530a6a0816f7ff89a0aaf/library/test/src/lib.rs:621:18
[INFO] [stdout]   25:     0x6387e2b24887 - test::run_test_in_process::{{closure}}::h0e39181dd7ee5a43
[INFO] [stdout]                                at /rustc/90b35a6239c3d8bdabc530a6a0816f7ff89a0aaf/library/test/src/lib.rs:644:60
[INFO] [stdout]   26:     0x6387e2b24887 - <core::panic::unwind_safe::AssertUnwindSafe<F> as core::ops::function::FnOnce<()>>::call_once::hc5a66a30f0bdfd1f
[INFO] [stdout]                                at /rustc/90b35a6239c3d8bdabc530a6a0816f7ff89a0aaf/library/core/src/panic/unwind_safe.rs:272:9
[INFO] [stdout]   27:     0x6387e2b24887 - std::panicking::try::do_call::h873b7cf639554a5e
[INFO] [stdout]                                at /rustc/90b35a6239c3d8bdabc530a6a0816f7ff89a0aaf/library/std/src/panicking.rs:557:40
[INFO] [stdout]   28:     0x6387e2b24887 - std::panicking::try::hdb19862fad9c8bd1
[INFO] [stdout]                                at /rustc/90b35a6239c3d8bdabc530a6a0816f7ff89a0aaf/library/std/src/panicking.rs:520:19
[INFO] [stdout]   29:     0x6387e2b24887 - std::panic::catch_unwind::h281fe732d236d260
[INFO] [stdout]                                at /rustc/90b35a6239c3d8bdabc530a6a0816f7ff89a0aaf/library/std/src/panic.rs:358:14
[INFO] [stdout]   30:     0x6387e2b24887 - test::run_test_in_process::h949b6df8457ed338
[INFO] [stdout]                                at /rustc/90b35a6239c3d8bdabc530a6a0816f7ff89a0aaf/library/test/src/lib.rs:644:27
[INFO] [stdout]   31:     0x6387e2b24887 - test::run_test::{{closure}}::h52c556a6d4740e10
[INFO] [stdout]                                at /rustc/90b35a6239c3d8bdabc530a6a0816f7ff89a0aaf/library/test/src/lib.rs:565:43
[INFO] [stdout]   32:     0x6387e2ae9b64 - test::run_test::{{closure}}::h4237f6381c45ccb9
[INFO] [stdout]                                at /rustc/90b35a6239c3d8bdabc530a6a0816f7ff89a0aaf/library/test/src/lib.rs:595:41
[INFO] [stdout]   33:     0x6387e2ae9b64 - std::sys::backtrace::__rust_begin_short_backtrace::h505c97a579eca628
[INFO] [stdout]                                at /rustc/90b35a6239c3d8bdabc530a6a0816f7ff89a0aaf/library/std/src/sys/backtrace.rs:154:18
[INFO] [stdout]   34:     0x6387e2aed22e - std::thread::Builder::spawn_unchecked_::{{closure}}::{{closure}}::h9e86b2e2bc107ea3
[INFO] [stdout]                                at /rustc/90b35a6239c3d8bdabc530a6a0816f7ff89a0aaf/library/std/src/thread/mod.rs:538:17
[INFO] [stdout]   35:     0x6387e2aed22e - <core::panic::unwind_safe::AssertUnwindSafe<F> as core::ops::function::FnOnce<()>>::call_once::h8b06ddb275ff4a25
[INFO] [stdout]                                at /rustc/90b35a6239c3d8bdabc530a6a0816f7ff89a0aaf/library/core/src/panic/unwind_safe.rs:272:9
[INFO] [stdout]   36:     0x6387e2aed22e - std::panicking::try::do_call::hb26ecd7cd9a9355d
[INFO] [stdout]                                at /rustc/90b35a6239c3d8bdabc530a6a0816f7ff89a0aaf/library/std/src/panicking.rs:557:40
[INFO] [stdout]   37:     0x6387e2aed22e - std::panicking::try::h8ddeca9d705f9069
[INFO] [stdout]                                at /rustc/90b35a6239c3d8bdabc530a6a0816f7ff89a0aaf/library/std/src/panicking.rs:520:19
[INFO] [stdout]   38:     0x6387e2aed22e - std::panic::catch_unwind::h49e1c33078844c46
[INFO] [stdout]                                at /rustc/90b35a6239c3d8bdabc530a6a0816f7ff89a0aaf/library/std/src/panic.rs:358:14
[INFO] [stdout]   39:     0x6387e2aed22e - std::thread::Builder::spawn_unchecked_::{{closure}}::h6073db6ff56ad35d
[INFO] [stdout]                                at /rustc/90b35a6239c3d8bdabc530a6a0816f7ff89a0aaf/library/std/src/thread/mod.rs:537:30
[INFO] [stdout]   40:     0x6387e2aed22e - core::ops::function::FnOnce::call_once{{vtable.shim}}::h2c5a5f3779c774f1
[INFO] [stdout]                                at /rustc/90b35a6239c3d8bdabc530a6a0816f7ff89a0aaf/library/core/src/ops/function.rs:250:5
[INFO] [stdout]   41:     0x6387e2b5947b - <alloc::boxed::Box<F,A> as core::ops::function::FnOnce<Args>>::call_once::hf75717d9f28faebf
[INFO] [stdout]                                at /rustc/90b35a6239c3d8bdabc530a6a0816f7ff89a0aaf/library/alloc/src/boxed.rs:2454:9
[INFO] [stdout]   42:     0x6387e2b5947b - <alloc::boxed::Box<F,A> as core::ops::function::FnOnce<Args>>::call_once::h7bd883a5f3c5f3c1
[INFO] [stdout]                                at /rustc/90b35a6239c3d8bdabc530a6a0816f7ff89a0aaf/library/alloc/src/boxed.rs:2454:9
[INFO] [stdout]   43:     0x6387e2b5947b - std::sys::pal::unix::thread::Thread::new::thread_start::hcc78f3943333fa94
[INFO] [stdout]                                at /rustc/90b35a6239c3d8bdabc530a6a0816f7ff89a0aaf/library/std/src/sys/pal/unix/thread.rs:105:17
[INFO] [stdout]   44:     0x755467550ac3 - <unknown>
[INFO] [stdout]   45:     0x7554675e1a04 - clone
[INFO] [stdout]   46:                0x0 - <unknown>
[INFO] [stdout] 
[INFO] [stdout] ---- it_displays_help stdout ----
[INFO] [stdout] thread 'it_displays_help' panicked at specsafely/tests/spec.rs:11:10:
[INFO] [stdout] failed to execute process: Os { code: 2, kind: NotFound, message: "No such file or directory" }
[INFO] [stdout] stack backtrace:
[INFO] [stdout]    0:     0x6387e2b53b3a - std::backtrace_rs::backtrace::libunwind::trace::h5a5b8284f2d0c266
[INFO] [stdout]                                at /rustc/90b35a6239c3d8bdabc530a6a0816f7ff89a0aaf/library/std/src/../../backtrace/src/backtrace/libunwind.rs:116:5
[INFO] [stdout]    1:     0x6387e2b53b3a - std::backtrace_rs::backtrace::trace_unsynchronized::h76d4f1c9b0b875e3
[INFO] [stdout]                                at /rustc/90b35a6239c3d8bdabc530a6a0816f7ff89a0aaf/library/std/src/../../backtrace/src/backtrace/mod.rs:66:5
[INFO] [stdout]    2:     0x6387e2b53b3a - std::sys::backtrace::_print_fmt::hc4546b8364a537c6
[INFO] [stdout]                                at /rustc/90b35a6239c3d8bdabc530a6a0816f7ff89a0aaf/library/std/src/sys/backtrace.rs:66:9
[INFO] [stdout]    3:     0x6387e2b53b3a - <std::sys::backtrace::BacktraceLock::print::DisplayBacktrace as core::fmt::Display>::fmt::h5b6bd5631a6d1f6b
[INFO] [stdout]                                at /rustc/90b35a6239c3d8bdabc530a6a0816f7ff89a0aaf/library/std/src/sys/backtrace.rs:39:26
[INFO] [stdout]    4:     0x6387e2b79023 - core::fmt::rt::Argument::fmt::h270f6602a2b96f62
[INFO] [stdout]                                at /rustc/90b35a6239c3d8bdabc530a6a0816f7ff89a0aaf/library/core/src/fmt/rt.rs:177:76
[INFO] [stdout]    5:     0x6387e2b79023 - core::fmt::write::h7550c97b06c86515
[INFO] [stdout]                                at /rustc/90b35a6239c3d8bdabc530a6a0816f7ff89a0aaf/library/core/src/fmt/mod.rs:1186:21
[INFO] [stdout]    6:     0x6387e2b50d03 - std::io::Write::write_fmt::h509ff860e5956e5e
[INFO] [stdout]                                at /rustc/90b35a6239c3d8bdabc530a6a0816f7ff89a0aaf/library/std/src/io/mod.rs:1839:15
[INFO] [stdout]    7:     0x6387e2b53982 - std::sys::backtrace::BacktraceLock::print::h2395ccd2c84ba3aa
[INFO] [stdout]                                at /rustc/90b35a6239c3d8bdabc530a6a0816f7ff89a0aaf/library/std/src/sys/backtrace.rs:42:9
[INFO] [stdout]    8:     0x6387e2b54f9a - std::panicking::default_hook::{{closure}}::he19d4c7230e07961
[INFO] [stdout]                                at /rustc/90b35a6239c3d8bdabc530a6a0816f7ff89a0aaf/library/std/src/panicking.rs:268:22
[INFO] [stdout]    9:     0x6387e2b54da4 - std::panicking::default_hook::hf614597d3c67bbdb
[INFO] [stdout]                                at /rustc/90b35a6239c3d8bdabc530a6a0816f7ff89a0aaf/library/std/src/panicking.rs:292:9
[INFO] [stdout]   10:     0x6387e2b20689 - <alloc::boxed::Box<F,A> as core::ops::function::Fn<Args>>::call::h39b51ce4599c23d1
[INFO] [stdout]                                at /rustc/90b35a6239c3d8bdabc530a6a0816f7ff89a0aaf/library/alloc/src/boxed.rs:2468:9
[INFO] [stdout]   11:     0x6387e2b20689 - test::test_main::{{closure}}::he977ae839a582784
[INFO] [stdout]                                at /rustc/90b35a6239c3d8bdabc530a6a0816f7ff89a0aaf/library/test/src/lib.rs:133:21
[INFO] [stdout]   12:     0x6387e2b55638 - <alloc::boxed::Box<F,A> as core::ops::function::Fn<Args>>::call::h9455091b6b06f9fb
[INFO] [stdout]                                at /rustc/90b35a6239c3d8bdabc530a6a0816f7ff89a0aaf/library/alloc/src/boxed.rs:2468:9
[INFO] [stdout]   13:     0x6387e2b55638 - std::panicking::rust_panic_with_hook::h8942133a8b252070
[INFO] [stdout]                                at /rustc/90b35a6239c3d8bdabc530a6a0816f7ff89a0aaf/library/std/src/panicking.rs:809:13
[INFO] [stdout]   14:     0x6387e2b553fa - std::panicking::begin_panic_handler::{{closure}}::hb5f5963570096b29
[INFO] [stdout]                                at /rustc/90b35a6239c3d8bdabc530a6a0816f7ff89a0aaf/library/std/src/panicking.rs:674:13
[INFO] [stdout]   15:     0x6387e2b54019 - std::sys::backtrace::__rust_end_short_backtrace::h6208cedc1922feda
[INFO] [stdout]                                at /rustc/90b35a6239c3d8bdabc530a6a0816f7ff89a0aaf/library/std/src/sys/backtrace.rs:170:18
[INFO] [stdout]   16:     0x6387e2b5508c - rust_begin_unwind
[INFO] [stdout]                                at /rustc/90b35a6239c3d8bdabc530a6a0816f7ff89a0aaf/library/std/src/panicking.rs:665:5
[INFO] [stdout]   17:     0x6387e2adca60 - core::panicking::panic_fmt::h0c3082644d1bf418
[INFO] [stdout]                                at /rustc/90b35a6239c3d8bdabc530a6a0816f7ff89a0aaf/library/core/src/panicking.rs:74:14
[INFO] [stdout]   18:     0x6387e2adce06 - core::result::unwrap_failed::hd20b4aa073bda1e2
[INFO] [stdout]                                at /rustc/90b35a6239c3d8bdabc530a6a0816f7ff89a0aaf/library/core/src/result.rs:1700:5
[INFO] [stdout]   19:     0x6387e2ae6c18 - core::result::Result<T,E>::expect::hc02abffce6a9e508
[INFO] [stdout]                                at /rustc/90b35a6239c3d8bdabc530a6a0816f7ff89a0aaf/library/core/src/result.rs:1061:23
[INFO] [stdout]   20:     0x6387e2ae3546 - spec::it_displays_help::h0a0b359a2265efc4
[INFO] [stdout]                                at /opt/rustwide/workdir/specsafely/tests/spec.rs:8:18
[INFO] [stdout]   21:     0x6387e2ae3467 - spec::it_displays_help::{{closure}}::hc521d38f12fba20e
[INFO] [stdout]                                at /opt/rustwide/workdir/specsafely/tests/spec.rs:7:22
[INFO] [stdout]   22:     0x6387e2addbf6 - core::ops::function::FnOnce::call_once::h2903642b0a49f91c
[INFO] [stdout]                                at /rustc/90b35a6239c3d8bdabc530a6a0816f7ff89a0aaf/library/core/src/ops/function.rs:250:5
[INFO] [stdout]   23:     0x6387e2b2504b - core::ops::function::FnOnce::call_once::h109cf8051a59b34e
[INFO] [stdout]                                at /rustc/90b35a6239c3d8bdabc530a6a0816f7ff89a0aaf/library/core/src/ops/function.rs:250:5
[INFO] [stdout]   24:     0x6387e2b2504b - test::__rust_begin_short_backtrace::hf4fff89d377446ba
[INFO] [stdout]                                at /rustc/90b35a6239c3d8bdabc530a6a0816f7ff89a0aaf/library/test/src/lib.rs:621:18
[INFO] [stdout]   25:     0x6387e2b24887 - test::run_test_in_process::{{closure}}::h0e39181dd7ee5a43
[INFO] [stdout]                                at /rustc/90b35a6239c3d8bdabc530a6a0816f7ff89a0aaf/library/test/src/lib.rs:644:60
[INFO] [stdout]   26:     0x6387e2b24887 - <core::panic::unwind_safe::AssertUnwindSafe<F> as core::ops::function::FnOnce<()>>::call_once::hc5a66a30f0bdfd1f
[INFO] [stdout]                                at /rustc/90b35a6239c3d8bdabc530a6a0816f7ff89a0aaf/library/core/src/panic/unwind_safe.rs:272:9
[INFO] [stdout]   27:     0x6387e2b24887 - std::panicking::try::do_call::h873b7cf639554a5e
[INFO] [stdout]                                at /rustc/90b35a6239c3d8bdabc530a6a0816f7ff89a0aaf/library/std/src/panicking.rs:557:40
[INFO] [stdout]   28:     0x6387e2b24887 - std::panicking::try::hdb19862fad9c8bd1
[INFO] [stdout]                                at /rustc/90b35a6239c3d8bdabc530a6a0816f7ff89a0aaf/library/std/src/panicking.rs:520:19
[INFO] [stdout]   29:     0x6387e2b24887 - std::panic::catch_unwind::h281fe732d236d260
[INFO] [stdout]                                at /rustc/90b35a6239c3d8bdabc530a6a0816f7ff89a0aaf/library/std/src/panic.rs:358:14
[INFO] [stdout]   30:     0x6387e2b24887 - test::run_test_in_process::h949b6df8457ed338
[INFO] [stdout]                                at /rustc/90b35a6239c3d8bdabc530a6a0816f7ff89a0aaf/library/test/src/lib.rs:644:27
[INFO] [stdout]   31:     0x6387e2b24887 - test::run_test::{{closure}}::h52c556a6d4740e10
[INFO] [stdout]                                at /rustc/90b35a6239c3d8bdabc530a6a0816f7ff89a0aaf/library/test/src/lib.rs:565:43
[INFO] [stdout]   32:     0x6387e2ae9b64 - test::run_test::{{closure}}::h4237f6381c45ccb9
[INFO] [stdout]                                at /rustc/90b35a6239c3d8bdabc530a6a0816f7ff89a0aaf/library/test/src/lib.rs:595:41
[INFO] [stdout]   33:     0x6387e2ae9b64 - std::sys::backtrace::__rust_begin_short_backtrace::h505c97a579eca628
[INFO] [stdout]                                at /rustc/90b35a6239c3d8bdabc530a6a0816f7ff89a0aaf/library/std/src/sys/backtrace.rs:154:18
[INFO] [stdout]   34:     0x6387e2aed22e - std::thread::Builder::spawn_unchecked_::{{closure}}::{{closure}}::h9e86b2e2bc107ea3
[INFO] [stdout]                                at /rustc/90b35a6239c3d8bdabc530a6a0816f7ff89a0aaf/library/std/src/thread/mod.rs:538:17
[INFO] [stdout]   35:     0x6387e2aed22e - <core::panic::unwind_safe::AssertUnwindSafe<F> as core::ops::function::FnOnce<()>>::call_once::h8b06ddb275ff4a25
[INFO] [stdout]                                at /rustc/90b35a6239c3d8bdabc530a6a0816f7ff89a0aaf/library/core/src/panic/unwind_safe.rs:272:9
[INFO] [stdout]   36:     0x6387e2aed22e - std::panicking::try::do_call::hb26ecd7cd9a9355d
[INFO] [stdout]                                at /rustc/90b35a6239c3d8bdabc530a6a0816f7ff89a0aaf/library/std/src/panicking.rs:557:40
[INFO] [stdout]   37:     0x6387e2aed22e - std::panicking::try::h8ddeca9d705f9069
[INFO] [stdout]                                at /rustc/90b35a6239c3d8bdabc530a6a0816f7ff89a0aaf/library/std/src/panicking.rs:520:19
[INFO] [stdout]   38:     0x6387e2aed22e - std::panic::catch_unwind::h49e1c33078844c46
[INFO] [stdout]                                at /rustc/90b35a6239c3d8bdabc530a6a0816f7ff89a0aaf/library/std/src/panic.rs:358:14
[INFO] [stdout]   39:     0x6387e2aed22e - std::thread::Builder::spawn_unchecked_::{{closure}}::h6073db6ff56ad35d
[INFO] [stdout]                                at /rustc/90b35a6239c3d8bdabc530a6a0816f7ff89a0aaf/library/std/src/thread/mod.rs:537:30
[INFO] [stdout]   40:     0x6387e2aed22e - core::ops::function::FnOnce::call_once{{vtable.shim}}::h2c5a5f3779c774f1
[INFO] [stdout]                                at /rustc/90b35a6239c3d8bdabc530a6a0816f7ff89a0aaf/library/core/src/ops/function.rs:250:5
[INFO] [stdout]   41:     0x6387e2b5947b - <alloc::boxed::Box<F,A> as core::ops::function::FnOnce<Args>>::call_once::hf75717d9f28faebf
[INFO] [stdout]                                at /rustc/90b35a6239c3d8bdabc530a6a0816f7ff89a0aaf/library/alloc/src/boxed.rs:2454:9
[INFO] [stdout]   42:     0x6387e2b5947b - <alloc::boxed::Box<F,A> as core::ops::function::FnOnce<Args>>::call_once::h7bd883a5f3c5f3c1
[INFO] [stdout]                                at /rustc/90b35a6239c3d8bdabc530a6a0816f7ff89a0aaf/library/alloc/src/boxed.rs:2454:9
[INFO] [stdout]   43:     0x6387e2b5947b - std::sys::pal::unix::thread::Thread::new::thread_start::hcc78f3943333fa94
[INFO] [stdout]                                at /rustc/90b35a6239c3d8bdabc530a6a0816f7ff89a0aaf/library/std/src/sys/pal/unix/thread.rs:105:17
[INFO] [stdout]   44:     0x755467550ac3 - <unknown>
[INFO] [stdout]   45:     0x7554675e1a04 - clone
[INFO] [stdout]   46:                0x0 - <unknown>
[INFO] [stdout] 
[INFO] [stdout] ---- it_fails_getting_state_for_container_that_does_not_exist stdout ----
[INFO] [stdout] thread 'it_fails_getting_state_for_container_that_does_not_exist' panicked at specsafely/tests/spec.rs:21:10:
[INFO] [stdout] failed to execute command: Os { code: 2, kind: NotFound, message: "No such file or directory" }
[INFO] [stdout] stack backtrace:
[INFO] [stdout]    0:     0x6387e2b53b3a - std::backtrace_rs::backtrace::libunwind::trace::h5a5b8284f2d0c266
[INFO] [stdout]                                at /rustc/90b35a6239c3d8bdabc530a6a0816f7ff89a0aaf/library/std/src/../../backtrace/src/backtrace/libunwind.rs:116:5
[INFO] [stdout]    1:     0x6387e2b53b3a - std::backtrace_rs::backtrace::trace_unsynchronized::h76d4f1c9b0b875e3
[INFO] [stdout]                                at /rustc/90b35a6239c3d8bdabc530a6a0816f7ff89a0aaf/library/std/src/../../backtrace/src/backtrace/mod.rs:66:5
[INFO] [stdout]    2:     0x6387e2b53b3a - std::sys::backtrace::_print_fmt::hc4546b8364a537c6
[INFO] [stdout]                                at /rustc/90b35a6239c3d8bdabc530a6a0816f7ff89a0aaf/library/std/src/sys/backtrace.rs:66:9
[INFO] [stdout]    3:     0x6387e2b53b3a - <std::sys::backtrace::BacktraceLock::print::DisplayBacktrace as core::fmt::Display>::fmt::h5b6bd5631a6d1f6b
[INFO] [stdout]                                at /rustc/90b35a6239c3d8bdabc530a6a0816f7ff89a0aaf/library/std/src/sys/backtrace.rs:39:26
[INFO] [stdout]    4:     0x6387e2b79023 - core::fmt::rt::Argument::fmt::h270f6602a2b96f62
[INFO] [stdout]                                at /rustc/90b35a6239c3d8bdabc530a6a0816f7ff89a0aaf/library/core/src/fmt/rt.rs:177:76
[INFO] [stdout]    5:     0x6387e2b79023 - core::fmt::write::h7550c97b06c86515
[INFO] [stdout]                                at /rustc/90b35a6239c3d8bdabc530a6a0816f7ff89a0aaf/library/core/src/fmt/mod.rs:1186:21
[INFO] [stdout]    6:     0x6387e2b50d03 - std::io::Write::write_fmt::h509ff860e5956e5e
[INFO] [stdout]                                at /rustc/90b35a6239c3d8bdabc530a6a0816f7ff89a0aaf/library/std/src/io/mod.rs:1839:15
[INFO] [stdout]    7:     0x6387e2b53982 - std::sys::backtrace::BacktraceLock::print::h2395ccd2c84ba3aa
[INFO] [stdout]                                at /rustc/90b35a6239c3d8bdabc530a6a0816f7ff89a0aaf/library/std/src/sys/backtrace.rs:42:9
[INFO] [stdout]    8:     0x6387e2b54f9a - std::panicking::default_hook::{{closure}}::he19d4c7230e07961
[INFO] [stdout]                                at /rustc/90b35a6239c3d8bdabc530a6a0816f7ff89a0aaf/library/std/src/panicking.rs:268:22
[INFO] [stdout]    9:     0x6387e2b54da4 - std::panicking::default_hook::hf614597d3c67bbdb
[INFO] [stdout]                                at /rustc/90b35a6239c3d8bdabc530a6a0816f7ff89a0aaf/library/std/src/panicking.rs:292:9
[INFO] [stdout]   10:     0x6387e2b20689 - <alloc::boxed::Box<F,A> as core::ops::function::Fn<Args>>::call::h39b51ce4599c23d1
[INFO] [stdout]                                at /rustc/90b35a6239c3d8bdabc530a6a0816f7ff89a0aaf/library/alloc/src/boxed.rs:2468:9
[INFO] [stdout]   11:     0x6387e2b20689 - test::test_main::{{closure}}::he977ae839a582784
[INFO] [stdout]                                at /rustc/90b35a6239c3d8bdabc530a6a0816f7ff89a0aaf/library/test/src/lib.rs:133:21
[INFO] [stdout]   12:     0x6387e2b55638 - <alloc::boxed::Box<F,A> as core::ops::function::Fn<Args>>::call::h9455091b6b06f9fb
[INFO] [stdout]                                at /rustc/90b35a6239c3d8bdabc530a6a0816f7ff89a0aaf/library/alloc/src/boxed.rs:2468:9
[INFO] [stdout]   13:     0x6387e2b55638 - std::panicking::rust_panic_with_hook::h8942133a8b252070
[INFO] [stdout]                                at /rustc/90b35a6239c3d8bdabc530a6a0816f7ff89a0aaf/library/std/src/panicking.rs:809:13
[INFO] [stdout]   14:     0x6387e2b553fa - std::panicking::begin_panic_handler::{{closure}}::hb5f5963570096b29
[INFO] [stdout]                                at /rustc/90b35a6239c3d8bdabc530a6a0816f7ff89a0aaf/library/std/src/panicking.rs:674:13
[INFO] [stdout]   15:     0x6387e2b54019 - std::sys::backtrace::__rust_end_short_backtrace::h6208cedc1922feda
[INFO] [stdout]                                at /rustc/90b35a6239c3d8bdabc530a6a0816f7ff89a0aaf/library/std/src/sys/backtrace.rs:170:18
[INFO] [stdout]   16:     0x6387e2b5508c - rust_begin_unwind
[INFO] [stdout]                                at /rustc/90b35a6239c3d8bdabc530a6a0816f7ff89a0aaf/library/std/src/panicking.rs:665:5
[INFO] [stdout]   17:     0x6387e2adca60 - core::panicking::panic_fmt::h0c3082644d1bf418
[INFO] [stdout]                                at /rustc/90b35a6239c3d8bdabc530a6a0816f7ff89a0aaf/library/core/src/panicking.rs:74:14
[INFO] [stdout]   18:     0x6387e2adce06 - core::result::unwrap_failed::hd20b4aa073bda1e2
[INFO] [stdout]                                at /rustc/90b35a6239c3d8bdabc530a6a0816f7ff89a0aaf/library/core/src/result.rs:1700:5
[INFO] [stdout]   19:     0x6387e2ae6c18 - core::result::Result<T,E>::expect::hc02abffce6a9e508
[INFO] [stdout]                                at /rustc/90b35a6239c3d8bdabc530a6a0816f7ff89a0aaf/library/core/src/result.rs:1061:23
[INFO] [stdout]   20:     0x6387e2ae38b1 - spec::it_fails_getting_state_for_container_that_does_not_exist::h716c0945f0fbf8f3
[INFO] [stdout]                                at /opt/rustwide/workdir/specsafely/tests/spec.rs:18:18
[INFO] [stdout]   21:     0x6387e2ae37d7 - spec::it_fails_getting_state_for_container_that_does_not_exist::{{closure}}::h60c20088b1d1b489
[INFO] [stdout]                                at /opt/rustwide/workdir/specsafely/tests/spec.rs:17:62
[INFO] [stdout]   22:     0x6387e2addd16 - core::ops::function::FnOnce::call_once::hcb3d5c9e6c253586
[INFO] [stdout]                                at /rustc/90b35a6239c3d8bdabc530a6a0816f7ff89a0aaf/library/core/src/ops/function.rs:250:5
[INFO] [stdout]   23:     0x6387e2b2504b - core::ops::function::FnOnce::call_once::h109cf8051a59b34e
[INFO] [stdout]                                at /rustc/90b35a6239c3d8bdabc530a6a0816f7ff89a0aaf/library/core/src/ops/function.rs:250:5
[INFO] [stdout]   24:     0x6387e2b2504b - test::__rust_begin_short_backtrace::hf4fff89d377446ba
[INFO] [stdout]                                at /rustc/90b35a6239c3d8bdabc530a6a0816f7ff89a0aaf/library/test/src/lib.rs:621:18
[INFO] [stdout]   25:     0x6387e2b24887 - test::run_test_in_process::{{closure}}::h0e39181dd7ee5a43
[INFO] [stdout]                                at /rustc/90b35a6239c3d8bdabc530a6a0816f7ff89a0aaf/library/test/src/lib.rs:644:60
[INFO] [stdout]   26:     0x6387e2b24887 - <core::panic::unwind_safe::AssertUnwindSafe<F> as core::ops::function::FnOnce<()>>::call_once::hc5a66a30f0bdfd1f
[INFO] [stdout]                                at /rustc/90b35a6239c3d8bdabc530a6a0816f7ff89a0aaf/library/core/src/panic/unwind_safe.rs:272:9
[INFO] [stdout]   27:     0x6387e2b24887 - std::panicking::try::do_call::h873b7cf639554a5e
[INFO] [stdout]                                at /rustc/90b35a6239c3d8bdabc530a6a0816f7ff89a0aaf/library/std/src/panicking.rs:557:40
[INFO] [stdout]   28:     0x6387e2b24887 - std::panicking::try::hdb19862fad9c8bd1
[INFO] [stdout]                                at /rustc/90b35a6239c3d8bdabc530a6a0816f7ff89a0aaf/library/std/src/panicking.rs:520:19
[INFO] [stdout]   29:     0x6387e2b24887 - std::panic::catch_unwind::h281fe732d236d260
[INFO] [stdout]                                at /rustc/90b35a6239c3d8bdabc530a6a0816f7ff89a0aaf/library/std/src/panic.rs:358:14
[INFO] [stdout]   30:     0x6387e2b24887 - test::run_test_in_process::h949b6df8457ed338
[INFO] [stdout]                                at /rustc/90b35a6239c3d8bdabc530a6a0816f7ff89a0aaf/library/test/src/lib.rs:644:27
[INFO] [stdout]   31:     0x6387e2b24887 - test::run_test::{{closure}}::h52c556a6d4740e10
[INFO] [stdout]                                at /rustc/90b35a6239c3d8bdabc530a6a0816f7ff89a0aaf/library/test/src/lib.rs:565:43
[INFO] [stdout]   32:     0x6387e2ae9b64 - test::run_test::{{closure}}::h4237f6381c45ccb9
[INFO] [stdout]                                at /rustc/90b35a6239c3d8bdabc530a6a0816f7ff89a0aaf/library/test/src/lib.rs:595:41
[INFO] [stdout]   33:     0x6387e2ae9b64 - std::sys::backtrace::__rust_begin_short_backtrace::h505c97a579eca628
[INFO] [stdout]                                at /rustc/90b35a6239c3d8bdabc530a6a0816f7ff89a0aaf/library/std/src/sys/backtrace.rs:154:18
[INFO] [stdout]   34:     0x6387e2aed22e - std::thread::Builder::spawn_unchecked_::{{closure}}::{{closure}}::h9e86b2e2bc107ea3
[INFO] [stdout]                                at /rustc/90b35a6239c3d8bdabc530a6a0816f7ff89a0aaf/library/std/src/thread/mod.rs:538:17
[INFO] [stdout]   35:     0x6387e2aed22e - <core::panic::unwind_safe::AssertUnwindSafe<F> as core::ops::function::FnOnce<()>>::call_once::h8b06ddb275ff4a25
[INFO] [stdout]                                at /rustc/90b35a6239c3d8bdabc530a6a0816f7ff89a0aaf/library/core/src/panic/unwind_safe.rs:272:9
[INFO] [stdout]   36:     0x6387e2aed22e - std::panicking::try::do_call::hb26ecd7cd9a9355d
[INFO] [stdout]                                at /rustc/90b35a6239c3d8bdabc530a6a0816f7ff89a0aaf/library/std/src/panicking.rs:557:40
[INFO] [stdout]   37:     0x6387e2aed22e - std::panicking::try::h8ddeca9d705f9069
[INFO] [stdout]                                at /rustc/90b35a6239c3d8bdabc530a6a0816f7ff89a0aaf/library/std/src/panicking.rs:520:19
[INFO] [stdout]   38:     0x6387e2aed22e - std::panic::catch_unwind::h49e1c33078844c46
[INFO] [stdout]                                at /rustc/90b35a6239c3d8bdabc530a6a0816f7ff89a0aaf/library/std/src/panic.rs:358:14
[INFO] [stdout]   39:     0x6387e2aed22e - std::thread::Builder::spawn_unchecked_::{{closure}}::h6073db6ff56ad35d
[INFO] [stdout]                                at /rustc/90b35a6239c3d8bdabc530a6a0816f7ff89a0aaf/library/std/src/thread/mod.rs:537:30
[INFO] [stdout]   40:     0x6387e2aed22e - core::ops::function::FnOnce::call_once{{vtable.shim}}::h2c5a5f3779c774f1
[INFO] [stdout]                                at /rustc/90b35a6239c3d8bdabc530a6a0816f7ff89a0aaf/library/core/src/ops/function.rs:250:5
[INFO] [stdout]   41:     0x6387e2b5947b - <alloc::boxed::Box<F,A> as core::ops::function::FnOnce<Args>>::call_once::hf75717d9f28faebf
[INFO] [stdout]                                at /rustc/90b35a6239c3d8bdabc530a6a0816f7ff89a0aaf/library/alloc/src/boxed.rs:2454:9
[INFO] [stdout]   42:     0x6387e2b5947b - <alloc::boxed::Box<F,A> as core::ops::function::FnOnce<Args>>::call_once::h7bd883a5f3c5f3c1
[INFO] [stdout]                                at /rustc/90b35a6239c3d8bdabc530a6a0816f7ff89a0aaf/library/alloc/src/boxed.rs:2454:9
[INFO] [stdout]   43:     0x6387e2b5947b - std::sys::pal::unix::thread::Thread::new::thread_start::hcc78f3943333fa94
[INFO] [stdout]                                at /rustc/90b35a6239c3d8bdabc530a6a0816f7ff89a0aaf/library/std/src/sys/pal/unix/thread.rs:105:17
[INFO] [stdout]   44:     0x755467550ac3 - <unknown>
[INFO] [stdout]   45:     0x7554675e1a04 - clone
[INFO] [stdout]   46:                0x0 - <unknown>
[INFO] [stdout] 
[INFO] [stdout] ---- it_fails_killing_a_container_that_does_not_exist stdout ----
[INFO] [stdout] thread 'it_fails_killing_a_container_that_does_not_exist' panicked at specsafely/tests/spec.rs:34:10:
[INFO] [stdout] failed to execute command: Os { code: 2, kind: NotFound, message: "No such file or directory" }
[INFO] [stdout] stack backtrace:
[INFO] [stdout]    0:     0x6387e2b53b3a - std::backtrace_rs::backtrace::libunwind::trace::h5a5b8284f2d0c266
[INFO] [stdout]                                at /rustc/90b35a6239c3d8bdabc530a6a0816f7ff89a0aaf/library/std/src/../../backtrace/src/backtrace/libunwind.rs:116:5
[INFO] [stdout]    1:     0x6387e2b53b3a - std::backtrace_rs::backtrace::trace_unsynchronized::h76d4f1c9b0b875e3
[INFO] [stdout]                                at /rustc/90b35a6239c3d8bdabc530a6a0816f7ff89a0aaf/library/std/src/../../backtrace/src/backtrace/mod.rs:66:5
[INFO] [stdout]    2:     0x6387e2b53b3a - std::sys::backtrace::_print_fmt::hc4546b8364a537c6
[INFO] [stdout]                                at /rustc/90b35a6239c3d8bdabc530a6a0816f7ff89a0aaf/library/std/src/sys/backtrace.rs:66:9
[INFO] [stdout]    3:     0x6387e2b53b3a - <std::sys::backtrace::BacktraceLock::print::DisplayBacktrace as core::fmt::Display>::fmt::h5b6bd5631a6d1f6b
[INFO] [stdout]                                at /rustc/90b35a6239c3d8bdabc530a6a0816f7ff89a0aaf/library/std/src/sys/backtrace.rs:39:26
[INFO] [stdout]    4:     0x6387e2b79023 - core::fmt::rt::Argument::fmt::h270f6602a2b96f62
[INFO] [stdout]                                at /rustc/90b35a6239c3d8bdabc530a6a0816f7ff89a0aaf/library/core/src/fmt/rt.rs:177:76
[INFO] [stdout]    5:     0x6387e2b79023 - core::fmt::write::h7550c97b06c86515
[INFO] [stdout]                                at /rustc/90b35a6239c3d8bdabc530a6a0816f7ff89a0aaf/library/core/src/fmt/mod.rs:1186:21
[INFO] [stdout]    6:     0x6387e2b50d03 - std::io::Write::write_fmt::h509ff860e5956e5e
[INFO] [stdout]                                at /rustc/90b35a6239c3d8bdabc530a6a0816f7ff89a0aaf/library/std/src/io/mod.rs:1839:15
[INFO] [stdout]    7:     0x6387e2b53982 - std::sys::backtrace::BacktraceLock::print::h2395ccd2c84ba3aa
[INFO] [stdout]                                at /rustc/90b35a6239c3d8bdabc530a6a0816f7ff89a0aaf/library/std/src/sys/backtrace.rs:42:9
[INFO] [stdout]    8:     0x6387e2b54f9a - std::panicking::default_hook::{{closure}}::he19d4c7230e07961
[INFO] [stdout]                                at /rustc/90b35a6239c3d8bdabc530a6a0816f7ff89a0aaf/library/std/src/panicking.rs:268:22
[INFO] [stdout]    9:     0x6387e2b54da4 - std::panicking::default_hook::hf614597d3c67bbdb
[INFO] [stdout]                                at /rustc/90b35a6239c3d8bdabc530a6a0816f7ff89a0aaf/library/std/src/panicking.rs:292:9
[INFO] [stdout]   10:     0x6387e2b20689 - <alloc::boxed::Box<F,A> as core::ops::function::Fn<Args>>::call::h39b51ce4599c23d1
[INFO] [stdout]                                at /rustc/90b35a6239c3d8bdabc530a6a0816f7ff89a0aaf/library/alloc/src/boxed.rs:2468:9
[INFO] [stdout]   11:     0x6387e2b20689 - test::test_main::{{closure}}::he977ae839a582784
[INFO] [stdout]                                at /rustc/90b35a6239c3d8bdabc530a6a0816f7ff89a0aaf/library/test/src/lib.rs:133:21
[INFO] [stdout]   12:     0x6387e2b55638 - <alloc::boxed::Box<F,A> as core::ops::function::Fn<Args>>::call::h9455091b6b06f9fb
[INFO] [stdout]                                at /rustc/90b35a6239c3d8bdabc530a6a0816f7ff89a0aaf/library/alloc/src/boxed.rs:2468:9
[INFO] [stdout]   13:     0x6387e2b55638 - std::panicking::rust_panic_with_hook::h8942133a8b252070
[INFO] [stdout]                                at /rustc/90b35a6239c3d8bdabc530a6a0816f7ff89a0aaf/library/std/src/panicking.rs:809:13
[INFO] [stdout]   14:     0x6387e2b553fa - std::panicking::begin_panic_handler::{{closure}}::hb5f5963570096b29
[INFO] [stdout]                                at /rustc/90b35a6239c3d8bdabc530a6a0816f7ff89a0aaf/library/std/src/panicking.rs:674:13
[INFO] [stdout]   15:     0x6387e2b54019 - std::sys::backtrace::__rust_end_short_backtrace::h6208cedc1922feda
[INFO] [stdout]                                at /rustc/90b35a6239c3d8bdabc530a6a0816f7ff89a0aaf/library/std/src/sys/backtrace.rs:170:18
[INFO] [stdout]   16:     0x6387e2b5508c - rust_begin_unwind
[INFO] [stdout]                                at /rustc/90b35a6239c3d8bdabc530a6a0816f7ff89a0aaf/library/std/src/panicking.rs:665:5
[INFO] [stdout]   17:     0x6387e2adca60 - core::panicking::panic_fmt::h0c3082644d1bf418
[INFO] [stdout]                                at /rustc/90b35a6239c3d8bdabc530a6a0816f7ff89a0aaf/library/core/src/panicking.rs:74:14
[INFO] [stdout]   18:     0x6387e2adce06 - core::result::unwrap_failed::hd20b4aa073bda1e2
[INFO] [stdout]                                at /rustc/90b35a6239c3d8bdabc530a6a0816f7ff89a0aaf/library/core/src/result.rs:1700:5
[INFO] [stdout]   19:     0x6387e2ae6c18 - core::result::Result<T,E>::expect::hc02abffce6a9e508
[INFO] [stdout]                                at /rustc/90b35a6239c3d8bdabc530a6a0816f7ff89a0aaf/library/core/src/result.rs:1061:23
[INFO] [stdout]   20:     0x6387e2ae3c51 - spec::it_fails_killing_a_container_that_does_not_exist::h3f0b297e2cebea69
[INFO] [stdout]                                at /opt/rustwide/workdir/specsafely/tests/spec.rs:31:18
[INFO] [stdout]   21:     0x6387e2ae3b77 - spec::it_fails_killing_a_container_that_does_not_exist::{{closure}}::hbc10c34292a17fce
[INFO] [stdout]                                at /opt/rustwide/workdir/specsafely/tests/spec.rs:30:54
[INFO] [stdout]   22:     0x6387e2addc96 - core::ops::function::FnOnce::call_once::hb36cc2d642ca2640
[INFO] [stdout]                                at /rustc/90b35a6239c3d8bdabc530a6a0816f7ff89a0aaf/library/core/src/ops/function.rs:250:5
[INFO] [stdout]   23:     0x6387e2b2504b - core::ops::function::FnOnce::call_once::h109cf8051a59b34e
[INFO] [stdout]                                at /rustc/90b35a6239c3d8bdabc530a6a0816f7ff89a0aaf/library/core/src/ops/function.rs:250:5
[INFO] [stdout]   24:     0x6387e2b2504b - test::__rust_begin_short_backtrace::hf4fff89d377446ba
[INFO] [stdout]                                at /rustc/90b35a6239c3d8bdabc530a6a0816f7ff89a0aaf/library/test/src/lib.rs:621:18
[INFO] [stdout]   25:     0x6387e2b24887 - test::run_test_in_process::{{closure}}::h0e39181dd7ee5a43
[INFO] [stdout]                                at /rustc/90b35a6239c3d8bdabc530a6a0816f7ff89a0aaf/library/test/src/lib.rs:644:60
[INFO] [stdout]   26:     0x6387e2b24887 - <core::panic::unwind_safe::AssertUnwindSafe<F> as core::ops::function::FnOnce<()>>::call_once::hc5a66a30f0bdfd1f
[INFO] [stdout]                                at /rustc/90b35a6239c3d8bdabc530a6a0816f7ff89a0aaf/library/core/src/panic/unwind_safe.rs:272:9
[INFO] [stdout]   27:     0x6387e2b24887 - std::panicking::try::do_call::h873b7cf639554a5e
[INFO] [stdout]                                at /rustc/90b35a6239c3d8bdabc530a6a0816f7ff89a0aaf/library/std/src/panicking.rs:557:40
[INFO] [stdout]   28:     0x6387e2b24887 - std::panicking::try::hdb19862fad9c8bd1
[INFO] [stdout]                                at /rustc/90b35a6239c3d8bdabc530a6a0816f7ff89a0aaf/library/std/src/panicking.rs:520:19
[INFO] [stdout]   29:     0x6387e2b24887 - std::panic::catch_unwind::h281fe732d236d260
[INFO] [stdout]                                at /rustc/90b35a6239c3d8bdabc530a6a0816f7ff89a0aaf/library/std/src/panic.rs:358:14
[INFO] [stdout]   30:     0x6387e2b24887 - test::run_test_in_process::h949b6df8457ed338
[INFO] [stdout]                                at /rustc/90b35a6239c3d8bdabc530a6a0816f7ff89a0aaf/library/test/src/lib.rs:644:27
[INFO] [stdout]   31:     0x6387e2b24887 - test::run_test::{{closure}}::h52c556a6d4740e10
[INFO] [stdout]                                at /rustc/90b35a6239c3d8bdabc530a6a0816f7ff89a0aaf/library/test/src/lib.rs:565:43
[INFO] [stdout]   32:     0x6387e2ae9b64 - test::run_test::{{closure}}::h4237f6381c45ccb9
[INFO] [stdout]                                at /rustc/90b35a6239c3d8bdabc530a6a0816f7ff89a0aaf/library/test/src/lib.rs:595:41
[INFO] [stdout]   33:     0x6387e2ae9b64 - std::sys::backtrace::__rust_begin_short_backtrace::h505c97a579eca628
[INFO] [stdout]                                at /rustc/90b35a6239c3d8bdabc530a6a0816f7ff89a0aaf/library/std/src/sys/backtrace.rs:154:18
[INFO] [stdout]   34:     0x6387e2aed22e - std::thread::Builder::spawn_unchecked_::{{closure}}::{{closure}}::h9e86b2e2bc107ea3
[INFO] [stdout]                                at /rustc/90b35a6239c3d8bdabc530a6a0816f7ff89a0aaf/library/std/src/thread/mod.rs:538:17
[INFO] [stdout]   35:     0x6387e2aed22e - <core::panic::unwind_safe::AssertUnwindSafe<F> as core::ops::function::FnOnce<()>>::call_once::h8b06ddb275ff4a25
[INFO] [stdout]                                at /rustc/90b35a6239c3d8bdabc530a6a0816f7ff89a0aaf/library/core/src/panic/unwind_safe.rs:272:9
[INFO] [stdout]   36:     0x6387e2aed22e - std::panicking::try::do_call::hb26ecd7cd9a9355d
[INFO] [stdout]                                at /rustc/90b35a6239c3d8bdabc530a6a0816f7ff89a0aaf/library/std/src/panicking.rs:557:40
[INFO] [stdout]   37:     0x6387e2aed22e - std::panicking::try::h8ddeca9d705f9069
[INFO] [stdout]                                at /rustc/90b35a6239c3d8bdabc530a6a0816f7ff89a0aaf/library/std/src/panicking.rs:520:19
[INFO] [stdout]   38:     0x6387e2aed22e - std::panic::catch_unwind::h49e1c33078844c46
[INFO] [stdout]                                at /rustc/90b35a6239c3d8bdabc530a6a0816f7ff89a0aaf/library/std/src/panic.rs:358:14
[INFO] [stdout]   39:     0x6387e2aed22e - std::thread::Builder::spawn_unchecked_::{{closure}}::h6073db6ff56ad35d
[INFO] [stdout]                                at /rustc/90b35a6239c3d8bdabc530a6a0816f7ff89a0aaf/library/std/src/thread/mod.rs:537:30
[INFO] [stdout]   40:     0x6387e2aed22e - core::ops::function::FnOnce::call_once{{vtable.shim}}::h2c5a5f3779c774f1
[INFO] [stdout]                                at /rustc/90b35a6239c3d8bdabc530a6a0816f7ff89a0aaf/library/core/src/ops/function.rs:250:5
[INFO] [stdout]   41:     0x6387e2b5947b - <alloc::boxed::Box<F,A> as core::ops::function::FnOnce<Args>>::call_once::hf75717d9f28faebf
[INFO] [stdout]                                at /rustc/90b35a6239c3d8bdabc530a6a0816f7ff89a0aaf/library/alloc/src/boxed.rs:2454:9
[INFO] [stdout]   42:     0x6387e2b5947b - <alloc::boxed::Box<F,A> as core::ops::function::FnOnce<Args>>::call_once::h7bd883a5f3c5f3c1
[INFO] [stdout]                                at /rustc/90b35a6239c3d8bdabc530a6a0816f7ff89a0aaf/library/alloc/src/boxed.rs:2454:9
[INFO] [stdout]   43:     0x6387e2b5947b - std::sys::pal::unix::thread::Thread::new::thread_start::hcc78f3943333fa94
[INFO] [stdout]                                at /rustc/90b35a6239c3d8bdabc530a6a0816f7ff89a0aaf/library/std/src/sys/pal/unix/thread.rs:105:17
[INFO] [stdout]   44:     0x755467550ac3 - <unknown>
[INFO] [stdout]   45:     0x7554675e1a04 - clone
[INFO] [stdout]   46:                0x0 - <unknown>
[INFO] [stdout] 
[INFO] [stdout] 
[INFO] [stdout] failures:
[INFO] [stdout]     it_displays_help
[INFO] [stdout]     it_fails_deleting_a_container_that_does_not_exist
[INFO] [stdout]     it_fails_getting_state_for_container_that_does_not_exist
[INFO] [stdout]     it_fails_killing_a_container_that_does_not_exist
[INFO] [stdout]     it_fails_starting_a_container_that_does_not_exist
[INFO] [stdout] 
[INFO] [stdout] test result: FAILED. 0 passed; 5 failed; 0 ignored; 0 measured; 0 filtered out; finished in 0.03s
[INFO] [stdout] 
[INFO] running `Command { std: "docker" "inspect" "213450ecfccea72e08cf7c44152622ff1b46b765b242eafac1585f2d8cdf042d", kill_on_drop: false }`
[INFO] running `Command { std: "docker" "rm" "-f" "213450ecfccea72e08cf7c44152622ff1b46b765b242eafac1585f2d8cdf042d", kill_on_drop: false }`
[INFO] [stdout] 213450ecfccea72e08cf7c44152622ff1b46b765b242eafac1585f2d8cdf042d
