[INFO] cloning repository https://github.com/BoolPurist/daily_ruster_man
[INFO] running `Command { std: "git" "-c" "credential.helper=" "-c" "credential.helper=/workspace/cargo-home/bin/git-credential-null" "clone" "--bare" "https://github.com/BoolPurist/daily_ruster_man" "/workspace/cache/git-repos/https%3A%2F%2Fgithub.com%2FBoolPurist%2Fdaily_ruster_man", kill_on_drop: false }`
[INFO] [stderr] Cloning into bare repository '/workspace/cache/git-repos/https%3A%2F%2Fgithub.com%2FBoolPurist%2Fdaily_ruster_man'...
[INFO] running `Command { std: "git" "rev-parse" "HEAD", kill_on_drop: false }`
[INFO] [stdout] ce5979eecff350fd5059a8597f5a45034a6a5610
[INFO] testing BoolPurist/daily_ruster_man against 1.83.0 for beta-1.84.0-4-retry
[INFO] running `Command { std: "git" "clone" "/workspace/cache/git-repos/https%3A%2F%2Fgithub.com%2FBoolPurist%2Fdaily_ruster_man" "/workspace/builds/worker-4-tc1/source", kill_on_drop: false }`
[INFO] [stderr] Cloning into '/workspace/builds/worker-4-tc1/source'...
[INFO] [stderr] done.
[INFO] validating manifest of git repo https://github.com/BoolPurist/daily_ruster_man on toolchain 1.83.0
[INFO] running `Command { std: CARGO_HOME="/workspace/cargo-home" RUSTUP_HOME="/workspace/rustup-home" "/workspace/cargo-home/bin/cargo" "+1.83.0" "metadata" "--manifest-path" "Cargo.toml" "--no-deps", kill_on_drop: false }`
[INFO] started tweaking git repo https://github.com/BoolPurist/daily_ruster_man
[INFO] finished tweaking git repo https://github.com/BoolPurist/daily_ruster_man
[INFO] tweaked toml for git repo https://github.com/BoolPurist/daily_ruster_man written to /workspace/builds/worker-4-tc1/source/Cargo.toml
[INFO] crate git repo https://github.com/BoolPurist/daily_ruster_man already has a lockfile, it will not be regenerated
[INFO] running `Command { std: CARGO_HOME="/workspace/cargo-home" RUSTUP_HOME="/workspace/rustup-home" "/workspace/cargo-home/bin/cargo" "+1.83.0" "fetch" "--manifest-path" "Cargo.toml", kill_on_drop: false }`
[INFO] [stderr]     Updating git repository `https://github.com/BoolPurist/date_validation_types.git`
[INFO] [stderr]     Updating crates.io index
[INFO] [stderr]  Downloading crates ...
[INFO] [stderr]   Downloaded test-case v3.0.0
[INFO] [stderr]   Downloaded io-lifetimes v1.0.9
[INFO] [stderr]   Downloaded shellwords v1.1.0
[INFO] [stderr]   Downloaded proc-macro2 v1.0.54
[INFO] [stderr]   Downloaded test-case-macros v3.0.0
[INFO] [stderr]   Downloaded iana-time-zone v0.1.54
[INFO] [stderr]   Downloaded is-terminal v0.4.5
[INFO] [stderr]   Downloaded predicates v2.1.5
[INFO] [stderr]   Downloaded clap_derive v4.1.12
[INFO] [stderr]   Downloaded mockall_derive v0.11.4
[INFO] [stderr]   Downloaded structmeta-derive v0.1.6
[INFO] [stderr]   Downloaded syn v2.0.10
[INFO] [stderr]   Downloaded parse-display-derive v0.8.0
[INFO] [stderr]   Downloaded test-case-core v3.0.0
[INFO] [stderr]   Downloaded parse-display v0.8.0
[INFO] [stderr]   Downloaded mockall v0.11.4
[INFO] [stderr]   Downloaded rustix v0.36.11
[INFO] [stderr]   Downloaded clap v4.1.13
[INFO] [stderr]   Downloaded structmeta v0.1.6
[INFO] [stderr]   Downloaded dirs v5.0.0
[INFO] [stderr]   Downloaded insta v1.29.0
[INFO] running `Command { std: "docker" "create" "-v" "/var/lib/crater-agent-workspace/builds/worker-4-tc1/target:/opt/rustwide/target:rw,Z" "-v" "/var/lib/crater-agent-workspace/builds/worker-4-tc1/source:/opt/rustwide/workdir:ro,Z" "-v" "/var/lib/crater-agent-workspace/cargo-home:/opt/rustwide/cargo-home:ro,Z" "-v" "/var/lib/crater-agent-workspace/rustup-home:/opt/rustwide/rustup-home:ro,Z" "-e" "SOURCE_DIR=/opt/rustwide/workdir" "-e" "CARGO_TARGET_DIR=/opt/rustwide/target" "-e" "CARGO_HOME=/opt/rustwide/cargo-home" "-e" "RUSTUP_HOME=/opt/rustwide/rustup-home" "-w" "/opt/rustwide/workdir" "-m" "1610612736" "--user" "0:0" "--network" "none" "ghcr.io/rust-lang/crates-build-env/linux@sha256:f3a9d4ad9d972b27faf3965f35b62e55ba32bbce8f20bc8fe909558a86702fde" "/opt/rustwide/cargo-home/bin/cargo" "+1.83.0" "metadata" "--no-deps" "--format-version=1", kill_on_drop: false }`
[INFO] [stdout] 538acd8d2f37163c897d9362eea8df5590cd4421e17db6f452109c008fe8cfaf
[INFO] running `Command { std: "docker" "start" "-a" "538acd8d2f37163c897d9362eea8df5590cd4421e17db6f452109c008fe8cfaf", kill_on_drop: false }`
[INFO] running `Command { std: "docker" "inspect" "538acd8d2f37163c897d9362eea8df5590cd4421e17db6f452109c008fe8cfaf", kill_on_drop: false }`
[INFO] running `Command { std: "docker" "rm" "-f" "538acd8d2f37163c897d9362eea8df5590cd4421e17db6f452109c008fe8cfaf", kill_on_drop: false }`
[INFO] [stdout] 538acd8d2f37163c897d9362eea8df5590cd4421e17db6f452109c008fe8cfaf
[INFO] running `Command { std: "docker" "create" "-v" "/var/lib/crater-agent-workspace/builds/worker-4-tc1/target:/opt/rustwide/target:rw,Z" "-v" "/var/lib/crater-agent-workspace/builds/worker-4-tc1/source:/opt/rustwide/workdir:ro,Z" "-v" "/var/lib/crater-agent-workspace/cargo-home:/opt/rustwide/cargo-home:ro,Z" "-v" "/var/lib/crater-agent-workspace/rustup-home:/opt/rustwide/rustup-home:ro,Z" "-e" "SOURCE_DIR=/opt/rustwide/workdir" "-e" "CARGO_TARGET_DIR=/opt/rustwide/target" "-e" "CARGO_INCREMENTAL=0" "-e" "RUST_BACKTRACE=full" "-e" "RUSTFLAGS=--cap-lints=warn" "-e" "RUSTDOCFLAGS=--cap-lints=warn" "-e" "CARGO_HOME=/opt/rustwide/cargo-home" "-e" "RUSTUP_HOME=/opt/rustwide/rustup-home" "-w" "/opt/rustwide/workdir" "-m" "1610612736" "--user" "0:0" "--network" "none" "ghcr.io/rust-lang/crates-build-env/linux@sha256:f3a9d4ad9d972b27faf3965f35b62e55ba32bbce8f20bc8fe909558a86702fde" "/opt/rustwide/cargo-home/bin/cargo" "+1.83.0" "build" "--frozen" "--message-format=json", kill_on_drop: false }`
[INFO] [stdout] e73ecdd2fa25d3efedda5478bcf90d66e6e696687b33c74b67213d1cc607af6d
[INFO] running `Command { std: "docker" "start" "-a" "e73ecdd2fa25d3efedda5478bcf90d66e6e696687b33c74b67213d1cc607af6d", kill_on_drop: false }`
[INFO] [stderr]    Compiling proc-macro2 v1.0.54
[INFO] [stderr]    Compiling syn v1.0.109
[INFO] [stderr]    Compiling io-lifetimes v1.0.9
[INFO] [stderr]    Compiling rustix v0.36.11
[INFO] [stderr]    Compiling indexmap v1.9.3
[INFO] [stderr]    Compiling proc-macro-error-attr v1.0.4
[INFO] [stderr]    Compiling once_cell v1.18.0
[INFO] [stderr]    Compiling proc-macro-error v1.0.4
[INFO] [stderr]    Compiling backtrace v0.3.67
[INFO] [stderr]    Compiling gimli v0.27.2
[INFO] [stderr]    Compiling thiserror v1.0.40
[INFO] [stderr]    Compiling either v1.8.1
[INFO] [stderr]    Compiling time v0.1.45
[INFO] [stderr]    Compiling regex v1.7.3
[INFO] [stderr]    Compiling miniz_oxide v0.6.2
[INFO] [stderr]    Compiling float-cmp v0.9.0
[INFO] [stderr]    Compiling object v0.30.3
[INFO] [stderr]    Compiling itertools v0.10.5
[INFO] [stderr]    Compiling dirs-sys v0.4.0
[INFO] [stderr]    Compiling rustc-demangle v0.1.22
[INFO] [stderr]    Compiling iana-time-zone v0.1.54
[INFO] [stderr]    Compiling winnow v0.4.1
[INFO] [stderr]    Compiling anyhow v1.0.70
[INFO] [stderr]    Compiling difflib v0.4.0
[INFO] [stderr]    Compiling heck v0.4.1
[INFO] [stderr]    Compiling os_str_bytes v6.5.0
[INFO] [stderr]    Compiling chrono v0.4.26
[INFO] [stderr]    Compiling dirs v5.0.0
[INFO] [stderr]    Compiling fragile v2.0.0
[INFO] [stderr]    Compiling clap_lex v0.3.3
[INFO] [stderr]    Compiling downcast v0.11.0
[INFO] [stderr]    Compiling shellexpand v3.1.0
[INFO] [stderr]    Compiling shellwords v1.1.0
[INFO] [stderr]    Compiling quote v1.0.26
[INFO] [stderr]    Compiling syn v2.0.10
[INFO] [stderr]    Compiling is-terminal v0.4.5
[INFO] [stderr]    Compiling env_logger v0.10.0
[INFO] [stderr]    Compiling predicates v2.1.5
[INFO] [stderr]    Compiling addr2line v0.19.0
[INFO] [stderr]    Compiling serde_derive v1.0.158
[INFO] [stderr]    Compiling thiserror-impl v1.0.40
[INFO] [stderr]    Compiling clap_derive v4.1.12
[INFO] [stderr]    Compiling structmeta-derive v0.1.6
[INFO] [stderr]    Compiling derive_more v0.99.17
[INFO] [stderr]    Compiling mockall_derive v0.11.4
[INFO] [stderr]    Compiling getset v0.1.2
[INFO] [stderr]    Compiling derive-new v0.5.9
[INFO] [stderr]    Compiling clap v4.1.13
[INFO] [stderr]    Compiling structmeta v0.1.6
[INFO] [stderr]    Compiling parse-display-derive v0.8.0
[INFO] [stderr]    Compiling serde v1.0.158
[INFO] [stderr]    Compiling date_validation_types v1.0.0 (https://github.com/BoolPurist/date_validation_types.git?tag=v1.0.0#c251f7dd)
[INFO] [stderr]    Compiling mockall v0.11.4
[INFO] [stderr]    Compiling parse-display v0.8.0
[INFO] [stderr]    Compiling serde_spanned v0.6.1
[INFO] [stderr]    Compiling toml_datetime v0.6.1
[INFO] [stderr]    Compiling toml_edit v0.19.8
[INFO] [stderr]    Compiling toml v0.7.3
[INFO] [stderr]    Compiling daily_ruster_man v0.5.4 (/opt/rustwide/workdir)
[INFO] [stdout] warning: elided lifetime has a name
[INFO] [stdout]   --> src/core/app_config.rs:55:19
[INFO] [stdout]    |
[INFO] [stdout] 52 |     pub fn create_template_placeholder_for<'a>(
[INFO] [stdout]    |                                            -- lifetime `'a` declared here
[INFO] [stdout] ...
[INFO] [stdout] 55 |     ) -> HashMap<&'_ str, PlaceholderTemplate<'_, OsCommandProcossor>> {
[INFO] [stdout]    |                   ^^ this elided lifetime gets resolved as `'a`
[INFO] [stdout]    |
[INFO] [stdout]    = note: `#[warn(elided_named_lifetimes)]` on by default
[INFO] [stdout] 
[INFO] [stdout] 
[INFO] [stdout] warning: elided lifetime has a name
[INFO] [stdout]   --> src/core/app_config.rs:55:47
[INFO] [stdout]    |
[INFO] [stdout] 52 |     pub fn create_template_placeholder_for<'a>(
[INFO] [stdout]    |                                            -- lifetime `'a` declared here
[INFO] [stdout] ...
[INFO] [stdout] 55 |     ) -> HashMap<&'_ str, PlaceholderTemplate<'_, OsCommandProcossor>> {
[INFO] [stdout]    |                                               ^^ this elided lifetime gets resolved as `'a`
[INFO] [stdout] 
[INFO] [stdout] 
[INFO] [stderr]     Finished `dev` profile [unoptimized + debuginfo] target(s) in 36.51s
[INFO] running `Command { std: "docker" "inspect" "e73ecdd2fa25d3efedda5478bcf90d66e6e696687b33c74b67213d1cc607af6d", kill_on_drop: false }`
[INFO] running `Command { std: "docker" "rm" "-f" "e73ecdd2fa25d3efedda5478bcf90d66e6e696687b33c74b67213d1cc607af6d", kill_on_drop: false }`
[INFO] [stdout] e73ecdd2fa25d3efedda5478bcf90d66e6e696687b33c74b67213d1cc607af6d
[INFO] running `Command { std: "docker" "create" "-v" "/var/lib/crater-agent-workspace/builds/worker-4-tc1/target:/opt/rustwide/target:rw,Z" "-v" "/var/lib/crater-agent-workspace/builds/worker-4-tc1/source:/opt/rustwide/workdir:ro,Z" "-v" "/var/lib/crater-agent-workspace/cargo-home:/opt/rustwide/cargo-home:ro,Z" "-v" "/var/lib/crater-agent-workspace/rustup-home:/opt/rustwide/rustup-home:ro,Z" "-e" "SOURCE_DIR=/opt/rustwide/workdir" "-e" "CARGO_TARGET_DIR=/opt/rustwide/target" "-e" "CARGO_INCREMENTAL=0" "-e" "RUST_BACKTRACE=full" "-e" "RUSTFLAGS=--cap-lints=warn" "-e" "RUSTDOCFLAGS=--cap-lints=warn" "-e" "CARGO_HOME=/opt/rustwide/cargo-home" "-e" "RUSTUP_HOME=/opt/rustwide/rustup-home" "-w" "/opt/rustwide/workdir" "-m" "1610612736" "--user" "0:0" "--network" "none" "ghcr.io/rust-lang/crates-build-env/linux@sha256:f3a9d4ad9d972b27faf3965f35b62e55ba32bbce8f20bc8fe909558a86702fde" "/opt/rustwide/cargo-home/bin/cargo" "+1.83.0" "test" "--frozen" "--no-run" "--message-format=json", kill_on_drop: false }`
[INFO] [stdout] dd62e3292481a3e5cab87a925df08811884ee281780511820fbf60edfaa6cb67
[INFO] running `Command { std: "docker" "start" "-a" "dd62e3292481a3e5cab87a925df08811884ee281780511820fbf60edfaa6cb67", kill_on_drop: false }`
[INFO] [stderr]    Compiling rustix v0.36.11
[INFO] [stderr]    Compiling test-case-core v3.0.0
[INFO] [stderr]    Compiling linked-hash-map v0.5.6
[INFO] [stderr]    Compiling console v0.15.5
[INFO] [stderr]    Compiling fastrand v1.9.0
[INFO] [stderr]    Compiling similar v2.2.1
[INFO] [stderr]    Compiling yaml-rust v0.4.5
[INFO] [stderr]    Compiling insta v1.29.0
[INFO] [stderr]    Compiling test-case-macros v3.0.0
[INFO] [stderr]    Compiling test-case v3.0.0
[INFO] [stderr]    Compiling is-terminal v0.4.5
[INFO] [stderr]    Compiling tempfile v3.4.0
[INFO] [stderr]    Compiling clap v4.1.13
[INFO] [stderr]    Compiling env_logger v0.10.0
[INFO] [stderr]    Compiling daily_ruster_man v0.5.4 (/opt/rustwide/workdir)
[INFO] [stdout] warning: elided lifetime has a name
[INFO] [stdout]   --> src/core/app_config.rs:55:19
[INFO] [stdout]    |
[INFO] [stdout] 52 |     pub fn create_template_placeholder_for<'a>(
[INFO] [stdout]    |                                            -- lifetime `'a` declared here
[INFO] [stdout] ...
[INFO] [stdout] 55 |     ) -> HashMap<&'_ str, PlaceholderTemplate<'_, OsCommandProcossor>> {
[INFO] [stdout]    |                   ^^ this elided lifetime gets resolved as `'a`
[INFO] [stdout]    |
[INFO] [stdout]    = note: `#[warn(elided_named_lifetimes)]` on by default
[INFO] [stdout] 
[INFO] [stdout] 
[INFO] [stdout] warning: elided lifetime has a name
[INFO] [stdout]   --> src/core/app_config.rs:55:47
[INFO] [stdout]    |
[INFO] [stdout] 52 |     pub fn create_template_placeholder_for<'a>(
[INFO] [stdout]    |                                            -- lifetime `'a` declared here
[INFO] [stdout] ...
[INFO] [stdout] 55 |     ) -> HashMap<&'_ str, PlaceholderTemplate<'_, OsCommandProcossor>> {
[INFO] [stdout]    |                                               ^^ this elided lifetime gets resolved as `'a`
[INFO] [stdout] 
[INFO] [stdout] 
[INFO] [stdout] warning: elided lifetime has a name
[INFO] [stdout]   --> src/core/app_config.rs:55:19
[INFO] [stdout]    |
[INFO] [stdout] 52 |     pub fn create_template_placeholder_for<'a>(
[INFO] [stdout]    |                                            -- lifetime `'a` declared here
[INFO] [stdout] ...
[INFO] [stdout] 55 |     ) -> HashMap<&'_ str, PlaceholderTemplate<'_, OsCommandProcossor>> {
[INFO] [stdout]    |                   ^^ this elided lifetime gets resolved as `'a`
[INFO] [stdout]    |
[INFO] [stdout]    = note: `#[warn(elided_named_lifetimes)]` on by default
[INFO] [stdout] 
[INFO] [stdout] 
[INFO] [stdout] warning: elided lifetime has a name
[INFO] [stdout]   --> src/core/app_config.rs:55:47
[INFO] [stdout]    |
[INFO] [stdout] 52 |     pub fn create_template_placeholder_for<'a>(
[INFO] [stdout]    |                                            -- lifetime `'a` declared here
[INFO] [stdout] ...
[INFO] [stdout] 55 |     ) -> HashMap<&'_ str, PlaceholderTemplate<'_, OsCommandProcossor>> {
[INFO] [stdout]    |                                               ^^ this elided lifetime gets resolved as `'a`
[INFO] [stdout] 
[INFO] [stdout] 
[INFO] [stderr]     Finished `test` profile [unoptimized + debuginfo] target(s) in 17.90s
[INFO] running `Command { std: "docker" "inspect" "dd62e3292481a3e5cab87a925df08811884ee281780511820fbf60edfaa6cb67", kill_on_drop: false }`
[INFO] running `Command { std: "docker" "rm" "-f" "dd62e3292481a3e5cab87a925df08811884ee281780511820fbf60edfaa6cb67", kill_on_drop: false }`
[INFO] [stdout] dd62e3292481a3e5cab87a925df08811884ee281780511820fbf60edfaa6cb67
[INFO] running `Command { std: "docker" "create" "-v" "/var/lib/crater-agent-workspace/builds/worker-4-tc1/target:/opt/rustwide/target:rw,Z" "-v" "/var/lib/crater-agent-workspace/builds/worker-4-tc1/source:/opt/rustwide/workdir:ro,Z" "-v" "/var/lib/crater-agent-workspace/cargo-home:/opt/rustwide/cargo-home:ro,Z" "-v" "/var/lib/crater-agent-workspace/rustup-home:/opt/rustwide/rustup-home:ro,Z" "-e" "SOURCE_DIR=/opt/rustwide/workdir" "-e" "CARGO_TARGET_DIR=/opt/rustwide/target" "-e" "CARGO_INCREMENTAL=0" "-e" "RUST_BACKTRACE=full" "-e" "RUSTFLAGS=--cap-lints=warn" "-e" "RUSTDOCFLAGS=--cap-lints=warn" "-e" "CARGO_HOME=/opt/rustwide/cargo-home" "-e" "RUSTUP_HOME=/opt/rustwide/rustup-home" "-w" "/opt/rustwide/workdir" "-m" "1610612736" "--user" "0:0" "--network" "none" "ghcr.io/rust-lang/crates-build-env/linux@sha256:f3a9d4ad9d972b27faf3965f35b62e55ba32bbce8f20bc8fe909558a86702fde" "/opt/rustwide/cargo-home/bin/cargo" "+1.83.0" "test" "--frozen", kill_on_drop: false }`
[INFO] [stdout] bfa84d5cd0eec7491cc23e0bc82e671615cf40e5a899e1ab303ae8b1a92da1fb
[INFO] running `Command { std: "docker" "start" "-a" "bfa84d5cd0eec7491cc23e0bc82e671615cf40e5a899e1ab303ae8b1a92da1fb", kill_on_drop: false }`
[INFO] [stderr] warning: elided lifetime has a name
[INFO] [stderr]   --> src/core/app_config.rs:55:19
[INFO] [stderr]    |
[INFO] [stderr] 52 |     pub fn create_template_placeholder_for<'a>(
[INFO] [stderr]    |                                            -- lifetime `'a` declared here
[INFO] [stderr] ...
[INFO] [stderr] 55 |     ) -> HashMap<&'_ str, PlaceholderTemplate<'_, OsCommandProcossor>> {
[INFO] [stderr]    |                   ^^ this elided lifetime gets resolved as `'a`
[INFO] [stderr]    |
[INFO] [stderr]    = note: `#[warn(elided_named_lifetimes)]` on by default
[INFO] [stderr] 
[INFO] [stderr] warning: elided lifetime has a name
[INFO] [stderr]   --> src/core/app_config.rs:55:47
[INFO] [stderr]    |
[INFO] [stderr] 52 |     pub fn create_template_placeholder_for<'a>(
[INFO] [stderr]    |                                            -- lifetime `'a` declared here
[INFO] [stderr] ...
[INFO] [stderr] 55 |     ) -> HashMap<&'_ str, PlaceholderTemplate<'_, OsCommandProcossor>> {
[INFO] [stderr]    |                                               ^^ this elided lifetime gets resolved as `'a`
[INFO] [stderr] 
[INFO] [stderr] warning: `daily_ruster_man` (lib) generated 2 warnings
[INFO] [stderr] warning: `daily_ruster_man` (lib test) generated 2 warnings (2 duplicates)
[INFO] [stderr]     Finished `test` profile [unoptimized + debuginfo] target(s) in 0.24s
[INFO] [stderr]      Running unittests src/lib.rs (/opt/rustwide/target/debug/deps/daily_ruster_man-97bbeaf6f3c712ca)
[INFO] [stdout] 
[INFO] [stdout] running 50 tests
[INFO] [stdout] test cli::edit_command::testing::should_produce_valid_date::should_go_back_3_days ... ok
[INFO] [stdout] test core::date_filtering::testing::should_filter_by_ymd ... ok
[INFO] [stdout] test cli::month_edit_command::testing::should_map_to_current_month ... ok
[INFO] [stdout] test cli::month_list_command::testing::should_produces_correct_find_by_month_year::should_filter_by_month_and_year ... ok
[INFO] [stdout] test cli::month_edit_command::testing::should_map_to_correct_exact_month_with_year ... ok
[INFO] [stdout] test cli::month_list_command::testing::should_produces_correct_find_by_month_year::should_filter_by_month_in_the_current_year ... ok
[INFO] [stdout] test cli::edit_command::testing::should_produce_valid_date::should_match_given_year_and_exact_day_of_this_year_ ... ok
[INFO] [stdout] test core::date_filtering::testing::test_strip_expect_file_name ... ok
[INFO] [stdout] test cli::edit_command::testing::should_produce_valid_date::should_match_extact_date_in_year_month_and_day ... ok
[INFO] [stdout] test cli::month_list_command::testing::should_produces_correct_find_by_month_year::should_filter_nothing_aka_listing_all_months ... ok
[INFO] [stdout] test core::date_models::find_by::testing::find_by_year_month_day::should_deny_invalid_input::some_2000_some_11_some_32_expects ... ok
[INFO] [stdout] test core::date_models::find_by::testing::find_by_year_month_day::should_deny_invalid_input::some_2222222_some_11_some_32_expects ... ok
[INFO] [stdout] test core::dates_names::monthly_name::testing::should_parse_from_str ... ok
[INFO] [stdout] test core::dates_names::test_daily_names::should_turn_to_date_tuple ... ok
[INFO] [stdout] test core::date_models::find_by::testing::find_by_year_month_day::should_deny_invalid_input::some_2000_some_11_some_0_expects ... ok
[INFO] [stdout] test core::dates_names::monthly_name::testing::should_produce_name_with_year_month ... ok
[INFO] [stdout] test core::dates_names::monthly_name::testing::should_return_month_year_pair ... ok
[INFO] [stdout] test core::dates_names::monthly_name::testing::should_fail_parse_str ... ok
[INFO] [stdout] test cli::month_edit_command::testing::should_map_to_month_in_current_year ... ok
[INFO] [stdout] test core::dates_names::yearly_name::testing::should_fail_parsing::_222a_aa_md_expects ... ok
[INFO] [stdout] test cli::edit_command::testing::should_produce_valid_date::should_advance_date_by_2_days ... ok
[INFO] [stdout] test core::dates_names::test_daily_names::test_parse_error ... ok
[INFO] [stdout] test core::dates_names::test_daily_names::test_create_daily_in_future ... ok
[INFO] [stdout] test core::dates_names::test_daily_names::test_create_daily_in_past ... ok
[INFO] [stdout] test core::dates_names::test_daily_names::test_new ... ok
[INFO] [stdout] test core::date_models::find_by::testing::find_by_year_month_day::should_deny_invalid_input::some_2000_some_13_some_4_expects ... ok
[INFO] [stdout] test core::dates_names::yearly_name::testing::should_construct_correct_name::_0100_expects_string_from_0100_yearly_md_ ... ok
[INFO] [stdout] test core::dates_names::yearly_name::testing::should_construct_correct_name::_28_expects_string_from_0028_yearly_md_ ... ok
[INFO] [stdout] test core::dates_names::yearly_name::testing::should_fail_parsing::_3332222_aa_md_expects ... ok
[INFO] [stdout] test core::dates_names::yearly_name::testing::should_construct_correct_name::_5_expects_string_from_0005_yearly_md_ ... ok
[INFO] [stdout] test core::dates_names::yearly_name::testing::should_fail_parsing::_33_10_13_expects ... ok
[INFO] [stdout] test core::dates_names::test_daily_names::test_parse ... ok
[INFO] [stdout] test core::dates_names::yearly_name::testing::should_fail_parsing::_33_expects ... ok
[INFO] [stdout] test core::dates_names::yearly_name::testing::should_parse::_1_yearly_md_expects_use_validate_parsed_yearly_name_1_ ... ok
[INFO] [stdout] test core::dates_names::yearly_name::testing::should_parse::_1988_yearly_md_expects_use_validate_parsed_yearly_name_1988_ ... ok
[INFO] [stdout] test core::dates_names::yearly_name::testing::should_parse::_2000_yearly_md_expects_use_validate_parsed_yearly_name_2000_ ... ok
[INFO] [stdout] test core::dates_names::yearly_name::testing::should_produce_date_tuple::_120_expects_string_from_0120_ ... ok
[INFO] [stdout] test core::dates_names::yearly_name::testing::should_produce_date_tuple::_2000_expects_string_from_2000_ ... ok
[INFO] [stdout] test core::dates_names::yearly_name::testing::should_fail_parsing::_33_10_expects ... ok
[INFO] [stdout] test core::dates_names::yearly_name::testing::should_parse::_188_yearly_md_expects_use_validate_parsed_yearly_name_188_ ... ok
[INFO] [stdout] test core::dates_names::yearly_name::testing::should_construct_correct_name::_2000_expects_string_from_2000_yearly_md_ ... ok
[INFO] [stdout] test core::dates_names::yearly_name::testing::should_fail_parsing::_aa_aa_md_expects ... ok
[INFO] [stdout] test core::dates_names::yearly_name::testing::should_parse::_24_yearly_md_expects_use_validate_parsed_yearly_name_24_ ... ok
[INFO] [stdout] test core::dates_names::yearly_name::testing::should_produce_date_tuple::_3_expects_string_from_0003_ ... ok
[INFO] [stdout] test core::dates_names::yearly_name::testing::should_produce_date_tuple::_20_expects_string_from_0020_ ... ok
[INFO] [stdout] test core::template::command_processor::testing::should_invoke_only_once_command ... ok
[INFO] [stdout] test core::app_config::testing::should_resolve_placeholders_with_daily ... ok
[INFO] [stdout] test core::app_config::testing::should_resolve_placeholders_with_yearly ... ok
[INFO] [stdout] test core::app_config::testing::should_resolve_placeholders_with_monthly ... ok
[INFO] [stdout] test core::template::testing::should_complement_template_with_command_processor ... ok
[INFO] [stdout] 
[INFO] [stderr]      Running unittests src/main.rs (/opt/rustwide/target/debug/deps/daily_ruster_man-c65ac0d19126eb2b)
[INFO] [stdout] test result: ok. 50 passed; 0 failed; 0 ignored; 0 measured; 0 filtered out; finished in 0.11s
[INFO] [stdout] 
[INFO] [stdout] 
[INFO] [stdout] running 0 tests
[INFO] [stdout] 
[INFO] [stdout] test result: ok. 0 passed; 0 failed; 0 ignored; 0 measured; 0 filtered out; finished in 0.00s
[INFO] [stdout] 
[INFO] [stderr]      Running tests/delete_journals.rs (/opt/rustwide/target/debug/deps/delete_journals-924a8f5acfb073d9)
[INFO] [stdout] 
[INFO] [stdout] running 5 tests
[INFO] [stdout] test should_delete_daily_journal ... ok
[INFO] [stdout] test should_delete_monthly_journal ... ok
[INFO] [stdout] test should_return_no_daily_found_for_deletion ... ok
[INFO] [stdout] test should_return_no_monthly_found_for_deletion ... ok
[INFO] [stdout] test should_delete_yearly_journal ... ok
[INFO] [stdout] 
[INFO] [stdout] test result: ok. 5 passed; 0 failed; 0 ignored; 0 measured; 0 filtered out; finished in 0.01s
[INFO] [stdout] 
[INFO] [stderr]      Running tests/list_journals.rs (/opt/rustwide/target/debug/deps/list_journals-65c99d252bae8780)
[INFO] [stdout] 
[INFO] [stdout] running 8 tests
[INFO] [stdout] test should_list_all_daily_journals_in_certain_year ... ok
[INFO] [stdout] test should_list_all_daily_journals ... ok
[INFO] [stdout] test should_list_all_monthly_journals ... ok
[INFO] [stdout] test should_list_all_daily_journal_in_months ... ok
[INFO] [stdout] test should_list_exact_monthly_journals ... ok
[INFO] [stdout] test should_list_exact_daily_journal_by_date ... ok
[INFO] [stdout] test should_list_monthly_journals_in_certain_year ... ok
[INFO] [stdout] test should_list_all_yearly_journals ... ok
[INFO] [stdout] 
[INFO] [stdout] test result: ok. 8 passed; 0 failed; 0 ignored; 0 measured; 0 filtered out; finished in 0.05s
[INFO] [stdout] 
[INFO] [stderr]      Running tests/open_journals.rs (/opt/rustwide/target/debug/deps/open_journals-0d3873a1dee57b82)
[INFO] [stdout] 
[INFO] [stdout] running 7 tests
[INFO] [stdout] test should_open_journal_with_editor_and_init_template_from_conf ... ok
[INFO] [stdout] test should_open_specific_daily_journal_with_show_only ... ok
[INFO] [stdout] test should_return_nothing_for_empty_with_show_only ... ok
[INFO] [stdout] test should_open_specific_daily_journal_with_specific_editor ... FAILED
[INFO] [stdout] test should_open_specific_daily_journal ... FAILED
[INFO] [stdout] test should_open_specific_yearly_journal ... FAILED
[INFO] [stdout] test should_open_specific_monthly_journal ... FAILED
[INFO] [stdout] 
[INFO] [stdout] failures:
[INFO] [stdout] 
[INFO] [stdout] ---- should_open_specific_daily_journal_with_specific_editor stdout ----
[INFO] [stdout] thread 'should_open_specific_daily_journal_with_specific_editor' panicked at tests/open_journals.rs:250:5:
[INFO] [stdout] assertion failed: match_on_return
[INFO] [stdout] stack backtrace:
[INFO] [stdout]    0:     0x590cabc314ea - std::backtrace_rs::backtrace::libunwind::trace::h5a5b8284f2d0c266
[INFO] [stdout]                                at /rustc/90b35a6239c3d8bdabc530a6a0816f7ff89a0aaf/library/std/src/../../backtrace/src/backtrace/libunwind.rs:116:5
[INFO] [stdout]    1:     0x590cabc314ea - std::backtrace_rs::backtrace::trace_unsynchronized::h76d4f1c9b0b875e3
[INFO] [stdout]                                at /rustc/90b35a6239c3d8bdabc530a6a0816f7ff89a0aaf/library/std/src/../../backtrace/src/backtrace/mod.rs:66:5
[INFO] [stdout]    2:     0x590cabc314ea - std::sys::backtrace::_print_fmt::hc4546b8364a537c6
[INFO] [stdout]                                at /rustc/90b35a6239c3d8bdabc530a6a0816f7ff89a0aaf/library/std/src/sys/backtrace.rs:66:9
[INFO] [stdout]    3:     0x590cabc314ea - <std::sys::backtrace::BacktraceLock::print::DisplayBacktrace as core::fmt::Display>::fmt::h5b6bd5631a6d1f6b
[INFO] [stdout]                                at /rustc/90b35a6239c3d8bdabc530a6a0816f7ff89a0aaf/library/std/src/sys/backtrace.rs:39:26
[INFO] [stdout]    4:     0x590cabc587a3 - core::fmt::rt::Argument::fmt::h270f6602a2b96f62
[INFO] [stdout]                                at /rustc/90b35a6239c3d8bdabc530a6a0816f7ff89a0aaf/library/core/src/fmt/rt.rs:177:76
[INFO] [stdout]    5:     0x590cabc587a3 - core::fmt::write::h7550c97b06c86515
[INFO] [stdout]                                at /rustc/90b35a6239c3d8bdabc530a6a0816f7ff89a0aaf/library/core/src/fmt/mod.rs:1186:21
[INFO] [stdout]    6:     0x590cabc2e423 - std::io::Write::write_fmt::h509ff860e5956e5e
[INFO] [stdout]                                at /rustc/90b35a6239c3d8bdabc530a6a0816f7ff89a0aaf/library/std/src/io/mod.rs:1839:15
[INFO] [stdout]    7:     0x590cabc31332 - std::sys::backtrace::BacktraceLock::print::h2395ccd2c84ba3aa
[INFO] [stdout]                                at /rustc/90b35a6239c3d8bdabc530a6a0816f7ff89a0aaf/library/std/src/sys/backtrace.rs:42:9
[INFO] [stdout]    8:     0x590cabc3294a - std::panicking::default_hook::{{closure}}::he19d4c7230e07961
[INFO] [stdout]                                at /rustc/90b35a6239c3d8bdabc530a6a0816f7ff89a0aaf/library/std/src/panicking.rs:268:22
[INFO] [stdout]    9:     0x590cabc32754 - std::panicking::default_hook::hf614597d3c67bbdb
[INFO] [stdout]                                at /rustc/90b35a6239c3d8bdabc530a6a0816f7ff89a0aaf/library/std/src/panicking.rs:292:9
[INFO] [stdout]   10:     0x590cab889709 - <alloc::boxed::Box<F,A> as core::ops::function::Fn<Args>>::call::h39b51ce4599c23d1
[INFO] [stdout]                                at /rustc/90b35a6239c3d8bdabc530a6a0816f7ff89a0aaf/library/alloc/src/boxed.rs:2468:9
[INFO] [stdout]   11:     0x590cab889709 - test::test_main::{{closure}}::he977ae839a582784
[INFO] [stdout]                                at /rustc/90b35a6239c3d8bdabc530a6a0816f7ff89a0aaf/library/test/src/lib.rs:133:21
[INFO] [stdout]   12:     0x590cabc32fe8 - <alloc::boxed::Box<F,A> as core::ops::function::Fn<Args>>::call::h9455091b6b06f9fb
[INFO] [stdout]                                at /rustc/90b35a6239c3d8bdabc530a6a0816f7ff89a0aaf/library/alloc/src/boxed.rs:2468:9
[INFO] [stdout]   13:     0x590cabc32fe8 - std::panicking::rust_panic_with_hook::h8942133a8b252070
[INFO] [stdout]                                at /rustc/90b35a6239c3d8bdabc530a6a0816f7ff89a0aaf/library/std/src/panicking.rs:809:13
[INFO] [stdout]   14:     0x590cabc32d76 - std::panicking::begin_panic_handler::{{closure}}::hb5f5963570096b29
[INFO] [stdout]                                at /rustc/90b35a6239c3d8bdabc530a6a0816f7ff89a0aaf/library/std/src/panicking.rs:667:13
[INFO] [stdout]   15:     0x590cabc319c9 - std::sys::backtrace::__rust_end_short_backtrace::h6208cedc1922feda
[INFO] [stdout]                                at /rustc/90b35a6239c3d8bdabc530a6a0816f7ff89a0aaf/library/std/src/sys/backtrace.rs:170:18
[INFO] [stdout]   16:     0x590cabc32a3c - rust_begin_unwind
[INFO] [stdout]                                at /rustc/90b35a6239c3d8bdabc530a6a0816f7ff89a0aaf/library/std/src/panicking.rs:665:5
[INFO] [stdout]   17:     0x590cab839240 - core::panicking::panic_fmt::h0c3082644d1bf418
[INFO] [stdout]                                at /rustc/90b35a6239c3d8bdabc530a6a0816f7ff89a0aaf/library/core/src/panicking.rs:74:14
[INFO] [stdout]   18:     0x590cab8392cc - core::panicking::panic::h957f98c65a3b3074
[INFO] [stdout]                                at /rustc/90b35a6239c3d8bdabc530a6a0816f7ff89a0aaf/library/core/src/panicking.rs:148:5
[INFO] [stdout]   19:     0x590cab845aa1 - open_journals::assert_open_action::h9d4319c2d1fd7408
[INFO] [stdout]                                at /opt/rustwide/workdir/tests/open_journals.rs:250:5
[INFO] [stdout]   20:     0x590cab846cab - open_journals::should_open_specific_daily_journal_with_specific_editor::h22ab10baea4a618a
[INFO] [stdout]                                at /opt/rustwide/workdir/tests/open_journals.rs:67:5
[INFO] [stdout]   21:     0x590cab8464e7 - open_journals::should_open_specific_daily_journal_with_specific_editor::{{closure}}::h07ddcd422a047f13
[INFO] [stdout]                                at /opt/rustwide/workdir/tests/open_journals.rs:45:61
[INFO] [stdout]   22:     0x590cab841ae6 - core::ops::function::FnOnce::call_once::ha3be7912c421498f
[INFO] [stdout]                                at /rustc/90b35a6239c3d8bdabc530a6a0816f7ff89a0aaf/library/core/src/ops/function.rs:250:5
[INFO] [stdout]   23:     0x590cab88e0cb - core::ops::function::FnOnce::call_once::h109cf8051a59b34e
[INFO] [stdout]                                at /rustc/90b35a6239c3d8bdabc530a6a0816f7ff89a0aaf/library/core/src/ops/function.rs:250:5
[INFO] [stdout]   24:     0x590cab88e0cb - test::__rust_begin_short_backtrace::hf4fff89d377446ba
[INFO] [stdout]                                at /rustc/90b35a6239c3d8bdabc530a6a0816f7ff89a0aaf/library/test/src/lib.rs:621:18
[INFO] [stdout]   25:     0x590cab88d907 - test::run_test_in_process::{{closure}}::h0e39181dd7ee5a43
[INFO] [stdout]                                at /rustc/90b35a6239c3d8bdabc530a6a0816f7ff89a0aaf/library/test/src/lib.rs:644:60
[INFO] [stdout]   26:     0x590cab88d907 - <core::panic::unwind_safe::AssertUnwindSafe<F> as core::ops::function::FnOnce<()>>::call_once::hc5a66a30f0bdfd1f
[INFO] [stdout]                                at /rustc/90b35a6239c3d8bdabc530a6a0816f7ff89a0aaf/library/core/src/panic/unwind_safe.rs:272:9
[INFO] [stdout]   27:     0x590cab88d907 - std::panicking::try::do_call::h873b7cf639554a5e
[INFO] [stdout]                                at /rustc/90b35a6239c3d8bdabc530a6a0816f7ff89a0aaf/library/std/src/panicking.rs:557:40
[INFO] [stdout]   28:     0x590cab88d907 - std::panicking::try::hdb19862fad9c8bd1
[INFO] [stdout]                                at /rustc/90b35a6239c3d8bdabc530a6a0816f7ff89a0aaf/library/std/src/panicking.rs:520:19
[INFO] [stdout]   29:     0x590cab88d907 - std::panic::catch_unwind::h281fe732d236d260
[INFO] [stdout]                                at /rustc/90b35a6239c3d8bdabc530a6a0816f7ff89a0aaf/library/std/src/panic.rs:358:14
[INFO] [stdout]   30:     0x590cab88d907 - test::run_test_in_process::h949b6df8457ed338
[INFO] [stdout]                                at /rustc/90b35a6239c3d8bdabc530a6a0816f7ff89a0aaf/library/test/src/lib.rs:644:27
[INFO] [stdout]   31:     0x590cab88d907 - test::run_test::{{closure}}::h52c556a6d4740e10
[INFO] [stdout]                                at /rustc/90b35a6239c3d8bdabc530a6a0816f7ff89a0aaf/library/test/src/lib.rs:565:43
[INFO] [stdout]   32:     0x590cab852be4 - test::run_test::{{closure}}::h4237f6381c45ccb9
[INFO] [stdout]                                at /rustc/90b35a6239c3d8bdabc530a6a0816f7ff89a0aaf/library/test/src/lib.rs:595:41
[INFO] [stdout]   33:     0x590cab852be4 - std::sys::backtrace::__rust_begin_short_backtrace::h505c97a579eca628
[INFO] [stdout]                                at /rustc/90b35a6239c3d8bdabc530a6a0816f7ff89a0aaf/library/std/src/sys/backtrace.rs:154:18
[INFO] [stdout]   34:     0x590cab8562ae - std::thread::Builder::spawn_unchecked_::{{closure}}::{{closure}}::h9e86b2e2bc107ea3
[INFO] [stdout]                                at /rustc/90b35a6239c3d8bdabc530a6a0816f7ff89a0aaf/library/std/src/thread/mod.rs:538:17
[INFO] [stdout]   35:     0x590cab8562ae - <core::panic::unwind_safe::AssertUnwindSafe<F> as core::ops::function::FnOnce<()>>::call_once::h8b06ddb275ff4a25
[INFO] [stdout]                                at /rustc/90b35a6239c3d8bdabc530a6a0816f7ff89a0aaf/library/core/src/panic/unwind_safe.rs:272:9
[INFO] [stdout]   36:     0x590cab8562ae - std::panicking::try::do_call::hb26ecd7cd9a9355d
[INFO] [stdout]                                at /rustc/90b35a6239c3d8bdabc530a6a0816f7ff89a0aaf/library/std/src/panicking.rs:557:40
[INFO] [stdout]   37:     0x590cab8562ae - std::panicking::try::h8ddeca9d705f9069
[INFO] [stdout]                                at /rustc/90b35a6239c3d8bdabc530a6a0816f7ff89a0aaf/library/std/src/panicking.rs:520:19
[INFO] [stdout]   38:     0x590cab8562ae - std::panic::catch_unwind::h49e1c33078844c46
[INFO] [stdout]                                at /rustc/90b35a6239c3d8bdabc530a6a0816f7ff89a0aaf/library/std/src/panic.rs:358:14
[INFO] [stdout]   39:     0x590cab8562ae - std::thread::Builder::spawn_unchecked_::{{closure}}::h6073db6ff56ad35d
[INFO] [stdout]                                at /rustc/90b35a6239c3d8bdabc530a6a0816f7ff89a0aaf/library/std/src/thread/mod.rs:537:30
[INFO] [stdout]   40:     0x590cab8562ae - core::ops::function::FnOnce::call_once{{vtable.shim}}::h2c5a5f3779c774f1
[INFO] [stdout]                                at /rustc/90b35a6239c3d8bdabc530a6a0816f7ff89a0aaf/library/core/src/ops/function.rs:250:5
[INFO] [stdout]   41:     0x590cabc378cb - <alloc::boxed::Box<F,A> as core::ops::function::FnOnce<Args>>::call_once::hf75717d9f28faebf
[INFO] [stdout]                                at /rustc/90b35a6239c3d8bdabc530a6a0816f7ff89a0aaf/library/alloc/src/boxed.rs:2454:9
[INFO] [stdout]   42:     0x590cabc378cb - <alloc::boxed::Box<F,A> as core::ops::function::FnOnce<Args>>::call_once::h7bd883a5f3c5f3c1
[INFO] [stdout]                                at /rustc/90b35a6239c3d8bdabc530a6a0816f7ff89a0aaf/library/alloc/src/boxed.rs:2454:9
[INFO] [stdout]   43:     0x590cabc378cb - std::sys::pal::unix::thread::Thread::new::thread_start::hcc78f3943333fa94
[INFO] [stdout]                                at /rustc/90b35a6239c3d8bdabc530a6a0816f7ff89a0aaf/library/std/src/sys/pal/unix/thread.rs:105:17
[INFO] [stdout]   44:     0x796f9cdc4ac3 - <unknown>
[INFO] [stdout]   45:     0x796f9ce55a04 - clone
[INFO] [stdout]   46:                0x0 - <unknown>
[INFO] [stdout] 
[INFO] [stdout] ---- should_open_specific_daily_journal stdout ----
[INFO] [stdout] thread 'should_open_specific_daily_journal' panicked at tests/open_journals.rs:250:5:
[INFO] [stdout] assertion failed: match_on_return
[INFO] [stdout] stack backtrace:
[INFO] [stdout]    0:     0x590cabc314ea - std::backtrace_rs::backtrace::libunwind::trace::h5a5b8284f2d0c266
[INFO] [stdout]                                at /rustc/90b35a6239c3d8bdabc530a6a0816f7ff89a0aaf/library/std/src/../../backtrace/src/backtrace/libunwind.rs:116:5
[INFO] [stdout]    1:     0x590cabc314ea - std::backtrace_rs::backtrace::trace_unsynchronized::h76d4f1c9b0b875e3
[INFO] [stdout]                                at /rustc/90b35a6239c3d8bdabc530a6a0816f7ff89a0aaf/library/std/src/../../backtrace/src/backtrace/mod.rs:66:5
[INFO] [stdout]    2:     0x590cabc314ea - std::sys::backtrace::_print_fmt::hc4546b8364a537c6
[INFO] [stdout]                                at /rustc/90b35a6239c3d8bdabc530a6a0816f7ff89a0aaf/library/std/src/sys/backtrace.rs:66:9
[INFO] [stdout]    3:     0x590cabc314ea - <std::sys::backtrace::BacktraceLock::print::DisplayBacktrace as core::fmt::Display>::fmt::h5b6bd5631a6d1f6b
[INFO] [stdout]                                at /rustc/90b35a6239c3d8bdabc530a6a0816f7ff89a0aaf/library/std/src/sys/backtrace.rs:39:26
[INFO] [stdout]    4:     0x590cabc587a3 - core::fmt::rt::Argument::fmt::h270f6602a2b96f62
[INFO] [stdout]                                at /rustc/90b35a6239c3d8bdabc530a6a0816f7ff89a0aaf/library/core/src/fmt/rt.rs:177:76
[INFO] [stdout]    5:     0x590cabc587a3 - core::fmt::write::h7550c97b06c86515
[INFO] [stdout]                                at /rustc/90b35a6239c3d8bdabc530a6a0816f7ff89a0aaf/library/core/src/fmt/mod.rs:1186:21
[INFO] [stdout]    6:     0x590cabc2e423 - std::io::Write::write_fmt::h509ff860e5956e5e
[INFO] [stdout]                                at /rustc/90b35a6239c3d8bdabc530a6a0816f7ff89a0aaf/library/std/src/io/mod.rs:1839:15
[INFO] [stdout]    7:     0x590cabc31332 - std::sys::backtrace::BacktraceLock::print::h2395ccd2c84ba3aa
[INFO] [stdout]                                at /rustc/90b35a6239c3d8bdabc530a6a0816f7ff89a0aaf/library/std/src/sys/backtrace.rs:42:9
[INFO] [stdout]    8:     0x590cabc3294a - std::panicking::default_hook::{{closure}}::he19d4c7230e07961
[INFO] [stdout]                                at /rustc/90b35a6239c3d8bdabc530a6a0816f7ff89a0aaf/library/std/src/panicking.rs:268:22
[INFO] [stdout]    9:     0x590cabc32754 - std::panicking::default_hook::hf614597d3c67bbdb
[INFO] [stdout]                                at /rustc/90b35a6239c3d8bdabc530a6a0816f7ff89a0aaf/library/std/src/panicking.rs:292:9
[INFO] [stdout]   10:     0x590cab889709 - <alloc::boxed::Box<F,A> as core::ops::function::Fn<Args>>::call::h39b51ce4599c23d1
[INFO] [stdout]                                at /rustc/90b35a6239c3d8bdabc530a6a0816f7ff89a0aaf/library/alloc/src/boxed.rs:2468:9
[INFO] [stdout]   11:     0x590cab889709 - test::test_main::{{closure}}::he977ae839a582784
[INFO] [stdout]                                at /rustc/90b35a6239c3d8bdabc530a6a0816f7ff89a0aaf/library/test/src/lib.rs:133:21
[INFO] [stdout]   12:     0x590cabc32fe8 - <alloc::boxed::Box<F,A> as core::ops::function::Fn<Args>>::call::h9455091b6b06f9fb
[INFO] [stdout]                                at /rustc/90b35a6239c3d8bdabc530a6a0816f7ff89a0aaf/library/alloc/src/boxed.rs:2468:9
[INFO] [stdout]   13:     0x590cabc32fe8 - std::panicking::rust_panic_with_hook::h8942133a8b252070
[INFO] [stdout]                                at /rustc/90b35a6239c3d8bdabc530a6a0816f7ff89a0aaf/library/std/src/panicking.rs:809:13
[INFO] [stdout]   14:     0x590cabc32d76 - std::panicking::begin_panic_handler::{{closure}}::hb5f5963570096b29
[INFO] [stdout]                                at /rustc/90b35a6239c3d8bdabc530a6a0816f7ff89a0aaf/library/std/src/panicking.rs:667:13
[INFO] [stdout]   15:     0x590cabc319c9 - std::sys::backtrace::__rust_end_short_backtrace::h6208cedc1922feda
[INFO] [stdout]                                at /rustc/90b35a6239c3d8bdabc530a6a0816f7ff89a0aaf/library/std/src/sys/backtrace.rs:170:18
[INFO] [stdout]   16:     0x590cabc32a3c - rust_begin_unwind
[INFO] [stdout]                                at /rustc/90b35a6239c3d8bdabc530a6a0816f7ff89a0aaf/library/std/src/panicking.rs:665:5
[INFO] [stdout]   17:     0x590cab839240 - core::panicking::panic_fmt::h0c3082644d1bf418
[INFO] [stdout]                                at /rustc/90b35a6239c3d8bdabc530a6a0816f7ff89a0aaf/library/core/src/panicking.rs:74:14
[INFO] [stdout]   18:     0x590cab8392cc - core::panicking::panic::h957f98c65a3b3074
[INFO] [stdout]                                at /rustc/90b35a6239c3d8bdabc530a6a0816f7ff89a0aaf/library/core/src/panicking.rs:148:5
[INFO] [stdout]   19:     0x590cab845aa1 - open_journals::assert_open_action::h9d4319c2d1fd7408
[INFO] [stdout]                                at /opt/rustwide/workdir/tests/open_journals.rs:250:5
[INFO] [stdout]   20:     0x590cab8463df - open_journals::should_open_specific_daily_journal::h2b5050bcdc6749a2
[INFO] [stdout]                                at /opt/rustwide/workdir/tests/open_journals.rs:35:5
[INFO] [stdout]   21:     0x590cab845c67 - open_journals::should_open_specific_daily_journal::{{closure}}::h94decd58890d1001
[INFO] [stdout]                                at /opt/rustwide/workdir/tests/open_journals.rs:16:40
[INFO] [stdout]   22:     0x590cab8418e6 - core::ops::function::FnOnce::call_once::h5a9107067c9eb63d
[INFO] [stdout]                                at /rustc/90b35a6239c3d8bdabc530a6a0816f7ff89a0aaf/library/core/src/ops/function.rs:250:5
[INFO] [stdout]   23:     0x590cab88e0cb - core::ops::function::FnOnce::call_once::h109cf8051a59b34e
[INFO] [stdout]                                at /rustc/90b35a6239c3d8bdabc530a6a0816f7ff89a0aaf/library/core/src/ops/function.rs:250:5
[INFO] [stdout]   24:     0x590cab88e0cb - test::__rust_begin_short_backtrace::hf4fff89d377446ba
[INFO] [stdout]                                at /rustc/90b35a6239c3d8bdabc530a6a0816f7ff89a0aaf/library/test/src/lib.rs:621:18
[INFO] [stdout]   25:     0x590cab88d907 - test::run_test_in_process::{{closure}}::h0e39181dd7ee5a43
[INFO] [stdout]                                at /rustc/90b35a6239c3d8bdabc530a6a0816f7ff89a0aaf/library/test/src/lib.rs:644:60
[INFO] [stdout]   26:     0x590cab88d907 - <core::panic::unwind_safe::AssertUnwindSafe<F> as core::ops::function::FnOnce<()>>::call_once::hc5a66a30f0bdfd1f
[INFO] [stdout]                                at /rustc/90b35a6239c3d8bdabc530a6a0816f7ff89a0aaf/library/core/src/panic/unwind_safe.rs:272:9
[INFO] [stdout]   27:     0x590cab88d907 - std::panicking::try::do_call::h873b7cf639554a5e
[INFO] [stdout]                                at /rustc/90b35a6239c3d8bdabc530a6a0816f7ff89a0aaf/library/std/src/panicking.rs:557:40
[INFO] [stdout]   28:     0x590cab88d907 - std::panicking::try::hdb19862fad9c8bd1
[INFO] [stdout]                                at /rustc/90b35a6239c3d8bdabc530a6a0816f7ff89a0aaf/library/std/src/panicking.rs:520:19
[INFO] [stdout]   29:     0x590cab88d907 - std::panic::catch_unwind::h281fe732d236d260
[INFO] [stdout]                                at /rustc/90b35a6239c3d8bdabc530a6a0816f7ff89a0aaf/library/std/src/panic.rs:358:14
[INFO] [stdout]   30:     0x590cab88d907 - test::run_test_in_process::h949b6df8457ed338
[INFO] [stdout]                                at /rustc/90b35a6239c3d8bdabc530a6a0816f7ff89a0aaf/library/test/src/lib.rs:644:27
[INFO] [stdout]   31:     0x590cab88d907 - test::run_test::{{closure}}::h52c556a6d4740e10
[INFO] [stdout]                                at /rustc/90b35a6239c3d8bdabc530a6a0816f7ff89a0aaf/library/test/src/lib.rs:565:43
[INFO] [stdout]   32:     0x590cab852be4 - test::run_test::{{closure}}::h4237f6381c45ccb9
[INFO] [stdout]                                at /rustc/90b35a6239c3d8bdabc530a6a0816f7ff89a0aaf/library/test/src/lib.rs:595:41
[INFO] [stdout]   33:     0x590cab852be4 - std::sys::backtrace::__rust_begin_short_backtrace::h505c97a579eca628
[INFO] [stdout]                                at /rustc/90b35a6239c3d8bdabc530a6a0816f7ff89a0aaf/library/std/src/sys/backtrace.rs:154:18
[INFO] [stdout]   34:     0x590cab8562ae - std::thread::Builder::spawn_unchecked_::{{closure}}::{{closure}}::h9e86b2e2bc107ea3
[INFO] [stdout]                                at /rustc/90b35a6239c3d8bdabc530a6a0816f7ff89a0aaf/library/std/src/thread/mod.rs:538:17
[INFO] [stdout]   35:     0x590cab8562ae - <core::panic::unwind_safe::AssertUnwindSafe<F> as core::ops::function::FnOnce<()>>::call_once::h8b06ddb275ff4a25
[INFO] [stdout]                                at /rustc/90b35a6239c3d8bdabc530a6a0816f7ff89a0aaf/library/core/src/panic/unwind_safe.rs:272:9
[INFO] [stdout]   36:     0x590cab8562ae - std::panicking::try::do_call::hb26ecd7cd9a9355d
[INFO] [stdout]                                at /rustc/90b35a6239c3d8bdabc530a6a0816f7ff89a0aaf/library/std/src/panicking.rs:557:40
[INFO] [stdout]   37:     0x590cab8562ae - std::panicking::try::h8ddeca9d705f9069
[INFO] [stdout]                                at /rustc/90b35a6239c3d8bdabc530a6a0816f7ff89a0aaf/library/std/src/panicking.rs:520:19
[INFO] [stdout]   38:     0x590cab8562ae - std::panic::catch_unwind::h49e1c33078844c46
[INFO] [stdout]                                at /rustc/90b35a6239c3d8bdabc530a6a0816f7ff89a0aaf/library/std/src/panic.rs:358:14
[INFO] [stdout]   39:     0x590cab8562ae - std::thread::Builder::spawn_unchecked_::{{closure}}::h6073db6ff56ad35d
[INFO] [stdout]                                at /rustc/90b35a6239c3d8bdabc530a6a0816f7ff89a0aaf/library/std/src/thread/mod.rs:537:30
[INFO] [stdout]   40:     0x590cab8562ae - core::ops::function::FnOnce::call_once{{vtable.shim}}::h2c5a5f3779c774f1
[INFO] [stdout]                                at /rustc/90b35a6239c3d8bdabc530a6a0816f7ff89a0aaf/library/core/src/ops/function.rs:250:5
[INFO] [stdout]   41:     0x590cabc378cb - <alloc::boxed::Box<F,A> as core::ops::function::FnOnce<Args>>::call_once::hf75717d9f28faebf
[INFO] [stdout]                                at /rustc/90b35a6239c3d8bdabc530a6a0816f7ff89a0aaf/library/alloc/src/boxed.rs:2454:9
[INFO] [stdout]   42:     0x590cabc378cb - <alloc::boxed::Box<F,A> as core::ops::function::FnOnce<Args>>::call_once::h7bd883a5f3c5f3c1
[INFO] [stdout]                                at /rustc/90b35a6239c3d8bdabc530a6a0816f7ff89a0aaf/library/alloc/src/boxed.rs:2454:9
[INFO] [stdout]   43:     0x590cabc378cb - std::sys::pal::unix::thread::Thread::new::thread_start::hcc78f3943333fa94
[INFO] [stdout]                                at /rustc/90b35a6239c3d8bdabc530a6a0816f7ff89a0aaf/library/std/src/sys/pal/unix/thread.rs:105:17
[INFO] [stdout]   44:     0x796f9cdc4ac3 - <unknown>
[INFO] [stdout]   45:     0x796f9ce55a04 - clone
[INFO] [stdout]   46:                0x0 - <unknown>
[INFO] [stdout] 
[INFO] [stdout] ---- should_open_specific_yearly_journal stdout ----
[INFO] [stdout] thread 'should_open_specific_yearly_journal' panicked at tests/open_journals.rs:250:5:
[INFO] [stdout] assertion failed: match_on_return
[INFO] [stdout] stack backtrace:
[INFO] [stdout]    0:     0x590cabc314ea - std::backtrace_rs::backtrace::libunwind::trace::h5a5b8284f2d0c266
[INFO] [stdout]                                at /rustc/90b35a6239c3d8bdabc530a6a0816f7ff89a0aaf/library/std/src/../../backtrace/src/backtrace/libunwind.rs:116:5
[INFO] [stdout]    1:     0x590cabc314ea - std::backtrace_rs::backtrace::trace_unsynchronized::h76d4f1c9b0b875e3
[INFO] [stdout]                                at /rustc/90b35a6239c3d8bdabc530a6a0816f7ff89a0aaf/library/std/src/../../backtrace/src/backtrace/mod.rs:66:5
[INFO] [stdout]    2:     0x590cabc314ea - std::sys::backtrace::_print_fmt::hc4546b8364a537c6
[INFO] [stdout]                                at /rustc/90b35a6239c3d8bdabc530a6a0816f7ff89a0aaf/library/std/src/sys/backtrace.rs:66:9
[INFO] [stdout]    3:     0x590cabc314ea - <std::sys::backtrace::BacktraceLock::print::DisplayBacktrace as core::fmt::Display>::fmt::h5b6bd5631a6d1f6b
[INFO] [stdout]                                at /rustc/90b35a6239c3d8bdabc530a6a0816f7ff89a0aaf/library/std/src/sys/backtrace.rs:39:26
[INFO] [stdout]    4:     0x590cabc587a3 - core::fmt::rt::Argument::fmt::h270f6602a2b96f62
[INFO] [stdout]                                at /rustc/90b35a6239c3d8bdabc530a6a0816f7ff89a0aaf/library/core/src/fmt/rt.rs:177:76
[INFO] [stdout]    5:     0x590cabc587a3 - core::fmt::write::h7550c97b06c86515
[INFO] [stdout]                                at /rustc/90b35a6239c3d8bdabc530a6a0816f7ff89a0aaf/library/core/src/fmt/mod.rs:1186:21
[INFO] [stdout]    6:     0x590cabc2e423 - std::io::Write::write_fmt::h509ff860e5956e5e
[INFO] [stdout]                                at /rustc/90b35a6239c3d8bdabc530a6a0816f7ff89a0aaf/library/std/src/io/mod.rs:1839:15
[INFO] [stdout]    7:     0x590cabc31332 - std::sys::backtrace::BacktraceLock::print::h2395ccd2c84ba3aa
[INFO] [stdout]                                at /rustc/90b35a6239c3d8bdabc530a6a0816f7ff89a0aaf/library/std/src/sys/backtrace.rs:42:9
[INFO] [stdout]    8:     0x590cabc3294a - std::panicking::default_hook::{{closure}}::he19d4c7230e07961
[INFO] [stdout]                                at /rustc/90b35a6239c3d8bdabc530a6a0816f7ff89a0aaf/library/std/src/panicking.rs:268:22
[INFO] [stdout]    9:     0x590cabc32754 - std::panicking::default_hook::hf614597d3c67bbdb
[INFO] [stdout]                                at /rustc/90b35a6239c3d8bdabc530a6a0816f7ff89a0aaf/library/std/src/panicking.rs:292:9
[INFO] [stdout]   10:     0x590cab889709 - <alloc::boxed::Box<F,A> as core::ops::function::Fn<Args>>::call::h39b51ce4599c23d1
[INFO] [stdout]                                at /rustc/90b35a6239c3d8bdabc530a6a0816f7ff89a0aaf/library/alloc/src/boxed.rs:2468:9
[INFO] [stdout]   11:     0x590cab889709 - test::test_main::{{closure}}::he977ae839a582784
[INFO] [stdout]                                at /rustc/90b35a6239c3d8bdabc530a6a0816f7ff89a0aaf/library/test/src/lib.rs:133:21
[INFO] [stdout]   12:     0x590cabc32fe8 - <alloc::boxed::Box<F,A> as core::ops::function::Fn<Args>>::call::h9455091b6b06f9fb
[INFO] [stdout]                                at /rustc/90b35a6239c3d8bdabc530a6a0816f7ff89a0aaf/library/alloc/src/boxed.rs:2468:9
[INFO] [stdout]   13:     0x590cabc32fe8 - std::panicking::rust_panic_with_hook::h8942133a8b252070
[INFO] [stdout]                                at /rustc/90b35a6239c3d8bdabc530a6a0816f7ff89a0aaf/library/std/src/panicking.rs:809:13
[INFO] [stdout]   14:     0x590cabc32d76 - std::panicking::begin_panic_handler::{{closure}}::hb5f5963570096b29
[INFO] [stdout]                                at /rustc/90b35a6239c3d8bdabc530a6a0816f7ff89a0aaf/library/std/src/panicking.rs:667:13
[INFO] [stdout]   15:     0x590cabc319c9 - std::sys::backtrace::__rust_end_short_backtrace::h6208cedc1922feda
[INFO] [stdout]                                at /rustc/90b35a6239c3d8bdabc530a6a0816f7ff89a0aaf/library/std/src/sys/backtrace.rs:170:18
[INFO] [stdout]   16:     0x590cabc32a3c - rust_begin_unwind
[INFO] [stdout]                                at /rustc/90b35a6239c3d8bdabc530a6a0816f7ff89a0aaf/library/std/src/panicking.rs:665:5
[INFO] [stdout]   17:     0x590cab839240 - core::panicking::panic_fmt::h0c3082644d1bf418
[INFO] [stdout]                                at /rustc/90b35a6239c3d8bdabc530a6a0816f7ff89a0aaf/library/core/src/panicking.rs:74:14
[INFO] [stdout]   18:     0x590cab8392cc - core::panicking::panic::h957f98c65a3b3074
[INFO] [stdout]                                at /rustc/90b35a6239c3d8bdabc530a6a0816f7ff89a0aaf/library/core/src/panicking.rs:148:5
[INFO] [stdout]   19:     0x590cab845aa1 - open_journals::assert_open_action::h9d4319c2d1fd7408
[INFO] [stdout]                                at /opt/rustwide/workdir/tests/open_journals.rs:250:5
[INFO] [stdout]   20:     0x590cab847a92 - open_journals::should_open_specific_yearly_journal::h37c5ac1fb9296ef6
[INFO] [stdout]                                at /opt/rustwide/workdir/tests/open_journals.rs:121:5
[INFO] [stdout]   21:     0x590cab847527 - open_journals::should_open_specific_yearly_journal::{{closure}}::h3f9e72ebed566099
[INFO] [stdout]                                at /opt/rustwide/workdir/tests/open_journals.rs:106:41
[INFO] [stdout]   22:     0x590cab841816 - core::ops::function::FnOnce::call_once::h2ba40dc2667132f0
[INFO] [stdout]                                at /rustc/90b35a6239c3d8bdabc530a6a0816f7ff89a0aaf/library/core/src/ops/function.rs:250:5
[INFO] [stdout]   23:     0x590cab88e0cb - core::ops::function::FnOnce::call_once::h109cf8051a59b34e
[INFO] [stdout]                                at /rustc/90b35a6239c3d8bdabc530a6a0816f7ff89a0aaf/library/core/src/ops/function.rs:250:5
[INFO] [stdout]   24:     0x590cab88e0cb - test::__rust_begin_short_backtrace::hf4fff89d377446ba
[INFO] [stdout]                                at /rustc/90b35a6239c3d8bdabc530a6a0816f7ff89a0aaf/library/test/src/lib.rs:621:18
[INFO] [stdout]   25:     0x590cab88d907 - test::run_test_in_process::{{closure}}::h0e39181dd7ee5a43
[INFO] [stdout]                                at /rustc/90b35a6239c3d8bdabc530a6a0816f7ff89a0aaf/library/test/src/lib.rs:644:60
[INFO] [stdout]   26:     0x590cab88d907 - <core::panic::unwind_safe::AssertUnwindSafe<F> as core::ops::function::FnOnce<()>>::call_once::hc5a66a30f0bdfd1f
[INFO] [stdout]                                at /rustc/90b35a6239c3d8bdabc530a6a0816f7ff89a0aaf/library/core/src/panic/unwind_safe.rs:272:9
[INFO] [stdout]   27:     0x590cab88d907 - std::panicking::try::do_call::h873b7cf639554a5e
[INFO] [stdout]                                at /rustc/90b35a6239c3d8bdabc530a6a0816f7ff89a0aaf/library/std/src/panicking.rs:557:40
[INFO] [stdout]   28:     0x590cab88d907 - std::panicking::try::hdb19862fad9c8bd1
[INFO] [stdout]                                at /rustc/90b35a6239c3d8bdabc530a6a0816f7ff89a0aaf/library/std/src/panicking.rs:520:19
[INFO] [stdout]   29:     0x590cab88d907 - std::panic::catch_unwind::h281fe732d236d260
[INFO] [stdout]                                at /rustc/90b35a6239c3d8bdabc530a6a0816f7ff89a0aaf/library/std/src/panic.rs:358:14
[INFO] [stdout]   30:     0x590cab88d907 - test::run_test_in_process::h949b6df8457ed338
[INFO] [stdout]                                at /rustc/90b35a6239c3d8bdabc530a6a0816f7ff89a0aaf/library/test/src/lib.rs:644:27
[INFO] [stdout]   31:     0x590cab88d907 - test::run_test::{{closure}}::h52c556a6d4740e10
[INFO] [stdout]                                at /rustc/90b35a6239c3d8bdabc530a6a0816f7ff89a0aaf/library/test/src/lib.rs:565:43
[INFO] [stdout]   32:     0x590cab852be4 - test::run_test::{{closure}}::h4237f6381c45ccb9
[INFO] [stdout]                                at /rustc/90b35a6239c3d8bdabc530a6a0816f7ff89a0aaf/library/test/src/lib.rs:595:41
[INFO] [stdout]   33:     0x590cab852be4 - std::sys::backtrace::__rust_begin_short_backtrace::h505c97a579eca628
[INFO] [stdout]                                at /rustc/90b35a6239c3d8bdabc530a6a0816f7ff89a0aaf/library/std/src/sys/backtrace.rs:154:18
[INFO] [stdout]   34:     0x590cab8562ae - std::thread::Builder::spawn_unchecked_::{{closure}}::{{closure}}::h9e86b2e2bc107ea3
[INFO] [stdout]                                at /rustc/90b35a6239c3d8bdabc530a6a0816f7ff89a0aaf/library/std/src/thread/mod.rs:538:17
[INFO] [stdout]   35:     0x590cab8562ae - <core::panic::unwind_safe::AssertUnwindSafe<F> as core::ops::function::FnOnce<()>>::call_once::h8b06ddb275ff4a25
[INFO] [stdout]                                at /rustc/90b35a6239c3d8bdabc530a6a0816f7ff89a0aaf/library/core/src/panic/unwind_safe.rs:272:9
[INFO] [stdout]   36:     0x590cab8562ae - std::panicking::try::do_call::hb26ecd7cd9a9355d
[INFO] [stdout]                                at /rustc/90b35a6239c3d8bdabc530a6a0816f7ff89a0aaf/library/std/src/panicking.rs:557:40
[INFO] [stdout]   37:     0x590cab8562ae - std::panicking::try::h8ddeca9d705f9069
[INFO] [stdout]                                at /rustc/90b35a6239c3d8bdabc530a6a0816f7ff89a0aaf/library/std/src/panicking.rs:520:19
[INFO] [stdout]   38:     0x590cab8562ae - std::panic::catch_unwind::h49e1c33078844c46
[INFO] [stdout]                                at /rustc/90b35a6239c3d8bdabc530a6a0816f7ff89a0aaf/library/std/src/panic.rs:358:14
[INFO] [stdout]   39:     0x590cab8562ae - std::thread::Builder::spawn_unchecked_::{{closure}}::h6073db6ff56ad35d
[INFO] [stdout]                                at /rustc/90b35a6239c3d8bdabc530a6a0816f7ff89a0aaf/library/std/src/thread/mod.rs:537:30
[INFO] [stdout]   40:     0x590cab8562ae - core::ops::function::FnOnce::call_once{{vtable.shim}}::h2c5a5f3779c774f1
[INFO] [stdout]                                at /rustc/90b35a6239c3d8bdabc530a6a0816f7ff89a0aaf/library/core/src/ops/function.rs:250:5
[INFO] [stdout]   41:     0x590cabc378cb - <alloc::boxed::Box<F,A> as core::ops::function::FnOnce<Args>>::call_once::hf75717d9f28faebf
[INFO] [stdout]                                at /rustc/90b35a6239c3d8bdabc530a6a0816f7ff89a0aaf/library/alloc/src/boxed.rs:2454:9
[INFO] [stdout]   42:     0x590cabc378cb - <alloc::boxed::Box<F,A> as core::ops::function::FnOnce<Args>>::call_once::h7bd883a5f3c5f3c1
[INFO] [stdout]                                at /rustc/90b35a6239c3d8bdabc530a6a0816f7ff89a0aaf/library/alloc/src/boxed.rs:2454:9
[INFO] [stdout]   43:     0x590cabc378cb - std::sys::pal::unix::thread::Thread::new::thread_start::hcc78f3943333fa94
[INFO] [stdout]                                at /rustc/90b35a6239c3d8bdabc530a6a0816f7ff89a0aaf/library/std/src/sys/pal/unix/thread.rs:105:17
[INFO] [stdout]   44:     0x796f9cdc4ac3 - <unknown>
[INFO] [stdout]   45:     0x796f9ce55a04 - clone
[INFO] [stdout]   46:                0x0 - <unknown>
[INFO] [stdout] 
[INFO] [stdout] ---- should_open_specific_monthly_journal stdout ----
[INFO] [stdout] thread 'should_open_specific_monthly_journal' panicked at tests/open_journals.rs:250:5:
[INFO] [stdout] assertion failed: match_on_return
[INFO] [stdout] stack backtrace:
[INFO] [stdout]    0:     0x590cabc314ea - std::backtrace_rs::backtrace::libunwind::trace::h5a5b8284f2d0c266
[INFO] [stdout]                                at /rustc/90b35a6239c3d8bdabc530a6a0816f7ff89a0aaf/library/std/src/../../backtrace/src/backtrace/libunwind.rs:116:5
[INFO] [stdout]    1:     0x590cabc314ea - std::backtrace_rs::backtrace::trace_unsynchronized::h76d4f1c9b0b875e3
[INFO] [stdout]                                at /rustc/90b35a6239c3d8bdabc530a6a0816f7ff89a0aaf/library/std/src/../../backtrace/src/backtrace/mod.rs:66:5
[INFO] [stdout]    2:     0x590cabc314ea - std::sys::backtrace::_print_fmt::hc4546b8364a537c6
[INFO] [stdout]                                at /rustc/90b35a6239c3d8bdabc530a6a0816f7ff89a0aaf/library/std/src/sys/backtrace.rs:66:9
[INFO] [stdout]    3:     0x590cabc314ea - <std::sys::backtrace::BacktraceLock::print::DisplayBacktrace as core::fmt::Display>::fmt::h5b6bd5631a6d1f6b
[INFO] [stdout]                                at /rustc/90b35a6239c3d8bdabc530a6a0816f7ff89a0aaf/library/std/src/sys/backtrace.rs:39:26
[INFO] [stdout]    4:     0x590cabc587a3 - core::fmt::rt::Argument::fmt::h270f6602a2b96f62
[INFO] [stdout]                                at /rustc/90b35a6239c3d8bdabc530a6a0816f7ff89a0aaf/library/core/src/fmt/rt.rs:177:76
[INFO] [stdout]    5:     0x590cabc587a3 - core::fmt::write::h7550c97b06c86515
[INFO] [stdout]                                at /rustc/90b35a6239c3d8bdabc530a6a0816f7ff89a0aaf/library/core/src/fmt/mod.rs:1186:21
[INFO] [stdout]    6:     0x590cabc2e423 - std::io::Write::write_fmt::h509ff860e5956e5e
[INFO] [stdout]                                at /rustc/90b35a6239c3d8bdabc530a6a0816f7ff89a0aaf/library/std/src/io/mod.rs:1839:15
[INFO] [stdout]    7:     0x590cabc31332 - std::sys::backtrace::BacktraceLock::print::h2395ccd2c84ba3aa
[INFO] [stdout]                                at /rustc/90b35a6239c3d8bdabc530a6a0816f7ff89a0aaf/library/std/src/sys/backtrace.rs:42:9
[INFO] [stdout]    8:     0x590cabc3294a - std::panicking::default_hook::{{closure}}::he19d4c7230e07961
[INFO] [stdout]                                at /rustc/90b35a6239c3d8bdabc530a6a0816f7ff89a0aaf/library/std/src/panicking.rs:268:22
[INFO] [stdout]    9:     0x590cabc32754 - std::panicking::default_hook::hf614597d3c67bbdb
[INFO] [stdout]                                at /rustc/90b35a6239c3d8bdabc530a6a0816f7ff89a0aaf/library/std/src/panicking.rs:292:9
[INFO] [stdout]   10:     0x590cab889709 - <alloc::boxed::Box<F,A> as core::ops::function::Fn<Args>>::call::h39b51ce4599c23d1
[INFO] [stdout]                                at /rustc/90b35a6239c3d8bdabc530a6a0816f7ff89a0aaf/library/alloc/src/boxed.rs:2468:9
[INFO] [stdout]   11:     0x590cab889709 - test::test_main::{{closure}}::he977ae839a582784
[INFO] [stdout]                                at /rustc/90b35a6239c3d8bdabc530a6a0816f7ff89a0aaf/library/test/src/lib.rs:133:21
[INFO] [stdout]   12:     0x590cabc32fe8 - <alloc::boxed::Box<F,A> as core::ops::function::Fn<Args>>::call::h9455091b6b06f9fb
[INFO] [stdout]                                at /rustc/90b35a6239c3d8bdabc530a6a0816f7ff89a0aaf/library/alloc/src/boxed.rs:2468:9
[INFO] [stdout]   13:     0x590cabc32fe8 - std::panicking::rust_panic_with_hook::h8942133a8b252070
[INFO] [stdout]                                at /rustc/90b35a6239c3d8bdabc530a6a0816f7ff89a0aaf/library/std/src/panicking.rs:809:13
[INFO] [stdout]   14:     0x590cabc32d76 - std::panicking::begin_panic_handler::{{closure}}::hb5f5963570096b29
[INFO] [stdout]                                at /rustc/90b35a6239c3d8bdabc530a6a0816f7ff89a0aaf/library/std/src/panicking.rs:667:13
[INFO] [stdout]   15:     0x590cabc319c9 - std::sys::backtrace::__rust_end_short_backtrace::h6208cedc1922feda
[INFO] [stdout]                                at /rustc/90b35a6239c3d8bdabc530a6a0816f7ff89a0aaf/library/std/src/sys/backtrace.rs:170:18
[INFO] [stdout]   16:     0x590cabc32a3c - rust_begin_unwind
[INFO] [stdout]                                at /rustc/90b35a6239c3d8bdabc530a6a0816f7ff89a0aaf/library/std/src/panicking.rs:665:5
[INFO] [stdout]   17:     0x590cab839240 - core::panicking::panic_fmt::h0c3082644d1bf418
[INFO] [stdout]                                at /rustc/90b35a6239c3d8bdabc530a6a0816f7ff89a0aaf/library/core/src/panicking.rs:74:14
[INFO] [stdout]   18:     0x590cab8392cc - core::panicking::panic::h957f98c65a3b3074
[INFO] [stdout]                                at /rustc/90b35a6239c3d8bdabc530a6a0816f7ff89a0aaf/library/core/src/panicking.rs:148:5
[INFO] [stdout]   19:     0x590cab845aa1 - open_journals::assert_open_action::h9d4319c2d1fd7408
[INFO] [stdout]                                at /opt/rustwide/workdir/tests/open_journals.rs:250:5
[INFO] [stdout]   20:     0x590cab847417 - open_journals::should_open_specific_monthly_journal::h18d8c9f9edf4f5e4
[INFO] [stdout]                                at /opt/rustwide/workdir/tests/open_journals.rs:96:5
[INFO] [stdout]   21:     0x590cab846db7 - open_journals::should_open_specific_monthly_journal::{{closure}}::h77899b6387bbf81a
[INFO] [stdout]                                at /opt/rustwide/workdir/tests/open_journals.rs:77:42
[INFO] [stdout]   22:     0x590cab8417d6 - core::ops::function::FnOnce::call_once::h2870bd4e79022f3c
[INFO] [stdout]                                at /rustc/90b35a6239c3d8bdabc530a6a0816f7ff89a0aaf/library/core/src/ops/function.rs:250:5
[INFO] [stdout]   23:     0x590cab88e0cb - core::ops::function::FnOnce::call_once::h109cf8051a59b34e
[INFO] [stdout]                                at /rustc/90b35a6239c3d8bdabc530a6a0816f7ff89a0aaf/library/core/src/ops/function.rs:250:5
[INFO] [stdout]   24:     0x590cab88e0cb - test::__rust_begin_short_backtrace::hf4fff89d377446ba
[INFO] [stdout]                                at /rustc/90b35a6239c3d8bdabc530a6a0816f7ff89a0aaf/library/test/src/lib.rs:621:18
[INFO] [stdout]   25:     0x590cab88d907 - test::run_test_in_process::{{closure}}::h0e39181dd7ee5a43
[INFO] [stdout]                                at /rustc/90b35a6239c3d8bdabc530a6a0816f7ff89a0aaf/library/test/src/lib.rs:644:60
[INFO] [stdout]   26:     0x590cab88d907 - <core::panic::unwind_safe::AssertUnwindSafe<F> as core::ops::function::FnOnce<()>>::call_once::hc5a66a30f0bdfd1f
[INFO] [stdout]                                at /rustc/90b35a6239c3d8bdabc530a6a0816f7ff89a0aaf/library/core/src/panic/unwind_safe.rs:272:9
[INFO] [stdout]   27:     0x590cab88d907 - std::panicking::try::do_call::h873b7cf639554a5e
[INFO] [stdout]                                at /rustc/90b35a6239c3d8bdabc530a6a0816f7ff89a0aaf/library/std/src/panicking.rs:557:40
[INFO] [stdout]   28:     0x590cab88d907 - std::panicking::try::hdb19862fad9c8bd1
[INFO] [stdout]                                at /rustc/90b35a6239c3d8bdabc530a6a0816f7ff89a0aaf/library/std/src/panicking.rs:520:19
[INFO] [stdout]   29:     0x590cab88d907 - std::panic::catch_unwind::h281fe732d236d260
[INFO] [stdout]                                at /rustc/90b35a6239c3d8bdabc530a6a0816f7ff89a0aaf/library/std/src/panic.rs:358:14
[INFO] [stdout]   30:     0x590cab88d907 - test::run_test_in_process::h949b6df8457ed338
[INFO] [stdout]                                at /rustc/90b35a6239c3d8bdabc530a6a0816f7ff89a0aaf/library/test/src/lib.rs:644:27
[INFO] [stdout]   31:     0x590cab88d907 - test::run_test::{{closure}}::h52c556a6d4740e10
[INFO] [stdout]                                at /rustc/90b35a6239c3d8bdabc530a6a0816f7ff89a0aaf/library/test/src/lib.rs:565:43
[INFO] [stdout]   32:     0x590cab852be4 - test::run_test::{{closure}}::h4237f6381c45ccb9
[INFO] [stdout]                                at /rustc/90b35a6239c3d8bdabc530a6a0816f7ff89a0aaf/library/test/src/lib.rs:595:41
[INFO] [stdout]   33:     0x590cab852be4 - std::sys::backtrace::__rust_begin_short_backtrace::h505c97a579eca628
[INFO] [stdout]                                at /rustc/90b35a6239c3d8bdabc530a6a0816f7ff89a0aaf/library/std/src/sys/backtrace.rs:154:18
[INFO] [stdout]   34:     0x590cab8562ae - std::thread::Builder::spawn_unchecked_::{{closure}}::{{closure}}::h9e86b2e2bc107ea3
[INFO] [stdout]                                at /rustc/90b35a6239c3d8bdabc530a6a0816f7ff89a0aaf/library/std/src/thread/mod.rs:538:17
[INFO] [stdout]   35:     0x590cab8562ae - <core::panic::unwind_safe::AssertUnwindSafe<F> as core::ops::function::FnOnce<()>>::call_once::h8b06ddb275ff4a25
[INFO] [stdout]                                at /rustc/90b35a6239c3d8bdabc530a6a0816f7ff89a0aaf/library/core/src/panic/unwind_safe.rs:272:9
[INFO] [stdout]   36:     0x590cab8562ae - std::panicking::try::do_call::hb26ecd7cd9a9355d
[INFO] [stdout]                                at /rustc/90b35a6239c3d8bdabc530a6a0816f7ff89a0aaf/library/std/src/panicking.rs:557:40
[INFO] [stdout]   37:     0x590cab8562ae - std::panicking::try::h8ddeca9d705f9069
[INFO] [stdout]                                at /rustc/90b35a6239c3d8bdabc530a6a0816f7ff89a0aaf/library/std/src/panicking.rs:520:19
[INFO] [stdout]   38:     0x590cab8562ae - std::panic::catch_unwind::h49e1c33078844c46
[INFO] [stdout]                                at /rustc/90b35a6239c3d8bdabc530a6a0816f7ff89a0aaf/library/std/src/panic.rs:358:14
[INFO] [stdout]   39:     0x590cab8562ae - std::thread::Builder::spawn_unchecked_::{{closure}}::h6073db6ff56ad35d
[INFO] [stdout]                                at /rustc/90b35a6239c3d8bdabc530a6a0816f7ff89a0aaf/library/std/src/thread/mod.rs:537:30
[INFO] [stdout]   40:     0x590cab8562ae - core::ops::function::FnOnce::call_once{{vtable.shim}}::h2c5a5f3779c774f1
[INFO] [stdout]                                at /rustc/90b35a6239c3d8bdabc530a6a0816f7ff89a0aaf/library/core/src/ops/function.rs:250:5
[INFO] [stdout]   41:     0x590cabc378cb - <alloc::boxed::Box<F,A> as core::ops::function::FnOnce<Args>>::call_once::hf75717d9f28faebf
[INFO] [stdout]                                at /rustc/90b35a6239c3d8bdabc530a6a0816f7ff89a0aaf/library/alloc/src/boxed.rs:2454:9
[INFO] [stdout]   42:     0x590cabc378cb - <alloc::boxed::Box<F,A> as core::ops::function::FnOnce<Args>>::call_once::h7bd883a5f3c5f3c1
[INFO] [stdout]                                at /rustc/90b35a6239c3d8bdabc530a6a0816f7ff89a0aaf/library/alloc/src/boxed.rs:2454:9
[INFO] [stdout]   43:     0x590cabc378cb - std::sys::pal::unix::thread::Thread::new::thread_start::hcc78f3943333fa94
[INFO] [stdout]                                at /rustc/90b35a6239c3d8bdabc530a6a0816f7ff89a0aaf/library/std/src/sys/pal/unix/thread.rs:105:17
[INFO] [stdout]   44:     0x796f9cdc4ac3 - <unknown>
[INFO] [stdout]   45:     0x796f9ce55a04 - clone
[INFO] [stdout]   46:                0x0 - <unknown>
[INFO] [stdout] 
[INFO] [stdout] 
[INFO] [stdout] failures:
[INFO] [stdout]     should_open_specific_daily_journal
[INFO] [stdout]     should_open_specific_daily_journal_with_specific_editor
[INFO] [stdout]     should_open_specific_monthly_journal
[INFO] [stdout]     should_open_specific_yearly_journal
[INFO] [stdout] 
[INFO] [stdout] test result: FAILED. 3 passed; 4 failed; 0 ignored; 0 measured; 0 filtered out; finished in 0.07s
[INFO] [stdout] 
[INFO] [stderr] error: test failed, to rerun pass `--test open_journals`
[INFO] running `Command { std: "docker" "inspect" "bfa84d5cd0eec7491cc23e0bc82e671615cf40e5a899e1ab303ae8b1a92da1fb", kill_on_drop: false }`
[INFO] running `Command { std: "docker" "rm" "-f" "bfa84d5cd0eec7491cc23e0bc82e671615cf40e5a899e1ab303ae8b1a92da1fb", kill_on_drop: false }`
[INFO] [stdout] bfa84d5cd0eec7491cc23e0bc82e671615cf40e5a899e1ab303ae8b1a92da1fb
