[INFO] cloning repository https://github.com/Billy-Sheppard/chart-js-rs
[INFO] running `Command { std: "git" "-c" "credential.helper=" "-c" "credential.helper=/workspace/cargo-home/bin/git-credential-null" "clone" "--bare" "https://github.com/Billy-Sheppard/chart-js-rs" "/workspace/cache/git-repos/https%3A%2F%2Fgithub.com%2FBilly-Sheppard%2Fchart-js-rs", kill_on_drop: false }`
[INFO] [stderr] Cloning into bare repository '/workspace/cache/git-repos/https%3A%2F%2Fgithub.com%2FBilly-Sheppard%2Fchart-js-rs'...
[INFO] running `Command { std: "git" "rev-parse" "HEAD", kill_on_drop: false }`
[INFO] [stdout] 9e576b95b46a19c9d17934c1f5fb351925bf6b8e
[INFO] testing Billy-Sheppard/chart-js-rs against beta-2024-12-08 for beta-1.84.0-4-retry
[INFO] running `Command { std: "git" "clone" "/workspace/cache/git-repos/https%3A%2F%2Fgithub.com%2FBilly-Sheppard%2Fchart-js-rs" "/workspace/builds/worker-3-tc2/source", kill_on_drop: false }`
[INFO] [stderr] Cloning into '/workspace/builds/worker-3-tc2/source'...
[INFO] [stderr] done.
[INFO] validating manifest of git repo https://github.com/Billy-Sheppard/chart-js-rs on toolchain beta-2024-12-08
[INFO] running `Command { std: CARGO_HOME="/workspace/cargo-home" RUSTUP_HOME="/workspace/rustup-home" "/workspace/cargo-home/bin/cargo" "+beta-2024-12-08" "metadata" "--manifest-path" "Cargo.toml" "--no-deps", kill_on_drop: false }`
[INFO] started tweaking git repo https://github.com/Billy-Sheppard/chart-js-rs
[INFO] finished tweaking git repo https://github.com/Billy-Sheppard/chart-js-rs
[INFO] tweaked toml for git repo https://github.com/Billy-Sheppard/chart-js-rs written to /workspace/builds/worker-3-tc2/source/Cargo.toml
[INFO] crate git repo https://github.com/Billy-Sheppard/chart-js-rs already has a lockfile, it will not be regenerated
[INFO] running `Command { std: CARGO_HOME="/workspace/cargo-home" RUSTUP_HOME="/workspace/rustup-home" "/workspace/cargo-home/bin/cargo" "+beta-2024-12-08" "fetch" "--manifest-path" "Cargo.toml", kill_on_drop: false }`
[INFO] running `Command { std: "docker" "create" "-v" "/var/lib/crater-agent-workspace/builds/worker-3-tc2/target:/opt/rustwide/target:rw,Z" "-v" "/var/lib/crater-agent-workspace/builds/worker-3-tc2/source:/opt/rustwide/workdir:ro,Z" "-v" "/var/lib/crater-agent-workspace/cargo-home:/opt/rustwide/cargo-home:ro,Z" "-v" "/var/lib/crater-agent-workspace/rustup-home:/opt/rustwide/rustup-home:ro,Z" "-e" "SOURCE_DIR=/opt/rustwide/workdir" "-e" "CARGO_TARGET_DIR=/opt/rustwide/target" "-e" "CARGO_HOME=/opt/rustwide/cargo-home" "-e" "RUSTUP_HOME=/opt/rustwide/rustup-home" "-w" "/opt/rustwide/workdir" "-m" "1610612736" "--user" "0:0" "--network" "none" "ghcr.io/rust-lang/crates-build-env/linux@sha256:f3a9d4ad9d972b27faf3965f35b62e55ba32bbce8f20bc8fe909558a86702fde" "/opt/rustwide/cargo-home/bin/cargo" "+beta-2024-12-08" "metadata" "--no-deps" "--format-version=1", kill_on_drop: false }`
[INFO] [stdout] 1dec33de061a5577c5f4d95d34ef651a59182750cd661ad4547acffbb9147dc3
[INFO] running `Command { std: "docker" "start" "-a" "1dec33de061a5577c5f4d95d34ef651a59182750cd661ad4547acffbb9147dc3", kill_on_drop: false }`
[INFO] running `Command { std: "docker" "inspect" "1dec33de061a5577c5f4d95d34ef651a59182750cd661ad4547acffbb9147dc3", kill_on_drop: false }`
[INFO] running `Command { std: "docker" "rm" "-f" "1dec33de061a5577c5f4d95d34ef651a59182750cd661ad4547acffbb9147dc3", kill_on_drop: false }`
[INFO] [stdout] 1dec33de061a5577c5f4d95d34ef651a59182750cd661ad4547acffbb9147dc3
[INFO] running `Command { std: "docker" "create" "-v" "/var/lib/crater-agent-workspace/builds/worker-3-tc2/target:/opt/rustwide/target:rw,Z" "-v" "/var/lib/crater-agent-workspace/builds/worker-3-tc2/source:/opt/rustwide/workdir:ro,Z" "-v" "/var/lib/crater-agent-workspace/cargo-home:/opt/rustwide/cargo-home:ro,Z" "-v" "/var/lib/crater-agent-workspace/rustup-home:/opt/rustwide/rustup-home:ro,Z" "-e" "SOURCE_DIR=/opt/rustwide/workdir" "-e" "CARGO_TARGET_DIR=/opt/rustwide/target" "-e" "CARGO_INCREMENTAL=0" "-e" "RUST_BACKTRACE=full" "-e" "RUSTFLAGS=--cap-lints=warn" "-e" "RUSTDOCFLAGS=--cap-lints=warn" "-e" "CARGO_HOME=/opt/rustwide/cargo-home" "-e" "RUSTUP_HOME=/opt/rustwide/rustup-home" "-w" "/opt/rustwide/workdir" "-m" "1610612736" "--user" "0:0" "--network" "none" "ghcr.io/rust-lang/crates-build-env/linux@sha256:f3a9d4ad9d972b27faf3965f35b62e55ba32bbce8f20bc8fe909558a86702fde" "/opt/rustwide/cargo-home/bin/cargo" "+beta-2024-12-08" "build" "--frozen" "--message-format=json", kill_on_drop: false }`
[INFO] [stdout] a19d6566cbd86c452cf92b5291c4177dc3f10bb102a60b93520ec07629cc3c03
[INFO] running `Command { std: "docker" "start" "-a" "a19d6566cbd86c452cf92b5291c4177dc3f10bb102a60b93520ec07629cc3c03", kill_on_drop: false }`
[INFO] [stderr]    Compiling proc-macro2 v1.0.87
[INFO] [stderr]    Compiling wasm-bindgen-shared v0.2.95
[INFO] [stderr]    Compiling serde v1.0.210
[INFO] [stderr]    Compiling log v0.4.22
[INFO] [stderr]    Compiling once_cell v1.20.2
[INFO] [stderr]    Compiling bumpalo v3.16.0
[INFO] [stderr]    Compiling serde_json v1.0.128
[INFO] [stderr]    Compiling wasm-bindgen v0.2.95
[INFO] [stderr]    Compiling libc v0.2.159
[INFO] [stderr]    Compiling num-traits v0.2.19
[INFO] [stderr]    Compiling either v1.13.0
[INFO] [stderr]    Compiling rust_decimal v1.36.0
[INFO] [stderr]    Compiling arrayvec v0.7.6
[INFO] [stderr]    Compiling itertools v0.13.0
[INFO] [stderr]    Compiling quote v1.0.37
[INFO] [stderr]    Compiling syn v2.0.79
[INFO] [stderr]    Compiling getrandom v0.2.15
[INFO] [stderr]    Compiling uuid v1.10.0
[INFO] [stderr]    Compiling wasm-bindgen-backend v0.2.95
[INFO] [stderr]    Compiling serde_derive v1.0.210
[INFO] [stderr]    Compiling thiserror-impl v1.0.64
[INFO] [stderr]    Compiling chart-js-rs v0.0.45 (/opt/rustwide/workdir)
[INFO] [stderr]    Compiling wasm-bindgen-macro-support v0.2.95
[INFO] [stderr]    Compiling thiserror v1.0.64
[INFO] [stderr]    Compiling wasm-bindgen-macro v0.2.95
[INFO] [stderr]    Compiling js-sys v0.3.72
[INFO] [stderr]    Compiling web-sys v0.3.72
[INFO] [stderr]    Compiling serde-wasm-bindgen v0.6.5
[INFO] [stderr]    Compiling gloo-utils v0.2.0
[INFO] [stderr]    Compiling gloo-console v0.3.0
[INFO] [stderr]     Finished `dev` profile [unoptimized + debuginfo] target(s) in 48.69s
[INFO] running `Command { std: "docker" "inspect" "a19d6566cbd86c452cf92b5291c4177dc3f10bb102a60b93520ec07629cc3c03", kill_on_drop: false }`
[INFO] running `Command { std: "docker" "rm" "-f" "a19d6566cbd86c452cf92b5291c4177dc3f10bb102a60b93520ec07629cc3c03", kill_on_drop: false }`
[INFO] [stdout] a19d6566cbd86c452cf92b5291c4177dc3f10bb102a60b93520ec07629cc3c03
[INFO] running `Command { std: "docker" "create" "-v" "/var/lib/crater-agent-workspace/builds/worker-3-tc2/target:/opt/rustwide/target:rw,Z" "-v" "/var/lib/crater-agent-workspace/builds/worker-3-tc2/source:/opt/rustwide/workdir:ro,Z" "-v" "/var/lib/crater-agent-workspace/cargo-home:/opt/rustwide/cargo-home:ro,Z" "-v" "/var/lib/crater-agent-workspace/rustup-home:/opt/rustwide/rustup-home:ro,Z" "-e" "SOURCE_DIR=/opt/rustwide/workdir" "-e" "CARGO_TARGET_DIR=/opt/rustwide/target" "-e" "CARGO_INCREMENTAL=0" "-e" "RUST_BACKTRACE=full" "-e" "RUSTFLAGS=--cap-lints=warn" "-e" "RUSTDOCFLAGS=--cap-lints=warn" "-e" "CARGO_HOME=/opt/rustwide/cargo-home" "-e" "RUSTUP_HOME=/opt/rustwide/rustup-home" "-w" "/opt/rustwide/workdir" "-m" "1610612736" "--user" "0:0" "--network" "none" "ghcr.io/rust-lang/crates-build-env/linux@sha256:f3a9d4ad9d972b27faf3965f35b62e55ba32bbce8f20bc8fe909558a86702fde" "/opt/rustwide/cargo-home/bin/cargo" "+beta-2024-12-08" "test" "--frozen" "--no-run" "--message-format=json", kill_on_drop: false }`
[INFO] [stdout] 483b7df88441fc34273112e367ac198afa8249b222c7db01e1a75947019a0083
[INFO] running `Command { std: "docker" "start" "-a" "483b7df88441fc34273112e367ac198afa8249b222c7db01e1a75947019a0083", kill_on_drop: false }`
[INFO] [stderr]    Compiling chart-js-rs v0.0.45 (/opt/rustwide/workdir)
[INFO] [stderr]     Finished `test` profile [unoptimized + debuginfo] target(s) in 2.89s
[INFO] running `Command { std: "docker" "inspect" "483b7df88441fc34273112e367ac198afa8249b222c7db01e1a75947019a0083", kill_on_drop: false }`
[INFO] running `Command { std: "docker" "rm" "-f" "483b7df88441fc34273112e367ac198afa8249b222c7db01e1a75947019a0083", kill_on_drop: false }`
[INFO] [stdout] 483b7df88441fc34273112e367ac198afa8249b222c7db01e1a75947019a0083
[INFO] running `Command { std: "docker" "create" "-v" "/var/lib/crater-agent-workspace/builds/worker-3-tc2/target:/opt/rustwide/target:rw,Z" "-v" "/var/lib/crater-agent-workspace/builds/worker-3-tc2/source:/opt/rustwide/workdir:ro,Z" "-v" "/var/lib/crater-agent-workspace/cargo-home:/opt/rustwide/cargo-home:ro,Z" "-v" "/var/lib/crater-agent-workspace/rustup-home:/opt/rustwide/rustup-home:ro,Z" "-e" "SOURCE_DIR=/opt/rustwide/workdir" "-e" "CARGO_TARGET_DIR=/opt/rustwide/target" "-e" "CARGO_INCREMENTAL=0" "-e" "RUST_BACKTRACE=full" "-e" "RUSTFLAGS=--cap-lints=warn" "-e" "RUSTDOCFLAGS=--cap-lints=warn" "-e" "CARGO_HOME=/opt/rustwide/cargo-home" "-e" "RUSTUP_HOME=/opt/rustwide/rustup-home" "-w" "/opt/rustwide/workdir" "-m" "1610612736" "--user" "0:0" "--network" "none" "ghcr.io/rust-lang/crates-build-env/linux@sha256:f3a9d4ad9d972b27faf3965f35b62e55ba32bbce8f20bc8fe909558a86702fde" "/opt/rustwide/cargo-home/bin/cargo" "+beta-2024-12-08" "test" "--frozen", kill_on_drop: false }`
[INFO] [stdout] ca158599d4fc91c0a21a208f5db3606c5493f35f2a5cdad3bc00a0a63f255d28
[INFO] running `Command { std: "docker" "start" "-a" "ca158599d4fc91c0a21a208f5db3606c5493f35f2a5cdad3bc00a0a63f255d28", kill_on_drop: false }`
[INFO] [stderr]     Finished `test` profile [unoptimized + debuginfo] target(s) in 0.13s
[INFO] [stderr]      Running unittests src/lib.rs (/opt/rustwide/target/debug/deps/chart_js_rs-5983a6a2489b6a06)
[INFO] [stdout] 
[INFO] [stdout] running 0 tests
[INFO] [stdout] 
[INFO] [stdout] test result: ok. 0 passed; 0 failed; 0 ignored; 0 measured; 0 filtered out; finished in 0.00s
[INFO] [stdout] 
[INFO] [stderr]    Doc-tests chart_js_rs
[INFO] [stdout] 
[INFO] [stdout] running 2 tests
[INFO] [stdout] test src/lib.rs - (line 25) ... FAILED
[INFO] [stdout] test src/lib.rs - (line 104) ... FAILED
[INFO] [stdout] 
[INFO] [stdout] failures:
[INFO] [stdout] 
[INFO] [stdout] ---- src/lib.rs - (line 25) stdout ----
[INFO] [stdout] error[E0422]: cannot find struct, variant or union type `ChartOptions` in this scope
[INFO] [stdout]   --> src/lib.rs:32:18
[INFO] [stdout]    |
[INFO] [stdout] 10 |         options: ChartOptions { .. },
[INFO] [stdout]    |                  ^^^^^^^^^^^^ not found in this scope
[INFO] [stdout]    |
[INFO] [stdout] help: consider importing this struct
[INFO] [stdout]    |
[INFO] [stdout] 2  + use chart_js_rs::ChartOptions;
[INFO] [stdout]    |
[INFO] [stdout] 
[INFO] [stdout] error[E0422]: cannot find struct, variant or union type `Dataset` in this scope
[INFO] [stdout]   --> src/lib.rs:33:15
[INFO] [stdout]    |
[INFO] [stdout] 11 |         data: Dataset { .. },
[INFO] [stdout]    |               ^^^^^^^ not found in this scope
[INFO] [stdout]    |
[INFO] [stdout] help: consider importing this struct
[INFO] [stdout]    |
[INFO] [stdout] 2  + use chart_js_rs::Dataset;
[INFO] [stdout]    |
[INFO] [stdout] 
[INFO] [stdout] error[E0797]: base expression required after `..`
[INFO] [stdout]   --> src/lib.rs:32:35
[INFO] [stdout]    |
[INFO] [stdout] 10 |         options: ChartOptions { .. },
[INFO] [stdout]    |                                   ^
[INFO] [stdout]    |
[INFO] [stdout] help: add a base expression here
[INFO] [stdout]    |
[INFO] [stdout] 10 |         options: ChartOptions { ../* expr */ },
[INFO] [stdout]    |                                   ++++++++++
[INFO] [stdout] 
[INFO] [stdout] error[E0797]: base expression required after `..`
[INFO] [stdout]   --> src/lib.rs:33:27
[INFO] [stdout]    |
[INFO] [stdout] 11 |         data: Dataset { .. },
[INFO] [stdout]    |                           ^
[INFO] [stdout]    |
[INFO] [stdout] help: add a base expression here
[INFO] [stdout]    |
[INFO] [stdout] 11 |         data: Dataset { ../* expr */ },
[INFO] [stdout]    |                           ++++++++++
[INFO] [stdout] 
[INFO] [stdout] error: aborting due to 4 previous errors
[INFO] [stdout] 
[INFO] [stdout] Some errors have detailed explanations: E0422, E0797.
[INFO] [stdout] For more information about an error, try `rustc --explain E0422`.
[INFO] [stdout] Couldn't compile the test.
[INFO] [stdout] ---- src/lib.rs - (line 104) stdout ----
[INFO] [stdout] error: struct literal body without path
[INFO] [stdout]   --> src/lib.rs:113:11
[INFO] [stdout]    |
[INFO] [stdout] 11 |       data: {
[INFO] [stdout]    |  ___________^
[INFO] [stdout] 12 | |       datasets: vec![
[INFO] [stdout] 13 | |         Dataset {
[INFO] [stdout] 14 | |           // ...
[INFO] [stdout] ...  |
[INFO] [stdout] 21 | |       ]
[INFO] [stdout] 22 | |     }
[INFO] [stdout]    | |_____^
[INFO] [stdout]    |
[INFO] [stdout] help: you might have forgotten to add the struct literal inside the block
[INFO] [stdout]    |
[INFO] [stdout] 11 ~     data: { SomeStruct {
[INFO] [stdout] 12 |       datasets: vec![
[INFO] [stdout] ...
[INFO] [stdout] 21 |       ]
[INFO] [stdout] 22 ~     } }
[INFO] [stdout]    |
[INFO] [stdout] 
[INFO] [stdout] error: cannot find attribute `wasm_bindgen` in this scope
[INFO] [stdout]  --> src/lib.rs:105:3
[INFO] [stdout]   |
[INFO] [stdout] 3 | #[wasm_bindgen] // your function must be a wasm_bindgen export
[INFO] [stdout]   |   ^^^^^^^^^^^^
[INFO] [stdout]   |
[INFO] [stdout]   = note: `wasm_bindgen` is in scope, but it is a crate, not an attribute
[INFO] [stdout] help: consider importing this attribute macro
[INFO] [stdout]   |
[INFO] [stdout] 2 + use wasm_bindgen::prelude::wasm_bindgen;
[INFO] [stdout]   |
[INFO] [stdout] 
[INFO] [stdout] error[E0422]: cannot find struct, variant or union type `Scatter` in this scope
[INFO] [stdout]   --> src/lib.rs:112:3
[INFO] [stdout]    |
[INFO] [stdout] 10 |   Scatter::</*...*/> {
[INFO] [stdout]    |   ^^^^^^^ not found in this scope
[INFO] [stdout]    |
[INFO] [stdout] help: consider importing this struct
[INFO] [stdout]    |
[INFO] [stdout] 2  + use chart_js_rs::scatter::Scatter;
[INFO] [stdout]    |
[INFO] [stdout] 
[INFO] [stdout] error: aborting due to 3 previous errors
[INFO] [stdout] 
[INFO] [stdout] For more information about this error, try `rustc --explain E0422`.
[INFO] [stdout] Couldn't compile the test.
[INFO] [stdout] 
[INFO] [stdout] failures:
[INFO] [stdout]     src/lib.rs - (line 104)
[INFO] [stdout]     src/lib.rs - (line 25)
[INFO] [stdout] 
[INFO] [stdout] test result: FAILED. 0 passed; 2 failed; 0 ignored; 0 measured; 0 filtered out; finished in 0.20s
[INFO] [stdout] 
[INFO] [stderr] error: doctest failed, to rerun pass `--doc`
[INFO] running `Command { std: "docker" "inspect" "ca158599d4fc91c0a21a208f5db3606c5493f35f2a5cdad3bc00a0a63f255d28", kill_on_drop: false }`
[INFO] running `Command { std: "docker" "rm" "-f" "ca158599d4fc91c0a21a208f5db3606c5493f35f2a5cdad3bc00a0a63f255d28", kill_on_drop: false }`
[INFO] [stdout] ca158599d4fc91c0a21a208f5db3606c5493f35f2a5cdad3bc00a0a63f255d28
