[INFO] cloning repository https://github.com/Bieitodlf/crypto-rust
[INFO] running `Command { std: "git" "-c" "credential.helper=" "-c" "credential.helper=/workspace/cargo-home/bin/git-credential-null" "clone" "--bare" "https://github.com/Bieitodlf/crypto-rust" "/workspace/cache/git-repos/https%3A%2F%2Fgithub.com%2FBieitodlf%2Fcrypto-rust", kill_on_drop: false }`
[INFO] [stderr] Cloning into bare repository '/workspace/cache/git-repos/https%3A%2F%2Fgithub.com%2FBieitodlf%2Fcrypto-rust'...
[INFO] running `Command { std: "git" "rev-parse" "HEAD", kill_on_drop: false }`
[INFO] [stdout] 52aff67fbdafa9bc78d412219fe675fff01c69d8
[INFO] testing Bieitodlf/crypto-rust against beta-2024-12-08 for beta-1.84.0-4-retry
[INFO] running `Command { std: "git" "clone" "/workspace/cache/git-repos/https%3A%2F%2Fgithub.com%2FBieitodlf%2Fcrypto-rust" "/workspace/builds/worker-6-tc2/source", kill_on_drop: false }`
[INFO] [stderr] Cloning into '/workspace/builds/worker-6-tc2/source'...
[INFO] [stderr] done.
[INFO] validating manifest of git repo https://github.com/Bieitodlf/crypto-rust on toolchain beta-2024-12-08
[INFO] running `Command { std: CARGO_HOME="/workspace/cargo-home" RUSTUP_HOME="/workspace/rustup-home" "/workspace/cargo-home/bin/cargo" "+beta-2024-12-08" "metadata" "--manifest-path" "Cargo.toml" "--no-deps", kill_on_drop: false }`
[INFO] started tweaking git repo https://github.com/Bieitodlf/crypto-rust
[INFO] finished tweaking git repo https://github.com/Bieitodlf/crypto-rust
[INFO] tweaked toml for git repo https://github.com/Bieitodlf/crypto-rust written to /workspace/builds/worker-6-tc2/source/Cargo.toml
[INFO] crate git repo https://github.com/Bieitodlf/crypto-rust already has a lockfile, it will not be regenerated
[INFO] running `Command { std: CARGO_HOME="/workspace/cargo-home" RUSTUP_HOME="/workspace/rustup-home" "/workspace/cargo-home/bin/cargo" "+beta-2024-12-08" "fetch" "--manifest-path" "Cargo.toml", kill_on_drop: false }`
[INFO] [stderr] warning: unused manifest key: env
[INFO] running `Command { std: "docker" "create" "-v" "/var/lib/crater-agent-workspace/builds/worker-6-tc2/target:/opt/rustwide/target:rw,Z" "-v" "/var/lib/crater-agent-workspace/builds/worker-6-tc2/source:/opt/rustwide/workdir:ro,Z" "-v" "/var/lib/crater-agent-workspace/cargo-home:/opt/rustwide/cargo-home:ro,Z" "-v" "/var/lib/crater-agent-workspace/rustup-home:/opt/rustwide/rustup-home:ro,Z" "-e" "SOURCE_DIR=/opt/rustwide/workdir" "-e" "CARGO_TARGET_DIR=/opt/rustwide/target" "-e" "CARGO_HOME=/opt/rustwide/cargo-home" "-e" "RUSTUP_HOME=/opt/rustwide/rustup-home" "-w" "/opt/rustwide/workdir" "-m" "1610612736" "--user" "0:0" "--network" "none" "ghcr.io/rust-lang/crates-build-env/linux@sha256:f3a9d4ad9d972b27faf3965f35b62e55ba32bbce8f20bc8fe909558a86702fde" "/opt/rustwide/cargo-home/bin/cargo" "+beta-2024-12-08" "metadata" "--no-deps" "--format-version=1", kill_on_drop: false }`
[INFO] [stdout] 5277b56991d37c816859a9311abdcad59972a10f38f6edfe1c36f675f905b819
[INFO] running `Command { std: "docker" "start" "-a" "5277b56991d37c816859a9311abdcad59972a10f38f6edfe1c36f675f905b819", kill_on_drop: false }`
[INFO] running `Command { std: "docker" "inspect" "5277b56991d37c816859a9311abdcad59972a10f38f6edfe1c36f675f905b819", kill_on_drop: false }`
[INFO] running `Command { std: "docker" "rm" "-f" "5277b56991d37c816859a9311abdcad59972a10f38f6edfe1c36f675f905b819", kill_on_drop: false }`
[INFO] [stdout] 5277b56991d37c816859a9311abdcad59972a10f38f6edfe1c36f675f905b819
[INFO] running `Command { std: "docker" "create" "-v" "/var/lib/crater-agent-workspace/builds/worker-6-tc2/target:/opt/rustwide/target:rw,Z" "-v" "/var/lib/crater-agent-workspace/builds/worker-6-tc2/source:/opt/rustwide/workdir:ro,Z" "-v" "/var/lib/crater-agent-workspace/cargo-home:/opt/rustwide/cargo-home:ro,Z" "-v" "/var/lib/crater-agent-workspace/rustup-home:/opt/rustwide/rustup-home:ro,Z" "-e" "SOURCE_DIR=/opt/rustwide/workdir" "-e" "CARGO_TARGET_DIR=/opt/rustwide/target" "-e" "CARGO_INCREMENTAL=0" "-e" "RUST_BACKTRACE=full" "-e" "RUSTFLAGS=--cap-lints=warn" "-e" "RUSTDOCFLAGS=--cap-lints=warn" "-e" "CARGO_HOME=/opt/rustwide/cargo-home" "-e" "RUSTUP_HOME=/opt/rustwide/rustup-home" "-w" "/opt/rustwide/workdir" "-m" "1610612736" "--user" "0:0" "--network" "none" "ghcr.io/rust-lang/crates-build-env/linux@sha256:f3a9d4ad9d972b27faf3965f35b62e55ba32bbce8f20bc8fe909558a86702fde" "/opt/rustwide/cargo-home/bin/cargo" "+beta-2024-12-08" "build" "--frozen" "--message-format=json", kill_on_drop: false }`
[INFO] [stdout] 1ea91204218d511257bac919c598aec92227be00a8a00715d6e2ca0d04f9aea6
[INFO] running `Command { std: "docker" "start" "-a" "1ea91204218d511257bac919c598aec92227be00a8a00715d6e2ca0d04f9aea6", kill_on_drop: false }`
[INFO] [stderr] warning: unused manifest key: env
[INFO] [stderr]    Compiling unicode-width v0.1.11
[INFO] [stderr]    Compiling pad v0.1.6
[INFO] [stderr]    Compiling crypto-rust v0.1.0 (/opt/rustwide/workdir)
[INFO] [stdout] warning: unused import: `std::ops::Deref`
[INFO] [stdout]  --> src/lib.rs:3:5
[INFO] [stdout]   |
[INFO] [stdout] 3 | use std::ops::Deref;
[INFO] [stdout]   |     ^^^^^^^^^^^^^^^
[INFO] [stdout]   |
[INFO] [stdout]   = note: `#[warn(unused_imports)]` on by default
[INFO] [stdout] 
[INFO] [stdout] 
[INFO] [stdout] warning: unnecessary parentheses around assigned value
[INFO] [stdout]    --> src/aes.rs:323:37
[INFO] [stdout]     |
[INFO] [stdout] 323 |                         let value = ((char_1 as u8) << 4);
[INFO] [stdout]     |                                     ^                   ^
[INFO] [stdout]     |
[INFO] [stdout]     = note: `#[warn(unused_parens)]` on by default
[INFO] [stdout] help: remove these parentheses
[INFO] [stdout]     |
[INFO] [stdout] 323 -                         let value = ((char_1 as u8) << 4);
[INFO] [stdout] 323 +                         let value = (char_1 as u8) << 4;
[INFO] [stdout]     |
[INFO] [stdout] 
[INFO] [stdout] 
[INFO] [stdout] warning: unused import: `crate::bytes::bytes::Bytes`
[INFO] [stdout]    --> src/lib.rs:145:9
[INFO] [stdout]     |
[INFO] [stdout] 145 |     use crate::bytes::bytes::Bytes;
[INFO] [stdout]     |         ^^^^^^^^^^^^^^^^^^^^^^^^^^
[INFO] [stdout]     |
[INFO] [stdout] help: if this is a test module, consider adding a `#[cfg(test)]` to the containing module
[INFO] [stdout]    --> src/lib.rs:144:1
[INFO] [stdout]     |
[INFO] [stdout] 144 | mod tests {
[INFO] [stdout]     | ^^^^^^^^^
[INFO] [stdout] 
[INFO] [stdout] 
[INFO] [stdout] warning: unused import: `super::*`
[INFO] [stdout]    --> src/lib.rs:146:9
[INFO] [stdout]     |
[INFO] [stdout] 146 |     use super::*;
[INFO] [stdout]     |         ^^^^^^^^
[INFO] [stdout]     |
[INFO] [stdout] help: if this is a test module, consider adding a `#[cfg(test)]` to the containing module
[INFO] [stdout]    --> src/lib.rs:144:1
[INFO] [stdout]     |
[INFO] [stdout] 144 | mod tests {
[INFO] [stdout]     | ^^^^^^^^^
[INFO] [stdout] 
[INFO] [stdout] 
[INFO] [stdout] warning: unused variable: `value`
[INFO] [stdout]    --> src/aes.rs:323:29
[INFO] [stdout]     |
[INFO] [stdout] 323 |                         let value = ((char_1 as u8) << 4);
[INFO] [stdout]     |                             ^^^^^ help: if this is intentional, prefix it with an underscore: `_value`
[INFO] [stdout]     |
[INFO] [stdout]     = note: `#[warn(unused_variables)]` on by default
[INFO] [stdout] 
[INFO] [stdout] 
[INFO] [stdout] warning: unused variable: `value`
[INFO] [stdout]    --> src/aes.rs:326:29
[INFO] [stdout]     |
[INFO] [stdout] 326 |                         let value: u8 = 0;
[INFO] [stdout]     |                             ^^^^^ help: if this is intentional, prefix it with an underscore: `_value`
[INFO] [stdout] 
[INFO] [stdout] 
[INFO] [stdout] warning: associated items `len` and `xor_byte_vec` are never used
[INFO] [stdout]    --> src/bytes.rs:12:12
[INFO] [stdout]     |
[INFO] [stdout] 11  |     impl Bytes {
[INFO] [stdout]     |     ---------- associated items in this implementation
[INFO] [stdout] 12  |         fn len(self: &Bytes) -> usize{
[INFO] [stdout]     |            ^^^
[INFO] [stdout] ...
[INFO] [stdout] 255 |         fn xor_byte_vec(bytes_a: &Bytes, bytes_b: &Bytes) -> Bytes {
[INFO] [stdout]     |            ^^^^^^^^^^^^
[INFO] [stdout]     |
[INFO] [stdout]     = note: `#[warn(dead_code)]` on by default
[INFO] [stdout] 
[INFO] [stdout] 
[INFO] [stdout] warning: variants `Bytes` and `String` are never constructed
[INFO] [stdout]    --> src/scoring.rs:166:5
[INFO] [stdout]     |
[INFO] [stdout] 165 | pub enum StringOrBytes<'a>{
[INFO] [stdout]     |          ------------- variants in this enum
[INFO] [stdout] 166 |     Bytes(Bytes),
[INFO] [stdout]     |     ^^^^^
[INFO] [stdout] 167 |     String(String),
[INFO] [stdout]     |     ^^^^^^
[INFO] [stdout] 
[INFO] [stdout] 
[INFO] [stdout] warning: function `get_english_ascii_character_score` is never used
[INFO] [stdout]  --> src/scoring.rs:4:12
[INFO] [stdout]   |
[INFO] [stdout] 4 |     pub fn get_english_ascii_character_score(character: char) -> f64 {
[INFO] [stdout]   |            ^^^^^^^^^^^^^^^^^^^^^^^^^^^^^^^^^
[INFO] [stdout] 
[INFO] [stdout] 
[INFO] [stdout] warning: function `get_text_vec_magnitude` is never used
[INFO] [stdout]   --> src/scoring.rs:49:8
[INFO] [stdout]    |
[INFO] [stdout] 49 |     fn get_text_vec_magnitude(vector: &Vec<f64>) -> f64 {
[INFO] [stdout]    |        ^^^^^^^^^^^^^^^^^^^^^^
[INFO] [stdout] 
[INFO] [stdout] 
[INFO] [stdout] warning: function `euclidean_dist_to_english` is never used
[INFO] [stdout]   --> src/scoring.rs:61:12
[INFO] [stdout]    |
[INFO] [stdout] 61 |     pub fn euclidean_dist_to_english(text_character_frequencies: Vec<f64>, text_length: usize) -> f64 {
[INFO] [stdout]    |            ^^^^^^^^^^^^^^^^^^^^^^^^^
[INFO] [stdout] 
[INFO] [stdout] 
[INFO] [stdout] warning: constant `K128_ROUND_COUNT` is never used
[INFO] [stdout]   --> src/aes.rs:10:11
[INFO] [stdout]    |
[INFO] [stdout] 10 |     const K128_ROUND_COUNT: usize = 10;
[INFO] [stdout]    |           ^^^^^^^^^^^^^^^^
[INFO] [stdout] 
[INFO] [stdout] 
[INFO] [stdout] warning: constant `K128_HEX_KEY_LENGTH` is never used
[INFO] [stdout]   --> src/aes.rs:11:11
[INFO] [stdout]    |
[INFO] [stdout] 11 |     const K128_HEX_KEY_LENGTH: usize = K128_WORD_COUNT * WORD_BYTE_COUNT * 2;
[INFO] [stdout]    |           ^^^^^^^^^^^^^^^^^^^
[INFO] [stdout] 
[INFO] [stdout] 
[INFO] [stdout] warning: constant `K192_ROUND_COUNT` is never used
[INFO] [stdout]   --> src/aes.rs:13:11
[INFO] [stdout]    |
[INFO] [stdout] 13 |     const K192_ROUND_COUNT: usize = 12;
[INFO] [stdout]    |           ^^^^^^^^^^^^^^^^
[INFO] [stdout] 
[INFO] [stdout] 
[INFO] [stdout] warning: constant `K192_HEX_KEY_LENGTH` is never used
[INFO] [stdout]   --> src/aes.rs:14:11
[INFO] [stdout]    |
[INFO] [stdout] 14 |     const K192_HEX_KEY_LENGTH: usize = K192_WORD_COUNT * WORD_BYTE_COUNT * 2;
[INFO] [stdout]    |           ^^^^^^^^^^^^^^^^^^^
[INFO] [stdout] 
[INFO] [stdout] 
[INFO] [stdout] warning: constant `K256_ROUND_COUNT` is never used
[INFO] [stdout]   --> src/aes.rs:16:11
[INFO] [stdout]    |
[INFO] [stdout] 16 |     const K256_ROUND_COUNT: usize = 14;
[INFO] [stdout]    |           ^^^^^^^^^^^^^^^^
[INFO] [stdout] 
[INFO] [stdout] 
[INFO] [stdout] warning: constant `K256_HEX_KEY_LENGTH` is never used
[INFO] [stdout]   --> src/aes.rs:17:11
[INFO] [stdout]    |
[INFO] [stdout] 17 |     const K256_HEX_KEY_LENGTH: usize = K256_WORD_COUNT * WORD_BYTE_COUNT * 2;
[INFO] [stdout]    |           ^^^^^^^^^^^^^^^^^^^
[INFO] [stdout] 
[INFO] [stdout] 
[INFO] [stdout] warning: constant `IRREDUCIBLE_POLY` is never used
[INFO] [stdout]   --> src/aes.rs:19:11
[INFO] [stdout]    |
[INFO] [stdout] 19 |     const IRREDUCIBLE_POLY: u8 = 0x1b;
[INFO] [stdout]    |           ^^^^^^^^^^^^^^^^
[INFO] [stdout] 
[INFO] [stdout] 
[INFO] [stdout] warning: constant `ROUND_CONST_BASE` is never used
[INFO] [stdout]   --> src/aes.rs:24:11
[INFO] [stdout]    |
[INFO] [stdout] 24 |     const ROUND_CONST_BASE: CypherWord = CypherWord {value: [1, 0, 0, 0]};
[INFO] [stdout]    |           ^^^^^^^^^^^^^^^^
[INFO] [stdout] 
[INFO] [stdout] 
[INFO] [stdout] warning: constant `S_SUB` is never used
[INFO] [stdout]   --> src/aes.rs:26:11
[INFO] [stdout]    |
[INFO] [stdout] 26 |     const S_SUB: [[u8; 16]; 16] = [
[INFO] [stdout]    |           ^^^^^
[INFO] [stdout] 
[INFO] [stdout] 
[INFO] [stdout] warning: constant `S_SUB_INVERSE` is never used
[INFO] [stdout]   --> src/aes.rs:45:11
[INFO] [stdout]    |
[INFO] [stdout] 45 |     const S_SUB_INVERSE: [[u8; 16]; 16] = [
[INFO] [stdout]    |           ^^^^^^^^^^^^^
[INFO] [stdout] 
[INFO] [stdout] 
[INFO] [stdout] warning: variants `K128`, `K192`, and `K256` are never constructed
[INFO] [stdout]   --> src/aes.rs:66:9
[INFO] [stdout]    |
[INFO] [stdout] 65 |     pub enum CypherKey {
[INFO] [stdout]    |              --------- variants in this enum
[INFO] [stdout] 66 |         K128([CypherWord; K128_WORD_COUNT]),
[INFO] [stdout]    |         ^^^^
[INFO] [stdout] 67 |         K192([CypherWord; K192_WORD_COUNT]),
[INFO] [stdout]    |         ^^^^
[INFO] [stdout] 68 |         K256([CypherWord; K256_WORD_COUNT])
[INFO] [stdout]    |         ^^^^
[INFO] [stdout]    |
[INFO] [stdout]    = note: `CypherKey` has a derived impl for the trait `Clone`, but this is intentionally ignored during dead code analysis
[INFO] [stdout] 
[INFO] [stdout] 
[INFO] [stdout] warning: multiple associated functions are never used
[INFO] [stdout]    --> src/aes.rs:72:12
[INFO] [stdout]     |
[INFO] [stdout] 71  |     impl CypherKey {
[INFO] [stdout]     |     -------------- associated functions in this implementation
[INFO] [stdout] 72  |         fn new_128() -> CypherKey {
[INFO] [stdout]     |            ^^^^^^^
[INFO] [stdout] ...
[INFO] [stdout] 76  |         fn new_192() -> CypherKey {
[INFO] [stdout]     |            ^^^^^^^
[INFO] [stdout] ...
[INFO] [stdout] 80  |         fn new_256() -> CypherKey {
[INFO] [stdout]     |            ^^^^^^^
[INFO] [stdout] ...
[INFO] [stdout] 84  |         fn from_list_k128(list: [[u8; WORD_BYTE_COUNT]; K128_WORD_COUNT]) -> CypherKey {
[INFO] [stdout]     |            ^^^^^^^^^^^^^^
[INFO] [stdout] ...
[INFO] [stdout] 92  |         fn from_list_k192(list: [[u8; WORD_BYTE_COUNT]; K192_WORD_COUNT]) -> CypherKey {
[INFO] [stdout]     |            ^^^^^^^^^^^^^^
[INFO] [stdout] ...
[INFO] [stdout] 100 |         fn from_list_k256(list: [[u8; WORD_BYTE_COUNT]; K256_WORD_COUNT]) -> CypherKey {
[INFO] [stdout]     |            ^^^^^^^^^^^^^^
[INFO] [stdout] ...
[INFO] [stdout] 108 |         fn from_string(key_string: &str) -> Result<CypherKey, Error> {
[INFO] [stdout]     |            ^^^^^^^^^^^
[INFO] [stdout] 
[INFO] [stdout] 
[INFO] [stdout] warning: constant `K128_KEY_SCHEDULE_SIZE` is never used
[INFO] [stdout]    --> src/aes.rs:202:11
[INFO] [stdout]     |
[INFO] [stdout] 202 |     const K128_KEY_SCHEDULE_SIZE: usize = WORD_BYTE_COUNT * (K128_ROUND_COUNT + 1);
[INFO] [stdout]     |           ^^^^^^^^^^^^^^^^^^^^^^
[INFO] [stdout] 
[INFO] [stdout] 
[INFO] [stdout] warning: constant `K192_KEY_SCHEDULE_SIZE` is never used
[INFO] [stdout]    --> src/aes.rs:203:11
[INFO] [stdout]     |
[INFO] [stdout] 203 |     const K192_KEY_SCHEDULE_SIZE: usize = WORD_BYTE_COUNT * (K192_ROUND_COUNT + 1);
[INFO] [stdout]     |           ^^^^^^^^^^^^^^^^^^^^^^
[INFO] [stdout] 
[INFO] [stdout] 
[INFO] [stdout] warning: constant `K256_KEY_SCHEDULE_SIZE` is never used
[INFO] [stdout]    --> src/aes.rs:204:11
[INFO] [stdout]     |
[INFO] [stdout] 204 |     const K256_KEY_SCHEDULE_SIZE: usize = WORD_BYTE_COUNT * (K256_ROUND_COUNT + 1);
[INFO] [stdout]     |           ^^^^^^^^^^^^^^^^^^^^^^
[INFO] [stdout] 
[INFO] [stdout] 
[INFO] [stdout] warning: enum `KeySchedule` is never used
[INFO] [stdout]    --> src/aes.rs:207:10
[INFO] [stdout]     |
[INFO] [stdout] 207 |     enum KeySchedule {
[INFO] [stdout]     |          ^^^^^^^^^^^
[INFO] [stdout] 
[INFO] [stdout] 
[INFO] [stdout] warning: associated functions `from_array` and `from_u32` are never used
[INFO] [stdout]    --> src/aes.rs:246:12
[INFO] [stdout]     |
[INFO] [stdout] 239 |     impl CypherWord {
[INFO] [stdout]     |     --------------- associated functions in this implementation
[INFO] [stdout] ...
[INFO] [stdout] 246 |         fn from_array(word_array: [u8; WORD_BYTE_COUNT] ) -> CypherWord {
[INFO] [stdout]     |            ^^^^^^^^^^
[INFO] [stdout] ...
[INFO] [stdout] 252 |         fn from_u32(word_32: u32) -> CypherWord {
[INFO] [stdout]     |            ^^^^^^^^
[INFO] [stdout] 
[INFO] [stdout] 
[INFO] [stdout] warning: associated items `new`, `from_string`, and `to_string` are never used
[INFO] [stdout]    --> src/aes.rs:303:12
[INFO] [stdout]     |
[INFO] [stdout] 302 |     impl CypherArray {
[INFO] [stdout]     |     ---------------- associated items in this implementation
[INFO] [stdout] 303 |         fn new() -> CypherArray {
[INFO] [stdout]     |            ^^^
[INFO] [stdout] ...
[INFO] [stdout] 309 |         fn from_string(cypher_string: &str) -> Result<CypherArray, Error> {
[INFO] [stdout]     |            ^^^^^^^^^^^
[INFO] [stdout] ...
[INFO] [stdout] 337 |         fn to_string(&self) -> Result<String, Error> {
[INFO] [stdout]     |            ^^^^^^^^^
[INFO] [stdout] 
[INFO] [stdout] 
[INFO] [stdout] warning: struct `Data` is never constructed
[INFO] [stdout]    --> src/aes.rs:365:16
[INFO] [stdout]     |
[INFO] [stdout] 365 |     pub struct Data<'a> {
[INFO] [stdout]     |                ^^^^
[INFO] [stdout] 
[INFO] [stdout] 
[INFO] [stdout] warning: function `xtime` is never used
[INFO] [stdout]    --> src/aes.rs:373:8
[INFO] [stdout]     |
[INFO] [stdout] 373 |     fn xtime(a: u8) -> u8{
[INFO] [stdout]     |        ^^^^^
[INFO] [stdout] 
[INFO] [stdout] 
[INFO] [stdout] warning: function `mult` is never used
[INFO] [stdout]    --> src/aes.rs:381:8
[INFO] [stdout]     |
[INFO] [stdout] 381 |     fn mult(mut a: u8, mut b: u8) -> u8 {
[INFO] [stdout]     |        ^^^^
[INFO] [stdout] 
[INFO] [stdout] 
[INFO] [stdout] warning: function `cypher_word_add` is never used
[INFO] [stdout]    --> src/aes.rs:394:8
[INFO] [stdout]     |
[INFO] [stdout] 394 |     fn cypher_word_add(a: CypherWord, b: CypherWord) -> CypherWord {
[INFO] [stdout]     |        ^^^^^^^^^^^^^^^
[INFO] [stdout] 
[INFO] [stdout] 
[INFO] [stdout] warning: function `cypher_column_mult` is never used
[INFO] [stdout]    --> src/aes.rs:402:8
[INFO] [stdout]     |
[INFO] [stdout] 402 |     fn cypher_column_mult(a: CypherWord, b: CypherWord) -> CypherWord {
[INFO] [stdout]     |        ^^^^^^^^^^^^^^^^^^
[INFO] [stdout] 
[INFO] [stdout] 
[INFO] [stdout] warning: function `add_round_key` is never used
[INFO] [stdout]    --> src/aes.rs:419:8
[INFO] [stdout]     |
[INFO] [stdout] 419 |     fn add_round_key(data: &Data, round: &usize) -> CypherArray {
[INFO] [stdout]     |        ^^^^^^^^^^^^^
[INFO] [stdout] 
[INFO] [stdout] 
[INFO] [stdout] warning: function `inv_add_round_key` is never used
[INFO] [stdout]    --> src/aes.rs:428:8
[INFO] [stdout]     |
[INFO] [stdout] 428 |     fn inv_add_round_key(data: &Data, round: &usize) -> CypherArray {
[INFO] [stdout]     |        ^^^^^^^^^^^^^^^^^
[INFO] [stdout] 
[INFO] [stdout] 
[INFO] [stdout] warning: function `sub_bytes` is never used
[INFO] [stdout]    --> src/aes.rs:437:8
[INFO] [stdout]     |
[INFO] [stdout] 437 |     fn sub_bytes(state: &mut CypherArray) {
[INFO] [stdout]     |        ^^^^^^^^^
[INFO] [stdout] 
[INFO] [stdout] 
[INFO] [stdout] warning: function `inv_sub_bytes` is never used
[INFO] [stdout]    --> src/aes.rs:445:8
[INFO] [stdout]     |
[INFO] [stdout] 445 |     fn inv_sub_bytes(state: &mut CypherArray) {
[INFO] [stdout]     |        ^^^^^^^^^^^^^
[INFO] [stdout] 
[INFO] [stdout] 
[INFO] [stdout] warning: function `shift_rows` is never used
[INFO] [stdout]    --> src/aes.rs:453:8
[INFO] [stdout]     |
[INFO] [stdout] 453 |     fn shift_rows(state: &CypherArray) -> CypherArray {
[INFO] [stdout]     |        ^^^^^^^^^^
[INFO] [stdout] 
[INFO] [stdout] 
[INFO] [stdout] warning: function `inv_shift_rows` is never used
[INFO] [stdout]    --> src/aes.rs:462:8
[INFO] [stdout]     |
[INFO] [stdout] 462 |     fn inv_shift_rows(state: &CypherArray) -> CypherArray {
[INFO] [stdout]     |        ^^^^^^^^^^^^^^
[INFO] [stdout] 
[INFO] [stdout] 
[INFO] [stdout] warning: function `mix_columns` is never used
[INFO] [stdout]    --> src/aes.rs:471:8
[INFO] [stdout]     |
[INFO] [stdout] 471 |     fn mix_columns(state: &CypherArray) -> CypherArray {
[INFO] [stdout]     |        ^^^^^^^^^^^
[INFO] [stdout] 
[INFO] [stdout] 
[INFO] [stdout] warning: function `inv_mix_columns` is never used
[INFO] [stdout]    --> src/aes.rs:482:8
[INFO] [stdout]     |
[INFO] [stdout] 482 |     fn inv_mix_columns(state: &CypherArray) -> CypherArray {
[INFO] [stdout]     |        ^^^^^^^^^^^^^^^
[INFO] [stdout] 
[INFO] [stdout] 
[INFO] [stdout] warning: function `rotate_word` is never used
[INFO] [stdout]    --> src/aes.rs:493:8
[INFO] [stdout]     |
[INFO] [stdout] 493 |     fn rotate_word(word: &CypherWord) -> CypherWord {
[INFO] [stdout]     |        ^^^^^^^^^^^
[INFO] [stdout] 
[INFO] [stdout] 
[INFO] [stdout] warning: function `sub_word` is never used
[INFO] [stdout]    --> src/aes.rs:502:8
[INFO] [stdout]     |
[INFO] [stdout] 502 |     fn sub_word(word: &CypherWord) -> CypherWord {
[INFO] [stdout]     |        ^^^^^^^^
[INFO] [stdout] 
[INFO] [stdout] 
[INFO] [stdout] warning: function `key_expansion` is never used
[INFO] [stdout]    --> src/aes.rs:510:8
[INFO] [stdout]     |
[INFO] [stdout] 510 |     fn key_expansion(key: &CypherKey) -> (usize, KeySchedule) {
[INFO] [stdout]     |        ^^^^^^^^^^^^^
[INFO] [stdout] 
[INFO] [stdout] 
[INFO] [stdout] warning: function `cypher` is never used
[INFO] [stdout]    --> src/aes.rs:561:12
[INFO] [stdout]     |
[INFO] [stdout] 561 |     pub fn cypher(key: &CypherKey, input: CypherArray) -> CypherArray {
[INFO] [stdout]     |            ^^^^^^
[INFO] [stdout] 
[INFO] [stdout] 
[INFO] [stdout] warning: function `inv_cypher` is never used
[INFO] [stdout]    --> src/aes.rs:587:12
[INFO] [stdout]     |
[INFO] [stdout] 587 |     pub fn inv_cypher(key: &CypherKey, input: CypherArray) -> CypherArray {
[INFO] [stdout]     |            ^^^^^^^^^^
[INFO] [stdout] 
[INFO] [stdout] 
[INFO] [stdout] warning: function `ecb` is never used
[INFO] [stdout]    --> src/aes.rs:616:12
[INFO] [stdout]     |
[INFO] [stdout] 616 |     pub fn ecb(mut plaintext: String, key_string: &str) -> Result<String, Error> {
[INFO] [stdout]     |            ^^^
[INFO] [stdout] 
[INFO] [stdout] 
[INFO] [stderr]     Finished `dev` profile [unoptimized + debuginfo] target(s) in 1.18s
[INFO] running `Command { std: "docker" "inspect" "1ea91204218d511257bac919c598aec92227be00a8a00715d6e2ca0d04f9aea6", kill_on_drop: false }`
[INFO] running `Command { std: "docker" "rm" "-f" "1ea91204218d511257bac919c598aec92227be00a8a00715d6e2ca0d04f9aea6", kill_on_drop: false }`
[INFO] [stdout] 1ea91204218d511257bac919c598aec92227be00a8a00715d6e2ca0d04f9aea6
[INFO] running `Command { std: "docker" "create" "-v" "/var/lib/crater-agent-workspace/builds/worker-6-tc2/target:/opt/rustwide/target:rw,Z" "-v" "/var/lib/crater-agent-workspace/builds/worker-6-tc2/source:/opt/rustwide/workdir:ro,Z" "-v" "/var/lib/crater-agent-workspace/cargo-home:/opt/rustwide/cargo-home:ro,Z" "-v" "/var/lib/crater-agent-workspace/rustup-home:/opt/rustwide/rustup-home:ro,Z" "-e" "SOURCE_DIR=/opt/rustwide/workdir" "-e" "CARGO_TARGET_DIR=/opt/rustwide/target" "-e" "CARGO_INCREMENTAL=0" "-e" "RUST_BACKTRACE=full" "-e" "RUSTFLAGS=--cap-lints=warn" "-e" "RUSTDOCFLAGS=--cap-lints=warn" "-e" "CARGO_HOME=/opt/rustwide/cargo-home" "-e" "RUSTUP_HOME=/opt/rustwide/rustup-home" "-w" "/opt/rustwide/workdir" "-m" "1610612736" "--user" "0:0" "--network" "none" "ghcr.io/rust-lang/crates-build-env/linux@sha256:f3a9d4ad9d972b27faf3965f35b62e55ba32bbce8f20bc8fe909558a86702fde" "/opt/rustwide/cargo-home/bin/cargo" "+beta-2024-12-08" "test" "--frozen" "--no-run" "--message-format=json", kill_on_drop: false }`
[INFO] [stdout] 454449d0cd40a6d1d1ce9052142942a9ac46c3fdba20426dbfb2d245ed3ee119
[INFO] running `Command { std: "docker" "start" "-a" "454449d0cd40a6d1d1ce9052142942a9ac46c3fdba20426dbfb2d245ed3ee119", kill_on_drop: false }`
[INFO] [stderr] warning: unused manifest key: env
[INFO] [stdout] warning: unused import: `std::ops::Deref`
[INFO] [stdout]  --> src/lib.rs:3:5
[INFO] [stdout]   |
[INFO] [stdout] 3 | use std::ops::Deref;
[INFO] [stdout]   |     ^^^^^^^^^^^^^^^
[INFO] [stdout]   |
[INFO] [stdout]   = note: `#[warn(unused_imports)]` on by default
[INFO] [stdout] 
[INFO] [stdout] 
[INFO] [stdout] warning: unnecessary parentheses around assigned value
[INFO] [stdout]    --> src/aes.rs:323:37
[INFO] [stdout]     |
[INFO] [stdout] 323 |                         let value = ((char_1 as u8) << 4);
[INFO] [stdout]     |                                     ^                   ^
[INFO] [stdout]     |
[INFO] [stdout]     = note: `#[warn(unused_parens)]` on by default
[INFO] [stdout] help: remove these parentheses
[INFO] [stdout]     |
[INFO] [stdout] 323 -                         let value = ((char_1 as u8) << 4);
[INFO] [stdout] 323 +                         let value = (char_1 as u8) << 4;
[INFO] [stdout]     |
[INFO] [stdout] 
[INFO] [stdout] 
[INFO] [stderr]    Compiling crypto-rust v0.1.0 (/opt/rustwide/workdir)
[INFO] [stdout] warning: unused import: `crate::bytes::bytes::Bytes`
[INFO] [stdout]    --> src/lib.rs:145:9
[INFO] [stdout]     |
[INFO] [stdout] 145 |     use crate::bytes::bytes::Bytes;
[INFO] [stdout]     |         ^^^^^^^^^^^^^^^^^^^^^^^^^^
[INFO] [stdout]     |
[INFO] [stdout] help: if this is a test module, consider adding a `#[cfg(test)]` to the containing module
[INFO] [stdout]    --> src/lib.rs:144:1
[INFO] [stdout]     |
[INFO] [stdout] 144 | mod tests {
[INFO] [stdout]     | ^^^^^^^^^
[INFO] [stdout] 
[INFO] [stdout] 
[INFO] [stdout] warning: unused import: `super::*`
[INFO] [stdout]    --> src/lib.rs:146:9
[INFO] [stdout]     |
[INFO] [stdout] 146 |     use super::*;
[INFO] [stdout]     |         ^^^^^^^^
[INFO] [stdout]     |
[INFO] [stdout] help: if this is a test module, consider adding a `#[cfg(test)]` to the containing module
[INFO] [stdout]    --> src/lib.rs:144:1
[INFO] [stdout]     |
[INFO] [stdout] 144 | mod tests {
[INFO] [stdout]     | ^^^^^^^^^
[INFO] [stdout] 
[INFO] [stdout] 
[INFO] [stdout] warning: unused variable: `value`
[INFO] [stdout]    --> src/aes.rs:323:29
[INFO] [stdout]     |
[INFO] [stdout] 323 |                         let value = ((char_1 as u8) << 4);
[INFO] [stdout]     |                             ^^^^^ help: if this is intentional, prefix it with an underscore: `_value`
[INFO] [stdout]     |
[INFO] [stdout]     = note: `#[warn(unused_variables)]` on by default
[INFO] [stdout] 
[INFO] [stdout] 
[INFO] [stdout] warning: unused variable: `value`
[INFO] [stdout]    --> src/aes.rs:326:29
[INFO] [stdout]     |
[INFO] [stdout] 326 |                         let value: u8 = 0;
[INFO] [stdout]     |                             ^^^^^ help: if this is intentional, prefix it with an underscore: `_value`
[INFO] [stdout] 
[INFO] [stdout] 
[INFO] [stdout] warning: associated items `len` and `xor_byte_vec` are never used
[INFO] [stdout]    --> src/bytes.rs:12:12
[INFO] [stdout]     |
[INFO] [stdout] 11  |     impl Bytes {
[INFO] [stdout]     |     ---------- associated items in this implementation
[INFO] [stdout] 12  |         fn len(self: &Bytes) -> usize{
[INFO] [stdout]     |            ^^^
[INFO] [stdout] ...
[INFO] [stdout] 255 |         fn xor_byte_vec(bytes_a: &Bytes, bytes_b: &Bytes) -> Bytes {
[INFO] [stdout]     |            ^^^^^^^^^^^^
[INFO] [stdout]     |
[INFO] [stdout]     = note: `#[warn(dead_code)]` on by default
[INFO] [stdout] 
[INFO] [stdout] 
[INFO] [stdout] warning: variants `Bytes` and `String` are never constructed
[INFO] [stdout]    --> src/scoring.rs:166:5
[INFO] [stdout]     |
[INFO] [stdout] 165 | pub enum StringOrBytes<'a>{
[INFO] [stdout]     |          ------------- variants in this enum
[INFO] [stdout] 166 |     Bytes(Bytes),
[INFO] [stdout]     |     ^^^^^
[INFO] [stdout] 167 |     String(String),
[INFO] [stdout]     |     ^^^^^^
[INFO] [stdout] 
[INFO] [stdout] 
[INFO] [stdout] warning: function `get_english_ascii_character_score` is never used
[INFO] [stdout]  --> src/scoring.rs:4:12
[INFO] [stdout]   |
[INFO] [stdout] 4 |     pub fn get_english_ascii_character_score(character: char) -> f64 {
[INFO] [stdout]   |            ^^^^^^^^^^^^^^^^^^^^^^^^^^^^^^^^^
[INFO] [stdout] 
[INFO] [stdout] 
[INFO] [stdout] warning: function `get_text_vec_magnitude` is never used
[INFO] [stdout]   --> src/scoring.rs:49:8
[INFO] [stdout]    |
[INFO] [stdout] 49 |     fn get_text_vec_magnitude(vector: &Vec<f64>) -> f64 {
[INFO] [stdout]    |        ^^^^^^^^^^^^^^^^^^^^^^
[INFO] [stdout] 
[INFO] [stdout] 
[INFO] [stdout] warning: function `euclidean_dist_to_english` is never used
[INFO] [stdout]   --> src/scoring.rs:61:12
[INFO] [stdout]    |
[INFO] [stdout] 61 |     pub fn euclidean_dist_to_english(text_character_frequencies: Vec<f64>, text_length: usize) -> f64 {
[INFO] [stdout]    |            ^^^^^^^^^^^^^^^^^^^^^^^^^
[INFO] [stdout] 
[INFO] [stdout] 
[INFO] [stdout] warning: constant `K128_ROUND_COUNT` is never used
[INFO] [stdout]   --> src/aes.rs:10:11
[INFO] [stdout]    |
[INFO] [stdout] 10 |     const K128_ROUND_COUNT: usize = 10;
[INFO] [stdout]    |           ^^^^^^^^^^^^^^^^
[INFO] [stdout] 
[INFO] [stdout] 
[INFO] [stdout] warning: constant `K128_HEX_KEY_LENGTH` is never used
[INFO] [stdout]   --> src/aes.rs:11:11
[INFO] [stdout]    |
[INFO] [stdout] 11 |     const K128_HEX_KEY_LENGTH: usize = K128_WORD_COUNT * WORD_BYTE_COUNT * 2;
[INFO] [stdout]    |           ^^^^^^^^^^^^^^^^^^^
[INFO] [stdout] 
[INFO] [stdout] 
[INFO] [stdout] warning: constant `K192_ROUND_COUNT` is never used
[INFO] [stdout]   --> src/aes.rs:13:11
[INFO] [stdout]    |
[INFO] [stdout] 13 |     const K192_ROUND_COUNT: usize = 12;
[INFO] [stdout]    |           ^^^^^^^^^^^^^^^^
[INFO] [stdout] 
[INFO] [stdout] 
[INFO] [stdout] warning: constant `K192_HEX_KEY_LENGTH` is never used
[INFO] [stdout]   --> src/aes.rs:14:11
[INFO] [stdout]    |
[INFO] [stdout] 14 |     const K192_HEX_KEY_LENGTH: usize = K192_WORD_COUNT * WORD_BYTE_COUNT * 2;
[INFO] [stdout]    |           ^^^^^^^^^^^^^^^^^^^
[INFO] [stdout] 
[INFO] [stdout] 
[INFO] [stdout] warning: constant `K256_ROUND_COUNT` is never used
[INFO] [stdout]   --> src/aes.rs:16:11
[INFO] [stdout]    |
[INFO] [stdout] 16 |     const K256_ROUND_COUNT: usize = 14;
[INFO] [stdout]    |           ^^^^^^^^^^^^^^^^
[INFO] [stdout] 
[INFO] [stdout] 
[INFO] [stdout] warning: constant `K256_HEX_KEY_LENGTH` is never used
[INFO] [stdout]   --> src/aes.rs:17:11
[INFO] [stdout]    |
[INFO] [stdout] 17 |     const K256_HEX_KEY_LENGTH: usize = K256_WORD_COUNT * WORD_BYTE_COUNT * 2;
[INFO] [stdout]    |           ^^^^^^^^^^^^^^^^^^^
[INFO] [stdout] 
[INFO] [stdout] 
[INFO] [stdout] warning: constant `IRREDUCIBLE_POLY` is never used
[INFO] [stdout]   --> src/aes.rs:19:11
[INFO] [stdout]    |
[INFO] [stdout] 19 |     const IRREDUCIBLE_POLY: u8 = 0x1b;
[INFO] [stdout]    |           ^^^^^^^^^^^^^^^^
[INFO] [stdout] 
[INFO] [stdout] 
[INFO] [stdout] warning: constant `ROUND_CONST_BASE` is never used
[INFO] [stdout]   --> src/aes.rs:24:11
[INFO] [stdout]    |
[INFO] [stdout] 24 |     const ROUND_CONST_BASE: CypherWord = CypherWord {value: [1, 0, 0, 0]};
[INFO] [stdout]    |           ^^^^^^^^^^^^^^^^
[INFO] [stdout] 
[INFO] [stdout] 
[INFO] [stdout] warning: constant `S_SUB` is never used
[INFO] [stdout]   --> src/aes.rs:26:11
[INFO] [stdout]    |
[INFO] [stdout] 26 |     const S_SUB: [[u8; 16]; 16] = [
[INFO] [stdout]    |           ^^^^^
[INFO] [stdout] 
[INFO] [stdout] 
[INFO] [stdout] warning: constant `S_SUB_INVERSE` is never used
[INFO] [stdout]   --> src/aes.rs:45:11
[INFO] [stdout]    |
[INFO] [stdout] 45 |     const S_SUB_INVERSE: [[u8; 16]; 16] = [
[INFO] [stdout]    |           ^^^^^^^^^^^^^
[INFO] [stdout] 
[INFO] [stdout] 
[INFO] [stdout] warning: variants `K128`, `K192`, and `K256` are never constructed
[INFO] [stdout]   --> src/aes.rs:66:9
[INFO] [stdout]    |
[INFO] [stdout] 65 |     pub enum CypherKey {
[INFO] [stdout]    |              --------- variants in this enum
[INFO] [stdout] 66 |         K128([CypherWord; K128_WORD_COUNT]),
[INFO] [stdout]    |         ^^^^
[INFO] [stdout] 67 |         K192([CypherWord; K192_WORD_COUNT]),
[INFO] [stdout]    |         ^^^^
[INFO] [stdout] 68 |         K256([CypherWord; K256_WORD_COUNT])
[INFO] [stdout]    |         ^^^^
[INFO] [stdout]    |
[INFO] [stdout]    = note: `CypherKey` has a derived impl for the trait `Clone`, but this is intentionally ignored during dead code analysis
[INFO] [stdout] 
[INFO] [stdout] 
[INFO] [stdout] warning: multiple associated functions are never used
[INFO] [stdout]    --> src/aes.rs:72:12
[INFO] [stdout]     |
[INFO] [stdout] 71  |     impl CypherKey {
[INFO] [stdout]     |     -------------- associated functions in this implementation
[INFO] [stdout] 72  |         fn new_128() -> CypherKey {
[INFO] [stdout]     |            ^^^^^^^
[INFO] [stdout] ...
[INFO] [stdout] 76  |         fn new_192() -> CypherKey {
[INFO] [stdout]     |            ^^^^^^^
[INFO] [stdout] ...
[INFO] [stdout] 80  |         fn new_256() -> CypherKey {
[INFO] [stdout]     |            ^^^^^^^
[INFO] [stdout] ...
[INFO] [stdout] 84  |         fn from_list_k128(list: [[u8; WORD_BYTE_COUNT]; K128_WORD_COUNT]) -> CypherKey {
[INFO] [stdout]     |            ^^^^^^^^^^^^^^
[INFO] [stdout] ...
[INFO] [stdout] 92  |         fn from_list_k192(list: [[u8; WORD_BYTE_COUNT]; K192_WORD_COUNT]) -> CypherKey {
[INFO] [stdout]     |            ^^^^^^^^^^^^^^
[INFO] [stdout] ...
[INFO] [stdout] 100 |         fn from_list_k256(list: [[u8; WORD_BYTE_COUNT]; K256_WORD_COUNT]) -> CypherKey {
[INFO] [stdout]     |            ^^^^^^^^^^^^^^
[INFO] [stdout] ...
[INFO] [stdout] 108 |         fn from_string(key_string: &str) -> Result<CypherKey, Error> {
[INFO] [stdout]     |            ^^^^^^^^^^^
[INFO] [stdout] 
[INFO] [stdout] 
[INFO] [stdout] warning: constant `K128_KEY_SCHEDULE_SIZE` is never used
[INFO] [stdout]    --> src/aes.rs:202:11
[INFO] [stdout]     |
[INFO] [stdout] 202 |     const K128_KEY_SCHEDULE_SIZE: usize = WORD_BYTE_COUNT * (K128_ROUND_COUNT + 1);
[INFO] [stdout]     |           ^^^^^^^^^^^^^^^^^^^^^^
[INFO] [stdout] 
[INFO] [stdout] 
[INFO] [stdout] warning: constant `K192_KEY_SCHEDULE_SIZE` is never used
[INFO] [stdout]    --> src/aes.rs:203:11
[INFO] [stdout]     |
[INFO] [stdout] 203 |     const K192_KEY_SCHEDULE_SIZE: usize = WORD_BYTE_COUNT * (K192_ROUND_COUNT + 1);
[INFO] [stdout]     |           ^^^^^^^^^^^^^^^^^^^^^^
[INFO] [stdout] 
[INFO] [stdout] 
[INFO] [stdout] warning: constant `K256_KEY_SCHEDULE_SIZE` is never used
[INFO] [stdout]    --> src/aes.rs:204:11
[INFO] [stdout]     |
[INFO] [stdout] 204 |     const K256_KEY_SCHEDULE_SIZE: usize = WORD_BYTE_COUNT * (K256_ROUND_COUNT + 1);
[INFO] [stdout]     |           ^^^^^^^^^^^^^^^^^^^^^^
[INFO] [stdout] 
[INFO] [stdout] 
[INFO] [stdout] warning: enum `KeySchedule` is never used
[INFO] [stdout]    --> src/aes.rs:207:10
[INFO] [stdout]     |
[INFO] [stdout] 207 |     enum KeySchedule {
[INFO] [stdout]     |          ^^^^^^^^^^^
[INFO] [stdout] 
[INFO] [stdout] 
[INFO] [stdout] warning: associated functions `from_array` and `from_u32` are never used
[INFO] [stdout]    --> src/aes.rs:246:12
[INFO] [stdout]     |
[INFO] [stdout] 239 |     impl CypherWord {
[INFO] [stdout]     |     --------------- associated functions in this implementation
[INFO] [stdout] ...
[INFO] [stdout] 246 |         fn from_array(word_array: [u8; WORD_BYTE_COUNT] ) -> CypherWord {
[INFO] [stdout]     |            ^^^^^^^^^^
[INFO] [stdout] ...
[INFO] [stdout] 252 |         fn from_u32(word_32: u32) -> CypherWord {
[INFO] [stdout]     |            ^^^^^^^^
[INFO] [stdout] 
[INFO] [stdout] 
[INFO] [stdout] warning: associated items `new`, `from_string`, and `to_string` are never used
[INFO] [stdout]    --> src/aes.rs:303:12
[INFO] [stdout]     |
[INFO] [stdout] 302 |     impl CypherArray {
[INFO] [stdout]     |     ---------------- associated items in this implementation
[INFO] [stdout] 303 |         fn new() -> CypherArray {
[INFO] [stdout]     |            ^^^
[INFO] [stdout] ...
[INFO] [stdout] 309 |         fn from_string(cypher_string: &str) -> Result<CypherArray, Error> {
[INFO] [stdout]     |            ^^^^^^^^^^^
[INFO] [stdout] ...
[INFO] [stdout] 337 |         fn to_string(&self) -> Result<String, Error> {
[INFO] [stdout]     |            ^^^^^^^^^
[INFO] [stdout] 
[INFO] [stdout] 
[INFO] [stdout] warning: struct `Data` is never constructed
[INFO] [stdout]    --> src/aes.rs:365:16
[INFO] [stdout]     |
[INFO] [stdout] 365 |     pub struct Data<'a> {
[INFO] [stdout]     |                ^^^^
[INFO] [stdout] 
[INFO] [stdout] 
[INFO] [stdout] warning: function `xtime` is never used
[INFO] [stdout]    --> src/aes.rs:373:8
[INFO] [stdout]     |
[INFO] [stdout] 373 |     fn xtime(a: u8) -> u8{
[INFO] [stdout]     |        ^^^^^
[INFO] [stdout] 
[INFO] [stdout] 
[INFO] [stdout] warning: function `mult` is never used
[INFO] [stdout]    --> src/aes.rs:381:8
[INFO] [stdout]     |
[INFO] [stdout] 381 |     fn mult(mut a: u8, mut b: u8) -> u8 {
[INFO] [stdout]     |        ^^^^
[INFO] [stdout] 
[INFO] [stdout] 
[INFO] [stdout] warning: function `cypher_word_add` is never used
[INFO] [stdout]    --> src/aes.rs:394:8
[INFO] [stdout]     |
[INFO] [stdout] 394 |     fn cypher_word_add(a: CypherWord, b: CypherWord) -> CypherWord {
[INFO] [stdout]     |        ^^^^^^^^^^^^^^^
[INFO] [stdout] 
[INFO] [stdout] 
[INFO] [stdout] warning: function `cypher_column_mult` is never used
[INFO] [stdout]    --> src/aes.rs:402:8
[INFO] [stdout]     |
[INFO] [stdout] 402 |     fn cypher_column_mult(a: CypherWord, b: CypherWord) -> CypherWord {
[INFO] [stdout]     |        ^^^^^^^^^^^^^^^^^^
[INFO] [stdout] 
[INFO] [stdout] 
[INFO] [stdout] warning: function `add_round_key` is never used
[INFO] [stdout]    --> src/aes.rs:419:8
[INFO] [stdout]     |
[INFO] [stdout] 419 |     fn add_round_key(data: &Data, round: &usize) -> CypherArray {
[INFO] [stdout]     |        ^^^^^^^^^^^^^
[INFO] [stdout] 
[INFO] [stdout] 
[INFO] [stdout] warning: function `inv_add_round_key` is never used
[INFO] [stdout]    --> src/aes.rs:428:8
[INFO] [stdout]     |
[INFO] [stdout] 428 |     fn inv_add_round_key(data: &Data, round: &usize) -> CypherArray {
[INFO] [stdout]     |        ^^^^^^^^^^^^^^^^^
[INFO] [stdout] 
[INFO] [stdout] 
[INFO] [stdout] warning: function `sub_bytes` is never used
[INFO] [stdout]    --> src/aes.rs:437:8
[INFO] [stdout]     |
[INFO] [stdout] 437 |     fn sub_bytes(state: &mut CypherArray) {
[INFO] [stdout]     |        ^^^^^^^^^
[INFO] [stdout] 
[INFO] [stdout] 
[INFO] [stdout] warning: function `inv_sub_bytes` is never used
[INFO] [stdout]    --> src/aes.rs:445:8
[INFO] [stdout]     |
[INFO] [stdout] 445 |     fn inv_sub_bytes(state: &mut CypherArray) {
[INFO] [stdout]     |        ^^^^^^^^^^^^^
[INFO] [stdout] 
[INFO] [stdout] 
[INFO] [stdout] warning: function `shift_rows` is never used
[INFO] [stdout]    --> src/aes.rs:453:8
[INFO] [stdout]     |
[INFO] [stdout] 453 |     fn shift_rows(state: &CypherArray) -> CypherArray {
[INFO] [stdout]     |        ^^^^^^^^^^
[INFO] [stdout] 
[INFO] [stdout] 
[INFO] [stdout] warning: function `inv_shift_rows` is never used
[INFO] [stdout]    --> src/aes.rs:462:8
[INFO] [stdout]     |
[INFO] [stdout] 462 |     fn inv_shift_rows(state: &CypherArray) -> CypherArray {
[INFO] [stdout]     |        ^^^^^^^^^^^^^^
[INFO] [stdout] 
[INFO] [stdout] 
[INFO] [stdout] warning: function `mix_columns` is never used
[INFO] [stdout]    --> src/aes.rs:471:8
[INFO] [stdout]     |
[INFO] [stdout] 471 |     fn mix_columns(state: &CypherArray) -> CypherArray {
[INFO] [stdout]     |        ^^^^^^^^^^^
[INFO] [stdout] 
[INFO] [stdout] 
[INFO] [stdout] warning: function `inv_mix_columns` is never used
[INFO] [stdout]    --> src/aes.rs:482:8
[INFO] [stdout]     |
[INFO] [stdout] 482 |     fn inv_mix_columns(state: &CypherArray) -> CypherArray {
[INFO] [stdout]     |        ^^^^^^^^^^^^^^^
[INFO] [stdout] 
[INFO] [stdout] 
[INFO] [stdout] warning: function `rotate_word` is never used
[INFO] [stdout]    --> src/aes.rs:493:8
[INFO] [stdout]     |
[INFO] [stdout] 493 |     fn rotate_word(word: &CypherWord) -> CypherWord {
[INFO] [stdout]     |        ^^^^^^^^^^^
[INFO] [stdout] 
[INFO] [stdout] 
[INFO] [stdout] warning: function `sub_word` is never used
[INFO] [stdout]    --> src/aes.rs:502:8
[INFO] [stdout]     |
[INFO] [stdout] 502 |     fn sub_word(word: &CypherWord) -> CypherWord {
[INFO] [stdout]     |        ^^^^^^^^
[INFO] [stdout] 
[INFO] [stdout] 
[INFO] [stdout] warning: function `key_expansion` is never used
[INFO] [stdout]    --> src/aes.rs:510:8
[INFO] [stdout]     |
[INFO] [stdout] 510 |     fn key_expansion(key: &CypherKey) -> (usize, KeySchedule) {
[INFO] [stdout]     |        ^^^^^^^^^^^^^
[INFO] [stdout] 
[INFO] [stdout] 
[INFO] [stdout] warning: function `cypher` is never used
[INFO] [stdout]    --> src/aes.rs:561:12
[INFO] [stdout]     |
[INFO] [stdout] 561 |     pub fn cypher(key: &CypherKey, input: CypherArray) -> CypherArray {
[INFO] [stdout]     |            ^^^^^^
[INFO] [stdout] 
[INFO] [stdout] 
[INFO] [stdout] warning: function `inv_cypher` is never used
[INFO] [stdout]    --> src/aes.rs:587:12
[INFO] [stdout]     |
[INFO] [stdout] 587 |     pub fn inv_cypher(key: &CypherKey, input: CypherArray) -> CypherArray {
[INFO] [stdout]     |            ^^^^^^^^^^
[INFO] [stdout] 
[INFO] [stdout] 
[INFO] [stdout] warning: function `ecb` is never used
[INFO] [stdout]    --> src/aes.rs:616:12
[INFO] [stdout]     |
[INFO] [stdout] 616 |     pub fn ecb(mut plaintext: String, key_string: &str) -> Result<String, Error> {
[INFO] [stdout]     |            ^^^
[INFO] [stdout] 
[INFO] [stdout] 
[INFO] [stdout] warning: unused import: `std::ops::Deref`
[INFO] [stdout]  --> src/lib.rs:3:5
[INFO] [stdout]   |
[INFO] [stdout] 3 | use std::ops::Deref;
[INFO] [stdout]   |     ^^^^^^^^^^^^^^^
[INFO] [stdout]   |
[INFO] [stdout]   = note: `#[warn(unused_imports)]` on by default
[INFO] [stdout] 
[INFO] [stdout] 
[INFO] [stdout] warning: unnecessary parentheses around assigned value
[INFO] [stdout]    --> src/aes.rs:323:37
[INFO] [stdout]     |
[INFO] [stdout] 323 |                         let value = ((char_1 as u8) << 4);
[INFO] [stdout]     |                                     ^                   ^
[INFO] [stdout]     |
[INFO] [stdout]     = note: `#[warn(unused_parens)]` on by default
[INFO] [stdout] help: remove these parentheses
[INFO] [stdout]     |
[INFO] [stdout] 323 -                         let value = ((char_1 as u8) << 4);
[INFO] [stdout] 323 +                         let value = (char_1 as u8) << 4;
[INFO] [stdout]     |
[INFO] [stdout] 
[INFO] [stdout] 
[INFO] [stdout] warning: unused variable: `value`
[INFO] [stdout]    --> src/aes.rs:323:29
[INFO] [stdout]     |
[INFO] [stdout] 323 |                         let value = ((char_1 as u8) << 4);
[INFO] [stdout]     |                             ^^^^^ help: if this is intentional, prefix it with an underscore: `_value`
[INFO] [stdout]     |
[INFO] [stdout]     = note: `#[warn(unused_variables)]` on by default
[INFO] [stdout] 
[INFO] [stdout] 
[INFO] [stdout] warning: unused variable: `value`
[INFO] [stdout]    --> src/aes.rs:326:29
[INFO] [stdout]     |
[INFO] [stdout] 326 |                         let value: u8 = 0;
[INFO] [stdout]     |                             ^^^^^ help: if this is intentional, prefix it with an underscore: `_value`
[INFO] [stdout] 
[INFO] [stdout] 
[INFO] [stdout] warning: unused variable: `message`
[INFO] [stdout]    --> src/lib.rs:181:17
[INFO] [stdout]     |
[INFO] [stdout] 181 |             let message = message_bytes.to_ascii_string().unwrap();
[INFO] [stdout]     |                 ^^^^^^^ help: if this is intentional, prefix it with an underscore: `_message`
[INFO] [stdout] 
[INFO] [stdout] 
[INFO] [stdout] warning: function `get_english_ascii_character_score` is never used
[INFO] [stdout]  --> src/scoring.rs:4:12
[INFO] [stdout]   |
[INFO] [stdout] 4 |     pub fn get_english_ascii_character_score(character: char) -> f64 {
[INFO] [stdout]   |            ^^^^^^^^^^^^^^^^^^^^^^^^^^^^^^^^^
[INFO] [stdout]   |
[INFO] [stdout]   = note: `#[warn(dead_code)]` on by default
[INFO] [stdout] 
[INFO] [stdout] 
[INFO] [stdout] warning: function `get_text_vec_magnitude` is never used
[INFO] [stdout]   --> src/scoring.rs:49:8
[INFO] [stdout]    |
[INFO] [stdout] 49 |     fn get_text_vec_magnitude(vector: &Vec<f64>) -> f64 {
[INFO] [stdout]    |        ^^^^^^^^^^^^^^^^^^^^^^
[INFO] [stdout] 
[INFO] [stdout] 
[INFO] [stdout] warning: function `euclidean_dist_to_english` is never used
[INFO] [stdout]   --> src/scoring.rs:61:12
[INFO] [stdout]    |
[INFO] [stdout] 61 |     pub fn euclidean_dist_to_english(text_character_frequencies: Vec<f64>, text_length: usize) -> f64 {
[INFO] [stdout]    |            ^^^^^^^^^^^^^^^^^^^^^^^^^
[INFO] [stdout] 
[INFO] [stdout] 
[INFO] [stdout] warning: associated functions `from_list_k128`, `from_list_k192`, and `from_list_k256` are never used
[INFO] [stdout]    --> src/aes.rs:84:12
[INFO] [stdout]     |
[INFO] [stdout] 71  |     impl CypherKey {
[INFO] [stdout]     |     -------------- associated functions in this implementation
[INFO] [stdout] ...
[INFO] [stdout] 84  |         fn from_list_k128(list: [[u8; WORD_BYTE_COUNT]; K128_WORD_COUNT]) -> CypherKey {
[INFO] [stdout]     |            ^^^^^^^^^^^^^^
[INFO] [stdout] ...
[INFO] [stdout] 92  |         fn from_list_k192(list: [[u8; WORD_BYTE_COUNT]; K192_WORD_COUNT]) -> CypherKey {
[INFO] [stdout]     |            ^^^^^^^^^^^^^^
[INFO] [stdout] ...
[INFO] [stdout] 100 |         fn from_list_k256(list: [[u8; WORD_BYTE_COUNT]; K256_WORD_COUNT]) -> CypherKey {
[INFO] [stdout]     |            ^^^^^^^^^^^^^^
[INFO] [stdout] 
[INFO] [stdout] 
[INFO] [stdout] warning: fields `input`, `key`, and `round` are never read
[INFO] [stdout]    --> src/aes.rs:366:9
[INFO] [stdout]     |
[INFO] [stdout] 365 |     pub struct Data<'a> {
[INFO] [stdout]     |                ---- fields in this struct
[INFO] [stdout] 366 |         input: CypherArray,
[INFO] [stdout]     |         ^^^^^
[INFO] [stdout] 367 |         state: CypherArray,
[INFO] [stdout] 368 |         key: &'a CypherKey,
[INFO] [stdout]     |         ^^^
[INFO] [stdout] 369 |         key_schedule: KeySchedule,
[INFO] [stdout] 370 |         round: usize
[INFO] [stdout]     |         ^^^^^
[INFO] [stdout] 
[INFO] [stdout] 
[INFO] [stdout] warning: function `cypher_column_mult` is never used
[INFO] [stdout]    --> src/aes.rs:402:8
[INFO] [stdout]     |
[INFO] [stdout] 402 |     fn cypher_column_mult(a: CypherWord, b: CypherWord) -> CypherWord {
[INFO] [stdout]     |        ^^^^^^^^^^^^^^^^^^
[INFO] [stdout] 
[INFO] [stdout] 
[INFO] [stderr]     Finished `test` profile [unoptimized + debuginfo] target(s) in 1.51s
[INFO] running `Command { std: "docker" "inspect" "454449d0cd40a6d1d1ce9052142942a9ac46c3fdba20426dbfb2d245ed3ee119", kill_on_drop: false }`
[INFO] running `Command { std: "docker" "rm" "-f" "454449d0cd40a6d1d1ce9052142942a9ac46c3fdba20426dbfb2d245ed3ee119", kill_on_drop: false }`
[INFO] [stdout] 454449d0cd40a6d1d1ce9052142942a9ac46c3fdba20426dbfb2d245ed3ee119
[INFO] running `Command { std: "docker" "create" "-v" "/var/lib/crater-agent-workspace/builds/worker-6-tc2/target:/opt/rustwide/target:rw,Z" "-v" "/var/lib/crater-agent-workspace/builds/worker-6-tc2/source:/opt/rustwide/workdir:ro,Z" "-v" "/var/lib/crater-agent-workspace/cargo-home:/opt/rustwide/cargo-home:ro,Z" "-v" "/var/lib/crater-agent-workspace/rustup-home:/opt/rustwide/rustup-home:ro,Z" "-e" "SOURCE_DIR=/opt/rustwide/workdir" "-e" "CARGO_TARGET_DIR=/opt/rustwide/target" "-e" "CARGO_INCREMENTAL=0" "-e" "RUST_BACKTRACE=full" "-e" "RUSTFLAGS=--cap-lints=warn" "-e" "RUSTDOCFLAGS=--cap-lints=warn" "-e" "CARGO_HOME=/opt/rustwide/cargo-home" "-e" "RUSTUP_HOME=/opt/rustwide/rustup-home" "-w" "/opt/rustwide/workdir" "-m" "1610612736" "--user" "0:0" "--network" "none" "ghcr.io/rust-lang/crates-build-env/linux@sha256:f3a9d4ad9d972b27faf3965f35b62e55ba32bbce8f20bc8fe909558a86702fde" "/opt/rustwide/cargo-home/bin/cargo" "+beta-2024-12-08" "test" "--frozen", kill_on_drop: false }`
[INFO] [stdout] bf03f0bc421ea082087676d8b3db0c9c62e092c0284125fa2f486b160c0652b6
[INFO] running `Command { std: "docker" "start" "-a" "bf03f0bc421ea082087676d8b3db0c9c62e092c0284125fa2f486b160c0652b6", kill_on_drop: false }`
[INFO] [stderr] warning: unused manifest key: env
[INFO] [stderr] warning: unused import: `std::ops::Deref`
[INFO] [stderr]  --> src/lib.rs:3:5
[INFO] [stderr]   |
[INFO] [stderr] 3 | use std::ops::Deref;
[INFO] [stderr]   |     ^^^^^^^^^^^^^^^
[INFO] [stderr]   |
[INFO] [stderr]   = note: `#[warn(unused_imports)]` on by default
[INFO] [stderr] 
[INFO] [stderr] warning: unnecessary parentheses around assigned value
[INFO] [stderr]    --> src/aes.rs:323:37
[INFO] [stderr]     |
[INFO] [stderr] 323 |                         let value = ((char_1 as u8) << 4);
[INFO] [stderr]     |                                     ^                   ^
[INFO] [stderr]     |
[INFO] [stderr]     = note: `#[warn(unused_parens)]` on by default
[INFO] [stderr] help: remove these parentheses
[INFO] [stderr]     |
[INFO] [stderr] 323 -                         let value = ((char_1 as u8) << 4);
[INFO] [stderr] 323 +                         let value = (char_1 as u8) << 4;
[INFO] [stderr]     |
[INFO] [stderr] 
[INFO] [stderr] warning: unused import: `crate::bytes::bytes::Bytes`
[INFO] [stderr]    --> src/lib.rs:145:9
[INFO] [stderr]     |
[INFO] [stderr] 145 |     use crate::bytes::bytes::Bytes;
[INFO] [stderr]     |         ^^^^^^^^^^^^^^^^^^^^^^^^^^
[INFO] [stderr]     |
[INFO] [stderr] help: if this is a test module, consider adding a `#[cfg(test)]` to the containing module
[INFO] [stderr]    --> src/lib.rs:144:1
[INFO] [stderr]     |
[INFO] [stderr] 144 | mod tests {
[INFO] [stderr]     | ^^^^^^^^^
[INFO] [stderr] 
[INFO] [stderr] warning: unused import: `super::*`
[INFO] [stderr]    --> src/lib.rs:146:9
[INFO] [stderr]     |
[INFO] [stderr] 146 |     use super::*;
[INFO] [stderr]     |         ^^^^^^^^
[INFO] [stderr]     |
[INFO] [stderr] help: if this is a test module, consider adding a `#[cfg(test)]` to the containing module
[INFO] [stderr]    --> src/lib.rs:144:1
[INFO] [stderr]     |
[INFO] [stderr] 144 | mod tests {
[INFO] [stderr]     | ^^^^^^^^^
[INFO] [stderr] 
[INFO] [stderr] warning: unused variable: `value`
[INFO] [stderr]    --> src/aes.rs:323:29
[INFO] [stderr]     |
[INFO] [stderr] 323 |                         let value = ((char_1 as u8) << 4);
[INFO] [stderr]     |                             ^^^^^ help: if this is intentional, prefix it with an underscore: `_value`
[INFO] [stderr]     |
[INFO] [stderr]     = note: `#[warn(unused_variables)]` on by default
[INFO] [stderr] 
[INFO] [stderr] warning: unused variable: `value`
[INFO] [stderr]    --> src/aes.rs:326:29
[INFO] [stderr]     |
[INFO] [stderr] 326 |                         let value: u8 = 0;
[INFO] [stderr]     |                             ^^^^^ help: if this is intentional, prefix it with an underscore: `_value`
[INFO] [stderr] 
[INFO] [stderr] warning: associated items `len` and `xor_byte_vec` are never used
[INFO] [stderr]    --> src/bytes.rs:12:12
[INFO] [stderr]     |
[INFO] [stderr] 11  |     impl Bytes {
[INFO] [stderr]     |     ---------- associated items in this implementation
[INFO] [stderr] 12  |         fn len(self: &Bytes) -> usize{
[INFO] [stderr]     |            ^^^
[INFO] [stderr] ...
[INFO] [stderr] 255 |         fn xor_byte_vec(bytes_a: &Bytes, bytes_b: &Bytes) -> Bytes {
[INFO] [stderr]     |            ^^^^^^^^^^^^
[INFO] [stderr]     |
[INFO] [stderr]     = note: `#[warn(dead_code)]` on by default
[INFO] [stderr] 
[INFO] [stderr] warning: variants `Bytes` and `String` are never constructed
[INFO] [stderr]    --> src/scoring.rs:166:5
[INFO] [stderr]     |
[INFO] [stderr] 165 | pub enum StringOrBytes<'a>{
[INFO] [stderr]     |          ------------- variants in this enum
[INFO] [stderr] 166 |     Bytes(Bytes),
[INFO] [stderr]     |     ^^^^^
[INFO] [stderr] 167 |     String(String),
[INFO] [stderr]     |     ^^^^^^
[INFO] [stderr] 
[INFO] [stderr] warning: function `get_english_ascii_character_score` is never used
[INFO] [stderr]  --> src/scoring.rs:4:12
[INFO] [stderr]   |
[INFO] [stderr] 4 |     pub fn get_english_ascii_character_score(character: char) -> f64 {
[INFO] [stderr]   |            ^^^^^^^^^^^^^^^^^^^^^^^^^^^^^^^^^
[INFO] [stderr] 
[INFO] [stderr] warning: function `get_text_vec_magnitude` is never used
[INFO] [stderr]   --> src/scoring.rs:49:8
[INFO] [stderr]    |
[INFO] [stderr] 49 |     fn get_text_vec_magnitude(vector: &Vec<f64>) -> f64 {
[INFO] [stderr]    |        ^^^^^^^^^^^^^^^^^^^^^^
[INFO] [stderr] 
[INFO] [stderr] warning: function `euclidean_dist_to_english` is never used
[INFO] [stderr]   --> src/scoring.rs:61:12
[INFO] [stderr]    |
[INFO] [stderr] 61 |     pub fn euclidean_dist_to_english(text_character_frequencies: Vec<f64>, text_length: usize) -> f64 {
[INFO] [stderr]    |            ^^^^^^^^^^^^^^^^^^^^^^^^^
[INFO] [stderr] 
[INFO] [stderr] warning: constant `K128_ROUND_COUNT` is never used
[INFO] [stderr]   --> src/aes.rs:10:11
[INFO] [stderr]    |
[INFO] [stderr] 10 |     const K128_ROUND_COUNT: usize = 10;
[INFO] [stderr]    |           ^^^^^^^^^^^^^^^^
[INFO] [stderr] 
[INFO] [stderr] warning: constant `K128_HEX_KEY_LENGTH` is never used
[INFO] [stderr]   --> src/aes.rs:11:11
[INFO] [stderr]    |
[INFO] [stderr] 11 |     const K128_HEX_KEY_LENGTH: usize = K128_WORD_COUNT * WORD_BYTE_COUNT * 2;
[INFO] [stderr]    |           ^^^^^^^^^^^^^^^^^^^
[INFO] [stderr] 
[INFO] [stderr] warning: constant `K192_ROUND_COUNT` is never used
[INFO] [stderr]   --> src/aes.rs:13:11
[INFO] [stderr]    |
[INFO] [stderr] 13 |     const K192_ROUND_COUNT: usize = 12;
[INFO] [stderr]    |           ^^^^^^^^^^^^^^^^
[INFO] [stderr] 
[INFO] [stderr] warning: constant `K192_HEX_KEY_LENGTH` is never used
[INFO] [stderr]   --> src/aes.rs:14:11
[INFO] [stderr]    |
[INFO] [stderr] 14 |     const K192_HEX_KEY_LENGTH: usize = K192_WORD_COUNT * WORD_BYTE_COUNT * 2;
[INFO] [stderr]    |           ^^^^^^^^^^^^^^^^^^^
[INFO] [stderr] 
[INFO] [stderr] warning: constant `K256_ROUND_COUNT` is never used
[INFO] [stderr]   --> src/aes.rs:16:11
[INFO] [stderr]    |
[INFO] [stderr] 16 |     const K256_ROUND_COUNT: usize = 14;
[INFO] [stderr]    |           ^^^^^^^^^^^^^^^^
[INFO] [stderr] 
[INFO] [stderr] warning: constant `K256_HEX_KEY_LENGTH` is never used
[INFO] [stderr]   --> src/aes.rs:17:11
[INFO] [stderr]    |
[INFO] [stderr] 17 |     const K256_HEX_KEY_LENGTH: usize = K256_WORD_COUNT * WORD_BYTE_COUNT * 2;
[INFO] [stderr]    |           ^^^^^^^^^^^^^^^^^^^
[INFO] [stderr] 
[INFO] [stderr] warning: constant `IRREDUCIBLE_POLY` is never used
[INFO] [stderr]   --> src/aes.rs:19:11
[INFO] [stderr]    |
[INFO] [stderr] 19 |     const IRREDUCIBLE_POLY: u8 = 0x1b;
[INFO] [stderr]    |           ^^^^^^^^^^^^^^^^
[INFO] [stderr] 
[INFO] [stderr] warning: constant `ROUND_CONST_BASE` is never used
[INFO] [stderr]   --> src/aes.rs:24:11
[INFO] [stderr]    |
[INFO] [stderr] 24 |     const ROUND_CONST_BASE: CypherWord = CypherWord {value: [1, 0, 0, 0]};
[INFO] [stderr]    |           ^^^^^^^^^^^^^^^^
[INFO] [stderr] 
[INFO] [stderr] warning: constant `S_SUB` is never used
[INFO] [stderr]   --> src/aes.rs:26:11
[INFO] [stderr]    |
[INFO] [stderr] 26 |     const S_SUB: [[u8; 16]; 16] = [
[INFO] [stderr]    |           ^^^^^
[INFO] [stderr] 
[INFO] [stderr] warning: constant `S_SUB_INVERSE` is never used
[INFO] [stderr]   --> src/aes.rs:45:11
[INFO] [stderr]    |
[INFO] [stderr] 45 |     const S_SUB_INVERSE: [[u8; 16]; 16] = [
[INFO] [stderr]    |           ^^^^^^^^^^^^^
[INFO] [stderr] 
[INFO] [stderr] warning: variants `K128`, `K192`, and `K256` are never constructed
[INFO] [stderr]   --> src/aes.rs:66:9
[INFO] [stderr]    |
[INFO] [stderr] 65 |     pub enum CypherKey {
[INFO] [stderr]    |              --------- variants in this enum
[INFO] [stderr] 66 |         K128([CypherWord; K128_WORD_COUNT]),
[INFO] [stderr]    |         ^^^^
[INFO] [stderr] 67 |         K192([CypherWord; K192_WORD_COUNT]),
[INFO] [stderr]    |         ^^^^
[INFO] [stderr] 68 |         K256([CypherWord; K256_WORD_COUNT])
[INFO] [stderr]    |         ^^^^
[INFO] [stderr]    |
[INFO] [stderr]    = note: `CypherKey` has a derived impl for the trait `Clone`, but this is intentionally ignored during dead code analysis
[INFO] [stderr] 
[INFO] [stderr] warning: multiple associated functions are never used
[INFO] [stderr]    --> src/aes.rs:72:12
[INFO] [stderr]     |
[INFO] [stderr] 71  |     impl CypherKey {
[INFO] [stderr]     |     -------------- associated functions in this implementation
[INFO] [stderr] 72  |         fn new_128() -> CypherKey {
[INFO] [stderr]     |            ^^^^^^^
[INFO] [stderr] ...
[INFO] [stderr] 76  |         fn new_192() -> CypherKey {
[INFO] [stderr]     |            ^^^^^^^
[INFO] [stderr] ...
[INFO] [stderr] 80  |         fn new_256() -> CypherKey {
[INFO] [stderr]     |            ^^^^^^^
[INFO] [stderr] ...
[INFO] [stderr] 84  |         fn from_list_k128(list: [[u8; WORD_BYTE_COUNT]; K128_WORD_COUNT]) -> CypherKey {
[INFO] [stderr]     |            ^^^^^^^^^^^^^^
[INFO] [stderr] ...
[INFO] [stderr] 92  |         fn from_list_k192(list: [[u8; WORD_BYTE_COUNT]; K192_WORD_COUNT]) -> CypherKey {
[INFO] [stderr]     |            ^^^^^^^^^^^^^^
[INFO] [stderr] ...
[INFO] [stderr] 100 |         fn from_list_k256(list: [[u8; WORD_BYTE_COUNT]; K256_WORD_COUNT]) -> CypherKey {
[INFO] [stderr]     |            ^^^^^^^^^^^^^^
[INFO] [stderr] ...
[INFO] [stderr] 108 |         fn from_string(key_string: &str) -> Result<CypherKey, Error> {
[INFO] [stderr]     |            ^^^^^^^^^^^
[INFO] [stderr] 
[INFO] [stderr] warning: constant `K128_KEY_SCHEDULE_SIZE` is never used
[INFO] [stderr]    --> src/aes.rs:202:11
[INFO] [stderr]     |
[INFO] [stderr] 202 |     const K128_KEY_SCHEDULE_SIZE: usize = WORD_BYTE_COUNT * (K128_ROUND_COUNT + 1);
[INFO] [stderr]     |           ^^^^^^^^^^^^^^^^^^^^^^
[INFO] [stderr] 
[INFO] [stderr] warning: constant `K192_KEY_SCHEDULE_SIZE` is never used
[INFO] [stderr]    --> src/aes.rs:203:11
[INFO] [stderr]     |
[INFO] [stderr] 203 |     const K192_KEY_SCHEDULE_SIZE: usize = WORD_BYTE_COUNT * (K192_ROUND_COUNT + 1);
[INFO] [stderr]     |           ^^^^^^^^^^^^^^^^^^^^^^
[INFO] [stderr] 
[INFO] [stderr] warning: constant `K256_KEY_SCHEDULE_SIZE` is never used
[INFO] [stderr]    --> src/aes.rs:204:11
[INFO] [stderr]     |
[INFO] [stderr] 204 |     const K256_KEY_SCHEDULE_SIZE: usize = WORD_BYTE_COUNT * (K256_ROUND_COUNT + 1);
[INFO] [stderr]     |           ^^^^^^^^^^^^^^^^^^^^^^
[INFO] [stderr] 
[INFO] [stderr] warning: enum `KeySchedule` is never used
[INFO] [stderr]    --> src/aes.rs:207:10
[INFO] [stderr]     |
[INFO] [stderr] 207 |     enum KeySchedule {
[INFO] [stderr]     |          ^^^^^^^^^^^
[INFO] [stderr] 
[INFO] [stderr] warning: associated functions `from_array` and `from_u32` are never used
[INFO] [stderr]    --> src/aes.rs:246:12
[INFO] [stderr]     |
[INFO] [stderr] 239 |     impl CypherWord {
[INFO] [stderr]     |     --------------- associated functions in this implementation
[INFO] [stderr] ...
[INFO] [stderr] 246 |         fn from_array(word_array: [u8; WORD_BYTE_COUNT] ) -> CypherWord {
[INFO] [stderr]     |            ^^^^^^^^^^
[INFO] [stderr] ...
[INFO] [stderr] 252 |         fn from_u32(word_32: u32) -> CypherWord {
[INFO] [stderr]     |            ^^^^^^^^
[INFO] [stderr] 
[INFO] [stderr] warning: associated items `new`, `from_string`, and `to_string` are never used
[INFO] [stderr]    --> src/aes.rs:303:12
[INFO] [stderr]     |
[INFO] [stderr] 302 |     impl CypherArray {
[INFO] [stderr]     |     ---------------- associated items in this implementation
[INFO] [stderr] 303 |         fn new() -> CypherArray {
[INFO] [stderr]     |            ^^^
[INFO] [stderr] ...
[INFO] [stderr] 309 |         fn from_string(cypher_string: &str) -> Result<CypherArray, Error> {
[INFO] [stderr]     |            ^^^^^^^^^^^
[INFO] [stderr] ...
[INFO] [stderr] 337 |         fn to_string(&self) -> Result<String, Error> {
[INFO] [stderr]     |            ^^^^^^^^^
[INFO] [stderr] 
[INFO] [stderr] warning: struct `Data` is never constructed
[INFO] [stderr]    --> src/aes.rs:365:16
[INFO] [stderr]     |
[INFO] [stderr] 365 |     pub struct Data<'a> {
[INFO] [stderr]     |                ^^^^
[INFO] [stderr] 
[INFO] [stderr] warning: function `xtime` is never used
[INFO] [stderr]    --> src/aes.rs:373:8
[INFO] [stderr]     |
[INFO] [stderr] 373 |     fn xtime(a: u8) -> u8{
[INFO] [stderr]     |        ^^^^^
[INFO] [stderr] 
[INFO] [stderr] warning: function `mult` is never used
[INFO] [stderr]    --> src/aes.rs:381:8
[INFO] [stderr]     |
[INFO] [stderr] 381 |     fn mult(mut a: u8, mut b: u8) -> u8 {
[INFO] [stderr]     |        ^^^^
[INFO] [stderr] 
[INFO] [stderr] warning: function `cypher_word_add` is never used
[INFO] [stderr]    --> src/aes.rs:394:8
[INFO] [stderr]     |
[INFO] [stderr] 394 |     fn cypher_word_add(a: CypherWord, b: CypherWord) -> CypherWord {
[INFO] [stderr]     |        ^^^^^^^^^^^^^^^
[INFO] [stderr] 
[INFO] [stderr] warning: function `cypher_column_mult` is never used
[INFO] [stderr]    --> src/aes.rs:402:8
[INFO] [stderr]     |
[INFO] [stderr] 402 |     fn cypher_column_mult(a: CypherWord, b: CypherWord) -> CypherWord {
[INFO] [stderr]     |        ^^^^^^^^^^^^^^^^^^
[INFO] [stderr] 
[INFO] [stderr] warning: function `add_round_key` is never used
[INFO] [stderr]    --> src/aes.rs:419:8
[INFO] [stderr]     |
[INFO] [stderr] 419 |     fn add_round_key(data: &Data, round: &usize) -> CypherArray {
[INFO] [stderr]     |        ^^^^^^^^^^^^^
[INFO] [stderr] 
[INFO] [stderr] warning: function `inv_add_round_key` is never used
[INFO] [stderr]    --> src/aes.rs:428:8
[INFO] [stderr]     |
[INFO] [stderr] 428 |     fn inv_add_round_key(data: &Data, round: &usize) -> CypherArray {
[INFO] [stderr]     |        ^^^^^^^^^^^^^^^^^
[INFO] [stderr] 
[INFO] [stderr] warning: function `sub_bytes` is never used
[INFO] [stderr]    --> src/aes.rs:437:8
[INFO] [stderr]     |
[INFO] [stderr] 437 |     fn sub_bytes(state: &mut CypherArray) {
[INFO] [stderr]     |        ^^^^^^^^^
[INFO] [stderr] 
[INFO] [stderr] warning: function `inv_sub_bytes` is never used
[INFO] [stderr]    --> src/aes.rs:445:8
[INFO] [stderr]     |
[INFO] [stderr] 445 |     fn inv_sub_bytes(state: &mut CypherArray) {
[INFO] [stderr]     |        ^^^^^^^^^^^^^
[INFO] [stderr] 
[INFO] [stderr] warning: function `shift_rows` is never used
[INFO] [stderr]    --> src/aes.rs:453:8
[INFO] [stderr]     |
[INFO] [stderr] 453 |     fn shift_rows(state: &CypherArray) -> CypherArray {
[INFO] [stderr]     |        ^^^^^^^^^^
[INFO] [stderr] 
[INFO] [stderr] warning: function `inv_shift_rows` is never used
[INFO] [stderr]    --> src/aes.rs:462:8
[INFO] [stderr]     |
[INFO] [stderr] 462 |     fn inv_shift_rows(state: &CypherArray) -> CypherArray {
[INFO] [stderr]     |        ^^^^^^^^^^^^^^
[INFO] [stderr] 
[INFO] [stderr] warning: function `mix_columns` is never used
[INFO] [stderr]    --> src/aes.rs:471:8
[INFO] [stderr]     |
[INFO] [stderr] 471 |     fn mix_columns(state: &CypherArray) -> CypherArray {
[INFO] [stderr]     |        ^^^^^^^^^^^
[INFO] [stderr] 
[INFO] [stderr] warning: function `inv_mix_columns` is never used
[INFO] [stderr]    --> src/aes.rs:482:8
[INFO] [stderr]     |
[INFO] [stderr] 482 |     fn inv_mix_columns(state: &CypherArray) -> CypherArray {
[INFO] [stderr]     |        ^^^^^^^^^^^^^^^
[INFO] [stderr] 
[INFO] [stderr] warning: function `rotate_word` is never used
[INFO] [stderr]    --> src/aes.rs:493:8
[INFO] [stderr]     |
[INFO] [stderr] 493 |     fn rotate_word(word: &CypherWord) -> CypherWord {
[INFO] [stderr]     |        ^^^^^^^^^^^
[INFO] [stderr] 
[INFO] [stderr] warning: function `sub_word` is never used
[INFO] [stderr]    --> src/aes.rs:502:8
[INFO] [stderr]     |
[INFO] [stderr] 502 |     fn sub_word(word: &CypherWord) -> CypherWord {
[INFO] [stderr]     |        ^^^^^^^^
[INFO] [stderr] 
[INFO] [stderr] warning: function `key_expansion` is never used
[INFO] [stderr]    --> src/aes.rs:510:8
[INFO] [stderr]     |
[INFO] [stderr] 510 |     fn key_expansion(key: &CypherKey) -> (usize, KeySchedule) {
[INFO] [stderr]     |        ^^^^^^^^^^^^^
[INFO] [stderr] 
[INFO] [stderr] warning: function `cypher` is never used
[INFO] [stderr]    --> src/aes.rs:561:12
[INFO] [stderr]     |
[INFO] [stderr] 561 |     pub fn cypher(key: &CypherKey, input: CypherArray) -> CypherArray {
[INFO] [stderr]     |            ^^^^^^
[INFO] [stderr] 
[INFO] [stderr] warning: function `inv_cypher` is never used
[INFO] [stderr]    --> src/aes.rs:587:12
[INFO] [stderr]     |
[INFO] [stderr] 587 |     pub fn inv_cypher(key: &CypherKey, input: CypherArray) -> CypherArray {
[INFO] [stderr]     |            ^^^^^^^^^^
[INFO] [stderr] 
[INFO] [stderr] warning: function `ecb` is never used
[INFO] [stderr]    --> src/aes.rs:616:12
[INFO] [stderr]     |
[INFO] [stderr] 616 |     pub fn ecb(mut plaintext: String, key_string: &str) -> Result<String, Error> {
[INFO] [stderr]     |            ^^^
[INFO] [stderr] 
[INFO] [stderr] warning: `crypto-rust` (lib) generated 48 warnings (run `cargo fix --lib -p crypto-rust` to apply 4 suggestions)
[INFO] [stderr] warning: unused variable: `message`
[INFO] [stderr]    --> src/lib.rs:181:17
[INFO] [stderr]     |
[INFO] [stderr] 181 |             let message = message_bytes.to_ascii_string().unwrap();
[INFO] [stderr]     |                 ^^^^^^^ help: if this is intentional, prefix it with an underscore: `_message`
[INFO] [stderr] 
[INFO] [stderr] warning: function `get_english_ascii_character_score` is never used
[INFO] [stderr]  --> src/scoring.rs:4:12
[INFO] [stderr]   |
[INFO] [stderr] 4 |     pub fn get_english_ascii_character_score(character: char) -> f64 {
[INFO] [stderr]   |            ^^^^^^^^^^^^^^^^^^^^^^^^^^^^^^^^^
[INFO] [stderr]   |
[INFO] [stderr]   = note: `#[warn(dead_code)]` on by default
[INFO] [stderr] 
[INFO] [stderr] warning: associated functions `from_list_k128`, `from_list_k192`, and `from_list_k256` are never used
[INFO] [stderr]    --> src/aes.rs:84:12
[INFO] [stderr]     |
[INFO] [stderr] 71  |     impl CypherKey {
[INFO] [stderr]     |     -------------- associated functions in this implementation
[INFO] [stderr] ...
[INFO] [stderr] 84  |         fn from_list_k128(list: [[u8; WORD_BYTE_COUNT]; K128_WORD_COUNT]) -> CypherKey {
[INFO] [stderr]     |            ^^^^^^^^^^^^^^
[INFO] [stderr] ...
[INFO] [stderr] 92  |         fn from_list_k192(list: [[u8; WORD_BYTE_COUNT]; K192_WORD_COUNT]) -> CypherKey {
[INFO] [stderr]     |            ^^^^^^^^^^^^^^
[INFO] [stderr] ...
[INFO] [stderr] 100 |         fn from_list_k256(list: [[u8; WORD_BYTE_COUNT]; K256_WORD_COUNT]) -> CypherKey {
[INFO] [stderr]     |            ^^^^^^^^^^^^^^
[INFO] [stderr] 
[INFO] [stderr] warning: fields `input`, `key`, and `round` are never read
[INFO] [stderr]    --> src/aes.rs:366:9
[INFO] [stderr]     |
[INFO] [stderr] 365 |     pub struct Data<'a> {
[INFO] [stderr]     |                ---- fields in this struct
[INFO] [stderr] 366 |         input: CypherArray,
[INFO] [stderr]     |         ^^^^^
[INFO] [stderr] 367 |         state: CypherArray,
[INFO] [stderr] 368 |         key: &'a CypherKey,
[INFO] [stderr]     |         ^^^
[INFO] [stderr] 369 |         key_schedule: KeySchedule,
[INFO] [stderr] 370 |         round: usize
[INFO] [stderr]     |         ^^^^^
[INFO] [stderr] 
[INFO] [stderr] warning: `crypto-rust` (lib test) generated 11 warnings (7 duplicates)
[INFO] [stderr]     Finished `test` profile [unoptimized + debuginfo] target(s) in 0.02s
[INFO] [stderr]      Running unittests src/lib.rs (/opt/rustwide/target/debug/deps/crypto_rust-e391b2147b1643ac)
[INFO] [stdout] 
[INFO] [stdout] running 30 tests
[INFO] [stdout] test aes::aes::aestests::test_cypher ... ok
[INFO] [stdout] test aes::aes::aestests::test_cypher_192 ... ok
[INFO] [stdout] test aes::aes::aestests::test_cypher_word_add ... ok
[INFO] [stdout] test aes::aes::aestests::test_cypher_256 ... ok
[INFO] [stdout] test aes::aes::aestests::test_mix_columns ... ok
[INFO] [stdout] test aes::aes::aestests::test_mult ... ok
[INFO] [stdout] test aes::aes::aestests::test_rotate_word ... ok
[INFO] [stdout] test aes::aes::aestests::test_shift_rows ... ok
[INFO] [stdout] test aes::aes::aestests::test_inv_cypher ... ok
[INFO] [stdout] test aes::aes::aestests::test_inv_mix_columns ... ok
[INFO] [stdout] test aes::aes::aestests::test_split_key ... ok
[INFO] [stdout] test aes::aes::aestests::test_inv_shift_rows ... ok
[INFO] [stdout] test aes::aes::aestests::test_sub_word ... ok
[INFO] [stdout] test bytes::bytes::tests::test_fixed_xor_string ... ok
[INFO] [stdout] test aes::aes::aestests::test_inv_cypher_256 ... ok
[INFO] [stdout] test aes::aes::aestests::test_sub_bytes ... ok
[INFO] [stdout] test aes::aes::aestests::test_inv_cypher_192 ... ok
[INFO] [stdout] test aes::aes::aestests::test_xtime ... ok
[INFO] [stdout] test bytes::bytes::tests::test_xor_bytes ... ok
[INFO] [stdout] test scoring::tests::test_hamming_distance_bytes ... ok
[INFO] [stdout] test scoring::tests::test_hamming_distance_string ... ok
[INFO] [stdout] test aes::aes::aestests::test_key_expansion ... ok
[INFO] [stdout] test bytes::bytes::tests::test_parse_hex_string ... ok
[INFO] [stdout] test bytes::bytes::tests::test_repeat_key_xor ... ok
[INFO] [stdout] test bytes::bytes::tests::test_single_byte_xor ... ok
[INFO] [stdout] test bytes::bytes::tests::test_parse_b64_string ... ok
[INFO] [stdout] test tests::single_byte_xor_crack ... ok
[INFO] [stdout] test aes::aes::aestests::test_ecb_128 ... FAILED
[INFO] [stdout] test tests::break_repeated_key_xor_from_file ... ok
[INFO] [stdout] test tests::test_find_single_char_xor_in_file ... ok
[INFO] [stdout] 
[INFO] [stdout] failures:
[INFO] [stdout] 
[INFO] [stdout] ---- aes::aes::aestests::test_ecb_128 stdout ----
[INFO] [stdout] thread 'aes::aes::aestests::test_ecb_128' panicked at src/aes.rs:908:13:
[INFO] [stdout] assertion `left == right` failed
[INFO] [stdout]   left: "3ad77bb40d7a3660a89ecaf32466ef97f5d3d58503b9699de785895a96fdbaaf43b1cd7f598ece23881b00e3ed0306887b0c785e27e8ad3f8223207104725dd4"
[INFO] [stdout]  right: "0x3AD77BB40x0D7A36600xA89ECAF30x2466EF970xEDB4D2760xDA59D26F0x0F7BF22B0x9ED49AC90x9CF80B4E0x5B5C5BF00x3F334D650xC48DB3B20x4C97058B0xE4C2A1BC0x030CAF1A0x736FC6FC0xB4FB4B960xBB06BBA70xF9046D1B0x4A7170540x454E40E70x47EBEAAC0xD0B73B590x737530D00x4E9000AC0xFBA79EB30x601606210x4E21E08F0x216A11170x588D84480xC45C85080xE5805A4E0x6E98F98E0x37C9E1650x73C9BF620xED198E780x8637D9130x5568A62D0x8708BEDF0x0AE987E20x614C335E0x44CA8AB40x1EFEA8980xBC170C650x830BBD730x6B1011980x4E3330610x2C768F1E0x1DCFDEAB0xE089F6C00x9897628F0xF18F66340x051767810x4F335D6B0xC2092D890x4D79161B0x41F3CC470x44A9E9480x428B22800xF96663B70x69B10C160xB8C57C3A0xE10E84AC0x9DBDE31E0x782D5C9F0x924F82100x5BD5C0540xE731067E0x7C1B66820x2EDF188B0xAAF9D8580xB8C18EFC0xE804B1730x63F9A81C0x3F12AE060x7FDD41A20x66A9F7FD0xBE7132050x6A900BAE0x4C9FBFE60x579A770E0xF9E5325E0xB005E1620x4E866F130xA5CC062B0xA52280D90xC934CE0B0xD2F2E6B10xF4AFEE180x788999BC0x74234A3F0xFBA7B2850x68958E620x664071E90xCB960DB50x8C8FFF030x648CFAE90x1C479B9B0x04F533A30x9D15A44A0xFFAF39420x89EE00EC0xB02D44440x5D64F3590xD857D0B90x54B839850xC18882300xF3C301840xD222080C0x29FE418D0xBBB9BC6B0x4971E2900xBF673A860x9B6168B50x29A78B8E0x62254FBC0xFD6E5EC10x58585BA30x4F26E1320xD835A5D20xF8CB66C00x8E4F058E0x5D3E7C350x1EA845CE0x5A9014600x2142D9FB0xDD48C1C40x550455F10xF5D3D5850x03B9699D0xE785895A0x96FDBAAF0xE9D085D20x43C605F00x46A6E7780x35AAC8FD0x660E2CE30x3B510FD60x0C912B850xD16AEE7C0xEF5445010x6FE1810E0x008B31C10x07EA1DA70xB16B27960x5D67A46D0xD24D41100x596D862B0xAE6D5D870x5247A9350x4163F0F40xD0809ED60x14CE77E30x6BB66FE40xA0FCD2A20x1BCAA2390x6F6899FC0xEC0500020xF6CF5D640x8DD3D3990x2A24F9510x28224A8B0x7B9371610x11D07BA00x4FD6BA7A0xC5603B450x57A829640xF11697FA0x412F77190x4A43A1300x5EF23AC70x0B059E6E0xA50B12640xECC893EA0x7CC9E4170xB21396FC0xB7368F5B0x90FB7EEF0x9554A8540x35D6088A0x35892DDE0x774BC01D0x5900087B0xC7D8C10E0x230C09690x2503C95B0x3E34F8DE0x8DF231570x4675B9520x156C60510xA68BDC270x4D6F45670xCD79B0B30x98CD6AF60x0EC887B80x6DF8B84C0x8751E4020xFAE2E6D80x1D6A0C2C0xE5A69A610x984912CA0xE1926C5F0xB3AC18E50x41FA4AD10xB277C3030xC92F1A120x6284171E0xFA69F6890x799ABFED0xD6279D150x171174E20x88478AFD0x3FE9894F0xD9087F4A0xA234C3860xC97BB4910x8BB2552F0x172E56EC0x474568780x440ABB5A0x54C156970xEF5E79190xE4EB26B70x2E856DEC0x226759470xC0FD497A0x1EC6FA880x196BF2A20x0E6EE4AA0x1DDD42DC0xE8AE059A0xE2E417160x7AAF71420x53EF768C0x17E89E4F0x5513DBD50x982FE17E0x08F5A4960xBCF0D6FF0xCCB004240xFBF72FA60x4E0452620x292895360xA4EA0B020x2BF09DEA0xBF93E6940x13F7D1180xAB8805DC0xC7B209210x0EE7EFD30x826962860x87F21CB90x1295F9A20x0F16B2A00xAE986AF50x8F54238E0x43B1CD7F0x598ECE230x881B00E30xED0306880xDBD9D09B0xE7DF1DED0xA67CFB300xA22720DB0xDBFDF6280x5B0A77BA0xE07D987F0x9CE172A50x2A8604AC0xD9A589EF0xF09CEBC70x59DB43B10x6386A8EA0x22126ABB0xA30736EA0xC21058350x7F577E4E0x472BDBC20xCBE0EC860x2C75539A0x1A9C20160xAC3BC7CD0xF1438EB60xDD2669660x1913DCE10xAC268F350x9631B2C40x3C891C910xAF0967540xE31770F50xB234874D0x9DE394EE0x6FB95FB60xB545DF470x4686685B0x3692EA2F0x047796EF0x518D76960xBC3DAD5E0x2634F92D0x874101F20xBD4959530x554AC4600x1AD3A6E80xBF1D4C5B0xD83629060x1740B6BC0x487B06AC0x70FCBE120xC92AE6F80x20E9EF760xF0584F1D0xF45BDF680x9B258D990x4D9E6CE50xD4DD6BDB0x9CB6CD780x7859084F0x2831E7E10x182D71450x664D9F9C0x785C9E600x6606232E0xBB033DD10x1172FB120x36A7D6150x17C717B80x6E810FDF0xE171888E0x61428F2A0x8F2E981A0xE16D0D4E0x0706F7930x2938B06F0x863EBACE0x8155C1CD0x0E08806A0xE283CC630x3E5FECF80x6C21D0F00xFB4DB5A40x52B2CA6F0x258B9C750x4954707A0xDAE499410xC1E436160xAC5D6E310xA011611B0xF4BF584C0x9F238E750x9DFDE6F80xA72411280x0A6CE0600xEA25A4040xB4EF6ABB0x160891800x54721E1F0x8FDA46010x589811A50x472DC81C0xBEE1266A0x2B2D70630xCE3D0BA80x716252C50xD6F064290xD53664270x86CC02E30x0C968D190x1AC0793D0x427F99E10xEB96011C0xB085EDA30x7032A4D80x91D87B0B0xD11119E40x053AA1830xBCEA349D0xC0418ADB0xA2BF23640xDF4DB1A10xE43D64DC0x625383B50x7913C7F10x001522090x7B0C785E0x27E8AD3F0x822320710x04725DD40x883D20E80xC9C1FA620xE47CB39B0xD33D04CF"
[INFO] [stdout] stack backtrace:
[INFO] [stdout]    0:     0x63811d7b54ea - std::backtrace_rs::backtrace::libunwind::trace::h8810477743020387
[INFO] [stdout]                                at /rustc/202008a1b8de96d2e5b6bc02d379db03a877d34d/library/std/src/../../backtrace/src/backtrace/libunwind.rs:116:5
[INFO] [stdout]    1:     0x63811d7b54ea - std::backtrace_rs::backtrace::trace_unsynchronized::h3aa55355dd6c54a6
[INFO] [stdout]                                at /rustc/202008a1b8de96d2e5b6bc02d379db03a877d34d/library/std/src/../../backtrace/src/backtrace/mod.rs:66:5
[INFO] [stdout]    2:     0x63811d7b54ea - std::sys::backtrace::_print_fmt::h8588b0f62410823f
[INFO] [stdout]                                at /rustc/202008a1b8de96d2e5b6bc02d379db03a877d34d/library/std/src/sys/backtrace.rs:66:9
[INFO] [stdout]    3:     0x63811d7b54ea - <std::sys::backtrace::BacktraceLock::print::DisplayBacktrace as core::fmt::Display>::fmt::h98c26ac25ffe89bb
[INFO] [stdout]                                at /rustc/202008a1b8de96d2e5b6bc02d379db03a877d34d/library/std/src/sys/backtrace.rs:39:26
[INFO] [stdout]    4:     0x63811d7dafa3 - core::fmt::rt::Argument::fmt::hf95377f4aebd453b
[INFO] [stdout]                                at /rustc/202008a1b8de96d2e5b6bc02d379db03a877d34d/library/core/src/fmt/rt.rs:177:76
[INFO] [stdout]    5:     0x63811d7dafa3 - core::fmt::write::h0dd5f6e2238c7982
[INFO] [stdout]                                at /rustc/202008a1b8de96d2e5b6bc02d379db03a877d34d/library/core/src/fmt/mod.rs:1189:21
[INFO] [stdout]    6:     0x63811d7b2683 - std::io::Write::write_fmt::h03bb0ca26e6faf8c
[INFO] [stdout]                                at /rustc/202008a1b8de96d2e5b6bc02d379db03a877d34d/library/std/src/io/mod.rs:1884:15
[INFO] [stdout]    7:     0x63811d7b5332 - std::sys::backtrace::BacktraceLock::print::h5c19c1c038ee186d
[INFO] [stdout]                                at /rustc/202008a1b8de96d2e5b6bc02d379db03a877d34d/library/std/src/sys/backtrace.rs:42:9
[INFO] [stdout]    8:     0x63811d7b696d - std::panicking::default_hook::{{closure}}::h77172f079a1fcb13
[INFO] [stdout]                                at /rustc/202008a1b8de96d2e5b6bc02d379db03a877d34d/library/std/src/panicking.rs:268:22
[INFO] [stdout]    9:     0x63811d7b6777 - std::panicking::default_hook::he5f8e3b203ccddba
[INFO] [stdout]                                at /rustc/202008a1b8de96d2e5b6bc02d379db03a877d34d/library/std/src/panicking.rs:292:9
[INFO] [stdout]   10:     0x63811d77dab7 - <alloc::boxed::Box<F,A> as core::ops::function::Fn<Args>>::call::h7a3c7b4a1ae77f2f
[INFO] [stdout]                                at /rustc/202008a1b8de96d2e5b6bc02d379db03a877d34d/library/alloc/src/boxed.rs:1986:9
[INFO] [stdout]   11:     0x63811d77dab7 - test::test_main::{{closure}}::hf0d3b69ae9b353d1
[INFO] [stdout]                                at /rustc/202008a1b8de96d2e5b6bc02d379db03a877d34d/library/test/src/lib.rs:134:21
[INFO] [stdout]   12:     0x63811d7b7018 - <alloc::boxed::Box<F,A> as core::ops::function::Fn<Args>>::call::h6332e82e7b189abd
[INFO] [stdout]                                at /rustc/202008a1b8de96d2e5b6bc02d379db03a877d34d/library/alloc/src/boxed.rs:1986:9
[INFO] [stdout]   13:     0x63811d7b7018 - std::panicking::rust_panic_with_hook::h53863d4e9018df39
[INFO] [stdout]                                at /rustc/202008a1b8de96d2e5b6bc02d379db03a877d34d/library/std/src/panicking.rs:809:13
[INFO] [stdout]   14:     0x63811d7b6dda - std::panicking::begin_panic_handler::{{closure}}::h67280e6fa0757873
[INFO] [stdout]                                at /rustc/202008a1b8de96d2e5b6bc02d379db03a877d34d/library/std/src/panicking.rs:674:13
[INFO] [stdout]   15:     0x63811d7b59c9 - std::sys::backtrace::__rust_end_short_backtrace::h1dac3f54d6fbbeb2
[INFO] [stdout]                                at /rustc/202008a1b8de96d2e5b6bc02d379db03a877d34d/library/std/src/sys/backtrace.rs:170:18
[INFO] [stdout]   16:     0x63811d7b6a6c - rust_begin_unwind
[INFO] [stdout]                                at /rustc/202008a1b8de96d2e5b6bc02d379db03a877d34d/library/std/src/panicking.rs:665:5
[INFO] [stdout]   17:     0x63811d70caf0 - core::panicking::panic_fmt::h6792bd1b2bf01041
[INFO] [stdout]                                at /rustc/202008a1b8de96d2e5b6bc02d379db03a877d34d/library/core/src/panicking.rs:76:14
[INFO] [stdout]   18:     0x63811d70cebb - core::panicking::assert_failed_inner::hf2c17e6d30928787
[INFO] [stdout]   19:     0x63811d726ecb - core::panicking::assert_failed::hb36fc40e06291e9f
[INFO] [stdout]                                at /rustc/202008a1b8de96d2e5b6bc02d379db03a877d34d/library/core/src/panicking.rs:373:5
[INFO] [stdout]   20:     0x63811d72c3ea - crypto_rust::aes::aes::aestests::test_ecb_128::h228fbdcf4d7154a6
[INFO] [stdout]                                at /opt/rustwide/workdir/src/aes.rs:908:13
[INFO] [stdout]   21:     0x63811d72c257 - crypto_rust::aes::aes::aestests::test_ecb_128::{{closure}}::h71e18367e2d6ff65
[INFO] [stdout]                                at /opt/rustwide/workdir/src/aes.rs:893:26
[INFO] [stdout]   22:     0x63811d721bf6 - core::ops::function::FnOnce::call_once::ha70b4a0681f869ee
[INFO] [stdout]                                at /rustc/202008a1b8de96d2e5b6bc02d379db03a877d34d/library/core/src/ops/function.rs:250:5
[INFO] [stdout]   23:     0x63811d7825db - core::ops::function::FnOnce::call_once::h871bf86719ec9aa4
[INFO] [stdout]                                at /rustc/202008a1b8de96d2e5b6bc02d379db03a877d34d/library/core/src/ops/function.rs:250:5
[INFO] [stdout]   24:     0x63811d7825db - test::__rust_begin_short_backtrace::h2167df1e2b7d76fd
[INFO] [stdout]                                at /rustc/202008a1b8de96d2e5b6bc02d379db03a877d34d/library/test/src/lib.rs:632:18
[INFO] [stdout]   25:     0x63811d781fc8 - test::run_test_in_process::{{closure}}::h15d92f75a3adfb79
[INFO] [stdout]                                at /rustc/202008a1b8de96d2e5b6bc02d379db03a877d34d/library/test/src/lib.rs:655:60
[INFO] [stdout]   26:     0x63811d781fc8 - <core::panic::unwind_safe::AssertUnwindSafe<F> as core::ops::function::FnOnce<()>>::call_once::hb6c8955835a8dbbb
[INFO] [stdout]                                at /rustc/202008a1b8de96d2e5b6bc02d379db03a877d34d/library/core/src/panic/unwind_safe.rs:272:9
[INFO] [stdout]   27:     0x63811d781fc8 - std::panicking::try::do_call::hc79d0fc888a0bd30
[INFO] [stdout]                                at /rustc/202008a1b8de96d2e5b6bc02d379db03a877d34d/library/std/src/panicking.rs:557:40
[INFO] [stdout]   28:     0x63811d781fc8 - std::panicking::try::hb8a7878e3a8589d6
[INFO] [stdout]                                at /rustc/202008a1b8de96d2e5b6bc02d379db03a877d34d/library/std/src/panicking.rs:520:19
[INFO] [stdout]   29:     0x63811d781fc8 - std::panic::catch_unwind::hb8e4600ff0ff5cfa
[INFO] [stdout]                                at /rustc/202008a1b8de96d2e5b6bc02d379db03a877d34d/library/std/src/panic.rs:358:14
[INFO] [stdout]   30:     0x63811d781fc8 - test::run_test_in_process::hc2900b0b18688dd6
[INFO] [stdout]                                at /rustc/202008a1b8de96d2e5b6bc02d379db03a877d34d/library/test/src/lib.rs:655:27
[INFO] [stdout]   31:     0x63811d781fc8 - test::run_test::{{closure}}::hac2a9cb07be3d48d
[INFO] [stdout]                                at /rustc/202008a1b8de96d2e5b6bc02d379db03a877d34d/library/test/src/lib.rs:576:43
[INFO] [stdout]   32:     0x63811d745a6a - test::run_test::{{closure}}::h4a5b729e66a38cd8
[INFO] [stdout]                                at /rustc/202008a1b8de96d2e5b6bc02d379db03a877d34d/library/test/src/lib.rs:606:41
[INFO] [stdout]   33:     0x63811d745a6a - std::sys::backtrace::__rust_begin_short_backtrace::h0496fb742492f573
[INFO] [stdout]                                at /rustc/202008a1b8de96d2e5b6bc02d379db03a877d34d/library/std/src/sys/backtrace.rs:154:18
[INFO] [stdout]   34:     0x63811d7493e4 - std::thread::Builder::spawn_unchecked_::{{closure}}::{{closure}}::hbb6d257c550a54bd
[INFO] [stdout]                                at /rustc/202008a1b8de96d2e5b6bc02d379db03a877d34d/library/std/src/thread/mod.rs:561:17
[INFO] [stdout]   35:     0x63811d7493e4 - <core::panic::unwind_safe::AssertUnwindSafe<F> as core::ops::function::FnOnce<()>>::call_once::h46696fe4a6832328
[INFO] [stdout]                                at /rustc/202008a1b8de96d2e5b6bc02d379db03a877d34d/library/core/src/panic/unwind_safe.rs:272:9
[INFO] [stdout]   36:     0x63811d7493e4 - std::panicking::try::do_call::h2625a51b667bfb64
[INFO] [stdout]                                at /rustc/202008a1b8de96d2e5b6bc02d379db03a877d34d/library/std/src/panicking.rs:557:40
[INFO] [stdout]   37:     0x63811d7493e4 - std::panicking::try::hb956a59a1973aa4c
[INFO] [stdout]                                at /rustc/202008a1b8de96d2e5b6bc02d379db03a877d34d/library/std/src/panicking.rs:520:19
[INFO] [stdout]   38:     0x63811d7493e4 - std::panic::catch_unwind::h64f3b9d1067ef6a0
[INFO] [stdout]                                at /rustc/202008a1b8de96d2e5b6bc02d379db03a877d34d/library/std/src/panic.rs:358:14
[INFO] [stdout]   39:     0x63811d7493e4 - std::thread::Builder::spawn_unchecked_::{{closure}}::h42b2841295b6c0b2
[INFO] [stdout]                                at /rustc/202008a1b8de96d2e5b6bc02d379db03a877d34d/library/std/src/thread/mod.rs:559:30
[INFO] [stdout]   40:     0x63811d7493e4 - core::ops::function::FnOnce::call_once{{vtable.shim}}::h6127de71b8124639
[INFO] [stdout]                                at /rustc/202008a1b8de96d2e5b6bc02d379db03a877d34d/library/core/src/ops/function.rs:250:5
[INFO] [stdout]   41:     0x63811d7baf6b - <alloc::boxed::Box<F,A> as core::ops::function::FnOnce<Args>>::call_once::h42f0ba71002a1b2c
[INFO] [stdout]                                at /rustc/202008a1b8de96d2e5b6bc02d379db03a877d34d/library/alloc/src/boxed.rs:1972:9
[INFO] [stdout]   42:     0x63811d7baf6b - <alloc::boxed::Box<F,A> as core::ops::function::FnOnce<Args>>::call_once::had9e47d7a3dcecb8
[INFO] [stdout]                                at /rustc/202008a1b8de96d2e5b6bc02d379db03a877d34d/library/alloc/src/boxed.rs:1972:9
[INFO] [stdout]   43:     0x63811d7baf6b - std::sys::pal::unix::thread::Thread::new::thread_start::h48cf765408f6f5f2
[INFO] [stdout]                                at /rustc/202008a1b8de96d2e5b6bc02d379db03a877d34d/library/std/src/sys/pal/unix/thread.rs:105:17
[INFO] [stdout]   44:     0x7e09e05c6ac3 - <unknown>
[INFO] [stdout]   45:     0x7e09e0657a04 - clone
[INFO] [stdout]   46:                0x0 - <unknown>
[INFO] [stdout] 
[INFO] [stdout] 
[INFO] [stdout] failures:
[INFO] [stdout]     aes::aes::aestests::test_ecb_128
[INFO] [stdout] 
[INFO] [stdout] test result: FAILED. 29 passed; 1 failed; 0 ignored; 0 measured; 0 filtered out; finished in 0.42s
[INFO] [stdout] 
[INFO] [stderr] error: test failed, to rerun pass `--lib`
[INFO] running `Command { std: "docker" "inspect" "bf03f0bc421ea082087676d8b3db0c9c62e092c0284125fa2f486b160c0652b6", kill_on_drop: false }`
[INFO] running `Command { std: "docker" "rm" "-f" "bf03f0bc421ea082087676d8b3db0c9c62e092c0284125fa2f486b160c0652b6", kill_on_drop: false }`
[INFO] [stdout] bf03f0bc421ea082087676d8b3db0c9c62e092c0284125fa2f486b160c0652b6
