[INFO] cloning repository https://github.com/BenFradet/ray
[INFO] running `Command { std: "git" "-c" "credential.helper=" "-c" "credential.helper=/workspace/cargo-home/bin/git-credential-null" "clone" "--bare" "https://github.com/BenFradet/ray" "/workspace/cache/git-repos/https%3A%2F%2Fgithub.com%2FBenFradet%2Fray", kill_on_drop: false }`
[INFO] [stderr] Cloning into bare repository '/workspace/cache/git-repos/https%3A%2F%2Fgithub.com%2FBenFradet%2Fray'...
[INFO] running `Command { std: "git" "rev-parse" "HEAD", kill_on_drop: false }`
[INFO] [stdout] 467155d4f06cdd341df5bfef79241ef061a17f6c
[INFO] testing BenFradet/ray against 1.83.0 for beta-1.84.0-4-retry
[INFO] running `Command { std: "git" "clone" "/workspace/cache/git-repos/https%3A%2F%2Fgithub.com%2FBenFradet%2Fray" "/workspace/builds/worker-1-tc1/source", kill_on_drop: false }`
[INFO] [stderr] Cloning into '/workspace/builds/worker-1-tc1/source'...
[INFO] [stderr] done.
[INFO] validating manifest of git repo https://github.com/BenFradet/ray on toolchain 1.83.0
[INFO] running `Command { std: CARGO_HOME="/workspace/cargo-home" RUSTUP_HOME="/workspace/rustup-home" "/workspace/cargo-home/bin/cargo" "+1.83.0" "metadata" "--manifest-path" "Cargo.toml" "--no-deps", kill_on_drop: false }`
[INFO] removed /workspace/builds/worker-1-tc1/source/.cargo/config.toml
[INFO] started tweaking git repo https://github.com/BenFradet/ray
[INFO] finished tweaking git repo https://github.com/BenFradet/ray
[INFO] tweaked toml for git repo https://github.com/BenFradet/ray written to /workspace/builds/worker-1-tc1/source/Cargo.toml
[INFO] crate git repo https://github.com/BenFradet/ray already has a lockfile, it will not be regenerated
[INFO] running `Command { std: CARGO_HOME="/workspace/cargo-home" RUSTUP_HOME="/workspace/rustup-home" "/workspace/cargo-home/bin/cargo" "+1.83.0" "fetch" "--manifest-path" "Cargo.toml", kill_on_drop: false }`
[INFO] [stderr]     Updating crates.io index
[INFO] [stderr]  Downloading crates ...
[INFO] [stderr]   Downloaded ahash v0.8.10
[INFO] [stderr]   Downloaded wgpu-types v0.16.1
[INFO] [stderr]   Downloaded pixels v0.13.0
[INFO] [stderr]   Downloaded winit_input_helper v0.14.1
[INFO] [stderr]   Downloaded macrotest v1.0.9
[INFO] [stderr]   Downloaded num v0.4.1
[INFO] [stderr]   Downloaded cc v1.0.88
[INFO] [stderr]   Downloaded wide v0.7.15
[INFO] [stderr]   Downloaded indexmap v2.2.4
[INFO] [stderr]   Downloaded wgpu v0.16.3
[INFO] [stderr]   Downloaded ultraviolet v0.9.2
[INFO] [stderr]   Downloaded wgpu-hal v0.16.2
[INFO] [stderr]   Downloaded naga v0.12.3
[INFO] running `Command { std: "docker" "create" "-v" "/var/lib/crater-agent-workspace/builds/worker-1-tc1/target:/opt/rustwide/target:rw,Z" "-v" "/var/lib/crater-agent-workspace/builds/worker-1-tc1/source:/opt/rustwide/workdir:ro,Z" "-v" "/var/lib/crater-agent-workspace/cargo-home:/opt/rustwide/cargo-home:ro,Z" "-v" "/var/lib/crater-agent-workspace/rustup-home:/opt/rustwide/rustup-home:ro,Z" "-e" "SOURCE_DIR=/opt/rustwide/workdir" "-e" "CARGO_TARGET_DIR=/opt/rustwide/target" "-e" "CARGO_HOME=/opt/rustwide/cargo-home" "-e" "RUSTUP_HOME=/opt/rustwide/rustup-home" "-w" "/opt/rustwide/workdir" "-m" "1610612736" "--user" "0:0" "--network" "none" "ghcr.io/rust-lang/crates-build-env/linux@sha256:f3a9d4ad9d972b27faf3965f35b62e55ba32bbce8f20bc8fe909558a86702fde" "/opt/rustwide/cargo-home/bin/cargo" "+1.83.0" "metadata" "--no-deps" "--format-version=1", kill_on_drop: false }`
[INFO] [stdout] 65223fb8aacde19ec6ad1cc8bfc57f2f866fae3a66c216f4a9dd38e01d66a8ee
[INFO] running `Command { std: "docker" "start" "-a" "65223fb8aacde19ec6ad1cc8bfc57f2f866fae3a66c216f4a9dd38e01d66a8ee", kill_on_drop: false }`
[INFO] running `Command { std: "docker" "inspect" "65223fb8aacde19ec6ad1cc8bfc57f2f866fae3a66c216f4a9dd38e01d66a8ee", kill_on_drop: false }`
[INFO] running `Command { std: "docker" "rm" "-f" "65223fb8aacde19ec6ad1cc8bfc57f2f866fae3a66c216f4a9dd38e01d66a8ee", kill_on_drop: false }`
[INFO] [stdout] 65223fb8aacde19ec6ad1cc8bfc57f2f866fae3a66c216f4a9dd38e01d66a8ee
[INFO] running `Command { std: "docker" "create" "-v" "/var/lib/crater-agent-workspace/builds/worker-1-tc1/target:/opt/rustwide/target:rw,Z" "-v" "/var/lib/crater-agent-workspace/builds/worker-1-tc1/source:/opt/rustwide/workdir:ro,Z" "-v" "/var/lib/crater-agent-workspace/cargo-home:/opt/rustwide/cargo-home:ro,Z" "-v" "/var/lib/crater-agent-workspace/rustup-home:/opt/rustwide/rustup-home:ro,Z" "-e" "SOURCE_DIR=/opt/rustwide/workdir" "-e" "CARGO_TARGET_DIR=/opt/rustwide/target" "-e" "CARGO_INCREMENTAL=0" "-e" "RUST_BACKTRACE=full" "-e" "RUSTFLAGS=--cap-lints=warn" "-e" "RUSTDOCFLAGS=--cap-lints=warn" "-e" "CARGO_HOME=/opt/rustwide/cargo-home" "-e" "RUSTUP_HOME=/opt/rustwide/rustup-home" "-w" "/opt/rustwide/workdir" "-m" "1610612736" "--user" "0:0" "--network" "none" "ghcr.io/rust-lang/crates-build-env/linux@sha256:f3a9d4ad9d972b27faf3965f35b62e55ba32bbce8f20bc8fe909558a86702fde" "/opt/rustwide/cargo-home/bin/cargo" "+1.83.0" "build" "--frozen" "--message-format=json", kill_on_drop: false }`
[INFO] [stdout] 26283ed4b66b9b01db4de8ce39cd0b94af775ee9e1428f074beb522c5dbb090b
[INFO] running `Command { std: "docker" "start" "-a" "26283ed4b66b9b01db4de8ce39cd0b94af775ee9e1428f074beb522c5dbb090b", kill_on_drop: false }`
[INFO] [stderr]    Compiling autocfg v1.1.0
[INFO] [stderr]    Compiling cfg-if v1.0.0
[INFO] [stderr]    Compiling unicode-ident v1.0.12
[INFO] [stderr]    Compiling proc-macro2 v1.0.78
[INFO] [stderr]    Compiling libc v0.2.153
[INFO] [stderr]    Compiling bitflags v1.3.2
[INFO] [stderr]    Compiling version_check v0.9.4
[INFO] [stderr]    Compiling once_cell v1.19.0
[INFO] [stderr]    Compiling pkg-config v0.3.30
[INFO] [stderr]    Compiling xml-rs v0.8.19
[INFO] [stderr]    Compiling smallvec v1.13.1
[INFO] [stderr]    Compiling thiserror v1.0.57
[INFO] [stderr]    Compiling log v0.4.21
[INFO] [stderr]    Compiling lazy_static v1.4.0
[INFO] [stderr]    Compiling bytemuck v1.14.3
[INFO] [stderr]    Compiling crc32fast v1.4.0
[INFO] [stderr]    Compiling libloading v0.8.1
[INFO] [stderr]    Compiling simd-adler32 v0.3.7
[INFO] [stderr]    Compiling arrayvec v0.7.4
[INFO] [stderr]    Compiling adler v1.0.2
[INFO] [stderr]    Compiling dlib v0.5.2
[INFO] [stderr]    Compiling zerocopy v0.7.32
[INFO] [stderr]    Compiling parking_lot_core v0.9.9
[INFO] [stderr]    Compiling scoped-tls v1.0.1
[INFO] [stderr]    Compiling bitflags v2.4.2
[INFO] [stderr]    Compiling downcast-rs v1.2.0
[INFO] [stderr]    Compiling libloading v0.7.4
[INFO] [stderr]    Compiling miniz_oxide v0.7.2
[INFO] [stderr]    Compiling ahash v0.8.10
[INFO] [stderr]    Compiling slotmap v1.0.7
[INFO] [stderr]    Compiling ash v0.37.3+1.3.251
[INFO] [stderr]    Compiling hashbrown v0.12.3
[INFO] [stderr]    Compiling unicode-width v0.1.11
[INFO] [stderr]    Compiling allocator-api2 v0.2.16
[INFO] [stderr]    Compiling num-traits v0.2.18
[INFO] [stderr]    Compiling memoffset v0.6.5
[INFO] [stderr]    Compiling indexmap v1.9.3
[INFO] [stderr]    Compiling lock_api v0.4.11
[INFO] [stderr]    Compiling termcolor v1.4.1
[INFO] [stderr]    Compiling raw-window-handle v0.5.2
[INFO] [stderr]    Compiling khronos-egl v4.1.0
[INFO] [stderr]    Compiling bit-vec v0.6.3
[INFO] [stderr]    Compiling scopeguard v1.2.0
[INFO] [stderr]    Compiling flate2 v1.0.28
[INFO] [stderr]    Compiling gpu-descriptor-types v0.1.2
[INFO] [stderr]    Compiling quote v1.0.35
[INFO] [stderr]    Compiling wayland-sys v0.29.5
[INFO] [stderr]    Compiling smithay-client-toolkit v0.16.1
[INFO] [stderr]    Compiling hashbrown v0.14.3
[INFO] [stderr]    Compiling bit-set v0.5.3
[INFO] [stderr]    Compiling syn v2.0.52
[INFO] [stderr]    Compiling wayland-scanner v0.29.5
[INFO] [stderr]    Compiling codespan-reporting v0.11.1
[INFO] [stderr]    Compiling fdeflate v0.3.4
[INFO] [stderr]    Compiling gpu-alloc-types v0.2.0
[INFO] [stderr]    Compiling xcursor v0.3.5
[INFO] [stderr]    Compiling unicode-xid v0.2.4
[INFO] [stderr]    Compiling strict-num v0.1.1
[INFO] [stderr]    Compiling ttf-parser v0.20.0
[INFO] [stderr]    Compiling vec_map v0.8.2
[INFO] [stderr]    Compiling rustc-hash v1.1.0
[INFO] [stderr]    Compiling serde v1.0.197
[INFO] [stderr]    Compiling arrayref v0.3.7
[INFO] [stderr]    Compiling hexf-parse v0.2.1
[INFO] [stderr]    Compiling tiny-skia-path v0.8.4
[INFO] [stderr]    Compiling gpu-alloc v0.5.4
[INFO] [stderr]    Compiling x11-dl v2.21.0
[INFO] [stderr]    Compiling num-bigint v0.4.4
[INFO] [stderr]    Compiling png v0.17.13
[INFO] [stderr]    Compiling wgpu-types v0.16.1
[INFO] [stderr]    Compiling cfg_aliases v0.1.1
[INFO] [stderr]    Compiling profiling v1.0.15
[INFO] [stderr]    Compiling ab_glyph_rasterizer v0.1.8
[INFO] [stderr]    Compiling syn v1.0.109
[INFO] [stderr]    Compiling gpu-descriptor v0.2.4
[INFO] [stderr]    Compiling glow v0.12.3
[INFO] [stderr]    Compiling renderdoc-sys v1.0.0
[INFO] [stderr]    Compiling spirv v0.2.0+1.5.4
[INFO] [stderr]    Compiling num-integer v0.1.46
[INFO] [stderr]    Compiling num-rational v0.4.1
[INFO] [stderr]    Compiling safe_arch v0.7.1
[INFO] [stderr]    Compiling serde_json v1.0.114
[INFO] [stderr]    Compiling prettyplease v0.1.25
[INFO] [stderr]    Compiling instant v0.1.12
[INFO] [stderr]    Compiling tiny-skia v0.8.4
[INFO] [stderr]    Compiling percent-encoding v2.3.1
[INFO] [stderr]    Compiling wayland-client v0.29.5
[INFO] [stderr]    Compiling nix v0.24.3
[INFO] [stderr]    Compiling wayland-protocols v0.29.5
[INFO] [stderr]    Compiling nix v0.25.1
[INFO] [stderr]    Compiling memmap2 v0.5.10
[INFO] [stderr]    Compiling getrandom v0.2.12
[INFO] [stderr]    Compiling parking_lot v0.12.1
[INFO] [stderr]    Compiling winit v0.28.7
[INFO] [stderr]    Compiling rand_core v0.6.4
[INFO] [stderr]    Compiling wide v0.7.15
[INFO] [stderr]    Compiling mio v0.8.10
[INFO] [stderr]    Compiling ryu v1.0.17
[INFO] [stderr]    Compiling static_assertions v1.1.0
[INFO] [stderr]    Compiling wayland-commons v0.29.5
[INFO] [stderr]    Compiling itoa v1.0.10
[INFO] [stderr]    Compiling ppv-lite86 v0.2.17
[INFO] [stderr]    Compiling num-iter v0.1.44
[INFO] [stderr]    Compiling num-complex v0.4.5
[INFO] [stderr]    Compiling glob v0.3.1
[INFO] [stderr]    Compiling rand_chacha v0.3.1
[INFO] [stderr]    Compiling owned_ttf_parser v0.20.0
[INFO] [stderr]    Compiling ultraviolet v0.9.2
[INFO] [stderr]    Compiling diff v0.1.13
[INFO] [stderr]    Compiling ab_glyph v0.2.23
[INFO] [stderr]    Compiling pollster v0.3.0
[INFO] [stderr]    Compiling num v0.4.1
[INFO] [stderr]    Compiling rand v0.8.5
[INFO] [stderr]    Compiling thiserror-impl v1.0.57
[INFO] [stderr]    Compiling serde_derive v1.0.197
[INFO] [stderr]    Compiling calloop v0.10.6
[INFO] [stderr]    Compiling naga v0.12.3
[INFO] [stderr]    Compiling wayland-cursor v0.29.5
[INFO] [stderr]    Compiling toml v0.5.11
[INFO] [stderr]    Compiling macrotest v1.0.9
[INFO] [stderr]    Compiling wgpu-hal v0.16.2
[INFO] [stderr]    Compiling wgpu-core v0.16.1
[INFO] [stderr]    Compiling wgpu v0.16.3
[INFO] [stderr]    Compiling pixels v0.13.0
[INFO] [stderr]    Compiling sctk-adwaita v0.5.4
[INFO] [stderr]    Compiling winit_input_helper v0.14.1
[INFO] [stderr]    Compiling ray v0.1.0 (/opt/rustwide/workdir)
[INFO] [stderr]     Finished `dev` profile [unoptimized] target(s) in 1m 45s
[INFO] running `Command { std: "docker" "inspect" "26283ed4b66b9b01db4de8ce39cd0b94af775ee9e1428f074beb522c5dbb090b", kill_on_drop: false }`
[INFO] running `Command { std: "docker" "rm" "-f" "26283ed4b66b9b01db4de8ce39cd0b94af775ee9e1428f074beb522c5dbb090b", kill_on_drop: false }`
[INFO] [stdout] 26283ed4b66b9b01db4de8ce39cd0b94af775ee9e1428f074beb522c5dbb090b
[INFO] running `Command { std: "docker" "create" "-v" "/var/lib/crater-agent-workspace/builds/worker-1-tc1/target:/opt/rustwide/target:rw,Z" "-v" "/var/lib/crater-agent-workspace/builds/worker-1-tc1/source:/opt/rustwide/workdir:ro,Z" "-v" "/var/lib/crater-agent-workspace/cargo-home:/opt/rustwide/cargo-home:ro,Z" "-v" "/var/lib/crater-agent-workspace/rustup-home:/opt/rustwide/rustup-home:ro,Z" "-e" "SOURCE_DIR=/opt/rustwide/workdir" "-e" "CARGO_TARGET_DIR=/opt/rustwide/target" "-e" "CARGO_INCREMENTAL=0" "-e" "RUST_BACKTRACE=full" "-e" "RUSTFLAGS=--cap-lints=warn" "-e" "RUSTDOCFLAGS=--cap-lints=warn" "-e" "CARGO_HOME=/opt/rustwide/cargo-home" "-e" "RUSTUP_HOME=/opt/rustwide/rustup-home" "-w" "/opt/rustwide/workdir" "-m" "1610612736" "--user" "0:0" "--network" "none" "ghcr.io/rust-lang/crates-build-env/linux@sha256:f3a9d4ad9d972b27faf3965f35b62e55ba32bbce8f20bc8fe909558a86702fde" "/opt/rustwide/cargo-home/bin/cargo" "+1.83.0" "test" "--frozen" "--no-run" "--message-format=json", kill_on_drop: false }`
[INFO] [stdout] 76f2d4096de48a377d5814eb1452587b725426ac42684155a29bd4535e538a8c
[INFO] running `Command { std: "docker" "start" "-a" "76f2d4096de48a377d5814eb1452587b725426ac42684155a29bd4535e538a8c", kill_on_drop: false }`
[INFO] [stderr]    Compiling ray v0.1.0 (/opt/rustwide/workdir)
[INFO] [stderr]     Finished `test` profile [unoptimized] target(s) in 2.06s
[INFO] running `Command { std: "docker" "inspect" "76f2d4096de48a377d5814eb1452587b725426ac42684155a29bd4535e538a8c", kill_on_drop: false }`
[INFO] running `Command { std: "docker" "rm" "-f" "76f2d4096de48a377d5814eb1452587b725426ac42684155a29bd4535e538a8c", kill_on_drop: false }`
[INFO] [stdout] 76f2d4096de48a377d5814eb1452587b725426ac42684155a29bd4535e538a8c
[INFO] running `Command { std: "docker" "create" "-v" "/var/lib/crater-agent-workspace/builds/worker-1-tc1/target:/opt/rustwide/target:rw,Z" "-v" "/var/lib/crater-agent-workspace/builds/worker-1-tc1/source:/opt/rustwide/workdir:ro,Z" "-v" "/var/lib/crater-agent-workspace/cargo-home:/opt/rustwide/cargo-home:ro,Z" "-v" "/var/lib/crater-agent-workspace/rustup-home:/opt/rustwide/rustup-home:ro,Z" "-e" "SOURCE_DIR=/opt/rustwide/workdir" "-e" "CARGO_TARGET_DIR=/opt/rustwide/target" "-e" "CARGO_INCREMENTAL=0" "-e" "RUST_BACKTRACE=full" "-e" "RUSTFLAGS=--cap-lints=warn" "-e" "RUSTDOCFLAGS=--cap-lints=warn" "-e" "CARGO_HOME=/opt/rustwide/cargo-home" "-e" "RUSTUP_HOME=/opt/rustwide/rustup-home" "-w" "/opt/rustwide/workdir" "-m" "1610612736" "--user" "0:0" "--network" "none" "ghcr.io/rust-lang/crates-build-env/linux@sha256:f3a9d4ad9d972b27faf3965f35b62e55ba32bbce8f20bc8fe909558a86702fde" "/opt/rustwide/cargo-home/bin/cargo" "+1.83.0" "test" "--frozen", kill_on_drop: false }`
[INFO] [stdout] af775ad2353314985ac49838a1f0e114572ea298c1b292ceb52ecb28d33947bb
[INFO] running `Command { std: "docker" "start" "-a" "af775ad2353314985ac49838a1f0e114572ea298c1b292ceb52ecb28d33947bb", kill_on_drop: false }`
[INFO] [stderr]     Finished `test` profile [unoptimized] target(s) in 0.18s
[INFO] [stderr]      Running unittests src/lib.rs (/opt/rustwide/target/debug/deps/ray-676c066f1f9b5e15)
[INFO] [stdout] 
[INFO] [stdout] running 202 tests
[INFO] [stdout] test math::colour::tests::mul_colour ... ok
[INFO] [stdout] test math::colour::tests::mul_colour_by_scalar ... ok
[INFO] [stdout] test math::colour::tests::scale_gt1_is_scale ... ok
[INFO] [stdout] test math::colour::tests::add_colour ... ok
[INFO] [stdout] test math::colour::tests::colour ... ok
[INFO] [stdout] test math::colour::tests::scale ... ok
[INFO] [stdout] test math::colour::tests::scale_negative_is_0 ... ok
[INFO] [stdout] test math::colour::tests::sub_colour ... ok
[INFO] [stdout] test math::matrix::tests2x2::index ... ok
[INFO] [stdout] test math::matrix::tests2x2::new ... ok
[INFO] [stdout] test math::matrix::tests3x3::index ... ok
[INFO] [stdout] test math::matrix::tests4x4::eq ... ok
[INFO] [stdout] test math::matrix::tests3x3::new ... ok
[INFO] [stdout] test math::matrix::tests4x4::index ... ok
[INFO] [stdout] test math::matrix::tests4x4::mul_vector ... ok
[INFO] [stdout] test math::matrix::tests4x4::neq ... ok
[INFO] [stdout] test math::matrix::tests4x4::new ... ok
[INFO] [stdout] test math::matrix::tests4x4::reflection ... ok
[INFO] [stdout] test math::matrix::tests4x4::rotation_x ... ok
[INFO] [stdout] test math::matrix::tests4x4::rotation_y ... ok
[INFO] [stdout] test math::matrix::tests4x4::rotation_z ... ok
[INFO] [stdout] test math::matrix::tests4x4::scaling_vec ... ok
[INFO] [stdout] test math::matrix::tests4x4::rotation_x_inv ... ok
[INFO] [stdout] test math::matrix::tests4x4::translation_point ... ok
[INFO] [stdout] test math::matrix::tests4x4::scaling_vec_inv ... ok
[INFO] [stdout] test math::matrix::tests4x4::translation_vec ... ok
[INFO] [stdout] test math::matrix::tests4x4::view_transform_arb ... ok
[INFO] [stdout] test math::matrix::tests4x4::translation_point_inv ... ok
[INFO] [stdout] test math::matrix::tests4x4::view_transform_id ... ok
[INFO] [stdout] test math::matrix::tests4x4::view_transform_mirror ... ok
[INFO] [stdout] test math::matrix::tests4x4::view_transform_moves_world ... ok
[INFO] [stdout] test math::matrix_const::tests::id4x4 ... ok
[INFO] [stdout] test math::matrix::tests4x4::mul ... ok
[INFO] [stdout] test math::matrix_det::tests::cofactor ... ok
[INFO] [stdout] test math::matrix::tests4x4::shearing ... ok
[INFO] [stdout] test math::matrix::tests4x4::scaling_point ... ok
[INFO] [stdout] test math::matrix_det::tests::det2x2 ... ok
[INFO] [stdout] test math::matrix_det::tests::det3x3 ... ok
[INFO] [stdout] test math::matrix_det::tests::det4x4 ... ok
[INFO] [stdout] test math::matrix_det::tests::is_not_invertible ... ok
[INFO] [stdout] test math::matrix_det::tests::is_invertible ... ok
[INFO] [stdout] test math::matrix_det::tests::minor ... ok
[INFO] [stdout] test math::matrix_from_iter::tests::from_iter_3x3 ... ok
[INFO] [stdout] test math::matrix_from_iter::tests::repeat ... ok
[INFO] [stdout] test math::matrix_from_iter::tests::from_iter_2x2 ... ok
[INFO] [stdout] test math::matrix_from_iter::tests::repeat_3x3 ... ok
[INFO] [stdout] test math::matrix_invert::tests::invert2 ... ok
[INFO] [stdout] test math::matrix_invert::tests::invert1 ... ok
[INFO] [stdout] test math::matrix_invert::tests::invert_id ... ok
[INFO] [stdout] test math::matrix_invert::tests::invert3 ... ok
[INFO] [stdout] test math::matrix_invert::tests::invert_mul ... ok
[INFO] [stdout] test math::matrix_invert::tests::mul_invert ... ok
[INFO] [stdout] test math::matrix_sub::tests::sub4x4 ... ok
[INFO] [stdout] test math::matrix_transpose::tests::transpose ... ok
[INFO] [stdout] test math::matrix_invert::tests::transpose_invert ... ok
[INFO] [stdout] test math::matrix_transpose::tests::transpose_id ... ok
[INFO] [stdout] test math::point::tests::add_vector_to_point ... ok
[INFO] [stdout] test math::matrix_sub::tests::sub3x3 ... ok
[INFO] [stdout] test math::matrix_from_iter::tests::repeat_2x2 ... ok
[INFO] [stdout] test math::point::tests::into_iter ... ok
[INFO] [stdout] test math::point::tests::mul_for_point ... ok
[INFO] [stdout] test math::point::tests::neg_for_point ... ok
[INFO] [stdout] test math::point::tests::sub_point_from_point ... ok
[INFO] [stdout] test math::point::tests::sub_vector_from_point ... ok
[INFO] [stdout] test math::vector::tests::add_vector_to_vector ... ok
[INFO] [stdout] test math::vector::tests::into_iter ... ok
[INFO] [stdout] test math::vector::tests::mul_for_vec ... ok
[INFO] [stdout] test math::vector::tests::sub_vec_from_vec ... ok
[INFO] [stdout] test math::vector::tests::reflect ... ok
[INFO] [stdout] test math::vector::tests::vec_cross ... ok
[INFO] [stdout] test math::vector::tests::vec_dot ... ok
[INFO] [stdout] test math::vector::tests::vec_len ... ok
[INFO] [stdout] test model::camera::tests::pixel_size_h ... ok
[INFO] [stdout] test math::vector::tests::vec_norm ... ok
[INFO] [stdout] test model::camera::tests::pixel_size_v ... ok
[INFO] [stdout] test math::vector::tests::neg_for_vec ... ok
[INFO] [stdout] test model::camera::tests::new ... ok
[INFO] [stdout] test model::comp::tests::not_inside ... ok
[INFO] [stdout] test model::comp::tests::reflect ... ok
[INFO] [stdout] test model::comp::tests::over_point ... ok
[INFO] [stdout] test model::intersection::tests::hit_all_neg ... ok
[INFO] [stdout] test model::comp::tests::under_point ... ok
[INFO] [stdout] test model::intersection::tests::hit_smallest_non_neg ... ok
[INFO] [stdout] test model::intersection::tests::hit_some_neg ... ok
[INFO] [stdout] test model::comp::tests::inside ... ok
[INFO] [stdout] test model::intersection::tests::new ... ok
[INFO] [stdout] test model::intersection::tests::intersections_scaled_shape ... ok
[INFO] [stdout] test model::intersection::tests::intersections_translated_shape ... ok
[INFO] [stdout] test model::material::tests::lightning_eye_light_normal_aligned ... ok
[INFO] [stdout] test model::material::tests::colour ... ok
[INFO] [stdout] test model::comp::tests::new ... ok
[INFO] [stdout] test model::material::tests::diffuse ... ok
[INFO] [stdout] test model::material::tests::lighting_in_shadow ... ok
[INFO] [stdout] test model::point_light::tests::new ... ok
[INFO] [stdout] test model::material::tests::lightning_behind ... ok
[INFO] [stdout] test model::material::tests::lightning_eye_between_light_surface ... ok
[INFO] [stdout] test model::material::tests::lightning_eye_in_normal ... ok
[INFO] [stdout] test model::material::tests::lightning_eye_in_reflect ... ok
[INFO] [stdout] test model::intersection::tests::hit_all_pos ... ok
[INFO] [stdout] test model::material::tests::specular ... ok
[INFO] [stdout] test model::material::tests::lightning_with_pattern ... ok
[INFO] [stdout] test model::material::tests::reflective ... ok
[INFO] [stdout] test model::material::tests::transparency ... ok
[INFO] [stdout] test model::material::tests::new ... ok
[INFO] [stdout] test model::material::tests::refractive_index ... ok
[INFO] [stdout] test model::refractive_indices::tests::total_internal_reflection ... ok
[INFO] [stdout] test model::ray::tests::for_pixel_camera_transformed ... ok
[INFO] [stdout] test model::ray::tests::for_pixel_center ... ok
[INFO] [stdout] test model::world::tests::colour_at_inter_behind_ray ... ok
[INFO] [stdout] test model::ray::tests::for_pixel_corner ... ok
[INFO] [stdout] test model::ray::tests::position ... ok
[INFO] [stdout] test model::ray::tests::translation ... ok
[INFO] [stdout] test model::refractive_indices::tests::reflectance_perpendicular ... ok
[INFO] [stdout] test model::world::tests::colour_at_hit ... ok
[INFO] [stdout] test model::ray::tests::new ... ok
[INFO] [stdout] test model::ray::tests::scaling ... ok
[INFO] [stdout] test model::refractive_indices::tests::reflectance_tir ... ok
[INFO] [stdout] test model::material::tests::shininess ... ok
[INFO] [stdout] test model::refractive_indices::tests::reflectance_small_angle ... ok
[INFO] [stdout] test model::refractive_indices::tests::refractive_indices ... ok
[INFO] [stdout] test model::world::tests::colour_at_miss ... ok
[INFO] [stdout] test model::world::tests::is_shadowed_nothing_colinear ... ok
[INFO] [stdout] test model::world::tests::default ... ok
[INFO] [stdout] test model::world::tests::intersect ... ok
[INFO] [stdout] test model::world::tests::reflected_colour_exhausted ... ok
[INFO] [stdout] test model::world::tests::is_shadowed_point_behind_shape ... ok
[INFO] [stdout] test model::world::tests::reflected_colour_nonreflective_mat ... ok
[INFO] [stdout] test model::world::tests::is_shadowed_behind_light ... ok
[INFO] [stdout] test model::world::tests::is_shadowed_point_behind_shape_no_shadows ... ok
[INFO] [stdout] test model::world::tests::shade_hit_transparent_mat ... ok
[INFO] [stdout] test model::world::tests::shade_inside ... ok
[INFO] [stdout] test model::world::tests::refracted_colour_tir ... ok
[INFO] [stdout] test model::world::tests::shade_hit_reflectance ... ok
[INFO] [stdout] test model::world::tests::shade_hit_reflective ... ok
[INFO] [stdout] test model::world::tests::shade ... ok
[INFO] [stdout] test model::world::tests::refracted_colour_refracted_ray ... ok
[INFO] [stdout] test model::world::tests::is_shadowed_shape_behind_point ... ok
[INFO] [stdout] test patterns::checker::tests::pattern_at_x ... ok
[INFO] [stdout] test patterns::checker::tests::new ... ok
[INFO] [stdout] test patterns::checker::tests::pattern_at_y ... ok
[INFO] [stdout] test patterns::checker::tests::pattern_at_z ... ok
[INFO] [stdout] test patterns::gradient::tests::new ... ok
[INFO] [stdout] test patterns::gradient::tests::pattern_at ... ok
[INFO] [stdout] test patterns::nested::tests::new ... ok
[INFO] [stdout] test patterns::nested::tests::pattern_at ... ok
[INFO] [stdout] test patterns::pattern::tests::id ... ok
[INFO] [stdout] test patterns::nested::tests::with_child ... ok
[INFO] [stdout] test model::world::tests::reflected_colour_reflective_mat ... ok
[INFO] [stdout] test patterns::pattern::tests::new ... ok
[INFO] [stdout] test patterns::perlin::tests::new ... ok
[INFO] [stdout] test patterns::perlin::tests::noise_w ... ok
[INFO] [stdout] test patterns::pattern::tests::at_shape_pattern_shape_ts ... ok
[INFO] [stdout] test patterns::pattern::tests::at_shape_pattern_t ... ok
[INFO] [stdout] test patterns::pattern::tests::at_shape_shape_t ... ok
[INFO] [stdout] test patterns::ring::tests::new ... ok
[INFO] [stdout] test patterns::radial_gradient::tests::new ... ok
[INFO] [stdout] test patterns::radial_gradient::tests::pattern_at ... ok
[INFO] [stdout] test patterns::ring::tests::pattern_at ... ok
[INFO] [stdout] test model::world::tests::shade_hit_in_shadow ... ok
[INFO] [stdout] test patterns::solid::tests::new ... ok
[INFO] [stdout] test patterns::solid::tests::pattern_at ... ok
[INFO] [stdout] test patterns::stripe::tests::new ... ok
[INFO] [stdout] test patterns::stripe::tests::stripe_constant_in_y ... ok
[INFO] [stdout] test patterns::stripe::tests::stripe_constant_in_z ... ok
[INFO] [stdout] test patterns::stripe::tests::stripe_varying_in_x ... ok
[INFO] [stdout] test patterns::test_pattern::tests::pattern_at ... ok
[INFO] [stdout] test shapes::cube::tests::intersect ... ok
[INFO] [stdout] test shapes::cube::tests::normal_at ... ok
[INFO] [stdout] test shapes::plane::tests::constant_normal ... ok
[INFO] [stdout] test model::world::tests::refracted_colour_exhausted ... ok
[INFO] [stdout] test shapes::plane::tests::intersect_coplanar ... ok
[INFO] [stdout] test patterns::perlin::tests::pattern_at ... ok
[INFO] [stdout] test shapes::cube::tests::no_intersect ... ok
[INFO] [stdout] test model::world::tests::refracted_colour_nontransparent_mat ... ok
[INFO] [stdout] test shapes::plane::tests::intersect_parallel ... ok
[INFO] [stdout] test shapes::shape::tests::normal_at ... ok
[INFO] [stdout] test shapes::shape::tests::new ... ok
[INFO] [stdout] test shapes::shape::tests::material ... ok
[INFO] [stdout] test shapes::shape::tests::normal_at_scale_rz_sphere ... ok
[INFO] [stdout] test shapes::shape::tests::normal_at_transformed_shape ... ok
[INFO] [stdout] test shapes::shape::tests::t ... ok
[INFO] [stdout] test shapes::sphere::tests::intersect_2_points ... ok
[INFO] [stdout] test shapes::shape::tests::shadows ... ok
[INFO] [stdout] test shapes::sphere::tests::intersect_after_sphere ... ok
[INFO] [stdout] test shapes::plane::tests::intersect_from_above ... ok
[INFO] [stdout] test shapes::sphere::tests::intersect_no_points ... ok
[INFO] [stdout] test model::material::tests::ambient ... ok
[INFO] [stdout] test shapes::plane::tests::intersect_from_below ... ok
[INFO] [stdout] test shapes::sphere::tests::normal_at ... ok
[INFO] [stdout] test shapes::shape::tests::normal_at_translated_shape ... ok
[INFO] [stdout] test viewer::canvas::tests::display_split ... ok
[INFO] [stdout] test viewer::canvas::tests::new_canvas ... ok
[INFO] [stdout] test viewer::canvas::tests::update_at ... ok
[INFO] [stdout] test shapes::shape::tests::normal_at_translated_sphere ... ok
[INFO] [stdout] test viewer::canvas::tests::draw ... ok
[INFO] [stdout] test viewer::canvas::tests::display_body ... ok
[INFO] [stdout] test viewer::canvas::tests::render ... ok
[INFO] [stdout] test shapes::sphere::tests::intersect_translated_sphere ... ok
[INFO] [stdout] test viewer::canvas::tests::display_header ... ok
[INFO] [stdout] test shapes::sphere::tests::intersect_same_point ... ok
[INFO] [stdout] test shapes::sphere::tests::intersect_scaled_sphere ... ok
[INFO] [stdout] test shapes::sphere::tests::intersect_inside_sphere ... ok
[INFO] [stderr]      Running unittests src/main.rs (/opt/rustwide/target/debug/deps/ray-4ebbc5bfd781c950)
[INFO] [stdout] 
[INFO] [stdout] test result: ok. 202 passed; 0 failed; 0 ignored; 0 measured; 0 filtered out; finished in 0.06s
[INFO] [stdout] 
[INFO] [stdout] 
[INFO] [stdout] running 0 tests
[INFO] [stdout] 
[INFO] [stdout] test result: ok. 0 passed; 0 failed; 0 ignored; 0 measured; 0 filtered out; finished in 0.00s
[INFO] [stdout] 
[INFO] [stderr]      Running tests/tests.rs (/opt/rustwide/target/debug/deps/tests-87572fe5255ee93f)
[INFO] [stdout] 
[INFO] [stdout] running 1 test
[INFO] [stderr] warning: `/opt/rustwide/target/tests/ray/macrotest000/.cargo/config` is deprecated in favor of `config.toml`
[INFO] [stderr] note: if you need to support cargo 1.38 or earlier, you can symlink `config` to `config.toml`
[INFO] [stderr] error: no such command: `expand`
[INFO] [stderr] 
[INFO] [stderr] 	View all installed commands with `cargo --list`
[INFO] [stderr] 	Find a package to install `expand` with `cargo search cargo-expand`
[INFO] [stdout] test macro_test ... FAILED
[INFO] [stdout] 
[INFO] [stdout] failures:
[INFO] [stdout] 
[INFO] [stdout] ---- macro_test stdout ----
[INFO] [stdout] Running 4 macro expansion tests
[INFO] [stdout] Expansion error:
[INFO] [stdout] warning: `/opt/rustwide/target/tests/ray/macrotest000/.cargo/config` is deprecated in favor of `config.toml`
[INFO] [stdout] note: if you need to support cargo 1.38 or earlier, you can symlink `config` to `config.toml`
[INFO] [stdout] error: no such command: `expand`
[INFO] [stdout] 
[INFO] [stdout] 	View all installed commands with `cargo --list`
[INFO] [stdout] 	Find a package to install `expand` with `cargo search cargo-expand`
[INFO] [stdout] 
[INFO] [stdout] Expansion error:
[INFO] [stdout] warning: `/opt/rustwide/target/tests/ray/macrotest000/.cargo/config` is deprecated in favor of `config.toml`
[INFO] [stdout] note: if you need to support cargo 1.38 or earlier, you can symlink `config` to `config.toml`
[INFO] [stdout] error: no such command: `expand`
[INFO] [stdout] 
[INFO] [stdout] 	View all installed commands with `cargo --list`
[INFO] [stdout] 	Find a package to install `expand` with `cargo search cargo-expand`
[INFO] [stdout] 
[INFO] [stdout] Expansion error:
[INFO] [stdout] warning: `/opt/rustwide/target/tests/ray/macrotest000/.cargo/config` is deprecated in favor of `config.toml`
[INFO] [stdout] note: if you need to support cargo 1.38 or earlier, you can symlink `config` to `config.toml`
[INFO] [stdout] error: no such command: `expand`
[INFO] [stdout] 
[INFO] [stdout] 	View all installed commands with `cargo --list`
[INFO] [stdout] 	Find a package to install `expand` with `cargo search cargo-expand`
[INFO] [stdout] 
[INFO] [stdout] Expansion error:
[INFO] [stdout] warning: `/opt/rustwide/target/tests/ray/macrotest000/.cargo/config` is deprecated in favor of `config.toml`
[INFO] [stdout] note: if you need to support cargo 1.38 or earlier, you can symlink `config` to `config.toml`
[INFO] [stdout] error: no such command: `expand`
[INFO] [stdout] 
[INFO] [stdout] 	View all installed commands with `cargo --list`
[INFO] [stdout] 	Find a package to install `expand` with `cargo search cargo-expand`
[INFO] [stdout] 
[INFO] [stdout] 
[INFO] [stdout] 
[INFO] [stdout] 
[INFO] [stdout] thread 'macro_test' panicked at /opt/rustwide/cargo-home/registry/src/index.crates.io-6f17d22bba15001f/macrotest-1.0.9/src/expand.rs:172:9:
[INFO] [stdout] 4 of 4 tests failed
[INFO] [stdout] stack backtrace:
[INFO] [stdout]    0:     0x5ebb6c952c3a - <std::sys::backtrace::BacktraceLock::print::DisplayBacktrace as core::fmt::Display>::fmt::h5b6bd5631a6d1f6b
[INFO] [stdout]    1:     0x5ebb6c97a323 - core::fmt::write::h7550c97b06c86515
[INFO] [stdout]    2:     0x5ebb6c94f303 - std::io::Write::write_fmt::h509ff860e5956e5e
[INFO] [stdout]    3:     0x5ebb6c952a82 - std::sys::backtrace::BacktraceLock::print::h2395ccd2c84ba3aa
[INFO] [stdout]    4:     0x5ebb6c95409a - std::panicking::default_hook::{{closure}}::he19d4c7230e07961
[INFO] [stdout]    5:     0x5ebb6c953ea4 - std::panicking::default_hook::hf614597d3c67bbdb
[INFO] [stdout]    6:     0x5ebb6c91d7c9 - test::test_main::{{closure}}::he977ae839a582784
[INFO] [stdout]    7:     0x5ebb6c954738 - std::panicking::rust_panic_with_hook::h8942133a8b252070
[INFO] [stdout]    8:     0x5ebb6c9544fa - std::panicking::begin_panic_handler::{{closure}}::hb5f5963570096b29
[INFO] [stdout]    9:     0x5ebb6c953119 - std::sys::backtrace::__rust_end_short_backtrace::h6208cedc1922feda
[INFO] [stdout]   10:     0x5ebb6c95418c - rust_begin_unwind
[INFO] [stdout]   11:     0x5ebb6c67a940 - core::panicking::panic_fmt::h0c3082644d1bf418
[INFO] [stdout]   12:     0x5ebb6c681b15 - macrotest::expand::run_tests::h5ac788ed0aaeb024
[INFO] [stdout]   13:     0x5ebb6c68161b - macrotest::expand::expand::hb4841433e31aa8ad
[INFO] [stdout]   14:     0x5ebb6c682872 - tests::macro_test::hc19311178e5fe82d
[INFO] [stdout]   15:     0x5ebb6c682843 - tests::macro_test::{{closure}}::h6d46a88ba43e8140
[INFO] [stdout]   16:     0x5ebb6c67c6b6 - core::ops::function::FnOnce::call_once::ha6513d33f251d0e1
[INFO] [stdout]   17:     0x5ebb6c92218b - test::__rust_begin_short_backtrace::hf4fff89d377446ba
[INFO] [stdout]   18:     0x5ebb6c9219c7 - test::run_test::{{closure}}::h52c556a6d4740e10
[INFO] [stdout]   19:     0x5ebb6c8e6ca4 - std::sys::backtrace::__rust_begin_short_backtrace::h505c97a579eca628
[INFO] [stdout]   20:     0x5ebb6c8ea36e - core::ops::function::FnOnce::call_once{{vtable.shim}}::h2c5a5f3779c774f1
[INFO] [stdout]   21:     0x5ebb6c95946b - std::sys::pal::unix::thread::Thread::new::thread_start::hcc78f3943333fa94
[INFO] [stdout]   22:     0x7f49c2a9aac3 - <unknown>
[INFO] [stdout]   23:     0x7f49c2b2ba04 - clone
[INFO] [stdout]   24:                0x0 - <unknown>
[INFO] [stdout] 
[INFO] [stdout] 
[INFO] [stdout] failures:
[INFO] [stdout]     macro_test
[INFO] [stdout] 
[INFO] [stdout] test result: FAILED. 0 passed; 1 failed; 0 ignored; 0 measured; 0 filtered out; finished in 0.48s
[INFO] [stdout] 
[INFO] [stderr] error: test failed, to rerun pass `--test tests`
[INFO] running `Command { std: "docker" "inspect" "af775ad2353314985ac49838a1f0e114572ea298c1b292ceb52ecb28d33947bb", kill_on_drop: false }`
[INFO] running `Command { std: "docker" "rm" "-f" "af775ad2353314985ac49838a1f0e114572ea298c1b292ceb52ecb28d33947bb", kill_on_drop: false }`
[INFO] [stdout] af775ad2353314985ac49838a1f0e114572ea298c1b292ceb52ecb28d33947bb
