[INFO] cloning repository https://github.com/BeautifulTovarisch/tomlato
[INFO] running `Command { std: "git" "-c" "credential.helper=" "-c" "credential.helper=/workspace/cargo-home/bin/git-credential-null" "clone" "--bare" "https://github.com/BeautifulTovarisch/tomlato" "/workspace/cache/git-repos/https%3A%2F%2Fgithub.com%2FBeautifulTovarisch%2Ftomlato", kill_on_drop: false }`
[INFO] [stderr] Cloning into bare repository '/workspace/cache/git-repos/https%3A%2F%2Fgithub.com%2FBeautifulTovarisch%2Ftomlato'...
[INFO] running `Command { std: "git" "rev-parse" "HEAD", kill_on_drop: false }`
[INFO] [stdout] 8625351dbdb4fc064c8eacbf0172cc07478cf538
[INFO] testing BeautifulTovarisch/tomlato against beta-2024-12-08 for beta-1.84.0-4-retry
[INFO] running `Command { std: "git" "clone" "/workspace/cache/git-repos/https%3A%2F%2Fgithub.com%2FBeautifulTovarisch%2Ftomlato" "/workspace/builds/worker-6-tc2/source", kill_on_drop: false }`
[INFO] [stderr] Cloning into '/workspace/builds/worker-6-tc2/source'...
[INFO] [stderr] done.
[INFO] validating manifest of git repo https://github.com/BeautifulTovarisch/tomlato on toolchain beta-2024-12-08
[INFO] running `Command { std: CARGO_HOME="/workspace/cargo-home" RUSTUP_HOME="/workspace/rustup-home" "/workspace/cargo-home/bin/cargo" "+beta-2024-12-08" "metadata" "--manifest-path" "Cargo.toml" "--no-deps", kill_on_drop: false }`
[INFO] started tweaking git repo https://github.com/BeautifulTovarisch/tomlato
[INFO] finished tweaking git repo https://github.com/BeautifulTovarisch/tomlato
[INFO] tweaked toml for git repo https://github.com/BeautifulTovarisch/tomlato written to /workspace/builds/worker-6-tc2/source/Cargo.toml
[INFO] crate git repo https://github.com/BeautifulTovarisch/tomlato already has a lockfile, it will not be regenerated
[INFO] running `Command { std: CARGO_HOME="/workspace/cargo-home" RUSTUP_HOME="/workspace/rustup-home" "/workspace/cargo-home/bin/cargo" "+beta-2024-12-08" "fetch" "--manifest-path" "Cargo.toml", kill_on_drop: false }`
[INFO] running `Command { std: "docker" "create" "-v" "/var/lib/crater-agent-workspace/builds/worker-6-tc2/target:/opt/rustwide/target:rw,Z" "-v" "/var/lib/crater-agent-workspace/builds/worker-6-tc2/source:/opt/rustwide/workdir:ro,Z" "-v" "/var/lib/crater-agent-workspace/cargo-home:/opt/rustwide/cargo-home:ro,Z" "-v" "/var/lib/crater-agent-workspace/rustup-home:/opt/rustwide/rustup-home:ro,Z" "-e" "SOURCE_DIR=/opt/rustwide/workdir" "-e" "CARGO_TARGET_DIR=/opt/rustwide/target" "-e" "CARGO_HOME=/opt/rustwide/cargo-home" "-e" "RUSTUP_HOME=/opt/rustwide/rustup-home" "-w" "/opt/rustwide/workdir" "-m" "1610612736" "--user" "0:0" "--network" "none" "ghcr.io/rust-lang/crates-build-env/linux@sha256:f3a9d4ad9d972b27faf3965f35b62e55ba32bbce8f20bc8fe909558a86702fde" "/opt/rustwide/cargo-home/bin/cargo" "+beta-2024-12-08" "metadata" "--no-deps" "--format-version=1", kill_on_drop: false }`
[INFO] [stdout] 7a029ff7e28ba5bfb5be955e439ce6695e06b312967cb8208ee120e6c7d74d0b
[INFO] running `Command { std: "docker" "start" "-a" "7a029ff7e28ba5bfb5be955e439ce6695e06b312967cb8208ee120e6c7d74d0b", kill_on_drop: false }`
[INFO] running `Command { std: "docker" "inspect" "7a029ff7e28ba5bfb5be955e439ce6695e06b312967cb8208ee120e6c7d74d0b", kill_on_drop: false }`
[INFO] running `Command { std: "docker" "rm" "-f" "7a029ff7e28ba5bfb5be955e439ce6695e06b312967cb8208ee120e6c7d74d0b", kill_on_drop: false }`
[INFO] [stdout] 7a029ff7e28ba5bfb5be955e439ce6695e06b312967cb8208ee120e6c7d74d0b
[INFO] running `Command { std: "docker" "create" "-v" "/var/lib/crater-agent-workspace/builds/worker-6-tc2/target:/opt/rustwide/target:rw,Z" "-v" "/var/lib/crater-agent-workspace/builds/worker-6-tc2/source:/opt/rustwide/workdir:ro,Z" "-v" "/var/lib/crater-agent-workspace/cargo-home:/opt/rustwide/cargo-home:ro,Z" "-v" "/var/lib/crater-agent-workspace/rustup-home:/opt/rustwide/rustup-home:ro,Z" "-e" "SOURCE_DIR=/opt/rustwide/workdir" "-e" "CARGO_TARGET_DIR=/opt/rustwide/target" "-e" "CARGO_INCREMENTAL=0" "-e" "RUST_BACKTRACE=full" "-e" "RUSTFLAGS=--cap-lints=warn" "-e" "RUSTDOCFLAGS=--cap-lints=warn" "-e" "CARGO_HOME=/opt/rustwide/cargo-home" "-e" "RUSTUP_HOME=/opt/rustwide/rustup-home" "-w" "/opt/rustwide/workdir" "-m" "1610612736" "--user" "0:0" "--network" "none" "ghcr.io/rust-lang/crates-build-env/linux@sha256:f3a9d4ad9d972b27faf3965f35b62e55ba32bbce8f20bc8fe909558a86702fde" "/opt/rustwide/cargo-home/bin/cargo" "+beta-2024-12-08" "build" "--frozen" "--message-format=json", kill_on_drop: false }`
[INFO] [stdout] a6931b7f93ba327c3291e936c49bfe522ca5c7b3dd9203b840335f1567588b53
[INFO] running `Command { std: "docker" "start" "-a" "a6931b7f93ba327c3291e936c49bfe522ca5c7b3dd9203b840335f1567588b53", kill_on_drop: false }`
[INFO] [stderr]    Compiling libc v0.2.45
[INFO] [stderr]    Compiling proc-macro2 v0.4.24
[INFO] [stderr]    Compiling unicode-width v0.1.5
[INFO] [stderr]    Compiling unicode-segmentation v1.2.1
[INFO] [stderr]    Compiling vec_map v0.8.1
[INFO] [stderr]    Compiling bitflags v1.0.4
[INFO] [stderr]    Compiling ansi_term v0.11.0
[INFO] [stderr]    Compiling strsim v0.7.0
[INFO] [stderr]    Compiling heck v0.3.1
[INFO] [stderr]    Compiling term_size v0.3.1
[INFO] [stderr]    Compiling atty v0.2.11
[INFO] [stderr]    Compiling quote v0.6.10
[INFO] [stderr]    Compiling textwrap v0.10.0
[INFO] [stderr]    Compiling syn v0.15.24
[INFO] [stderr]    Compiling clap v2.32.0
[INFO] [stderr]    Compiling structopt-derive v0.2.14
[INFO] [stderr]    Compiling structopt v0.2.14
[INFO] [stderr]    Compiling tomlato v0.1.0 (/opt/rustwide/workdir)
[INFO] [stdout] warning: unused import: `std::process`
[INFO] [stdout]  --> src/main.rs:1:5
[INFO] [stdout]   |
[INFO] [stdout] 1 | use std::process;
[INFO] [stdout]   |     ^^^^^^^^^^^^
[INFO] [stdout]   |
[INFO] [stdout]   = note: `#[warn(unused_imports)]` on by default
[INFO] [stdout] 
[INFO] [stdout] 
[INFO] [stdout] warning: unused import: `tokenize`
[INFO] [stdout]  --> src/main.rs:7:21
[INFO] [stdout]   |
[INFO] [stdout] 7 | use crate::lexer::{ tokenize };
[INFO] [stdout]   |                     ^^^^^^^^
[INFO] [stdout] 
[INFO] [stdout] 
[INFO] [stdout] warning: unused variable: `literal`
[INFO] [stdout]   --> src/lexer/mod.rs:89:9
[INFO] [stdout]    |
[INFO] [stdout] 89 |     let literal: Vec<char> = characters
[INFO] [stdout]    |         ^^^^^^^ help: if this is intentional, prefix it with an underscore: `_literal`
[INFO] [stdout]    |
[INFO] [stdout]    = note: `#[warn(unused_variables)]` on by default
[INFO] [stdout] 
[INFO] [stdout] 
[INFO] [stdout] warning: unused variable: `path`
[INFO] [stdout]   --> src/main.rs:16:15
[INFO] [stdout]    |
[INFO] [stdout] 16 |     let Arg { path } = Arg::from_args();
[INFO] [stdout]    |               ^^^^ help: try ignoring the field: `path: _`
[INFO] [stdout] 
[INFO] [stdout] 
[INFO] [stdout] warning: multiple variants are never constructed
[INFO] [stdout]   --> src/lexer/mod.rs:4:5
[INFO] [stdout]    |
[INFO] [stdout] 2  | pub enum Grammar {
[INFO] [stdout]    |          ------- variants in this enum
[INFO] [stdout] 3  |     // General Grammar
[INFO] [stdout] 4  |     Dot,
[INFO] [stdout]    |     ^^^
[INFO] [stdout] 5  |     Space,
[INFO] [stdout]    |     ^^^^^
[INFO] [stdout] 6  |     Equals,
[INFO] [stdout]    |     ^^^^^^
[INFO] [stdout] 7  |     LeftBrace,
[INFO] [stdout]    |     ^^^^^^^^^
[INFO] [stdout] 8  |     RightBrace,
[INFO] [stdout]    |     ^^^^^^^^^^
[INFO] [stdout] 9  |     DoubleQuote,
[INFO] [stdout]    |     ^^^^^^^^^^^
[INFO] [stdout] 10 |     SingleQuote,
[INFO] [stdout]    |     ^^^^^^^^^^^
[INFO] [stdout] 11 |     LeftBracket,
[INFO] [stdout]    |     ^^^^^^^^^^^
[INFO] [stdout] 12 |     RightBracket,
[INFO] [stdout]    |     ^^^^^^^^^^^^
[INFO] [stdout] ...
[INFO] [stdout] 15 |     Tab,
[INFO] [stdout]    |     ^^^
[INFO] [stdout] 16 |     LineFeed,
[INFO] [stdout]    |     ^^^^^^^^
[INFO] [stdout] 17 |     FormFeed,
[INFO] [stdout]    |     ^^^^^^^^
[INFO] [stdout] 18 |     Backspace,
[INFO] [stdout]    |     ^^^^^^^^^
[INFO] [stdout] 19 |     Backslash,
[INFO] [stdout]    |     ^^^^^^^^^
[INFO] [stdout] 20 |
[INFO] [stdout] 21 |     StringLiteral( String ),
[INFO] [stdout]    |     ^^^^^^^^^^^^^
[INFO] [stdout] 22 |     NumberLiteral,
[INFO] [stdout]    |     ^^^^^^^^^^^^^
[INFO] [stdout] 23 |     Identifier( String ),
[INFO] [stdout]    |     ^^^^^^^^^^
[INFO] [stdout] 24 |     EOF
[INFO] [stdout]    |     ^^^
[INFO] [stdout]    |
[INFO] [stdout]    = note: `Grammar` has a derived impl for the trait `Debug`, but this is intentionally ignored during dead code analysis
[INFO] [stdout]    = note: `#[warn(dead_code)]` on by default
[INFO] [stdout] 
[INFO] [stdout] 
[INFO] [stdout] warning: function `valid_in_identifier` is never used
[INFO] [stdout]   --> src/lexer/mod.rs:55:4
[INFO] [stdout]    |
[INFO] [stdout] 55 | fn valid_in_identifier( character: char ) -> bool {
[INFO] [stdout]    |    ^^^^^^^^^^^^^^^^^^^
[INFO] [stdout] 
[INFO] [stdout] 
[INFO] [stdout] warning: function `scan_identifier` is never used
[INFO] [stdout]   --> src/lexer/mod.rs:64:4
[INFO] [stdout]    |
[INFO] [stdout] 64 | fn scan_identifier<I>( characters: &mut I ) -> Vec<Grammar>
[INFO] [stdout]    |    ^^^^^^^^^^^^^^^
[INFO] [stdout] 
[INFO] [stdout] 
[INFO] [stdout] warning: function `scan_string_literal` is never used
[INFO] [stdout]   --> src/lexer/mod.rs:85:4
[INFO] [stdout]    |
[INFO] [stdout] 85 | fn scan_string_literal<I>( end_char: char, characters: &mut I ) -> Grammar
[INFO] [stdout]    |    ^^^^^^^^^^^^^^^^^^^
[INFO] [stdout] 
[INFO] [stdout] 
[INFO] [stdout] warning: function `characterize` is never used
[INFO] [stdout]    --> src/lexer/mod.rs:102:4
[INFO] [stdout]     |
[INFO] [stdout] 102 | fn characterize( input: char ) -> Grammar {
[INFO] [stdout]     |    ^^^^^^^^^^^^
[INFO] [stdout] 
[INFO] [stdout] 
[INFO] [stdout] warning: function `tokenize` is never used
[INFO] [stdout]    --> src/lexer/mod.rs:122:8
[INFO] [stdout]     |
[INFO] [stdout] 122 | pub fn tokenize( toml: &str ) -> Vec<Grammar> {
[INFO] [stdout]     |        ^^^^^^^^
[INFO] [stdout] 
[INFO] [stdout] 
[INFO] [stderr]     Finished `dev` profile [unoptimized + debuginfo] target(s) in 11.42s
[INFO] running `Command { std: "docker" "inspect" "a6931b7f93ba327c3291e936c49bfe522ca5c7b3dd9203b840335f1567588b53", kill_on_drop: false }`
[INFO] running `Command { std: "docker" "rm" "-f" "a6931b7f93ba327c3291e936c49bfe522ca5c7b3dd9203b840335f1567588b53", kill_on_drop: false }`
[INFO] [stdout] a6931b7f93ba327c3291e936c49bfe522ca5c7b3dd9203b840335f1567588b53
[INFO] running `Command { std: "docker" "create" "-v" "/var/lib/crater-agent-workspace/builds/worker-6-tc2/target:/opt/rustwide/target:rw,Z" "-v" "/var/lib/crater-agent-workspace/builds/worker-6-tc2/source:/opt/rustwide/workdir:ro,Z" "-v" "/var/lib/crater-agent-workspace/cargo-home:/opt/rustwide/cargo-home:ro,Z" "-v" "/var/lib/crater-agent-workspace/rustup-home:/opt/rustwide/rustup-home:ro,Z" "-e" "SOURCE_DIR=/opt/rustwide/workdir" "-e" "CARGO_TARGET_DIR=/opt/rustwide/target" "-e" "CARGO_INCREMENTAL=0" "-e" "RUST_BACKTRACE=full" "-e" "RUSTFLAGS=--cap-lints=warn" "-e" "RUSTDOCFLAGS=--cap-lints=warn" "-e" "CARGO_HOME=/opt/rustwide/cargo-home" "-e" "RUSTUP_HOME=/opt/rustwide/rustup-home" "-w" "/opt/rustwide/workdir" "-m" "1610612736" "--user" "0:0" "--network" "none" "ghcr.io/rust-lang/crates-build-env/linux@sha256:f3a9d4ad9d972b27faf3965f35b62e55ba32bbce8f20bc8fe909558a86702fde" "/opt/rustwide/cargo-home/bin/cargo" "+beta-2024-12-08" "test" "--frozen" "--no-run" "--message-format=json", kill_on_drop: false }`
[INFO] [stdout] d4b6270f686e0a54b46530ae664dff2f741200e476cdccd763f054b4655d7f87
[INFO] running `Command { std: "docker" "start" "-a" "d4b6270f686e0a54b46530ae664dff2f741200e476cdccd763f054b4655d7f87", kill_on_drop: false }`
[INFO] [stderr] warning: tomlato v0.1.0 (/opt/rustwide/workdir) ignoring invalid dependency `cargo-watch` which is missing a lib target
[INFO] [stderr]    Compiling tomlato v0.1.0 (/opt/rustwide/workdir)
[INFO] [stdout] warning: unused import: `std::process`
[INFO] [stdout]  --> src/main.rs:1:5
[INFO] [stdout]   |
[INFO] [stdout] 1 | use std::process;
[INFO] [stdout]   |     ^^^^^^^^^^^^
[INFO] [stdout]   |
[INFO] [stdout]   = note: `#[warn(unused_imports)]` on by default
[INFO] [stdout] 
[INFO] [stdout] 
[INFO] [stdout] warning: unused import: `tokenize`
[INFO] [stdout]  --> src/main.rs:7:21
[INFO] [stdout]   |
[INFO] [stdout] 7 | use crate::lexer::{ tokenize };
[INFO] [stdout]   |                     ^^^^^^^^
[INFO] [stdout] 
[INFO] [stdout] 
[INFO] [stdout] warning: unused variable: `literal`
[INFO] [stdout]   --> src/lexer/mod.rs:89:9
[INFO] [stdout]    |
[INFO] [stdout] 89 |     let literal: Vec<char> = characters
[INFO] [stdout]    |         ^^^^^^^ help: if this is intentional, prefix it with an underscore: `_literal`
[INFO] [stdout]    |
[INFO] [stdout]    = note: `#[warn(unused_variables)]` on by default
[INFO] [stdout] 
[INFO] [stdout] 
[INFO] [stdout] warning: unused variable: `path`
[INFO] [stdout]   --> src/main.rs:16:15
[INFO] [stdout]    |
[INFO] [stdout] 16 |     let Arg { path } = Arg::from_args();
[INFO] [stdout]    |               ^^^^ help: try ignoring the field: `path: _`
[INFO] [stdout] 
[INFO] [stdout] 
[INFO] [stdout] warning: variant `NumberLiteral` is never constructed
[INFO] [stdout]   --> src/lexer/mod.rs:22:5
[INFO] [stdout]    |
[INFO] [stdout] 2  | pub enum Grammar {
[INFO] [stdout]    |          ------- variant in this enum
[INFO] [stdout] ...
[INFO] [stdout] 22 |     NumberLiteral,
[INFO] [stdout]    |     ^^^^^^^^^^^^^
[INFO] [stdout]    |
[INFO] [stdout]    = note: `Grammar` has a derived impl for the trait `Debug`, but this is intentionally ignored during dead code analysis
[INFO] [stdout]    = note: `#[warn(dead_code)]` on by default
[INFO] [stdout] 
[INFO] [stdout] 
[INFO] [stderr]     Finished `test` profile [unoptimized + debuginfo] target(s) in 0.85s
[INFO] running `Command { std: "docker" "inspect" "d4b6270f686e0a54b46530ae664dff2f741200e476cdccd763f054b4655d7f87", kill_on_drop: false }`
[INFO] running `Command { std: "docker" "rm" "-f" "d4b6270f686e0a54b46530ae664dff2f741200e476cdccd763f054b4655d7f87", kill_on_drop: false }`
[INFO] [stdout] d4b6270f686e0a54b46530ae664dff2f741200e476cdccd763f054b4655d7f87
[INFO] running `Command { std: "docker" "create" "-v" "/var/lib/crater-agent-workspace/builds/worker-6-tc2/target:/opt/rustwide/target:rw,Z" "-v" "/var/lib/crater-agent-workspace/builds/worker-6-tc2/source:/opt/rustwide/workdir:ro,Z" "-v" "/var/lib/crater-agent-workspace/cargo-home:/opt/rustwide/cargo-home:ro,Z" "-v" "/var/lib/crater-agent-workspace/rustup-home:/opt/rustwide/rustup-home:ro,Z" "-e" "SOURCE_DIR=/opt/rustwide/workdir" "-e" "CARGO_TARGET_DIR=/opt/rustwide/target" "-e" "CARGO_INCREMENTAL=0" "-e" "RUST_BACKTRACE=full" "-e" "RUSTFLAGS=--cap-lints=warn" "-e" "RUSTDOCFLAGS=--cap-lints=warn" "-e" "CARGO_HOME=/opt/rustwide/cargo-home" "-e" "RUSTUP_HOME=/opt/rustwide/rustup-home" "-w" "/opt/rustwide/workdir" "-m" "1610612736" "--user" "0:0" "--network" "none" "ghcr.io/rust-lang/crates-build-env/linux@sha256:f3a9d4ad9d972b27faf3965f35b62e55ba32bbce8f20bc8fe909558a86702fde" "/opt/rustwide/cargo-home/bin/cargo" "+beta-2024-12-08" "test" "--frozen", kill_on_drop: false }`
[INFO] [stdout] b9f05fb9d1135dee0d702efd1c927463d5836b60de94f748667305717d31649f
[INFO] running `Command { std: "docker" "start" "-a" "b9f05fb9d1135dee0d702efd1c927463d5836b60de94f748667305717d31649f", kill_on_drop: false }`
[INFO] [stderr] warning: tomlato v0.1.0 (/opt/rustwide/workdir) ignoring invalid dependency `cargo-watch` which is missing a lib target
[INFO] [stderr] warning: unused import: `std::process`
[INFO] [stderr]  --> src/main.rs:1:5
[INFO] [stderr]   |
[INFO] [stderr] 1 | use std::process;
[INFO] [stderr]   |     ^^^^^^^^^^^^
[INFO] [stderr]   |
[INFO] [stderr]   = note: `#[warn(unused_imports)]` on by default
[INFO] [stderr] 
[INFO] [stderr] warning: unused import: `tokenize`
[INFO] [stderr]  --> src/main.rs:7:21
[INFO] [stderr]   |
[INFO] [stderr] 7 | use crate::lexer::{ tokenize };
[INFO] [stderr]   |                     ^^^^^^^^
[INFO] [stderr] 
[INFO] [stderr] warning: unused variable: `literal`
[INFO] [stderr]   --> src/lexer/mod.rs:89:9
[INFO] [stderr]    |
[INFO] [stderr] 89 |     let literal: Vec<char> = characters
[INFO] [stderr]    |         ^^^^^^^ help: if this is intentional, prefix it with an underscore: `_literal`
[INFO] [stderr]    |
[INFO] [stderr]    = note: `#[warn(unused_variables)]` on by default
[INFO] [stderr] 
[INFO] [stderr] warning: unused variable: `path`
[INFO] [stderr]   --> src/main.rs:16:15
[INFO] [stderr]    |
[INFO] [stderr] 16 |     let Arg { path } = Arg::from_args();
[INFO] [stderr]    |               ^^^^ help: try ignoring the field: `path: _`
[INFO] [stderr] 
[INFO] [stderr] warning: variant `NumberLiteral` is never constructed
[INFO] [stderr]   --> src/lexer/mod.rs:22:5
[INFO] [stderr]    |
[INFO] [stderr] 2  | pub enum Grammar {
[INFO] [stderr]    |          ------- variant in this enum
[INFO] [stderr] ...
[INFO] [stderr] 22 |     NumberLiteral,
[INFO] [stderr]    |     ^^^^^^^^^^^^^
[INFO] [stderr]    |
[INFO] [stderr]    = note: `Grammar` has a derived impl for the trait `Debug`, but this is intentionally ignored during dead code analysis
[INFO] [stderr]    = note: `#[warn(dead_code)]` on by default
[INFO] [stderr] 
[INFO] [stderr] warning: `tomlato` (bin "tomlato" test) generated 5 warnings (run `cargo fix --bin "tomlato" --tests` to apply 2 suggestions)
[INFO] [stderr]     Finished `test` profile [unoptimized + debuginfo] target(s) in 0.07s
[INFO] [stderr]      Running unittests src/main.rs (/opt/rustwide/target/debug/deps/tomlato-ed8b77c10347d80a)
[INFO] [stdout] 
[INFO] [stdout] running 5 tests
[INFO] [stdout] test lexer::test::test_characterize ... ok
[INFO] [stdout] test lexer::test::test_scan_identifier ... ok
[INFO] [stdout] test lexer::test::test_tokenize ... ok
[INFO] [stdout] test lexer::test::test_valid_in_identifier ... ok
[INFO] [stdout] test lexer::test::test_scan_string_literal ... FAILED
[INFO] [stdout] 
[INFO] [stdout] failures:
[INFO] [stdout] 
[INFO] [stdout] ---- lexer::test::test_scan_string_literal stdout ----
[INFO] [stdout] thread 'lexer::test::test_scan_string_literal' panicked at src/lexer/test.rs:91:5:
[INFO] [stdout] assertion `left == right` failed
[INFO] [stdout]   left: StringLiteral("")
[INFO] [stdout]  right: StringLiteral("Some String Literal")
[INFO] [stdout] stack backtrace:
[INFO] [stdout]    0:     0x6475a89d3aba - std::backtrace_rs::backtrace::libunwind::trace::h8810477743020387
[INFO] [stdout]                                at /rustc/202008a1b8de96d2e5b6bc02d379db03a877d34d/library/std/src/../../backtrace/src/backtrace/libunwind.rs:116:5
[INFO] [stdout]    1:     0x6475a89d3aba - std::backtrace_rs::backtrace::trace_unsynchronized::h3aa55355dd6c54a6
[INFO] [stdout]                                at /rustc/202008a1b8de96d2e5b6bc02d379db03a877d34d/library/std/src/../../backtrace/src/backtrace/mod.rs:66:5
[INFO] [stdout]    2:     0x6475a89d3aba - std::sys::backtrace::_print_fmt::h8588b0f62410823f
[INFO] [stdout]                                at /rustc/202008a1b8de96d2e5b6bc02d379db03a877d34d/library/std/src/sys/backtrace.rs:66:9
[INFO] [stdout]    3:     0x6475a89d3aba - <std::sys::backtrace::BacktraceLock::print::DisplayBacktrace as core::fmt::Display>::fmt::h98c26ac25ffe89bb
[INFO] [stdout]                                at /rustc/202008a1b8de96d2e5b6bc02d379db03a877d34d/library/std/src/sys/backtrace.rs:39:26
[INFO] [stdout]    4:     0x6475a89f9543 - core::fmt::rt::Argument::fmt::hf95377f4aebd453b
[INFO] [stdout]                                at /rustc/202008a1b8de96d2e5b6bc02d379db03a877d34d/library/core/src/fmt/rt.rs:177:76
[INFO] [stdout]    5:     0x6475a89f9543 - core::fmt::write::h0dd5f6e2238c7982
[INFO] [stdout]                                at /rustc/202008a1b8de96d2e5b6bc02d379db03a877d34d/library/core/src/fmt/mod.rs:1189:21
[INFO] [stdout]    6:     0x6475a89d0c53 - std::io::Write::write_fmt::h03bb0ca26e6faf8c
[INFO] [stdout]                                at /rustc/202008a1b8de96d2e5b6bc02d379db03a877d34d/library/std/src/io/mod.rs:1884:15
[INFO] [stdout]    7:     0x6475a89d3902 - std::sys::backtrace::BacktraceLock::print::h5c19c1c038ee186d
[INFO] [stdout]                                at /rustc/202008a1b8de96d2e5b6bc02d379db03a877d34d/library/std/src/sys/backtrace.rs:42:9
[INFO] [stdout]    8:     0x6475a89d4f3d - std::panicking::default_hook::{{closure}}::h77172f079a1fcb13
[INFO] [stdout]                                at /rustc/202008a1b8de96d2e5b6bc02d379db03a877d34d/library/std/src/panicking.rs:268:22
[INFO] [stdout]    9:     0x6475a89d4d47 - std::panicking::default_hook::he5f8e3b203ccddba
[INFO] [stdout]                                at /rustc/202008a1b8de96d2e5b6bc02d379db03a877d34d/library/std/src/panicking.rs:292:9
[INFO] [stdout]   10:     0x6475a899cb67 - <alloc::boxed::Box<F,A> as core::ops::function::Fn<Args>>::call::h7a3c7b4a1ae77f2f
[INFO] [stdout]                                at /rustc/202008a1b8de96d2e5b6bc02d379db03a877d34d/library/alloc/src/boxed.rs:1986:9
[INFO] [stdout]   11:     0x6475a899cb67 - test::test_main::{{closure}}::hf0d3b69ae9b353d1
[INFO] [stdout]                                at /rustc/202008a1b8de96d2e5b6bc02d379db03a877d34d/library/test/src/lib.rs:134:21
[INFO] [stdout]   12:     0x6475a89d55e8 - <alloc::boxed::Box<F,A> as core::ops::function::Fn<Args>>::call::h6332e82e7b189abd
[INFO] [stdout]                                at /rustc/202008a1b8de96d2e5b6bc02d379db03a877d34d/library/alloc/src/boxed.rs:1986:9
[INFO] [stdout]   13:     0x6475a89d55e8 - std::panicking::rust_panic_with_hook::h53863d4e9018df39
[INFO] [stdout]                                at /rustc/202008a1b8de96d2e5b6bc02d379db03a877d34d/library/std/src/panicking.rs:809:13
[INFO] [stdout]   14:     0x6475a89d53aa - std::panicking::begin_panic_handler::{{closure}}::h67280e6fa0757873
[INFO] [stdout]                                at /rustc/202008a1b8de96d2e5b6bc02d379db03a877d34d/library/std/src/panicking.rs:674:13
[INFO] [stdout]   15:     0x6475a89d3f99 - std::sys::backtrace::__rust_end_short_backtrace::h1dac3f54d6fbbeb2
[INFO] [stdout]                                at /rustc/202008a1b8de96d2e5b6bc02d379db03a877d34d/library/std/src/sys/backtrace.rs:170:18
[INFO] [stdout]   16:     0x6475a89d503c - rust_begin_unwind
[INFO] [stdout]                                at /rustc/202008a1b8de96d2e5b6bc02d379db03a877d34d/library/std/src/panicking.rs:665:5
[INFO] [stdout]   17:     0x6475a8959af0 - core::panicking::panic_fmt::h6792bd1b2bf01041
[INFO] [stdout]                                at /rustc/202008a1b8de96d2e5b6bc02d379db03a877d34d/library/core/src/panicking.rs:76:14
[INFO] [stdout]   18:     0x6475a8959ebb - core::panicking::assert_failed_inner::hf2c17e6d30928787
[INFO] [stdout]   19:     0x6475a895c440 - core::panicking::assert_failed::hc7e8d14814eaf188
[INFO] [stdout]                                at /rustc/202008a1b8de96d2e5b6bc02d379db03a877d34d/library/core/src/panicking.rs:373:5
[INFO] [stdout]   20:     0x6475a895fc3e - tomlato::lexer::test::test_scan_string_literal::h293ded80c1dd41dd
[INFO] [stdout]                                at /opt/rustwide/workdir/src/lexer/test.rs:91:5
[INFO] [stdout]   21:     0x6475a895fb07 - tomlato::lexer::test::test_scan_string_literal::{{closure}}::h0d0b63bcc7e854be
[INFO] [stdout]                                at /opt/rustwide/workdir/src/lexer/test.rs:88:30
[INFO] [stdout]   22:     0x6475a895b476 - core::ops::function::FnOnce::call_once::h423fa7b12d3b9226
[INFO] [stdout]                                at /rustc/202008a1b8de96d2e5b6bc02d379db03a877d34d/library/core/src/ops/function.rs:250:5
[INFO] [stdout]   23:     0x6475a89a168b - core::ops::function::FnOnce::call_once::h871bf86719ec9aa4
[INFO] [stdout]                                at /rustc/202008a1b8de96d2e5b6bc02d379db03a877d34d/library/core/src/ops/function.rs:250:5
[INFO] [stdout]   24:     0x6475a89a168b - test::__rust_begin_short_backtrace::h2167df1e2b7d76fd
[INFO] [stdout]                                at /rustc/202008a1b8de96d2e5b6bc02d379db03a877d34d/library/test/src/lib.rs:632:18
[INFO] [stdout]   25:     0x6475a89a1078 - test::run_test_in_process::{{closure}}::h15d92f75a3adfb79
[INFO] [stdout]                                at /rustc/202008a1b8de96d2e5b6bc02d379db03a877d34d/library/test/src/lib.rs:655:60
[INFO] [stdout]   26:     0x6475a89a1078 - <core::panic::unwind_safe::AssertUnwindSafe<F> as core::ops::function::FnOnce<()>>::call_once::hb6c8955835a8dbbb
[INFO] [stdout]                                at /rustc/202008a1b8de96d2e5b6bc02d379db03a877d34d/library/core/src/panic/unwind_safe.rs:272:9
[INFO] [stdout]   27:     0x6475a89a1078 - std::panicking::try::do_call::hc79d0fc888a0bd30
[INFO] [stdout]                                at /rustc/202008a1b8de96d2e5b6bc02d379db03a877d34d/library/std/src/panicking.rs:557:40
[INFO] [stdout]   28:     0x6475a89a1078 - std::panicking::try::hb8a7878e3a8589d6
[INFO] [stdout]                                at /rustc/202008a1b8de96d2e5b6bc02d379db03a877d34d/library/std/src/panicking.rs:520:19
[INFO] [stdout]   29:     0x6475a89a1078 - std::panic::catch_unwind::hb8e4600ff0ff5cfa
[INFO] [stdout]                                at /rustc/202008a1b8de96d2e5b6bc02d379db03a877d34d/library/std/src/panic.rs:358:14
[INFO] [stdout]   30:     0x6475a89a1078 - test::run_test_in_process::hc2900b0b18688dd6
[INFO] [stdout]                                at /rustc/202008a1b8de96d2e5b6bc02d379db03a877d34d/library/test/src/lib.rs:655:27
[INFO] [stdout]   31:     0x6475a89a1078 - test::run_test::{{closure}}::hac2a9cb07be3d48d
[INFO] [stdout]                                at /rustc/202008a1b8de96d2e5b6bc02d379db03a877d34d/library/test/src/lib.rs:576:43
[INFO] [stdout]   32:     0x6475a8964b1a - test::run_test::{{closure}}::h4a5b729e66a38cd8
[INFO] [stdout]                                at /rustc/202008a1b8de96d2e5b6bc02d379db03a877d34d/library/test/src/lib.rs:606:41
[INFO] [stdout]   33:     0x6475a8964b1a - std::sys::backtrace::__rust_begin_short_backtrace::h0496fb742492f573
[INFO] [stdout]                                at /rustc/202008a1b8de96d2e5b6bc02d379db03a877d34d/library/std/src/sys/backtrace.rs:154:18
[INFO] [stdout]   34:     0x6475a8968494 - std::thread::Builder::spawn_unchecked_::{{closure}}::{{closure}}::hbb6d257c550a54bd
[INFO] [stdout]                                at /rustc/202008a1b8de96d2e5b6bc02d379db03a877d34d/library/std/src/thread/mod.rs:561:17
[INFO] [stdout]   35:     0x6475a8968494 - <core::panic::unwind_safe::AssertUnwindSafe<F> as core::ops::function::FnOnce<()>>::call_once::h46696fe4a6832328
[INFO] [stdout]                                at /rustc/202008a1b8de96d2e5b6bc02d379db03a877d34d/library/core/src/panic/unwind_safe.rs:272:9
[INFO] [stdout]   36:     0x6475a8968494 - std::panicking::try::do_call::h2625a51b667bfb64
[INFO] [stdout]                                at /rustc/202008a1b8de96d2e5b6bc02d379db03a877d34d/library/std/src/panicking.rs:557:40
[INFO] [stdout]   37:     0x6475a8968494 - std::panicking::try::hb956a59a1973aa4c
[INFO] [stdout]                                at /rustc/202008a1b8de96d2e5b6bc02d379db03a877d34d/library/std/src/panicking.rs:520:19
[INFO] [stdout]   38:     0x6475a8968494 - std::panic::catch_unwind::h64f3b9d1067ef6a0
[INFO] [stdout]                                at /rustc/202008a1b8de96d2e5b6bc02d379db03a877d34d/library/std/src/panic.rs:358:14
[INFO] [stdout]   39:     0x6475a8968494 - std::thread::Builder::spawn_unchecked_::{{closure}}::h42b2841295b6c0b2
[INFO] [stdout]                                at /rustc/202008a1b8de96d2e5b6bc02d379db03a877d34d/library/std/src/thread/mod.rs:559:30
[INFO] [stdout]   40:     0x6475a8968494 - core::ops::function::FnOnce::call_once{{vtable.shim}}::h6127de71b8124639
[INFO] [stdout]                                at /rustc/202008a1b8de96d2e5b6bc02d379db03a877d34d/library/core/src/ops/function.rs:250:5
[INFO] [stdout]   41:     0x6475a89d952b - <alloc::boxed::Box<F,A> as core::ops::function::FnOnce<Args>>::call_once::h42f0ba71002a1b2c
[INFO] [stdout]                                at /rustc/202008a1b8de96d2e5b6bc02d379db03a877d34d/library/alloc/src/boxed.rs:1972:9
[INFO] [stdout]   42:     0x6475a89d952b - <alloc::boxed::Box<F,A> as core::ops::function::FnOnce<Args>>::call_once::had9e47d7a3dcecb8
[INFO] [stdout]                                at /rustc/202008a1b8de96d2e5b6bc02d379db03a877d34d/library/alloc/src/boxed.rs:1972:9
[INFO] [stdout]   43:     0x6475a89d952b - std::sys::pal::unix::thread::Thread::new::thread_start::h48cf765408f6f5f2
[INFO] [stdout]                                at /rustc/202008a1b8de96d2e5b6bc02d379db03a877d34d/library/std/src/sys/pal/unix/thread.rs:105:17
[INFO] [stdout]   44:     0x70d0fb741ac3 - <unknown>
[INFO] [stdout]   45:     0x70d0fb7d2a04 - clone
[INFO] [stdout]   46:                0x0 - <unknown>
[INFO] [stdout] 
[INFO] [stdout] 
[INFO] [stdout] failures:
[INFO] [stdout]     lexer::test::test_scan_string_literal
[INFO] [stdout] 
[INFO] [stdout] test result: FAILED. 4 passed; 1 failed; 0 ignored; 0 measured; 0 filtered out; finished in 0.04s
[INFO] [stdout] 
[INFO] [stderr] error: test failed, to rerun pass `--bin tomlato`
[INFO] running `Command { std: "docker" "inspect" "b9f05fb9d1135dee0d702efd1c927463d5836b60de94f748667305717d31649f", kill_on_drop: false }`
[INFO] running `Command { std: "docker" "rm" "-f" "b9f05fb9d1135dee0d702efd1c927463d5836b60de94f748667305717d31649f", kill_on_drop: false }`
[INFO] [stdout] b9f05fb9d1135dee0d702efd1c927463d5836b60de94f748667305717d31649f
