[INFO] cloning repository https://github.com/Banyc/tokio_raw
[INFO] running `Command { std: "git" "-c" "credential.helper=" "-c" "credential.helper=/workspace/cargo-home/bin/git-credential-null" "clone" "--bare" "https://github.com/Banyc/tokio_raw" "/workspace/cache/git-repos/https%3A%2F%2Fgithub.com%2FBanyc%2Ftokio_raw", kill_on_drop: false }`
[INFO] [stderr] Cloning into bare repository '/workspace/cache/git-repos/https%3A%2F%2Fgithub.com%2FBanyc%2Ftokio_raw'...
[INFO] running `Command { std: "git" "rev-parse" "HEAD", kill_on_drop: false }`
[INFO] [stdout] e8608ddd14055e3ec94d5d108967e59708040fb4
[INFO] testing Banyc/tokio_raw against beta-2024-12-08 for beta-1.84.0-4-retry
[INFO] running `Command { std: "git" "clone" "/workspace/cache/git-repos/https%3A%2F%2Fgithub.com%2FBanyc%2Ftokio_raw" "/workspace/builds/worker-2-tc2/source", kill_on_drop: false }`
[INFO] [stderr] Cloning into '/workspace/builds/worker-2-tc2/source'...
[INFO] [stderr] done.
[INFO] validating manifest of git repo https://github.com/Banyc/tokio_raw on toolchain beta-2024-12-08
[INFO] running `Command { std: CARGO_HOME="/workspace/cargo-home" RUSTUP_HOME="/workspace/rustup-home" "/workspace/cargo-home/bin/cargo" "+beta-2024-12-08" "metadata" "--manifest-path" "Cargo.toml" "--no-deps", kill_on_drop: false }`
[INFO] started tweaking git repo https://github.com/Banyc/tokio_raw
[INFO] finished tweaking git repo https://github.com/Banyc/tokio_raw
[INFO] tweaked toml for git repo https://github.com/Banyc/tokio_raw written to /workspace/builds/worker-2-tc2/source/Cargo.toml
[INFO] crate git repo https://github.com/Banyc/tokio_raw already has a lockfile, it will not be regenerated
[INFO] running `Command { std: CARGO_HOME="/workspace/cargo-home" RUSTUP_HOME="/workspace/rustup-home" "/workspace/cargo-home/bin/cargo" "+beta-2024-12-08" "fetch" "--manifest-path" "Cargo.toml", kill_on_drop: false }`
[INFO] running `Command { std: "docker" "create" "-v" "/var/lib/crater-agent-workspace/builds/worker-2-tc2/target:/opt/rustwide/target:rw,Z" "-v" "/var/lib/crater-agent-workspace/builds/worker-2-tc2/source:/opt/rustwide/workdir:ro,Z" "-v" "/var/lib/crater-agent-workspace/cargo-home:/opt/rustwide/cargo-home:ro,Z" "-v" "/var/lib/crater-agent-workspace/rustup-home:/opt/rustwide/rustup-home:ro,Z" "-e" "SOURCE_DIR=/opt/rustwide/workdir" "-e" "CARGO_TARGET_DIR=/opt/rustwide/target" "-e" "CARGO_HOME=/opt/rustwide/cargo-home" "-e" "RUSTUP_HOME=/opt/rustwide/rustup-home" "-w" "/opt/rustwide/workdir" "-m" "1610612736" "--user" "0:0" "--network" "none" "ghcr.io/rust-lang/crates-build-env/linux@sha256:f3a9d4ad9d972b27faf3965f35b62e55ba32bbce8f20bc8fe909558a86702fde" "/opt/rustwide/cargo-home/bin/cargo" "+beta-2024-12-08" "metadata" "--no-deps" "--format-version=1", kill_on_drop: false }`
[INFO] [stdout] 6480d84dc3af186433ba14ed5bc5dbc4a9b638be7cd2059b713ae94db8cd37f1
[INFO] running `Command { std: "docker" "start" "-a" "6480d84dc3af186433ba14ed5bc5dbc4a9b638be7cd2059b713ae94db8cd37f1", kill_on_drop: false }`
[INFO] running `Command { std: "docker" "inspect" "6480d84dc3af186433ba14ed5bc5dbc4a9b638be7cd2059b713ae94db8cd37f1", kill_on_drop: false }`
[INFO] running `Command { std: "docker" "rm" "-f" "6480d84dc3af186433ba14ed5bc5dbc4a9b638be7cd2059b713ae94db8cd37f1", kill_on_drop: false }`
[INFO] [stdout] 6480d84dc3af186433ba14ed5bc5dbc4a9b638be7cd2059b713ae94db8cd37f1
[INFO] running `Command { std: "docker" "create" "-v" "/var/lib/crater-agent-workspace/builds/worker-2-tc2/target:/opt/rustwide/target:rw,Z" "-v" "/var/lib/crater-agent-workspace/builds/worker-2-tc2/source:/opt/rustwide/workdir:ro,Z" "-v" "/var/lib/crater-agent-workspace/cargo-home:/opt/rustwide/cargo-home:ro,Z" "-v" "/var/lib/crater-agent-workspace/rustup-home:/opt/rustwide/rustup-home:ro,Z" "-e" "SOURCE_DIR=/opt/rustwide/workdir" "-e" "CARGO_TARGET_DIR=/opt/rustwide/target" "-e" "CARGO_INCREMENTAL=0" "-e" "RUST_BACKTRACE=full" "-e" "RUSTFLAGS=--cap-lints=warn" "-e" "RUSTDOCFLAGS=--cap-lints=warn" "-e" "CARGO_HOME=/opt/rustwide/cargo-home" "-e" "RUSTUP_HOME=/opt/rustwide/rustup-home" "-w" "/opt/rustwide/workdir" "-m" "1610612736" "--user" "0:0" "--network" "none" "ghcr.io/rust-lang/crates-build-env/linux@sha256:f3a9d4ad9d972b27faf3965f35b62e55ba32bbce8f20bc8fe909558a86702fde" "/opt/rustwide/cargo-home/bin/cargo" "+beta-2024-12-08" "build" "--frozen" "--message-format=json", kill_on_drop: false }`
[INFO] [stdout] 32ae5587c01dea6c8c6f1f93638d4c4c2e3bcadc737249dd2d8cd77301a6a50e
[INFO] running `Command { std: "docker" "start" "-a" "32ae5587c01dea6c8c6f1f93638d4c4c2e3bcadc737249dd2d8cd77301a6a50e", kill_on_drop: false }`
[INFO] [stderr]    Compiling libc v0.2.135
[INFO] [stderr]    Compiling autocfg v1.1.0
[INFO] [stderr]    Compiling proc-macro2 v1.0.47
[INFO] [stderr]    Compiling unicode-ident v1.0.5
[INFO] [stderr]    Compiling quote v1.0.21
[INFO] [stderr]    Compiling cfg-if v1.0.0
[INFO] [stderr]    Compiling parking_lot_core v0.9.4
[INFO] [stderr]    Compiling syn v1.0.103
[INFO] [stderr]    Compiling log v0.4.17
[INFO] [stderr]    Compiling scopeguard v1.1.0
[INFO] [stderr]    Compiling smallvec v1.10.0
[INFO] [stderr]    Compiling memchr v2.5.0
[INFO] [stderr]    Compiling pin-project-lite v0.2.9
[INFO] [stderr]    Compiling bytes v1.2.1
[INFO] [stderr]    Compiling lock_api v0.4.9
[INFO] [stderr]    Compiling tokio v1.21.2
[INFO] [stderr]    Compiling signal-hook-registry v1.4.0
[INFO] [stderr]    Compiling num_cpus v1.13.1
[INFO] [stderr]    Compiling socket2 v0.4.7
[INFO] [stderr]    Compiling mio v0.8.4
[INFO] [stderr]    Compiling parking_lot v0.12.1
[INFO] [stderr]    Compiling tokio-macros v1.8.0
[INFO] [stderr]    Compiling tokio_socket2 v0.1.0
[INFO] [stderr]    Compiling tokio_raw v0.1.0 (/opt/rustwide/workdir)
[INFO] [stderr]     Finished `dev` profile [unoptimized + debuginfo] target(s) in 12.96s
[INFO] running `Command { std: "docker" "inspect" "32ae5587c01dea6c8c6f1f93638d4c4c2e3bcadc737249dd2d8cd77301a6a50e", kill_on_drop: false }`
[INFO] running `Command { std: "docker" "rm" "-f" "32ae5587c01dea6c8c6f1f93638d4c4c2e3bcadc737249dd2d8cd77301a6a50e", kill_on_drop: false }`
[INFO] [stdout] 32ae5587c01dea6c8c6f1f93638d4c4c2e3bcadc737249dd2d8cd77301a6a50e
[INFO] running `Command { std: "docker" "create" "-v" "/var/lib/crater-agent-workspace/builds/worker-2-tc2/target:/opt/rustwide/target:rw,Z" "-v" "/var/lib/crater-agent-workspace/builds/worker-2-tc2/source:/opt/rustwide/workdir:ro,Z" "-v" "/var/lib/crater-agent-workspace/cargo-home:/opt/rustwide/cargo-home:ro,Z" "-v" "/var/lib/crater-agent-workspace/rustup-home:/opt/rustwide/rustup-home:ro,Z" "-e" "SOURCE_DIR=/opt/rustwide/workdir" "-e" "CARGO_TARGET_DIR=/opt/rustwide/target" "-e" "CARGO_INCREMENTAL=0" "-e" "RUST_BACKTRACE=full" "-e" "RUSTFLAGS=--cap-lints=warn" "-e" "RUSTDOCFLAGS=--cap-lints=warn" "-e" "CARGO_HOME=/opt/rustwide/cargo-home" "-e" "RUSTUP_HOME=/opt/rustwide/rustup-home" "-w" "/opt/rustwide/workdir" "-m" "1610612736" "--user" "0:0" "--network" "none" "ghcr.io/rust-lang/crates-build-env/linux@sha256:f3a9d4ad9d972b27faf3965f35b62e55ba32bbce8f20bc8fe909558a86702fde" "/opt/rustwide/cargo-home/bin/cargo" "+beta-2024-12-08" "test" "--frozen" "--no-run" "--message-format=json", kill_on_drop: false }`
[INFO] [stdout] 188a460da4d0af0e7bfd0e64c1c03a7c360e03d088797abc8e75785d4bdb65a9
[INFO] running `Command { std: "docker" "start" "-a" "188a460da4d0af0e7bfd0e64c1c03a7c360e03d088797abc8e75785d4bdb65a9", kill_on_drop: false }`
[INFO] [stderr]    Compiling sudo v0.6.0
[INFO] [stderr]    Compiling tokio_raw v0.1.0 (/opt/rustwide/workdir)
[INFO] [stderr]     Finished `test` profile [unoptimized + debuginfo] target(s) in 1.94s
[INFO] running `Command { std: "docker" "inspect" "188a460da4d0af0e7bfd0e64c1c03a7c360e03d088797abc8e75785d4bdb65a9", kill_on_drop: false }`
[INFO] running `Command { std: "docker" "rm" "-f" "188a460da4d0af0e7bfd0e64c1c03a7c360e03d088797abc8e75785d4bdb65a9", kill_on_drop: false }`
[INFO] [stdout] 188a460da4d0af0e7bfd0e64c1c03a7c360e03d088797abc8e75785d4bdb65a9
[INFO] running `Command { std: "docker" "create" "-v" "/var/lib/crater-agent-workspace/builds/worker-2-tc2/target:/opt/rustwide/target:rw,Z" "-v" "/var/lib/crater-agent-workspace/builds/worker-2-tc2/source:/opt/rustwide/workdir:ro,Z" "-v" "/var/lib/crater-agent-workspace/cargo-home:/opt/rustwide/cargo-home:ro,Z" "-v" "/var/lib/crater-agent-workspace/rustup-home:/opt/rustwide/rustup-home:ro,Z" "-e" "SOURCE_DIR=/opt/rustwide/workdir" "-e" "CARGO_TARGET_DIR=/opt/rustwide/target" "-e" "CARGO_INCREMENTAL=0" "-e" "RUST_BACKTRACE=full" "-e" "RUSTFLAGS=--cap-lints=warn" "-e" "RUSTDOCFLAGS=--cap-lints=warn" "-e" "CARGO_HOME=/opt/rustwide/cargo-home" "-e" "RUSTUP_HOME=/opt/rustwide/rustup-home" "-w" "/opt/rustwide/workdir" "-m" "1610612736" "--user" "0:0" "--network" "none" "ghcr.io/rust-lang/crates-build-env/linux@sha256:f3a9d4ad9d972b27faf3965f35b62e55ba32bbce8f20bc8fe909558a86702fde" "/opt/rustwide/cargo-home/bin/cargo" "+beta-2024-12-08" "test" "--frozen", kill_on_drop: false }`
[INFO] [stdout] 0472180cd2f85cd58d1a394fd29bee0ad1ec266d39e03bad539185724cd4cdc5
[INFO] running `Command { std: "docker" "start" "-a" "0472180cd2f85cd58d1a394fd29bee0ad1ec266d39e03bad539185724cd4cdc5", kill_on_drop: false }`
[INFO] [stderr]     Finished `test` profile [unoptimized + debuginfo] target(s) in 0.05s
[INFO] [stderr]      Running unittests src/lib.rs (/opt/rustwide/target/debug/deps/tokio_raw-f10edbf1d9633aa2)
[INFO] [stdout] 
[INFO] [stdout] running 7 tests
[INFO] [stdout] test echo_test::tests::ipv4_ping ... FAILED
[INFO] [stdout] test tcp_test::tests_not_macos::ipv6_tcp_recv ... FAILED
[INFO] [stdout] test tcp_test::tests_not_macos::ipv4_tcp_recv ... FAILED
[INFO] [stdout] test tcp_test::tests::ipv4_tcp_rst ... ok
[INFO] [stdout] test tcp_test::tests::ipv6_tcp_syn ... ok
[INFO] [stdout] test tcp_test::tests::ipv4_tcp_syn ... ok
[INFO] [stdout] test echo_test::tests::ipv6_ping ... FAILED
[INFO] [stdout] 
[INFO] [stdout] failures:
[INFO] [stdout] 
[INFO] [stdout] ---- echo_test::tests::ipv4_ping stdout ----
[INFO] [stdout] Error: Os { code: 101, kind: NetworkUnreachable, message: "Network is unreachable" }
[INFO] [stdout] 
[INFO] [stdout] ---- tcp_test::tests_not_macos::ipv6_tcp_recv stdout ----
[INFO] [stdout] Error: Custom { kind: Uncategorized, error: "failed to lookup address information: Temporary failure in name resolution" }
[INFO] [stdout] 
[INFO] [stdout] ---- tcp_test::tests_not_macos::ipv4_tcp_recv stdout ----
[INFO] [stdout] Error: Custom { kind: Uncategorized, error: "failed to lookup address information: Temporary failure in name resolution" }
[INFO] [stdout] 
[INFO] [stdout] ---- echo_test::tests::ipv6_ping stdout ----
[INFO] [stdout] Error: Os { code: 101, kind: NetworkUnreachable, message: "Network is unreachable" }
[INFO] [stdout] 
[INFO] [stdout] 
[INFO] [stdout] failures:
[INFO] [stdout]     echo_test::tests::ipv4_ping
[INFO] [stdout]     echo_test::tests::ipv6_ping
[INFO] [stdout]     tcp_test::tests_not_macos::ipv4_tcp_recv
[INFO] [stdout]     tcp_test::tests_not_macos::ipv6_tcp_recv
[INFO] [stdout] 
[INFO] [stdout] test result: FAILED. 3 passed; 4 failed; 0 ignored; 0 measured; 0 filtered out; finished in 0.01s
[INFO] [stdout] 
[INFO] [stderr] error: test failed, to rerun pass `--lib`
[INFO] running `Command { std: "docker" "inspect" "0472180cd2f85cd58d1a394fd29bee0ad1ec266d39e03bad539185724cd4cdc5", kill_on_drop: false }`
[INFO] running `Command { std: "docker" "rm" "-f" "0472180cd2f85cd58d1a394fd29bee0ad1ec266d39e03bad539185724cd4cdc5", kill_on_drop: false }`
[INFO] [stdout] 0472180cd2f85cd58d1a394fd29bee0ad1ec266d39e03bad539185724cd4cdc5
