[INFO] cloning repository https://github.com/BC-M/fm-xml-export-exploder
[INFO] running `Command { std: "git" "-c" "credential.helper=" "-c" "credential.helper=/workspace/cargo-home/bin/git-credential-null" "clone" "--bare" "https://github.com/BC-M/fm-xml-export-exploder" "/workspace/cache/git-repos/https%3A%2F%2Fgithub.com%2FBC-M%2Ffm-xml-export-exploder", kill_on_drop: false }`
[INFO] [stderr] Cloning into bare repository '/workspace/cache/git-repos/https%3A%2F%2Fgithub.com%2FBC-M%2Ffm-xml-export-exploder'...
[INFO] running `Command { std: "git" "rev-parse" "HEAD", kill_on_drop: false }`
[INFO] [stdout] 8a599ea6c62763995cae06519cc3b51a24a883bf
[INFO] testing BC-M/fm-xml-export-exploder against 1.83.0 for beta-1.84.0-4-retry
[INFO] running `Command { std: "git" "clone" "/workspace/cache/git-repos/https%3A%2F%2Fgithub.com%2FBC-M%2Ffm-xml-export-exploder" "/workspace/builds/worker-1-tc1/source", kill_on_drop: false }`
[INFO] [stderr] Cloning into '/workspace/builds/worker-1-tc1/source'...
[INFO] [stderr] done.
[INFO] validating manifest of git repo https://github.com/BC-M/fm-xml-export-exploder on toolchain 1.83.0
[INFO] running `Command { std: CARGO_HOME="/workspace/cargo-home" RUSTUP_HOME="/workspace/rustup-home" "/workspace/cargo-home/bin/cargo" "+1.83.0" "metadata" "--manifest-path" "Cargo.toml" "--no-deps", kill_on_drop: false }`
[INFO] started tweaking git repo https://github.com/BC-M/fm-xml-export-exploder
[INFO] finished tweaking git repo https://github.com/BC-M/fm-xml-export-exploder
[INFO] tweaked toml for git repo https://github.com/BC-M/fm-xml-export-exploder written to /workspace/builds/worker-1-tc1/source/Cargo.toml
[INFO] crate git repo https://github.com/BC-M/fm-xml-export-exploder already has a lockfile, it will not be regenerated
[INFO] running `Command { std: CARGO_HOME="/workspace/cargo-home" RUSTUP_HOME="/workspace/rustup-home" "/workspace/cargo-home/bin/cargo" "+1.83.0" "fetch" "--manifest-path" "Cargo.toml", kill_on_drop: false }`
[INFO] [stderr]     Updating crates.io index
[INFO] [stderr]  Downloading crates ...
[INFO] [stderr]   Downloaded clap_derive v4.5.18
[INFO] [stderr]   Downloaded clap v4.5.20
[INFO] [stderr]   Downloaded encoding_rs_io v0.1.7
[INFO] [stderr]   Downloaded anyhow v1.0.93
[INFO] [stderr]   Downloaded similar v2.6.0
[INFO] [stderr]   Downloaded similar-asserts v1.6.0
[INFO] [stderr]   Downloaded insta v1.41.1
[INFO] [stderr]   Downloaded clap_builder v4.5.20
[INFO] [stderr]   Downloaded quick-xml v0.37.0
[INFO] [stderr]   Downloaded bstr v1.10.0
[INFO] running `Command { std: "docker" "create" "-v" "/var/lib/crater-agent-workspace/builds/worker-1-tc1/target:/opt/rustwide/target:rw,Z" "-v" "/var/lib/crater-agent-workspace/builds/worker-1-tc1/source:/opt/rustwide/workdir:ro,Z" "-v" "/var/lib/crater-agent-workspace/cargo-home:/opt/rustwide/cargo-home:ro,Z" "-v" "/var/lib/crater-agent-workspace/rustup-home:/opt/rustwide/rustup-home:ro,Z" "-e" "SOURCE_DIR=/opt/rustwide/workdir" "-e" "CARGO_TARGET_DIR=/opt/rustwide/target" "-e" "CARGO_HOME=/opt/rustwide/cargo-home" "-e" "RUSTUP_HOME=/opt/rustwide/rustup-home" "-w" "/opt/rustwide/workdir" "-m" "1610612736" "--user" "0:0" "--network" "none" "ghcr.io/rust-lang/crates-build-env/linux@sha256:f3a9d4ad9d972b27faf3965f35b62e55ba32bbce8f20bc8fe909558a86702fde" "/opt/rustwide/cargo-home/bin/cargo" "+1.83.0" "metadata" "--no-deps" "--format-version=1", kill_on_drop: false }`
[INFO] [stdout] 8253b588a54d8c317726b746afdde269c43f6f7ee8b0049c93d71efdf490b09b
[INFO] running `Command { std: "docker" "start" "-a" "8253b588a54d8c317726b746afdde269c43f6f7ee8b0049c93d71efdf490b09b", kill_on_drop: false }`
[INFO] running `Command { std: "docker" "inspect" "8253b588a54d8c317726b746afdde269c43f6f7ee8b0049c93d71efdf490b09b", kill_on_drop: false }`
[INFO] running `Command { std: "docker" "rm" "-f" "8253b588a54d8c317726b746afdde269c43f6f7ee8b0049c93d71efdf490b09b", kill_on_drop: false }`
[INFO] [stdout] 8253b588a54d8c317726b746afdde269c43f6f7ee8b0049c93d71efdf490b09b
[INFO] running `Command { std: "docker" "create" "-v" "/var/lib/crater-agent-workspace/builds/worker-1-tc1/target:/opt/rustwide/target:rw,Z" "-v" "/var/lib/crater-agent-workspace/builds/worker-1-tc1/source:/opt/rustwide/workdir:ro,Z" "-v" "/var/lib/crater-agent-workspace/cargo-home:/opt/rustwide/cargo-home:ro,Z" "-v" "/var/lib/crater-agent-workspace/rustup-home:/opt/rustwide/rustup-home:ro,Z" "-e" "SOURCE_DIR=/opt/rustwide/workdir" "-e" "CARGO_TARGET_DIR=/opt/rustwide/target" "-e" "CARGO_INCREMENTAL=0" "-e" "RUST_BACKTRACE=full" "-e" "RUSTFLAGS=--cap-lints=warn" "-e" "RUSTDOCFLAGS=--cap-lints=warn" "-e" "CARGO_HOME=/opt/rustwide/cargo-home" "-e" "RUSTUP_HOME=/opt/rustwide/rustup-home" "-w" "/opt/rustwide/workdir" "-m" "1610612736" "--user" "0:0" "--network" "none" "ghcr.io/rust-lang/crates-build-env/linux@sha256:f3a9d4ad9d972b27faf3965f35b62e55ba32bbce8f20bc8fe909558a86702fde" "/opt/rustwide/cargo-home/bin/cargo" "+1.83.0" "build" "--frozen" "--message-format=json", kill_on_drop: false }`
[INFO] [stdout] 57a06c2f8fd650c8a41c426bd75fddf1bb67c90bb19977e22aa2ff07578b13c7
[INFO] running `Command { std: "docker" "start" "-a" "57a06c2f8fd650c8a41c426bd75fddf1bb67c90bb19977e22aa2ff07578b13c7", kill_on_drop: false }`
[INFO] [stderr]    Compiling proc-macro2 v1.0.86
[INFO] [stderr]    Compiling unicode-ident v1.0.13
[INFO] [stderr]    Compiling crossbeam-utils v0.8.20
[INFO] [stderr]    Compiling memchr v2.7.4
[INFO] [stderr]    Compiling rustversion v1.0.17
[INFO] [stderr]    Compiling heck v0.5.0
[INFO] [stderr]    Compiling utf8parse v0.2.2
[INFO] [stderr]    Compiling is_terminal_polyfill v1.70.1
[INFO] [stderr]    Compiling anstyle-parse v0.2.5
[INFO] [stderr]    Compiling colorchoice v1.0.2
[INFO] [stderr]    Compiling anstyle-query v1.1.1
[INFO] [stderr]    Compiling rayon-core v1.12.1
[INFO] [stderr]    Compiling anstyle v1.0.8
[INFO] [stderr]    Compiling regex-syntax v0.8.5
[INFO] [stderr]    Compiling cfg-if v1.0.0
[INFO] [stderr]    Compiling strsim v0.11.1
[INFO] [stderr]    Compiling anstream v0.6.15
[INFO] [stderr]    Compiling clap_lex v0.7.2
[INFO] [stderr]    Compiling anyhow v1.0.93
[INFO] [stderr]    Compiling aho-corasick v1.1.3
[INFO] [stderr]    Compiling clap_builder v4.5.20
[INFO] [stderr]    Compiling quote v1.0.37
[INFO] [stderr]    Compiling syn v2.0.77
[INFO] [stderr]    Compiling crossbeam-epoch v0.9.18
[INFO] [stderr]    Compiling encoding_rs v0.8.34
[INFO] [stderr]    Compiling either v1.13.0
[INFO] [stderr]    Compiling crossbeam-deque v0.8.5
[INFO] [stderr]    Compiling quick-xml v0.37.0
[INFO] [stderr]    Compiling regex-automata v0.4.8
[INFO] [stderr]    Compiling encoding_rs_io v0.1.7
[INFO] [stderr]    Compiling rayon v1.10.0
[INFO] [stderr]    Compiling regex v1.11.1
[INFO] [stderr]    Compiling clap_derive v4.5.18
[INFO] [stderr]    Compiling strum_macros v0.26.4
[INFO] [stderr]    Compiling strum v0.26.3
[INFO] [stderr]    Compiling clap v4.5.20
[INFO] [stderr]    Compiling fm-xml-export-exploder v0.4.1 (/opt/rustwide/workdir)
[INFO] [stderr]     Finished `dev` profile [unoptimized + debuginfo] target(s) in 42.64s
[INFO] running `Command { std: "docker" "inspect" "57a06c2f8fd650c8a41c426bd75fddf1bb67c90bb19977e22aa2ff07578b13c7", kill_on_drop: false }`
[INFO] running `Command { std: "docker" "rm" "-f" "57a06c2f8fd650c8a41c426bd75fddf1bb67c90bb19977e22aa2ff07578b13c7", kill_on_drop: false }`
[INFO] [stdout] 57a06c2f8fd650c8a41c426bd75fddf1bb67c90bb19977e22aa2ff07578b13c7
[INFO] running `Command { std: "docker" "create" "-v" "/var/lib/crater-agent-workspace/builds/worker-1-tc1/target:/opt/rustwide/target:rw,Z" "-v" "/var/lib/crater-agent-workspace/builds/worker-1-tc1/source:/opt/rustwide/workdir:ro,Z" "-v" "/var/lib/crater-agent-workspace/cargo-home:/opt/rustwide/cargo-home:ro,Z" "-v" "/var/lib/crater-agent-workspace/rustup-home:/opt/rustwide/rustup-home:ro,Z" "-e" "SOURCE_DIR=/opt/rustwide/workdir" "-e" "CARGO_TARGET_DIR=/opt/rustwide/target" "-e" "CARGO_INCREMENTAL=0" "-e" "RUST_BACKTRACE=full" "-e" "RUSTFLAGS=--cap-lints=warn" "-e" "RUSTDOCFLAGS=--cap-lints=warn" "-e" "CARGO_HOME=/opt/rustwide/cargo-home" "-e" "RUSTUP_HOME=/opt/rustwide/rustup-home" "-w" "/opt/rustwide/workdir" "-m" "1610612736" "--user" "0:0" "--network" "none" "ghcr.io/rust-lang/crates-build-env/linux@sha256:f3a9d4ad9d972b27faf3965f35b62e55ba32bbce8f20bc8fe909558a86702fde" "/opt/rustwide/cargo-home/bin/cargo" "+1.83.0" "test" "--frozen" "--no-run" "--message-format=json", kill_on_drop: false }`
[INFO] [stdout] 6868559cdc5b41d98f4d84a82d77443e77a7bd3111583fbf84bd36f9407ee9ea
[INFO] running `Command { std: "docker" "start" "-a" "6868559cdc5b41d98f4d84a82d77443e77a7bd3111583fbf84bd36f9407ee9ea", kill_on_drop: false }`
[INFO] [stderr]    Compiling libc v0.2.158
[INFO] [stderr]    Compiling unicode-segmentation v1.12.0
[INFO] [stderr]    Compiling lazy_static v1.5.0
[INFO] [stderr]    Compiling same-file v1.0.6
[INFO] [stderr]    Compiling linked-hash-map v0.5.6
[INFO] [stderr]    Compiling walkdir v2.5.0
[INFO] [stderr]    Compiling similar v2.6.0
[INFO] [stderr]    Compiling console v0.15.8
[INFO] [stderr]    Compiling similar-asserts v1.6.0
[INFO] [stderr]    Compiling insta v1.41.1
[INFO] [stderr]    Compiling fm-xml-export-exploder v0.4.1 (/opt/rustwide/workdir)
[INFO] [stderr]     Finished `test` profile [unoptimized + debuginfo] target(s) in 13.87s
[INFO] running `Command { std: "docker" "inspect" "6868559cdc5b41d98f4d84a82d77443e77a7bd3111583fbf84bd36f9407ee9ea", kill_on_drop: false }`
[INFO] running `Command { std: "docker" "rm" "-f" "6868559cdc5b41d98f4d84a82d77443e77a7bd3111583fbf84bd36f9407ee9ea", kill_on_drop: false }`
[INFO] [stdout] 6868559cdc5b41d98f4d84a82d77443e77a7bd3111583fbf84bd36f9407ee9ea
[INFO] running `Command { std: "docker" "create" "-v" "/var/lib/crater-agent-workspace/builds/worker-1-tc1/target:/opt/rustwide/target:rw,Z" "-v" "/var/lib/crater-agent-workspace/builds/worker-1-tc1/source:/opt/rustwide/workdir:ro,Z" "-v" "/var/lib/crater-agent-workspace/cargo-home:/opt/rustwide/cargo-home:ro,Z" "-v" "/var/lib/crater-agent-workspace/rustup-home:/opt/rustwide/rustup-home:ro,Z" "-e" "SOURCE_DIR=/opt/rustwide/workdir" "-e" "CARGO_TARGET_DIR=/opt/rustwide/target" "-e" "CARGO_INCREMENTAL=0" "-e" "RUST_BACKTRACE=full" "-e" "RUSTFLAGS=--cap-lints=warn" "-e" "RUSTDOCFLAGS=--cap-lints=warn" "-e" "CARGO_HOME=/opt/rustwide/cargo-home" "-e" "RUSTUP_HOME=/opt/rustwide/rustup-home" "-w" "/opt/rustwide/workdir" "-m" "1610612736" "--user" "0:0" "--network" "none" "ghcr.io/rust-lang/crates-build-env/linux@sha256:f3a9d4ad9d972b27faf3965f35b62e55ba32bbce8f20bc8fe909558a86702fde" "/opt/rustwide/cargo-home/bin/cargo" "+1.83.0" "test" "--frozen", kill_on_drop: false }`
[INFO] [stdout] 46c97b9fa1ea1aa626ce03adc002b3ea134a3f9f23e7201dbc1db3a20f259bcc
[INFO] running `Command { std: "docker" "start" "-a" "46c97b9fa1ea1aa626ce03adc002b3ea134a3f9f23e7201dbc1db3a20f259bcc", kill_on_drop: false }`
[INFO] [stderr]     Finished `test` profile [unoptimized + debuginfo] target(s) in 0.09s
[INFO] [stderr]      Running unittests src/main.rs (/opt/rustwide/target/debug/deps/fm_xml_export_exploder-0561bf858602d2ea)
[INFO] [stdout] 
[INFO] [stdout] running 82 tests
[INFO] [stdout] test script_steps::exit_script::tests::test ... ok
[INFO] [stdout] test script_steps::exit_script::tests::test_with_calculation ... ok
[INFO] [stdout] test script_steps::go_to_object::tests::test ... ok
[INFO] [stdout] test script_steps::go_to_object::tests::test_repetition ... ok
[INFO] [stdout] test script_steps::go_to_portal_row::tests::test ... ok
[INFO] [stdout] test script_steps::close_window::tests::test_close_current ... ok
[INFO] [stdout] test script_steps::close_window::tests::test_close_only_current_file ... ok
[INFO] [stdout] test script_steps::close_window::tests::test_close_by_name ... ok
[INFO] [stdout] test script_steps::go_to_record::tests::test_go_to_calculated_with_dialog ... ok
[INFO] [stdout] test script_steps::go_to_record::tests::test_go_to_next_and_stop ... ok
[INFO] [stdout] test script_steps::go_to_record::tests::test_go_to_first ... ok
[INFO] [stdout] test script_steps::go_to_record::tests::test_go_to_previous_and_stop ... ok
[INFO] [stdout] test script_steps::go_to_record::tests::test_go_to_next_not_stop ... ok
[INFO] [stdout] test script_steps::go_to_record::tests::test_go_to_last ... ok
[INFO] [stdout] test script_steps::go_to_record::tests::test_go_to_calculated ... ok
[INFO] [stdout] test script_steps::insert_text::tests::target_field_with_crs ... ok
[INFO] [stdout] test script_steps::insert_text::tests::empty ... ok
[INFO] [stdout] test script_steps::go_to_record::tests::test_go_to_previous_not_stop ... ok
[INFO] [stdout] test script_steps::insert_text::tests::target_var_rep ... ok
[INFO] [stdout] test script_steps::insert_text::tests::target_var_with_crs ... ok
[INFO] [stdout] test script_steps::insert_text::tests::test ... ok
[INFO] [stdout] test script_steps::omit_multiple_records::tests::test ... ok
[INFO] [stdout] test script_steps::omit_multiple_records::tests::test_with_calculation ... ok
[INFO] [stdout] test script_steps::insert_text::tests::select_and_target ... ok
[INFO] [stdout] test script_steps::insert_text::tests::select_only ... ok
[INFO] [stdout] test script_steps::insert_text::tests::target_field_rep ... ok
[INFO] [stdout] test script_steps::parameters::boolean::tests::test ... ok
[INFO] [stdout] test script_steps::parameters::boolean::tests::test_without_name ... ok
[INFO] [stdout] test script_steps::parameters::boolean_container::tests::test ... ok
[INFO] [stdout] test script_steps::parameters::field_reference::tests::test_field_reference ... ok
[INFO] [stdout] test script_steps::parameters::field_reference::tests::test_field_reference_with_repetition ... ok
[INFO] [stdout] test script_steps::parameters::layout_reference::tests::test ... ok
[INFO] [stdout] test script_steps::parameters::layout_reference::tests::test_by_name ... ok
[INFO] [stdout] test script_steps::parameters::layout_reference::tests::test_layout ... ok
[INFO] [stdout] test script_steps::parameters::layout_reference::tests::test_parameter_value_item ... ok
[INFO] [stdout] test script_steps::parameters::list::tests::test ... ok
[INFO] [stdout] test script_steps::parameters::parameter_values::tests::test ... ok
[INFO] [stdout] test script_steps::parameters::select::tests::test ... ok
[INFO] [stdout] test script_steps::parameters::style::tests::test ... ok
[INFO] [stdout] test script_steps::parameters::select::tests::test_calc_name ... ok
[INFO] [stdout] test script_steps::parameters::target::tests::test ... ok
[INFO] [stdout] test script_steps::parameters::variable_reference::tests::test ... ok
[INFO] [stdout] test script_steps::parameters::variable_reference::tests::test_with_repetition ... ok
[INFO] [stdout] test script_steps::parameters::window_reference::tests::test ... ok
[INFO] [stdout] test script_steps::parameters::window_reference::tests::test_adjust_window ... ok
[INFO] [stdout] test script_steps::parameters::window_reference::tests::test_window_size ... ok
[INFO] [stdout] test script_steps::perform_find::tests::test ... ok
[INFO] [stdout] test script_steps::parameters::text::tests::test ... ok
[INFO] [stdout] test script_steps::perform_find::tests::test_with_criteria ... ok
[INFO] [stdout] test script_steps::perform_script::tests::test_by_name_with_parameter ... ok
[INFO] [stdout] test script_steps::perform_script::tests::test_run_external_script ... ok
[INFO] [stdout] test script_steps::refresh_object::tests::test ... ok
[INFO] [stdout] test script_steps::perform_script::tests::test_without_parameter ... ok
[INFO] [stdout] test script_steps::replace_field_contents::tests::test_auto_increment_and_update_options ... ok
[INFO] [stdout] test script_steps::refresh_object::tests::test_by_name_with_rep ... ok
[INFO] [stdout] test script_steps::refresh_object::tests::test_by_name ... ok
[INFO] [stdout] test script_steps::replace_field_contents::tests::test_broken_reference ... ok
[INFO] [stdout] test script_steps::replace_field_contents::tests::test_auto_increment_fixed_values ... ok
[INFO] [stdout] test script_steps::replace_field_contents::tests::test_auto_increment_dialog ... ok
[INFO] [stdout] test script_steps::replace_field_contents::tests::test_no_reference_with_calculation ... ok
[INFO] [stdout] test script_steps::replace_field_contents::tests::test_auto_increment_dialog_given_start_and_interval ... ok
[INFO] [stdout] test script_steps::replace_field_contents::tests::test_with_calculation ... ok
[INFO] [stdout] test script_steps::replace_field_contents::tests::test_with_reference ... ok
[INFO] [stdout] test script_steps::sanitize::commit_tests::test_new_window_with_sizes ... ok
[INFO] [stdout] test script_steps::sanitize::commit_tests::test ... ok
[INFO] [stdout] test script_steps::sanitize::commit_tests::test_force ... ok
[INFO] [stdout] test script_steps::sanitize::commit_tests::test_new_window ... ok
[INFO] [stdout] test script_steps::sanitize::commit_tests::test_all_options ... ok
[INFO] [stdout] test script_steps::sanitize::tests::test_truncate_table_broken_reference ... ok
[INFO] [stdout] test script_steps::sanitize::tests::test_enter_find_mode ... ok
[INFO] [stdout] test script_steps::sanitize::tests::test_disabled ... ok
[INFO] [stdout] test script_steps::sanitize::tests::test_enabled ... ok
[INFO] [stdout] test script_steps::sanitize::tests::test ... ok
[INFO] [stdout] test script_steps::sanitize::commit_tests::test_suppress_validate ... ok
[INFO] [stdout] test script_steps::set_variable::tests::test ... ok
[INFO] [stdout] test script_steps::set_field_data::tests::test ... ok
[INFO] [stdout] test script_steps::set_variable::tests::test_complex ... ok
[INFO] [stdout] test utils::attributes::tests::test_get_name_attribute ... ok
[INFO] [stdout] test tests::test_escape_filename ... ok
[INFO] [stdout] test utils::xml_utils::tests::test_decode_xml_special_characters ... ok
[INFO] [stdout] test script_steps::perform_script::tests::test_with_parameter ... ok
[INFO] [stdout] test tests::snapshot_test ... FAILED
[INFO] [stdout] 
[INFO] [stdout] failures:
[INFO] [stdout] 
[INFO] [stdout] ---- tests::snapshot_test stdout ----
[INFO] [stdout] thread 'tests::snapshot_test' panicked at src/utils/mod.rs:121:9:
[INFO] [stdout] Error creating directory ./out/table_occurrences/Admin API Tool: Read-only file system (os error 30)
[INFO] [stdout] stack backtrace:
[INFO] [stdout]    0:     0x61fb0e4566da - std::backtrace_rs::backtrace::libunwind::trace::h5a5b8284f2d0c266
[INFO] [stdout]                                at /rustc/90b35a6239c3d8bdabc530a6a0816f7ff89a0aaf/library/std/src/../../backtrace/src/backtrace/libunwind.rs:116:5
[INFO] [stdout]    1:     0x61fb0e4566da - std::backtrace_rs::backtrace::trace_unsynchronized::h76d4f1c9b0b875e3
[INFO] [stdout]                                at /rustc/90b35a6239c3d8bdabc530a6a0816f7ff89a0aaf/library/std/src/../../backtrace/src/backtrace/mod.rs:66:5
[INFO] [stdout]    2:     0x61fb0e4566da - std::sys::backtrace::_print_fmt::hc4546b8364a537c6
[INFO] [stdout]                                at /rustc/90b35a6239c3d8bdabc530a6a0816f7ff89a0aaf/library/std/src/sys/backtrace.rs:66:9
[INFO] [stdout]    3:     0x61fb0e4566da - <std::sys::backtrace::BacktraceLock::print::DisplayBacktrace as core::fmt::Display>::fmt::h5b6bd5631a6d1f6b
[INFO] [stdout]                                at /rustc/90b35a6239c3d8bdabc530a6a0816f7ff89a0aaf/library/std/src/sys/backtrace.rs:39:26
[INFO] [stdout]    4:     0x61fb0e47fc93 - core::fmt::rt::Argument::fmt::h270f6602a2b96f62
[INFO] [stdout]                                at /rustc/90b35a6239c3d8bdabc530a6a0816f7ff89a0aaf/library/core/src/fmt/rt.rs:177:76
[INFO] [stdout]    5:     0x61fb0e47fc93 - core::fmt::write::h7550c97b06c86515
[INFO] [stdout]                                at /rustc/90b35a6239c3d8bdabc530a6a0816f7ff89a0aaf/library/core/src/fmt/mod.rs:1186:21
[INFO] [stdout]    6:     0x61fb0e452793 - std::io::Write::write_fmt::h509ff860e5956e5e
[INFO] [stdout]                                at /rustc/90b35a6239c3d8bdabc530a6a0816f7ff89a0aaf/library/std/src/io/mod.rs:1839:15
[INFO] [stdout]    7:     0x61fb0e456522 - std::sys::backtrace::BacktraceLock::print::h2395ccd2c84ba3aa
[INFO] [stdout]                                at /rustc/90b35a6239c3d8bdabc530a6a0816f7ff89a0aaf/library/std/src/sys/backtrace.rs:42:9
[INFO] [stdout]    8:     0x61fb0e457b3a - std::panicking::default_hook::{{closure}}::he19d4c7230e07961
[INFO] [stdout]                                at /rustc/90b35a6239c3d8bdabc530a6a0816f7ff89a0aaf/library/std/src/panicking.rs:268:22
[INFO] [stdout]    9:     0x61fb0e457944 - std::panicking::default_hook::hf614597d3c67bbdb
[INFO] [stdout]                                at /rustc/90b35a6239c3d8bdabc530a6a0816f7ff89a0aaf/library/std/src/panicking.rs:292:9
[INFO] [stdout]   10:     0x61fb0dfc1529 - <alloc::boxed::Box<F,A> as core::ops::function::Fn<Args>>::call::h39b51ce4599c23d1
[INFO] [stdout]                                at /rustc/90b35a6239c3d8bdabc530a6a0816f7ff89a0aaf/library/alloc/src/boxed.rs:2468:9
[INFO] [stdout]   11:     0x61fb0dfc1529 - test::test_main::{{closure}}::he977ae839a582784
[INFO] [stdout]                                at /rustc/90b35a6239c3d8bdabc530a6a0816f7ff89a0aaf/library/test/src/lib.rs:133:21
[INFO] [stdout]   12:     0x61fb0e4581d8 - <alloc::boxed::Box<F,A> as core::ops::function::Fn<Args>>::call::h9455091b6b06f9fb
[INFO] [stdout]                                at /rustc/90b35a6239c3d8bdabc530a6a0816f7ff89a0aaf/library/alloc/src/boxed.rs:2468:9
[INFO] [stdout]   13:     0x61fb0e4581d8 - std::panicking::rust_panic_with_hook::h8942133a8b252070
[INFO] [stdout]                                at /rustc/90b35a6239c3d8bdabc530a6a0816f7ff89a0aaf/library/std/src/panicking.rs:809:13
[INFO] [stdout]   14:     0x61fb0e457f9a - std::panicking::begin_panic_handler::{{closure}}::hb5f5963570096b29
[INFO] [stdout]                                at /rustc/90b35a6239c3d8bdabc530a6a0816f7ff89a0aaf/library/std/src/panicking.rs:674:13
[INFO] [stdout]   15:     0x61fb0e456bb9 - std::sys::backtrace::__rust_end_short_backtrace::h6208cedc1922feda
[INFO] [stdout]                                at /rustc/90b35a6239c3d8bdabc530a6a0816f7ff89a0aaf/library/std/src/sys/backtrace.rs:170:18
[INFO] [stdout]   16:     0x61fb0e457c2c - rust_begin_unwind
[INFO] [stdout]                                at /rustc/90b35a6239c3d8bdabc530a6a0816f7ff89a0aaf/library/std/src/panicking.rs:665:5
[INFO] [stdout]   17:     0x61fb0df082b0 - core::panicking::panic_fmt::h0c3082644d1bf418
[INFO] [stdout]                                at /rustc/90b35a6239c3d8bdabc530a6a0816f7ff89a0aaf/library/core/src/panicking.rs:74:14
[INFO] [stdout]   18:     0x61fb0df3bfa2 - fm_xml_export_exploder::utils::initialize_out_dir::{{closure}}::h7e2588fa682775ad
[INFO] [stdout]                                at /opt/rustwide/workdir/src/utils/mod.rs:121:9
[INFO] [stdout]   19:     0x61fb0df63290 - core::result::Result<T,E>::unwrap_or_else::h336d8269f70fa16f
[INFO] [stdout]                                at /rustc/90b35a6239c3d8bdabc530a6a0816f7ff89a0aaf/library/core/src/result.rs:1458:23
[INFO] [stdout]   20:     0x61fb0df3bc2a - fm_xml_export_exploder::utils::initialize_out_dir::hb6710312dc836b15
[INFO] [stdout]                                at /opt/rustwide/workdir/src/utils/mod.rs:120:5
[INFO] [stdout]   21:     0x61fb0df547b6 - fm_xml_export_exploder::table_occurrence_catalog::xml_explode_table_occurrence_catalog::h1d2d7ebfedc9d19d
[INFO] [stdout]                                at /opt/rustwide/workdir/src/table_occurrence_catalog.rs:19:5
[INFO] [stdout]   22:     0x61fb0df6f595 - fm_xml_export_exploder::explode_xml::hcf2d30bb265d2ba9
[INFO] [stdout]                                at /opt/rustwide/workdir/src/main.rs:268:29
[INFO] [stdout]   23:     0x61fb0df3fe04 - fm_xml_export_exploder::tests::snapshot_test::hf69dcb871a15a1b8
[INFO] [stdout]                                at /opt/rustwide/workdir/src/main.rs:431:13
[INFO] [stdout]   24:     0x61fb0df3f987 - fm_xml_export_exploder::tests::snapshot_test::{{closure}}::had3beb3a17bddc9b
[INFO] [stdout]                                at /opt/rustwide/workdir/src/main.rs:410:23
[INFO] [stdout]   25:     0x61fb0df1ea46 - core::ops::function::FnOnce::call_once::h072d67978e7e2c66
[INFO] [stdout]                                at /rustc/90b35a6239c3d8bdabc530a6a0816f7ff89a0aaf/library/core/src/ops/function.rs:250:5
[INFO] [stdout]   26:     0x61fb0dfc5eeb - core::ops::function::FnOnce::call_once::h109cf8051a59b34e
[INFO] [stdout]                                at /rustc/90b35a6239c3d8bdabc530a6a0816f7ff89a0aaf/library/core/src/ops/function.rs:250:5
[INFO] [stdout]   27:     0x61fb0dfc5eeb - test::__rust_begin_short_backtrace::hf4fff89d377446ba
[INFO] [stdout]                                at /rustc/90b35a6239c3d8bdabc530a6a0816f7ff89a0aaf/library/test/src/lib.rs:621:18
[INFO] [stdout]   28:     0x61fb0dfc5727 - test::run_test_in_process::{{closure}}::h0e39181dd7ee5a43
[INFO] [stdout]                                at /rustc/90b35a6239c3d8bdabc530a6a0816f7ff89a0aaf/library/test/src/lib.rs:644:60
[INFO] [stdout]   29:     0x61fb0dfc5727 - <core::panic::unwind_safe::AssertUnwindSafe<F> as core::ops::function::FnOnce<()>>::call_once::hc5a66a30f0bdfd1f
[INFO] [stdout]                                at /rustc/90b35a6239c3d8bdabc530a6a0816f7ff89a0aaf/library/core/src/panic/unwind_safe.rs:272:9
[INFO] [stdout]   30:     0x61fb0dfc5727 - std::panicking::try::do_call::h873b7cf639554a5e
[INFO] [stdout]                                at /rustc/90b35a6239c3d8bdabc530a6a0816f7ff89a0aaf/library/std/src/panicking.rs:557:40
[INFO] [stdout]   31:     0x61fb0dfc5727 - std::panicking::try::hdb19862fad9c8bd1
[INFO] [stdout]                                at /rustc/90b35a6239c3d8bdabc530a6a0816f7ff89a0aaf/library/std/src/panicking.rs:520:19
[INFO] [stdout]   32:     0x61fb0dfc5727 - std::panic::catch_unwind::h281fe732d236d260
[INFO] [stdout]                                at /rustc/90b35a6239c3d8bdabc530a6a0816f7ff89a0aaf/library/std/src/panic.rs:358:14
[INFO] [stdout]   33:     0x61fb0dfc5727 - test::run_test_in_process::h949b6df8457ed338
[INFO] [stdout]                                at /rustc/90b35a6239c3d8bdabc530a6a0816f7ff89a0aaf/library/test/src/lib.rs:644:27
[INFO] [stdout]   34:     0x61fb0dfc5727 - test::run_test::{{closure}}::h52c556a6d4740e10
[INFO] [stdout]                                at /rustc/90b35a6239c3d8bdabc530a6a0816f7ff89a0aaf/library/test/src/lib.rs:565:43
[INFO] [stdout]   35:     0x61fb0df8aa04 - test::run_test::{{closure}}::h4237f6381c45ccb9
[INFO] [stdout]                                at /rustc/90b35a6239c3d8bdabc530a6a0816f7ff89a0aaf/library/test/src/lib.rs:595:41
[INFO] [stdout]   36:     0x61fb0df8aa04 - std::sys::backtrace::__rust_begin_short_backtrace::h505c97a579eca628
[INFO] [stdout]                                at /rustc/90b35a6239c3d8bdabc530a6a0816f7ff89a0aaf/library/std/src/sys/backtrace.rs:154:18
[INFO] [stdout]   37:     0x61fb0df8e0ce - std::thread::Builder::spawn_unchecked_::{{closure}}::{{closure}}::h9e86b2e2bc107ea3
[INFO] [stdout]                                at /rustc/90b35a6239c3d8bdabc530a6a0816f7ff89a0aaf/library/std/src/thread/mod.rs:538:17
[INFO] [stdout]   38:     0x61fb0df8e0ce - <core::panic::unwind_safe::AssertUnwindSafe<F> as core::ops::function::FnOnce<()>>::call_once::h8b06ddb275ff4a25
[INFO] [stdout]                                at /rustc/90b35a6239c3d8bdabc530a6a0816f7ff89a0aaf/library/core/src/panic/unwind_safe.rs:272:9
[INFO] [stdout]   39:     0x61fb0df8e0ce - std::panicking::try::do_call::hb26ecd7cd9a9355d
[INFO] [stdout]                                at /rustc/90b35a6239c3d8bdabc530a6a0816f7ff89a0aaf/library/std/src/panicking.rs:557:40
[INFO] [stdout]   40:     0x61fb0df8e0ce - std::panicking::try::h8ddeca9d705f9069
[INFO] [stdout]                                at /rustc/90b35a6239c3d8bdabc530a6a0816f7ff89a0aaf/library/std/src/panicking.rs:520:19
[INFO] [stdout]   41:     0x61fb0df8e0ce - std::panic::catch_unwind::h49e1c33078844c46
[INFO] [stdout]                                at /rustc/90b35a6239c3d8bdabc530a6a0816f7ff89a0aaf/library/std/src/panic.rs:358:14
[INFO] [stdout]   42:     0x61fb0df8e0ce - std::thread::Builder::spawn_unchecked_::{{closure}}::h6073db6ff56ad35d
[INFO] [stdout]                                at /rustc/90b35a6239c3d8bdabc530a6a0816f7ff89a0aaf/library/std/src/thread/mod.rs:537:30
[INFO] [stdout]   43:     0x61fb0df8e0ce - core::ops::function::FnOnce::call_once{{vtable.shim}}::h2c5a5f3779c774f1
[INFO] [stdout]                                at /rustc/90b35a6239c3d8bdabc530a6a0816f7ff89a0aaf/library/core/src/ops/function.rs:250:5
[INFO] [stdout]   44:     0x61fb0e45d1db - <alloc::boxed::Box<F,A> as core::ops::function::FnOnce<Args>>::call_once::hf75717d9f28faebf
[INFO] [stdout]                                at /rustc/90b35a6239c3d8bdabc530a6a0816f7ff89a0aaf/library/alloc/src/boxed.rs:2454:9
[INFO] [stdout]   45:     0x61fb0e45d1db - <alloc::boxed::Box<F,A> as core::ops::function::FnOnce<Args>>::call_once::h7bd883a5f3c5f3c1
[INFO] [stdout]                                at /rustc/90b35a6239c3d8bdabc530a6a0816f7ff89a0aaf/library/alloc/src/boxed.rs:2454:9
[INFO] [stdout]   46:     0x61fb0e45d1db - std::sys::pal::unix::thread::Thread::new::thread_start::hcc78f3943333fa94
[INFO] [stdout]                                at /rustc/90b35a6239c3d8bdabc530a6a0816f7ff89a0aaf/library/std/src/sys/pal/unix/thread.rs:105:17
[INFO] [stdout]   47:     0x7e0711e57ac3 - <unknown>
[INFO] [stdout]   48:     0x7e0711ee8a04 - clone
[INFO] [stdout]   49:                0x0 - <unknown>
[INFO] [stdout] 
[INFO] [stdout] 
[INFO] [stdout] failures:
[INFO] [stdout]     tests::snapshot_test
[INFO] [stdout] 
[INFO] [stdout] test result: FAILED. 81 passed; 1 failed; 0 ignored; 0 measured; 0 filtered out; finished in 0.10s
[INFO] [stdout] 
[INFO] [stderr] error: test failed, to rerun pass `--bin fm-xml-export-exploder`
[INFO] running `Command { std: "docker" "inspect" "46c97b9fa1ea1aa626ce03adc002b3ea134a3f9f23e7201dbc1db3a20f259bcc", kill_on_drop: false }`
[INFO] running `Command { std: "docker" "rm" "-f" "46c97b9fa1ea1aa626ce03adc002b3ea134a3f9f23e7201dbc1db3a20f259bcc", kill_on_drop: false }`
[INFO] [stdout] 46c97b9fa1ea1aa626ce03adc002b3ea134a3f9f23e7201dbc1db3a20f259bcc
