[INFO] cloning repository https://github.com/Artentus/gsim2
[INFO] running `Command { std: "git" "-c" "credential.helper=" "-c" "credential.helper=/workspace/cargo-home/bin/git-credential-null" "clone" "--bare" "https://github.com/Artentus/gsim2" "/workspace/cache/git-repos/https%3A%2F%2Fgithub.com%2FArtentus%2Fgsim2", kill_on_drop: false }`
[INFO] [stderr] Cloning into bare repository '/workspace/cache/git-repos/https%3A%2F%2Fgithub.com%2FArtentus%2Fgsim2'...
[INFO] running `Command { std: "git" "rev-parse" "HEAD", kill_on_drop: false }`
[INFO] [stdout] 82fe6e204f7edbc2c02d4af8e32995a77c6d80b5
[INFO] testing Artentus/gsim2 against 1.83.0 for beta-1.84.0-4-retry
[INFO] running `Command { std: "git" "clone" "/workspace/cache/git-repos/https%3A%2F%2Fgithub.com%2FArtentus%2Fgsim2" "/workspace/builds/worker-4-tc1/source", kill_on_drop: false }`
[INFO] [stderr] Cloning into '/workspace/builds/worker-4-tc1/source'...
[INFO] [stderr] done.
[INFO] validating manifest of git repo https://github.com/Artentus/gsim2 on toolchain 1.83.0
[INFO] running `Command { std: CARGO_HOME="/workspace/cargo-home" RUSTUP_HOME="/workspace/rustup-home" "/workspace/cargo-home/bin/cargo" "+1.83.0" "metadata" "--manifest-path" "Cargo.toml" "--no-deps", kill_on_drop: false }`
[INFO] started tweaking git repo https://github.com/Artentus/gsim2
[INFO] finished tweaking git repo https://github.com/Artentus/gsim2
[INFO] tweaked toml for git repo https://github.com/Artentus/gsim2 written to /workspace/builds/worker-4-tc1/source/Cargo.toml
[INFO] crate git repo https://github.com/Artentus/gsim2 already has a lockfile, it will not be regenerated
[INFO] running `Command { std: CARGO_HOME="/workspace/cargo-home" RUSTUP_HOME="/workspace/rustup-home" "/workspace/cargo-home/bin/cargo" "+1.83.0" "fetch" "--manifest-path" "Cargo.toml", kill_on_drop: false }`
[INFO] [stderr]     Updating crates.io index
[INFO] [stderr]  Downloading crates ...
[INFO] [stderr]   Downloaded wgpu v0.20.0
[INFO] [stderr]   Downloaded gpu-allocator v0.25.0
[INFO] [stderr]   Downloaded libloading v0.8.3
[INFO] [stderr]   Downloaded unicode-width v0.1.12
[INFO] [stderr]   Downloaded cow-utils v0.1.3
[INFO] [stderr]   Downloaded plotters-backend v0.3.6
[INFO] [stderr]   Downloaded bytemuck v1.16.0
[INFO] [stderr]   Downloaded serde_derive v1.0.203
[INFO] [stderr]   Downloaded document-features v0.2.8
[INFO] [stderr]   Downloaded plotters-svg v0.3.6
[INFO] [stderr]   Downloaded glutin_wgl_sys v0.5.0
[INFO] [stderr]   Downloaded plotters v0.3.6
[INFO] [stderr]   Downloaded wgpu-hal v0.20.0
[INFO] [stderr]   Downloaded pod-enum-macros v0.1.0
[INFO] [stderr]   Downloaded pod-enum v0.1.0
[INFO] [stderr]   Downloaded wgpu-core v0.20.0
[INFO] [stderr]   Downloaded proc-macro2 v1.0.84
[INFO] [stderr]   Downloaded wgpu-types v0.20.0
[INFO] [stderr]   Downloaded pollster v0.3.0
[INFO] [stderr]   Downloaded ash v0.37.3+1.3.251
[INFO] [stderr]   Downloaded serde v1.0.203
[INFO] [stderr]   Downloaded metal v0.28.0
[INFO] [stderr]   Downloaded naga v0.20.0
[INFO] running `Command { std: "docker" "create" "-v" "/var/lib/crater-agent-workspace/builds/worker-4-tc1/target:/opt/rustwide/target:rw,Z" "-v" "/var/lib/crater-agent-workspace/builds/worker-4-tc1/source:/opt/rustwide/workdir:ro,Z" "-v" "/var/lib/crater-agent-workspace/cargo-home:/opt/rustwide/cargo-home:ro,Z" "-v" "/var/lib/crater-agent-workspace/rustup-home:/opt/rustwide/rustup-home:ro,Z" "-e" "SOURCE_DIR=/opt/rustwide/workdir" "-e" "CARGO_TARGET_DIR=/opt/rustwide/target" "-e" "CARGO_HOME=/opt/rustwide/cargo-home" "-e" "RUSTUP_HOME=/opt/rustwide/rustup-home" "-w" "/opt/rustwide/workdir" "-m" "1610612736" "--user" "0:0" "--network" "none" "ghcr.io/rust-lang/crates-build-env/linux@sha256:f3a9d4ad9d972b27faf3965f35b62e55ba32bbce8f20bc8fe909558a86702fde" "/opt/rustwide/cargo-home/bin/cargo" "+1.83.0" "metadata" "--no-deps" "--format-version=1", kill_on_drop: false }`
[INFO] [stdout] c9c544cbea2ea7c00c9fe11d1aa8eb3bece68ff632087cb1aece152fb602f98c
[INFO] running `Command { std: "docker" "start" "-a" "c9c544cbea2ea7c00c9fe11d1aa8eb3bece68ff632087cb1aece152fb602f98c", kill_on_drop: false }`
[INFO] running `Command { std: "docker" "inspect" "c9c544cbea2ea7c00c9fe11d1aa8eb3bece68ff632087cb1aece152fb602f98c", kill_on_drop: false }`
[INFO] running `Command { std: "docker" "rm" "-f" "c9c544cbea2ea7c00c9fe11d1aa8eb3bece68ff632087cb1aece152fb602f98c", kill_on_drop: false }`
[INFO] [stdout] c9c544cbea2ea7c00c9fe11d1aa8eb3bece68ff632087cb1aece152fb602f98c
[INFO] running `Command { std: "docker" "create" "-v" "/var/lib/crater-agent-workspace/builds/worker-4-tc1/target:/opt/rustwide/target:rw,Z" "-v" "/var/lib/crater-agent-workspace/builds/worker-4-tc1/source:/opt/rustwide/workdir:ro,Z" "-v" "/var/lib/crater-agent-workspace/cargo-home:/opt/rustwide/cargo-home:ro,Z" "-v" "/var/lib/crater-agent-workspace/rustup-home:/opt/rustwide/rustup-home:ro,Z" "-e" "SOURCE_DIR=/opt/rustwide/workdir" "-e" "CARGO_TARGET_DIR=/opt/rustwide/target" "-e" "CARGO_INCREMENTAL=0" "-e" "RUST_BACKTRACE=full" "-e" "RUSTFLAGS=--cap-lints=warn" "-e" "RUSTDOCFLAGS=--cap-lints=warn" "-e" "CARGO_HOME=/opt/rustwide/cargo-home" "-e" "RUSTUP_HOME=/opt/rustwide/rustup-home" "-w" "/opt/rustwide/workdir" "-m" "1610612736" "--user" "0:0" "--network" "none" "ghcr.io/rust-lang/crates-build-env/linux@sha256:f3a9d4ad9d972b27faf3965f35b62e55ba32bbce8f20bc8fe909558a86702fde" "/opt/rustwide/cargo-home/bin/cargo" "+1.83.0" "build" "--frozen" "--message-format=json", kill_on_drop: false }`
[INFO] [stdout] 04bd8b9c285e8593860e07c4bb9e76a7c13b24768e20e53f30359028e00b0bd4
[INFO] running `Command { std: "docker" "start" "-a" "04bd8b9c285e8593860e07c4bb9e76a7c13b24768e20e53f30359028e00b0bd4", kill_on_drop: false }`
[INFO] [stderr]    Compiling proc-macro2 v1.0.84
[INFO] [stderr]    Compiling bitflags v2.5.0
[INFO] [stderr]    Compiling cfg_aliases v0.1.1
[INFO] [stderr]    Compiling ahash v0.8.11
[INFO] [stderr]    Compiling zerocopy v0.7.34
[INFO] [stderr]    Compiling num-traits v0.2.19
[INFO] [stderr]    Compiling allocator-api2 v0.2.18
[INFO] [stderr]    Compiling unicode-xid v0.2.4
[INFO] [stderr]    Compiling thiserror v1.0.61
[INFO] [stderr]    Compiling ash v0.37.3+1.3.251
[INFO] [stderr]    Compiling termcolor v1.4.1
[INFO] [stderr]    Compiling khronos-egl v6.0.0
[INFO] [stderr]    Compiling bit-vec v0.6.3
[INFO] [stderr]    Compiling smallvec v1.13.2
[INFO] [stderr]    Compiling unicode-width v0.1.12
[INFO] [stderr]    Compiling bit-set v0.5.3
[INFO] [stderr]    Compiling hashbrown v0.14.5
[INFO] [stderr]    Compiling codespan-reporting v0.11.1
[INFO] [stderr]    Compiling parking_lot_core v0.9.10
[INFO] [stderr]    Compiling spirv v0.3.0+sdk-1.3.268.0
[INFO] [stderr]    Compiling gpu-alloc-types v0.3.0
[INFO] [stderr]    Compiling gpu-descriptor-types v0.2.0
[INFO] [stderr]    Compiling wgpu-hal v0.20.0
[INFO] [stderr]    Compiling libloading v0.7.4
[INFO] [stderr]    Compiling libloading v0.8.3
[INFO] [stderr]    Compiling quote v1.0.36
[INFO] [stderr]    Compiling syn v2.0.66
[INFO] [stderr]    Compiling arrayvec v0.7.4
[INFO] [stderr]    Compiling hexf-parse v0.2.1
[INFO] [stderr]    Compiling rustc-hash v1.1.0
[INFO] [stderr]    Compiling log v0.4.21
[INFO] [stderr]    Compiling parking_lot v0.12.3
[INFO] [stderr]    Compiling indexmap v2.2.6
[INFO] [stderr]    Compiling gpu-descriptor v0.3.0
[INFO] [stderr]    Compiling gpu-alloc v0.6.0
[INFO] [stderr]    Compiling wgpu-types v0.20.0
[INFO] [stderr]    Compiling wgpu-core v0.20.0
[INFO] [stderr]    Compiling serde v1.0.203
[INFO] [stderr]    Compiling profiling v1.0.15
[INFO] [stderr]    Compiling glow v0.13.1
[INFO] [stderr]    Compiling raw-window-handle v0.6.2
[INFO] [stderr]    Compiling litrs v0.4.1
[INFO] [stderr]    Compiling renderdoc-sys v1.1.0
[INFO] [stderr]    Compiling wgpu v0.20.0
[INFO] [stderr]    Compiling serde_json v1.0.117
[INFO] [stderr]    Compiling const_format_proc_macros v0.2.32
[INFO] [stderr]    Compiling static_assertions v1.1.0
[INFO] [stderr]    Compiling chrono v0.4.38
[INFO] [stderr]    Compiling cow-utils v0.1.3
[INFO] [stderr]    Compiling document-features v0.2.8
[INFO] [stderr]    Compiling pollster v0.3.0
[INFO] [stderr]    Compiling const_format v0.2.32
[INFO] [stderr]    Compiling thiserror-impl v1.0.61
[INFO] [stderr]    Compiling bytemuck_derive v1.7.0
[INFO] [stderr]    Compiling serde_derive v1.0.203
[INFO] [stderr]    Compiling pod-enum-macros v0.1.0
[INFO] [stderr]    Compiling naga v0.20.0
[INFO] [stderr]    Compiling bytemuck v1.16.0
[INFO] [stderr]    Compiling pod-enum v0.1.0
[INFO] [stderr]    Compiling gsim2 v2.0.0 (/opt/rustwide/workdir)
[INFO] [stdout] warning: unused macro definition: `small_vec`
[INFO] [stdout]    --> src/vec.rs:527:14
[INFO] [stdout]     |
[INFO] [stdout] 527 | macro_rules! small_vec {
[INFO] [stdout]     |              ^^^^^^^^^
[INFO] [stdout]     |
[INFO] [stdout]     = note: `#[warn(unused_macros)]` on by default
[INFO] [stdout] 
[INFO] [stdout] 
[INFO] [stdout] warning: unused import: `small_vec`
[INFO] [stdout]    --> src/vec.rs:539:16
[INFO] [stdout]     |
[INFO] [stdout] 539 | pub(crate) use small_vec;
[INFO] [stdout]     |                ^^^^^^^^^
[INFO] [stdout]     |
[INFO] [stdout]     = note: `#[warn(unused_imports)]` on by default
[INFO] [stdout] 
[INFO] [stdout] 
[INFO] [stdout] warning: method `sync_memory` is never used
[INFO] [stdout]    --> src/lib.rs:356:8
[INFO] [stdout]     |
[INFO] [stdout] 347 | impl Simulator {
[INFO] [stdout]     | -------------- method in this implementation
[INFO] [stdout] ...
[INFO] [stdout] 356 |     fn sync_memory(&mut self) {
[INFO] [stdout]     |        ^^^^^^^^^^^
[INFO] [stdout]     |
[INFO] [stdout]     = note: `#[warn(dead_code)]` on by default
[INFO] [stdout] 
[INFO] [stdout] 
[INFO] [stdout] warning: function `linked_list_iter` is never used
[INFO] [stdout]   --> src/graph.rs:52:4
[INFO] [stdout]    |
[INFO] [stdout] 52 | fn linked_list_iter<'a, T: LinkedListNode, S: BufferState>(
[INFO] [stdout]    |    ^^^^^^^^^^^^^^^^
[INFO] [stdout] 
[INFO] [stdout] 
[INFO] [stdout] warning: method `pop` is never used
[INFO] [stdout]   --> src/vec.rs:72:8
[INFO] [stdout]    |
[INFO] [stdout] 13 | impl<T, const CAP: usize> Inline<T, CAP> {
[INFO] [stdout]    | ---------------------------------------- method in this implementation
[INFO] [stdout] ...
[INFO] [stdout] 72 |     fn pop(&mut self) -> Option<T> {
[INFO] [stdout]    |        ^^^
[INFO] [stdout] 
[INFO] [stdout] 
[INFO] [stdout] warning: associated function `repeat` is never used
[INFO] [stdout]   --> src/vec.rs:99:8
[INFO] [stdout]    |
[INFO] [stdout] 83 | impl<T: Clone, const CAP: usize> Inline<T, CAP> {
[INFO] [stdout]    | ----------------------------------------------- associated function in this implementation
[INFO] [stdout] ...
[INFO] [stdout] 99 |     fn repeat(value: T, count: usize) -> Self {
[INFO] [stdout]    |        ^^^^^^
[INFO] [stdout] 
[INFO] [stdout] 
[INFO] [stdout] warning: associated items `from_inline`, `push`, and `pop` are never used
[INFO] [stdout]    --> src/vec.rs:161:15
[INFO] [stdout]     |
[INFO] [stdout] 148 | impl<T> Heap<T> {
[INFO] [stdout]     | --------------- associated items in this implementation
[INFO] [stdout] ...
[INFO] [stdout] 161 |     unsafe fn from_inline<const INLINE_CAP: usize>(
[INFO] [stdout]     |               ^^^^^^^^^^^
[INFO] [stdout] ...
[INFO] [stdout] 234 |     fn push(&mut self, value: T) {
[INFO] [stdout]     |        ^^^^
[INFO] [stdout] ...
[INFO] [stdout] 241 |     fn pop(&mut self) -> Option<T> {
[INFO] [stdout]     |        ^^^
[INFO] [stdout] 
[INFO] [stdout] 
[INFO] [stdout] warning: associated function `repeat` is never used
[INFO] [stdout]    --> src/vec.rs:257:8
[INFO] [stdout]     |
[INFO] [stdout] 249 | impl<T: Clone> Heap<T> {
[INFO] [stdout]     | ---------------------- associated function in this implementation
[INFO] [stdout] ...
[INFO] [stdout] 257 |     fn repeat(value: T, count: usize) -> Self {
[INFO] [stdout]     |        ^^^^^^
[INFO] [stdout] 
[INFO] [stdout] 
[INFO] [stdout] warning: associated items `new`, `len`, `capacity`, `push`, and `pop` are never used
[INFO] [stdout]    --> src/vec.rs:288:18
[INFO] [stdout]     |
[INFO] [stdout] 286 | impl<T, const INLINE_CAP: usize> SmallVec<T, INLINE_CAP> {
[INFO] [stdout]     | -------------------------------------------------------- associated items in this implementation
[INFO] [stdout] 287 |     #[inline]
[INFO] [stdout] 288 |     pub const fn new() -> Self {
[INFO] [stdout]     |                  ^^^
[INFO] [stdout] ...
[INFO] [stdout] 315 |     pub const fn len(&self) -> usize {
[INFO] [stdout]     |                  ^^^
[INFO] [stdout] ...
[INFO] [stdout] 329 |     pub fn capacity(&self) -> usize {
[INFO] [stdout]     |            ^^^^^^^^
[INFO] [stdout] ...
[INFO] [stdout] 337 |     pub fn push(&mut self, value: T) {
[INFO] [stdout]     |            ^^^^
[INFO] [stdout] ...
[INFO] [stdout] 357 |     pub fn pop(&mut self) -> Option<T> {
[INFO] [stdout]     |            ^^^
[INFO] [stdout] 
[INFO] [stdout] 
[INFO] [stdout] warning: associated function `repeat` is never used
[INFO] [stdout]    --> src/vec.rs:425:12
[INFO] [stdout]     |
[INFO] [stdout] 412 | impl<T: Clone, const INLINE_CAP: usize> SmallVec<T, INLINE_CAP> {
[INFO] [stdout]     | --------------------------------------------------------------- associated function in this implementation
[INFO] [stdout] ...
[INFO] [stdout] 425 |     pub fn repeat(value: T, count: usize) -> Self {
[INFO] [stdout]     |            ^^^^^^
[INFO] [stdout] 
[INFO] [stdout] 
[INFO] [stderr]     Finished `dev` profile [unoptimized + debuginfo] target(s) in 1m 49s
[INFO] running `Command { std: "docker" "inspect" "04bd8b9c285e8593860e07c4bb9e76a7c13b24768e20e53f30359028e00b0bd4", kill_on_drop: false }`
[INFO] running `Command { std: "docker" "rm" "-f" "04bd8b9c285e8593860e07c4bb9e76a7c13b24768e20e53f30359028e00b0bd4", kill_on_drop: false }`
[INFO] [stdout] 04bd8b9c285e8593860e07c4bb9e76a7c13b24768e20e53f30359028e00b0bd4
[INFO] running `Command { std: "docker" "create" "-v" "/var/lib/crater-agent-workspace/builds/worker-4-tc1/target:/opt/rustwide/target:rw,Z" "-v" "/var/lib/crater-agent-workspace/builds/worker-4-tc1/source:/opt/rustwide/workdir:ro,Z" "-v" "/var/lib/crater-agent-workspace/cargo-home:/opt/rustwide/cargo-home:ro,Z" "-v" "/var/lib/crater-agent-workspace/rustup-home:/opt/rustwide/rustup-home:ro,Z" "-e" "SOURCE_DIR=/opt/rustwide/workdir" "-e" "CARGO_TARGET_DIR=/opt/rustwide/target" "-e" "CARGO_INCREMENTAL=0" "-e" "RUST_BACKTRACE=full" "-e" "RUSTFLAGS=--cap-lints=warn" "-e" "RUSTDOCFLAGS=--cap-lints=warn" "-e" "CARGO_HOME=/opt/rustwide/cargo-home" "-e" "RUSTUP_HOME=/opt/rustwide/rustup-home" "-w" "/opt/rustwide/workdir" "-m" "1610612736" "--user" "0:0" "--network" "none" "ghcr.io/rust-lang/crates-build-env/linux@sha256:f3a9d4ad9d972b27faf3965f35b62e55ba32bbce8f20bc8fe909558a86702fde" "/opt/rustwide/cargo-home/bin/cargo" "+1.83.0" "test" "--frozen" "--no-run" "--message-format=json", kill_on_drop: false }`
[INFO] [stdout] b21f7ae8c94a3c792640cbe220404c996814d8b0e0384ed64839fa9a201949d7
[INFO] running `Command { std: "docker" "start" "-a" "b21f7ae8c94a3c792640cbe220404c996814d8b0e0384ed64839fa9a201949d7", kill_on_drop: false }`
[INFO] [stderr]    Compiling serde v1.0.203
[INFO] [stderr]    Compiling either v1.12.0
[INFO] [stderr]    Compiling regex-syntax v0.8.3
[INFO] [stderr]    Compiling anstyle v1.0.7
[INFO] [stderr]    Compiling plotters-backend v0.3.6
[INFO] [stderr]    Compiling clap_lex v0.7.0
[INFO] [stderr]    Compiling rand_chacha v0.3.1
[INFO] [stderr]    Compiling is-terminal v0.4.12
[INFO] [stderr]    Compiling oorandom v11.1.3
[INFO] [stderr]    Compiling rand v0.8.5
[INFO] [stderr]    Compiling itertools v0.10.5
[INFO] [stderr]    Compiling clap_builder v4.5.2
[INFO] [stderr]    Compiling rayon v1.10.0
[INFO] [stderr]    Compiling plotters-svg v0.3.6
[INFO] [stderr]    Compiling plotters v0.3.6
[INFO] [stderr]    Compiling regex-automata v0.4.6
[INFO] [stderr]    Compiling criterion-plot v0.5.0
[INFO] [stderr]    Compiling clap v4.5.4
[INFO] [stderr]    Compiling regex v1.10.4
[INFO] [stderr]    Compiling serde_json v1.0.117
[INFO] [stderr]    Compiling ciborium v0.2.2
[INFO] [stderr]    Compiling tinytemplate v1.2.1
[INFO] [stderr]    Compiling criterion v0.5.1
[INFO] [stderr]    Compiling gsim2 v2.0.0 (/opt/rustwide/workdir)
[INFO] [stdout] warning: unused macro definition: `small_vec`
[INFO] [stdout]    --> src/vec.rs:527:14
[INFO] [stdout]     |
[INFO] [stdout] 527 | macro_rules! small_vec {
[INFO] [stdout]     |              ^^^^^^^^^
[INFO] [stdout]     |
[INFO] [stdout]     = note: `#[warn(unused_macros)]` on by default
[INFO] [stdout] 
[INFO] [stdout] 
[INFO] [stdout] warning: unused import: `small_vec`
[INFO] [stdout]    --> src/vec.rs:539:16
[INFO] [stdout]     |
[INFO] [stdout] 539 | pub(crate) use small_vec;
[INFO] [stdout]     |                ^^^^^^^^^
[INFO] [stdout]     |
[INFO] [stdout]     = note: `#[warn(unused_imports)]` on by default
[INFO] [stdout] 
[INFO] [stdout] 
[INFO] [stdout] warning: method `sync_memory` is never used
[INFO] [stdout]    --> src/lib.rs:356:8
[INFO] [stdout]     |
[INFO] [stdout] 347 | impl Simulator {
[INFO] [stdout]     | -------------- method in this implementation
[INFO] [stdout] ...
[INFO] [stdout] 356 |     fn sync_memory(&mut self) {
[INFO] [stdout]     |        ^^^^^^^^^^^
[INFO] [stdout]     |
[INFO] [stdout]     = note: `#[warn(dead_code)]` on by default
[INFO] [stdout] 
[INFO] [stdout] 
[INFO] [stdout] warning: function `linked_list_iter` is never used
[INFO] [stdout]   --> src/graph.rs:52:4
[INFO] [stdout]    |
[INFO] [stdout] 52 | fn linked_list_iter<'a, T: LinkedListNode, S: BufferState>(
[INFO] [stdout]    |    ^^^^^^^^^^^^^^^^
[INFO] [stdout] 
[INFO] [stdout] 
[INFO] [stdout] warning: method `pop` is never used
[INFO] [stdout]   --> src/vec.rs:72:8
[INFO] [stdout]    |
[INFO] [stdout] 13 | impl<T, const CAP: usize> Inline<T, CAP> {
[INFO] [stdout]    | ---------------------------------------- method in this implementation
[INFO] [stdout] ...
[INFO] [stdout] 72 |     fn pop(&mut self) -> Option<T> {
[INFO] [stdout]    |        ^^^
[INFO] [stdout] 
[INFO] [stdout] 
[INFO] [stdout] warning: associated function `repeat` is never used
[INFO] [stdout]   --> src/vec.rs:99:8
[INFO] [stdout]    |
[INFO] [stdout] 83 | impl<T: Clone, const CAP: usize> Inline<T, CAP> {
[INFO] [stdout]    | ----------------------------------------------- associated function in this implementation
[INFO] [stdout] ...
[INFO] [stdout] 99 |     fn repeat(value: T, count: usize) -> Self {
[INFO] [stdout]    |        ^^^^^^
[INFO] [stdout] 
[INFO] [stdout] 
[INFO] [stdout] warning: associated items `from_inline`, `push`, and `pop` are never used
[INFO] [stdout]    --> src/vec.rs:161:15
[INFO] [stdout]     |
[INFO] [stdout] 148 | impl<T> Heap<T> {
[INFO] [stdout]     | --------------- associated items in this implementation
[INFO] [stdout] ...
[INFO] [stdout] 161 |     unsafe fn from_inline<const INLINE_CAP: usize>(
[INFO] [stdout]     |               ^^^^^^^^^^^
[INFO] [stdout] ...
[INFO] [stdout] 234 |     fn push(&mut self, value: T) {
[INFO] [stdout]     |        ^^^^
[INFO] [stdout] ...
[INFO] [stdout] 241 |     fn pop(&mut self) -> Option<T> {
[INFO] [stdout]     |        ^^^
[INFO] [stdout] 
[INFO] [stdout] 
[INFO] [stdout] warning: associated function `repeat` is never used
[INFO] [stdout]    --> src/vec.rs:257:8
[INFO] [stdout]     |
[INFO] [stdout] 249 | impl<T: Clone> Heap<T> {
[INFO] [stdout]     | ---------------------- associated function in this implementation
[INFO] [stdout] ...
[INFO] [stdout] 257 |     fn repeat(value: T, count: usize) -> Self {
[INFO] [stdout]     |        ^^^^^^
[INFO] [stdout] 
[INFO] [stdout] 
[INFO] [stdout] warning: associated items `new`, `len`, `capacity`, `push`, and `pop` are never used
[INFO] [stdout]    --> src/vec.rs:288:18
[INFO] [stdout]     |
[INFO] [stdout] 286 | impl<T, const INLINE_CAP: usize> SmallVec<T, INLINE_CAP> {
[INFO] [stdout]     | -------------------------------------------------------- associated items in this implementation
[INFO] [stdout] 287 |     #[inline]
[INFO] [stdout] 288 |     pub const fn new() -> Self {
[INFO] [stdout]     |                  ^^^
[INFO] [stdout] ...
[INFO] [stdout] 315 |     pub const fn len(&self) -> usize {
[INFO] [stdout]     |                  ^^^
[INFO] [stdout] ...
[INFO] [stdout] 329 |     pub fn capacity(&self) -> usize {
[INFO] [stdout]     |            ^^^^^^^^
[INFO] [stdout] ...
[INFO] [stdout] 337 |     pub fn push(&mut self, value: T) {
[INFO] [stdout]     |            ^^^^
[INFO] [stdout] ...
[INFO] [stdout] 357 |     pub fn pop(&mut self) -> Option<T> {
[INFO] [stdout]     |            ^^^
[INFO] [stdout] 
[INFO] [stdout] 
[INFO] [stdout] warning: associated function `repeat` is never used
[INFO] [stdout]    --> src/vec.rs:425:12
[INFO] [stdout]     |
[INFO] [stdout] 412 | impl<T: Clone, const INLINE_CAP: usize> SmallVec<T, INLINE_CAP> {
[INFO] [stdout]     | --------------------------------------------------------------- associated function in this implementation
[INFO] [stdout] ...
[INFO] [stdout] 425 |     pub fn repeat(value: T, count: usize) -> Self {
[INFO] [stdout]     |            ^^^^^^
[INFO] [stdout] 
[INFO] [stdout] 
[INFO] [stdout] warning: unused macro definition: `small_vec`
[INFO] [stdout]    --> src/vec.rs:527:14
[INFO] [stdout]     |
[INFO] [stdout] 527 | macro_rules! small_vec {
[INFO] [stdout]     |              ^^^^^^^^^
[INFO] [stdout]     |
[INFO] [stdout]     = note: `#[warn(unused_macros)]` on by default
[INFO] [stdout] 
[INFO] [stdout] 
[INFO] [stdout] warning: unused import: `small_vec`
[INFO] [stdout]    --> src/vec.rs:539:16
[INFO] [stdout]     |
[INFO] [stdout] 539 | pub(crate) use small_vec;
[INFO] [stdout]     |                ^^^^^^^^^
[INFO] [stdout]     |
[INFO] [stdout]     = note: `#[warn(unused_imports)]` on by default
[INFO] [stdout] 
[INFO] [stdout] 
[INFO] [stdout] warning: method `sync_memory` is never used
[INFO] [stdout]    --> src/lib.rs:356:8
[INFO] [stdout]     |
[INFO] [stdout] 347 | impl Simulator {
[INFO] [stdout]     | -------------- method in this implementation
[INFO] [stdout] ...
[INFO] [stdout] 356 |     fn sync_memory(&mut self) {
[INFO] [stdout]     |        ^^^^^^^^^^^
[INFO] [stdout]     |
[INFO] [stdout]     = note: `#[warn(dead_code)]` on by default
[INFO] [stdout] 
[INFO] [stdout] 
[INFO] [stdout] warning: function `linked_list_iter` is never used
[INFO] [stdout]   --> src/graph.rs:52:4
[INFO] [stdout]    |
[INFO] [stdout] 52 | fn linked_list_iter<'a, T: LinkedListNode, S: BufferState>(
[INFO] [stdout]    |    ^^^^^^^^^^^^^^^^
[INFO] [stdout] 
[INFO] [stdout] 
[INFO] [stdout] warning: method `pop` is never used
[INFO] [stdout]   --> src/vec.rs:72:8
[INFO] [stdout]    |
[INFO] [stdout] 13 | impl<T, const CAP: usize> Inline<T, CAP> {
[INFO] [stdout]    | ---------------------------------------- method in this implementation
[INFO] [stdout] ...
[INFO] [stdout] 72 |     fn pop(&mut self) -> Option<T> {
[INFO] [stdout]    |        ^^^
[INFO] [stdout] 
[INFO] [stdout] 
[INFO] [stdout] warning: associated function `repeat` is never used
[INFO] [stdout]   --> src/vec.rs:99:8
[INFO] [stdout]    |
[INFO] [stdout] 83 | impl<T: Clone, const CAP: usize> Inline<T, CAP> {
[INFO] [stdout]    | ----------------------------------------------- associated function in this implementation
[INFO] [stdout] ...
[INFO] [stdout] 99 |     fn repeat(value: T, count: usize) -> Self {
[INFO] [stdout]    |        ^^^^^^
[INFO] [stdout] 
[INFO] [stdout] 
[INFO] [stdout] warning: associated items `from_inline`, `push`, and `pop` are never used
[INFO] [stdout]    --> src/vec.rs:161:15
[INFO] [stdout]     |
[INFO] [stdout] 148 | impl<T> Heap<T> {
[INFO] [stdout]     | --------------- associated items in this implementation
[INFO] [stdout] ...
[INFO] [stdout] 161 |     unsafe fn from_inline<const INLINE_CAP: usize>(
[INFO] [stdout]     |               ^^^^^^^^^^^
[INFO] [stdout] ...
[INFO] [stdout] 234 |     fn push(&mut self, value: T) {
[INFO] [stdout]     |        ^^^^
[INFO] [stdout] ...
[INFO] [stdout] 241 |     fn pop(&mut self) -> Option<T> {
[INFO] [stdout]     |        ^^^
[INFO] [stdout] 
[INFO] [stdout] 
[INFO] [stdout] warning: associated function `repeat` is never used
[INFO] [stdout]    --> src/vec.rs:257:8
[INFO] [stdout]     |
[INFO] [stdout] 249 | impl<T: Clone> Heap<T> {
[INFO] [stdout]     | ---------------------- associated function in this implementation
[INFO] [stdout] ...
[INFO] [stdout] 257 |     fn repeat(value: T, count: usize) -> Self {
[INFO] [stdout]     |        ^^^^^^
[INFO] [stdout] 
[INFO] [stdout] 
[INFO] [stdout] warning: associated items `new`, `len`, `capacity`, `push`, and `pop` are never used
[INFO] [stdout]    --> src/vec.rs:288:18
[INFO] [stdout]     |
[INFO] [stdout] 286 | impl<T, const INLINE_CAP: usize> SmallVec<T, INLINE_CAP> {
[INFO] [stdout]     | -------------------------------------------------------- associated items in this implementation
[INFO] [stdout] 287 |     #[inline]
[INFO] [stdout] 288 |     pub const fn new() -> Self {
[INFO] [stdout]     |                  ^^^
[INFO] [stdout] ...
[INFO] [stdout] 315 |     pub const fn len(&self) -> usize {
[INFO] [stdout]     |                  ^^^
[INFO] [stdout] ...
[INFO] [stdout] 329 |     pub fn capacity(&self) -> usize {
[INFO] [stdout]     |            ^^^^^^^^
[INFO] [stdout] ...
[INFO] [stdout] 337 |     pub fn push(&mut self, value: T) {
[INFO] [stdout]     |            ^^^^
[INFO] [stdout] ...
[INFO] [stdout] 357 |     pub fn pop(&mut self) -> Option<T> {
[INFO] [stdout]     |            ^^^
[INFO] [stdout] 
[INFO] [stdout] 
[INFO] [stdout] warning: associated function `repeat` is never used
[INFO] [stdout]    --> src/vec.rs:425:12
[INFO] [stdout]     |
[INFO] [stdout] 412 | impl<T: Clone, const INLINE_CAP: usize> SmallVec<T, INLINE_CAP> {
[INFO] [stdout]     | --------------------------------------------------------------- associated function in this implementation
[INFO] [stdout] ...
[INFO] [stdout] 425 |     pub fn repeat(value: T, count: usize) -> Self {
[INFO] [stdout]     |            ^^^^^^
[INFO] [stdout] 
[INFO] [stdout] 
[INFO] [stderr]     Finished `test` profile [unoptimized + debuginfo] target(s) in 39.70s
[INFO] running `Command { std: "docker" "inspect" "b21f7ae8c94a3c792640cbe220404c996814d8b0e0384ed64839fa9a201949d7", kill_on_drop: false }`
[INFO] running `Command { std: "docker" "rm" "-f" "b21f7ae8c94a3c792640cbe220404c996814d8b0e0384ed64839fa9a201949d7", kill_on_drop: false }`
[INFO] [stdout] b21f7ae8c94a3c792640cbe220404c996814d8b0e0384ed64839fa9a201949d7
[INFO] running `Command { std: "docker" "create" "-v" "/var/lib/crater-agent-workspace/builds/worker-4-tc1/target:/opt/rustwide/target:rw,Z" "-v" "/var/lib/crater-agent-workspace/builds/worker-4-tc1/source:/opt/rustwide/workdir:ro,Z" "-v" "/var/lib/crater-agent-workspace/cargo-home:/opt/rustwide/cargo-home:ro,Z" "-v" "/var/lib/crater-agent-workspace/rustup-home:/opt/rustwide/rustup-home:ro,Z" "-e" "SOURCE_DIR=/opt/rustwide/workdir" "-e" "CARGO_TARGET_DIR=/opt/rustwide/target" "-e" "CARGO_INCREMENTAL=0" "-e" "RUST_BACKTRACE=full" "-e" "RUSTFLAGS=--cap-lints=warn" "-e" "RUSTDOCFLAGS=--cap-lints=warn" "-e" "CARGO_HOME=/opt/rustwide/cargo-home" "-e" "RUSTUP_HOME=/opt/rustwide/rustup-home" "-w" "/opt/rustwide/workdir" "-m" "1610612736" "--user" "0:0" "--network" "none" "ghcr.io/rust-lang/crates-build-env/linux@sha256:f3a9d4ad9d972b27faf3965f35b62e55ba32bbce8f20bc8fe909558a86702fde" "/opt/rustwide/cargo-home/bin/cargo" "+1.83.0" "test" "--frozen", kill_on_drop: false }`
[INFO] [stdout] d32a5884e062abdb0832539312f1310e4efd3535806bd8ff81ea5e5702849129
[INFO] running `Command { std: "docker" "start" "-a" "d32a5884e062abdb0832539312f1310e4efd3535806bd8ff81ea5e5702849129", kill_on_drop: false }`
[INFO] [stderr] warning: unused macro definition: `small_vec`
[INFO] [stderr]    --> src/vec.rs:527:14
[INFO] [stderr]     |
[INFO] [stderr] 527 | macro_rules! small_vec {
[INFO] [stderr]     |              ^^^^^^^^^
[INFO] [stderr]     |
[INFO] [stderr]     = note: `#[warn(unused_macros)]` on by default
[INFO] [stderr] 
[INFO] [stderr] warning: unused import: `small_vec`
[INFO] [stderr]    --> src/vec.rs:539:16
[INFO] [stderr]     |
[INFO] [stderr] 539 | pub(crate) use small_vec;
[INFO] [stderr]     |                ^^^^^^^^^
[INFO] [stderr]     |
[INFO] [stderr]     = note: `#[warn(unused_imports)]` on by default
[INFO] [stderr] 
[INFO] [stderr] warning: method `sync_memory` is never used
[INFO] [stderr]    --> src/lib.rs:356:8
[INFO] [stderr]     |
[INFO] [stderr] 347 | impl Simulator {
[INFO] [stderr]     | -------------- method in this implementation
[INFO] [stderr] ...
[INFO] [stderr] 356 |     fn sync_memory(&mut self) {
[INFO] [stderr]     |        ^^^^^^^^^^^
[INFO] [stderr]     |
[INFO] [stderr]     = note: `#[warn(dead_code)]` on by default
[INFO] [stderr] 
[INFO] [stderr] warning: function `linked_list_iter` is never used
[INFO] [stderr]   --> src/graph.rs:52:4
[INFO] [stderr]    |
[INFO] [stderr] 52 | fn linked_list_iter<'a, T: LinkedListNode, S: BufferState>(
[INFO] [stderr]    |    ^^^^^^^^^^^^^^^^
[INFO] [stderr] 
[INFO] [stderr] warning: method `pop` is never used
[INFO] [stderr]   --> src/vec.rs:72:8
[INFO] [stderr]    |
[INFO] [stderr] 13 | impl<T, const CAP: usize> Inline<T, CAP> {
[INFO] [stderr]    | ---------------------------------------- method in this implementation
[INFO] [stderr] ...
[INFO] [stderr] 72 |     fn pop(&mut self) -> Option<T> {
[INFO] [stderr]    |        ^^^
[INFO] [stderr] 
[INFO] [stderr] warning: associated function `repeat` is never used
[INFO] [stderr]   --> src/vec.rs:99:8
[INFO] [stderr]    |
[INFO] [stderr] 83 | impl<T: Clone, const CAP: usize> Inline<T, CAP> {
[INFO] [stderr]    | ----------------------------------------------- associated function in this implementation
[INFO] [stderr] ...
[INFO] [stderr] 99 |     fn repeat(value: T, count: usize) -> Self {
[INFO] [stderr]    |        ^^^^^^
[INFO] [stderr] 
[INFO] [stderr] warning: associated items `from_inline`, `push`, and `pop` are never used
[INFO] [stderr]    --> src/vec.rs:161:15
[INFO] [stderr]     |
[INFO] [stderr] 148 | impl<T> Heap<T> {
[INFO] [stderr]     | --------------- associated items in this implementation
[INFO] [stderr] ...
[INFO] [stderr] 161 |     unsafe fn from_inline<const INLINE_CAP: usize>(
[INFO] [stderr]     |               ^^^^^^^^^^^
[INFO] [stderr] ...
[INFO] [stderr] 234 |     fn push(&mut self, value: T) {
[INFO] [stderr]     |        ^^^^
[INFO] [stderr] ...
[INFO] [stderr] 241 |     fn pop(&mut self) -> Option<T> {
[INFO] [stderr]     |        ^^^
[INFO] [stderr] 
[INFO] [stderr] warning: associated function `repeat` is never used
[INFO] [stderr]    --> src/vec.rs:257:8
[INFO] [stderr]     |
[INFO] [stderr] 249 | impl<T: Clone> Heap<T> {
[INFO] [stderr]     | ---------------------- associated function in this implementation
[INFO] [stderr] ...
[INFO] [stderr] 257 |     fn repeat(value: T, count: usize) -> Self {
[INFO] [stderr]     |        ^^^^^^
[INFO] [stderr] 
[INFO] [stderr] warning: associated items `new`, `len`, `capacity`, `push`, and `pop` are never used
[INFO] [stderr]    --> src/vec.rs:288:18
[INFO] [stderr]     |
[INFO] [stderr] 286 | impl<T, const INLINE_CAP: usize> SmallVec<T, INLINE_CAP> {
[INFO] [stderr]     | -------------------------------------------------------- associated items in this implementation
[INFO] [stderr] 287 |     #[inline]
[INFO] [stderr] 288 |     pub const fn new() -> Self {
[INFO] [stderr]     |                  ^^^
[INFO] [stderr] ...
[INFO] [stderr] 315 |     pub const fn len(&self) -> usize {
[INFO] [stderr]     |                  ^^^
[INFO] [stderr] ...
[INFO] [stderr] 329 |     pub fn capacity(&self) -> usize {
[INFO] [stderr]     |            ^^^^^^^^
[INFO] [stderr] ...
[INFO] [stderr] 337 |     pub fn push(&mut self, value: T) {
[INFO] [stderr]     |            ^^^^
[INFO] [stderr] ...
[INFO] [stderr] 357 |     pub fn pop(&mut self) -> Option<T> {
[INFO] [stderr]     |            ^^^
[INFO] [stderr] 
[INFO] [stderr] warning: associated function `repeat` is never used
[INFO] [stderr]    --> src/vec.rs:425:12
[INFO] [stderr]     |
[INFO] [stderr] 412 | impl<T: Clone, const INLINE_CAP: usize> SmallVec<T, INLINE_CAP> {
[INFO] [stderr]     | --------------------------------------------------------------- associated function in this implementation
[INFO] [stderr] ...
[INFO] [stderr] 425 |     pub fn repeat(value: T, count: usize) -> Self {
[INFO] [stderr]     |            ^^^^^^
[INFO] [stderr] 
[INFO] [stderr] warning: `gsim2` (lib) generated 10 warnings (run `cargo fix --lib -p gsim2` to apply 1 suggestion)
[INFO] [stderr] warning: `gsim2` (lib test) generated 10 warnings (10 duplicates)
[INFO] [stderr]     Finished `test` profile [unoptimized + debuginfo] target(s) in 0.30s
[INFO] [stderr]      Running unittests src/lib.rs (/opt/rustwide/target/debug/deps/gsim2-f4095c7aaefcc088)
[INFO] [stdout] 
[INFO] [stdout] running 17 tests
[INFO] [stderr] error: XDG_RUNTIME_DIR not set in the environment.
[INFO] [stderr] error: XDG_RUNTIME_DIR not set in the environment.
[INFO] [stderr] error: XDG_RUNTIME_DIR not set in the environment.
[INFO] [stderr] error: XDG_RUNTIME_DIR not set in the environment.
[INFO] [stdout] test test::component::neg ... ok
[INFO] [stdout] test test::component::not_gate ... ok
[INFO] [stdout] test test::component::add ... ok
[INFO] [stdout] test test::component::sub ... ok
[INFO] [stdout] test test::component::and_gate ... ok
[INFO] [stdout] test test::component::nor_gate ... ok
[INFO] [stdout] test test::component::nand_gate ... ok
[INFO] [stdout] test test::component::buffer ... ok
[INFO] [stdout] test test::component::or_gate ... ok
[INFO] [stdout] test test::component::xor_gate ... ok
[INFO] [stdout] test test::component::xnor_gate ... ok
[INFO] [stdout] test test::component::wide_and_gate ... ok
[INFO] [stdout] test test::component::wide_nand_gate ... ok
[INFO] [stdout] test test::component::wide_nor_gate ... ok
[INFO] [stdout] test test::component::wide_or_gate ... ok
[INFO] [stdout] test test::component::wide_xor_gate ... ok
[INFO] [stdout] test test::component::wide_xnor_gate ... ok
[INFO] [stdout] 
[INFO] [stdout] test result: ok. 17 passed; 0 failed; 0 ignored; 0 measured; 0 filtered out; finished in 18.87s
[INFO] [stdout] 
[INFO] [stderr]    Doc-tests gsim2
[INFO] [stdout] 
[INFO] [stdout] running 5 tests
[INFO] [stdout] test src/logic.rs - logic::LogicState::to_bool (line 490) ... FAILED
[INFO] [stdout] test src/logic.rs - logic::LogicState::parse (line 422) ... ok
[INFO] [stdout] test src/logic.rs - logic::LogicState::from_bits (line 373) ... ok
[INFO] [stdout] test src/logic.rs - logic::LogicState::to_int (line 466) ... ok
[INFO] [stdout] test src/logic.rs - logic::bits (line 650) ... ok
[INFO] [stdout] 
[INFO] [stdout] failures:
[INFO] [stdout] 
[INFO] [stdout] ---- src/logic.rs - logic::LogicState::to_bool (line 490) stdout ----
[INFO] [stdout] error: linking with `cc` failed: exit status: 1
[INFO] [stdout]   |
[INFO] [stdout]   = note: LC_ALL="C" PATH="/opt/rustwide/rustup-home/toolchains/1.83.0-x86_64-unknown-linux-gnu/lib/rustlib/x86_64-unknown-linux-gnu/bin:/opt/rustwide/cargo-home/bin:/usr/local/sbin:/usr/local/bin:/usr/sbin:/usr/bin:/sbin:/bin" VSLANG="1033" "cc" "-m64" "/tmp/rustcvYRS3f/symbols.o" "/tmp/rustdoctestZnyQyJ/rust_out.rust_out.cb03291d53e4e161-cgu.0.rcgu.o" "/tmp/rustdoctestZnyQyJ/rust_out.1s7umcihpz0t7nkz1uc2ifee9.rcgu.o" "-Wl,--as-needed" "-Wl,-Bstatic" "/opt/rustwide/target/debug/deps/libgsim2.rlib" "/opt/rustwide/target/debug/deps/libpollster-928a79514b39e8b6.rlib" "/opt/rustwide/target/debug/deps/libconst_format-601ec86b62a44894.rlib" "/opt/rustwide/target/debug/deps/libserde-1bad760f7e405054.rlib" "/opt/rustwide/target/debug/deps/libpod_enum-dcb6f75a85b5be48.rlib" "/opt/rustwide/target/debug/deps/libwgpu-37388b101e352d4b.rlib" "/opt/rustwide/target/debug/deps/libstatic_assertions-3e50e277f96a204d.rlib" "/opt/rustwide/target/debug/deps/libwgpu_core-7aab216a193778ff.rlib" "/opt/rustwide/target/debug/deps/libwgpu_hal-9b7216eceaa765cf.rlib" "/opt/rustwide/target/debug/deps/librenderdoc_sys-f0048d78dc62e4d6.rlib" "/opt/rustwide/target/debug/deps/libgpu_descriptor-6d0f9cfabe7c611a.rlib" "/opt/rustwide/target/debug/deps/libgpu_descriptor_types-6029100187eefbd1.rlib" "/opt/rustwide/target/debug/deps/libkhronos_egl-4bf335bc5904301c.rlib" "/opt/rustwide/target/debug/deps/liblibloading-0fa8aa89118dc8be.rlib" "/opt/rustwide/target/debug/deps/libprofiling-1ed695808fae129d.rlib" "/opt/rustwide/target/debug/deps/libgpu_alloc-1c9970d762c852cc.rlib" "/opt/rustwide/target/debug/deps/libgpu_alloc_types-d2ddfec6dcb10615.rlib" "/opt/rustwide/target/debug/deps/libash-3016a7db9d2c1e5b.rlib" "/opt/rustwide/target/debug/deps/liblibloading-92856d37bd44a65e.rlib" "/opt/rustwide/target/debug/deps/libnaga-9903634ea666b4e6.rlib" "/opt/rustwide/target/debug/deps/librustc_hash-c9f1ca6ac0c62e13.rlib" "/opt/rustwide/target/debug/deps/libhexf_parse-e37f3875ce9129ee.rlib" "/opt/rustwide/target/debug/deps/libunicode_xid-1ab86bd90447f4f9.rlib" "/opt/rustwide/target/debug/deps/libindexmap-a400b6943700d602.rlib" "/opt/rustwide/target/debug/deps/libequivalent-4d5cfde55792e26d.rlib" "/opt/rustwide/target/debug/deps/libhashbrown-3d13bb6b853ab7d3.rlib" "/opt/rustwide/target/debug/deps/libahash-451af525c961e166.rlib" "/opt/rustwide/target/debug/deps/libzerocopy-1c4b1206b6d66388.rlib" "/opt/rustwide/target/debug/deps/liballocator_api2-4a565f1f81f969a3.rlib" "/opt/rustwide/target/debug/deps/liblog-bd1ea87464e2b14f.rlib" "/opt/rustwide/target/debug/deps/libcodespan_reporting-e5f161807c3e08ec.rlib" "/opt/rustwide/target/debug/deps/libunicode_width-f0d2d3a773aceb6a.rlib" "/opt/rustwide/target/debug/deps/libtermcolor-943bee2709ee6353.rlib" "/opt/rustwide/target/debug/deps/libspirv-19bf3050ace38140.rlib" "/opt/rustwide/target/debug/deps/libbit_set-6def3683a9c6b4fc.rlib" "/opt/rustwide/target/debug/deps/libbit_vec-2f192bc27f105562.rlib" "/opt/rustwide/target/debug/deps/libwgpu_types-147e6704e37cac63.rlib" "/opt/rustwide/target/debug/deps/libbitflags-e7aaee72c7192c79.rlib" "/opt/rustwide/target/debug/deps/libraw_window_handle-fbb6850469896c24.rlib" "/opt/rustwide/target/debug/deps/libonce_cell-dd4734ba15c3811e.rlib" "/opt/rustwide/target/debug/deps/libglow-d6a46464aaf0a52d.rlib" "/opt/rustwide/target/debug/deps/libthiserror-af232f684cffebbb.rlib" "/opt/rustwide/target/debug/deps/libparking_lot-a4c2db8739feab4e.rlib" "/opt/rustwide/target/debug/deps/libparking_lot_core-a10cd910226c9b70.rlib" "/opt/rustwide/target/debug/deps/liblibc-d396a477bbc82a4b.rlib" "/opt/rustwide/target/debug/deps/libcfg_if-8217498f8667ada9.rlib" "/opt/rustwide/target/debug/deps/libsmallvec-5687624699b219e8.rlib" "/opt/rustwide/target/debug/deps/liblock_api-551bf13f782a2aa5.rlib" "/opt/rustwide/target/debug/deps/libscopeguard-d59b845c07f126eb.rlib" "/opt/rustwide/target/debug/deps/libarrayvec-db569da79c49d3b2.rlib" "/opt/rustwide/target/debug/deps/libbytemuck-3cb31f8f73fcf0a3.rlib" "/opt/rustwide/rustup-home/toolchains/1.83.0-x86_64-unknown-linux-gnu/lib/rustlib/x86_64-unknown-linux-gnu/lib/libstd-ca74a2d9c5166d9f.rlib" "/opt/rustwide/rustup-home/toolchains/1.83.0-x86_64-unknown-linux-gnu/lib/rustlib/x86_64-unknown-linux-gnu/lib/libpanic_unwind-e31ab23316ed5080.rlib" "/opt/rustwide/rustup-home/toolchains/1.83.0-x86_64-unknown-linux-gnu/lib/rustlib/x86_64-unknown-linux-gnu/lib/libobject-27dc4aa955912662.rlib" "/opt/rustwide/rustup-home/toolchains/1.83.0-x86_64-unknown-linux-gnu/lib/rustlib/x86_64-unknown-linux-gnu/lib/libmemchr-bd0d6cccce077b99.rlib" "/opt/rustwide/rustup-home/toolchains/1.83.0-x86_64-unknown-linux-gnu/lib/rustlib/x86_64-unknown-linux-gnu/lib/libaddr2line-8d001680935b5e3c.rlib" "/opt/rustwide/rustup-home/toolchains/1.83.0-x86_64-unknown-linux-gnu/lib/rustlib/x86_64-unknown-linux-gnu/lib/libgimli-ba8ce71964f984f4.rlib" "/opt/rustwide/rustup-home/toolchains/1.83.0-x86_64-unknown-linux-gnu/lib/rustlib/x86_64-unknown-linux-gnu/lib/librustc_demangle-99a73526abcec14b.rlib" "/opt/rustwide/rustup-home/toolchains/1.83.0-x86_64-unknown-linux-gnu/lib/rustlib/x86_64-unknown-linux-gnu/lib/libstd_detect-63ac0d22cff92579.rlib" "/opt/rustwide/rustup-home/toolchains/1.83.0-x86_64-unknown-linux-gnu/lib/rustlib/x86_64-unknown-linux-gnu/lib/libhashbrown-9057355c92c922d5.rlib" "/opt/rustwide/rustup-home/toolchains/1.83.0-x86_64-unknown-linux-gnu/lib/rustlib/x86_64-unknown-linux-gnu/lib/librustc_std_workspace_alloc-358be9bc1f6bab04.rlib" "/opt/rustwide/rustup-home/toolchains/1.83.0-x86_64-unknown-linux-gnu/lib/rustlib/x86_64-unknown-linux-gnu/lib/libminiz_oxide-aca15549d5bff974.rlib" "/opt/rustwide/rustup-home/toolchains/1.83.0-x86_64-unknown-linux-gnu/lib/rustlib/x86_64-unknown-linux-gnu/lib/libadler-8251d2cef7072448.rlib" "/opt/rustwide/rustup-home/toolchains/1.83.0-x86_64-unknown-linux-gnu/lib/rustlib/x86_64-unknown-linux-gnu/lib/libunwind-7d50b86011c66411.rlib" "/opt/rustwide/rustup-home/toolchains/1.83.0-x86_64-unknown-linux-gnu/lib/rustlib/x86_64-unknown-linux-gnu/lib/libcfg_if-51ea098fce5006bf.rlib" "/opt/rustwide/rustup-home/toolchains/1.83.0-x86_64-unknown-linux-gnu/lib/rustlib/x86_64-unknown-linux-gnu/lib/liblibc-5a14e0d0b712e731.rlib" "/opt/rustwide/rustup-home/toolchains/1.83.0-x86_64-unknown-linux-gnu/lib/rustlib/x86_64-unknown-linux-gnu/lib/liballoc-8b83dbf3a7b8f999.rlib" "/opt/rustwide/rustup-home/toolchains/1.83.0-x86_64-unknown-linux-gnu/lib/rustlib/x86_64-unknown-linux-gnu/lib/librustc_std_workspace_core-c6fd227bdc7b39ff.rlib" "/opt/rustwide/rustup-home/toolchains/1.83.0-x86_64-unknown-linux-gnu/lib/rustlib/x86_64-unknown-linux-gnu/lib/libcore-959d3389fa3da8a5.rlib" "/opt/rustwide/rustup-home/toolchains/1.83.0-x86_64-unknown-linux-gnu/lib/rustlib/x86_64-unknown-linux-gnu/lib/libcompiler_builtins-abe05db089cc2c62.rlib" "-Wl,-Bdynamic" "-ldl" "-ldl" "-lgcc_s" "-lutil" "-lrt" "-lpthread" "-lm" "-ldl" "-lc" "-Wl,--eh-frame-hdr" "-Wl,-z,noexecstack" "-L" "/opt/rustwide/rustup-home/toolchains/1.83.0-x86_64-unknown-linux-gnu/lib/rustlib/x86_64-unknown-linux-gnu/lib" "-o" "/tmp/rustdoctestZnyQyJ/rust_out" "-Wl,--gc-sections" "-pie" "-Wl,-z,relro,-z,now" "-nodefaultlibs"
[INFO] [stdout]   = note: collect2: fatal error: ld terminated with signal 9 [Killed]
[INFO] [stdout]           compilation terminated.
[INFO] [stdout]           
[INFO] [stdout] 
[INFO] [stdout] error: aborting due to 1 previous error
[INFO] [stdout] 
[INFO] [stdout] Couldn't compile the test.
[INFO] [stdout] 
[INFO] [stdout] failures:
[INFO] [stdout]     src/logic.rs - logic::LogicState::to_bool (line 490)
[INFO] [stdout] 
[INFO] [stdout] test result: FAILED. 4 passed; 1 failed; 0 ignored; 0 measured; 0 filtered out; finished in 10.83s
[INFO] [stdout] 
[INFO] [stderr] error: doctest failed, to rerun pass `--doc`
[INFO] running `Command { std: "docker" "inspect" "d32a5884e062abdb0832539312f1310e4efd3535806bd8ff81ea5e5702849129", kill_on_drop: false }`
[INFO] running `Command { std: "docker" "rm" "-f" "d32a5884e062abdb0832539312f1310e4efd3535806bd8ff81ea5e5702849129", kill_on_drop: false }`
[INFO] [stdout] d32a5884e062abdb0832539312f1310e4efd3535806bd8ff81ea5e5702849129
