[INFO] cloning repository https://github.com/ArchUsr64/cpu_emu
[INFO] running `Command { std: "git" "-c" "credential.helper=" "-c" "credential.helper=/workspace/cargo-home/bin/git-credential-null" "clone" "--bare" "https://github.com/ArchUsr64/cpu_emu" "/workspace/cache/git-repos/https%3A%2F%2Fgithub.com%2FArchUsr64%2Fcpu_emu", kill_on_drop: false }`
[INFO] [stderr] Cloning into bare repository '/workspace/cache/git-repos/https%3A%2F%2Fgithub.com%2FArchUsr64%2Fcpu_emu'...
[INFO] running `Command { std: "git" "rev-parse" "HEAD", kill_on_drop: false }`
[INFO] [stdout] a210a1f7c826aff66d11ee1ab5ee51f556e7d48c
[INFO] testing ArchUsr64/cpu_emu against 1.83.0 for beta-1.84.0-4-retry
[INFO] running `Command { std: "git" "clone" "/workspace/cache/git-repos/https%3A%2F%2Fgithub.com%2FArchUsr64%2Fcpu_emu" "/workspace/builds/worker-6-tc1/source", kill_on_drop: false }`
[INFO] [stderr] Cloning into '/workspace/builds/worker-6-tc1/source'...
[INFO] [stderr] done.
[INFO] validating manifest of git repo https://github.com/ArchUsr64/cpu_emu on toolchain 1.83.0
[INFO] running `Command { std: CARGO_HOME="/workspace/cargo-home" RUSTUP_HOME="/workspace/rustup-home" "/workspace/cargo-home/bin/cargo" "+1.83.0" "metadata" "--manifest-path" "Cargo.toml" "--no-deps", kill_on_drop: false }`
[INFO] started tweaking git repo https://github.com/ArchUsr64/cpu_emu
[INFO] finished tweaking git repo https://github.com/ArchUsr64/cpu_emu
[INFO] tweaked toml for git repo https://github.com/ArchUsr64/cpu_emu written to /workspace/builds/worker-6-tc1/source/Cargo.toml
[INFO] crate git repo https://github.com/ArchUsr64/cpu_emu already has a lockfile, it will not be regenerated
[INFO] running `Command { std: CARGO_HOME="/workspace/cargo-home" RUSTUP_HOME="/workspace/rustup-home" "/workspace/cargo-home/bin/cargo" "+1.83.0" "fetch" "--manifest-path" "Cargo.toml", kill_on_drop: false }`
[INFO] [stderr]     Updating crates.io index
[INFO] [stderr]  Downloading crates ...
[INFO] [stderr]   Downloaded int-enum v0.4.0
[INFO] [stderr]   Downloaded int-enum-impl v0.4.0
[INFO] [stderr]   Downloaded serde v1.0.143
[INFO] [stderr]   Downloaded json v0.12.4
[INFO] [stderr]   Downloaded libc v0.2.131
[INFO] running `Command { std: "docker" "create" "-v" "/var/lib/crater-agent-workspace/builds/worker-6-tc1/target:/opt/rustwide/target:rw,Z" "-v" "/var/lib/crater-agent-workspace/builds/worker-6-tc1/source:/opt/rustwide/workdir:ro,Z" "-v" "/var/lib/crater-agent-workspace/cargo-home:/opt/rustwide/cargo-home:ro,Z" "-v" "/var/lib/crater-agent-workspace/rustup-home:/opt/rustwide/rustup-home:ro,Z" "-e" "SOURCE_DIR=/opt/rustwide/workdir" "-e" "CARGO_TARGET_DIR=/opt/rustwide/target" "-e" "CARGO_HOME=/opt/rustwide/cargo-home" "-e" "RUSTUP_HOME=/opt/rustwide/rustup-home" "-w" "/opt/rustwide/workdir" "-m" "1610612736" "--user" "0:0" "--network" "none" "ghcr.io/rust-lang/crates-build-env/linux@sha256:f3a9d4ad9d972b27faf3965f35b62e55ba32bbce8f20bc8fe909558a86702fde" "/opt/rustwide/cargo-home/bin/cargo" "+1.83.0" "metadata" "--no-deps" "--format-version=1", kill_on_drop: false }`
[INFO] [stdout] b17f5072c266f893aaf78f27277a44cdf0df0c9222849b85471ff3cf1636e59b
[INFO] running `Command { std: "docker" "start" "-a" "b17f5072c266f893aaf78f27277a44cdf0df0c9222849b85471ff3cf1636e59b", kill_on_drop: false }`
[INFO] running `Command { std: "docker" "inspect" "b17f5072c266f893aaf78f27277a44cdf0df0c9222849b85471ff3cf1636e59b", kill_on_drop: false }`
[INFO] running `Command { std: "docker" "rm" "-f" "b17f5072c266f893aaf78f27277a44cdf0df0c9222849b85471ff3cf1636e59b", kill_on_drop: false }`
[INFO] [stdout] b17f5072c266f893aaf78f27277a44cdf0df0c9222849b85471ff3cf1636e59b
[INFO] running `Command { std: "docker" "create" "-v" "/var/lib/crater-agent-workspace/builds/worker-6-tc1/target:/opt/rustwide/target:rw,Z" "-v" "/var/lib/crater-agent-workspace/builds/worker-6-tc1/source:/opt/rustwide/workdir:ro,Z" "-v" "/var/lib/crater-agent-workspace/cargo-home:/opt/rustwide/cargo-home:ro,Z" "-v" "/var/lib/crater-agent-workspace/rustup-home:/opt/rustwide/rustup-home:ro,Z" "-e" "SOURCE_DIR=/opt/rustwide/workdir" "-e" "CARGO_TARGET_DIR=/opt/rustwide/target" "-e" "CARGO_INCREMENTAL=0" "-e" "RUST_BACKTRACE=full" "-e" "RUSTFLAGS=--cap-lints=warn" "-e" "RUSTDOCFLAGS=--cap-lints=warn" "-e" "CARGO_HOME=/opt/rustwide/cargo-home" "-e" "RUSTUP_HOME=/opt/rustwide/rustup-home" "-w" "/opt/rustwide/workdir" "-m" "1610612736" "--user" "0:0" "--network" "none" "ghcr.io/rust-lang/crates-build-env/linux@sha256:f3a9d4ad9d972b27faf3965f35b62e55ba32bbce8f20bc8fe909558a86702fde" "/opt/rustwide/cargo-home/bin/cargo" "+1.83.0" "build" "--frozen" "--message-format=json", kill_on_drop: false }`
[INFO] [stdout] 78fa3953c284c7e28df4ecdafdf4b05d6c56aabec0fdc624db931fd977783691
[INFO] running `Command { std: "docker" "start" "-a" "78fa3953c284c7e28df4ecdafdf4b05d6c56aabec0fdc624db931fd977783691", kill_on_drop: false }`
[INFO] [stderr]    Compiling proc-macro2 v1.0.43
[INFO] [stderr]    Compiling serde v1.0.143
[INFO] [stderr]    Compiling quote v1.0.21
[INFO] [stderr]    Compiling unicode-ident v1.0.3
[INFO] [stderr]    Compiling syn v1.0.99
[INFO] [stderr]    Compiling libc v0.2.131
[INFO] [stderr]    Compiling bitflags v1.3.2
[INFO] [stderr]    Compiling cfg-if v0.1.10
[INFO] [stderr]    Compiling json v0.12.4
[INFO] [stderr]    Compiling nix v0.24.2
[INFO] [stderr]    Compiling ctrlc v3.2.2
[INFO] [stderr]    Compiling toml v0.5.9
[INFO] [stderr]    Compiling proc-macro-crate v0.1.5
[INFO] [stderr]    Compiling int-enum-impl v0.4.0
[INFO] [stderr]    Compiling int-enum v0.4.0
[INFO] [stderr]    Compiling cpu_emu v0.1.0 (/opt/rustwide/workdir)
[INFO] [stdout] warning: non-local `impl` definition, `impl` blocks should be written at the same level as their item
[INFO] [stdout]  --> src/central_processor.rs:7:23
[INFO] [stdout]   |
[INFO] [stdout] 7 | #[derive(Clone, Copy, IntEnum)]
[INFO] [stdout]   |                       ^------
[INFO] [stdout]   |                       |
[INFO] [stdout]   |                       `IntEnum` is not local
[INFO] [stdout]   |                       move the `impl` block outside of this constant `_IMPL_IntEnum_FOR_CPUOperation`
[INFO] [stdout] 8 | pub enum CPUOperation {
[INFO] [stdout]   |          ------------ `CPUOperation` is not local
[INFO] [stdout]   |
[INFO] [stdout]   = note: the derive macro `IntEnum` defines the non-local `impl`, and may need to be changed
[INFO] [stdout]   = note: the derive macro `IntEnum` may come from an old version of the `int_enum_impl` crate, try updating your dependency with `cargo update -p int_enum_impl`
[INFO] [stdout]   = note: an `impl` is never scoped, even when it is nested inside an item, as it may impact type checking outside of that item, which can be the case if neither the trait or the self type are at the same nesting level as the `impl`
[INFO] [stdout]   = note: items in an anonymous const item (`const _: () = { ... }`) are treated as in the same scope as the anonymous const's declaration for the purpose of this lint
[INFO] [stdout]   = note: `#[warn(non_local_definitions)]` on by default
[INFO] [stdout]   = note: this warning originates in the derive macro `IntEnum` (in Nightly builds, run with -Z macro-backtrace for more info)
[INFO] [stdout] 
[INFO] [stdout] 
[INFO] [stderr]     Finished `dev` profile [unoptimized + debuginfo] target(s) in 15.91s
[INFO] running `Command { std: "docker" "inspect" "78fa3953c284c7e28df4ecdafdf4b05d6c56aabec0fdc624db931fd977783691", kill_on_drop: false }`
[INFO] running `Command { std: "docker" "rm" "-f" "78fa3953c284c7e28df4ecdafdf4b05d6c56aabec0fdc624db931fd977783691", kill_on_drop: false }`
[INFO] [stdout] 78fa3953c284c7e28df4ecdafdf4b05d6c56aabec0fdc624db931fd977783691
[INFO] running `Command { std: "docker" "create" "-v" "/var/lib/crater-agent-workspace/builds/worker-6-tc1/target:/opt/rustwide/target:rw,Z" "-v" "/var/lib/crater-agent-workspace/builds/worker-6-tc1/source:/opt/rustwide/workdir:ro,Z" "-v" "/var/lib/crater-agent-workspace/cargo-home:/opt/rustwide/cargo-home:ro,Z" "-v" "/var/lib/crater-agent-workspace/rustup-home:/opt/rustwide/rustup-home:ro,Z" "-e" "SOURCE_DIR=/opt/rustwide/workdir" "-e" "CARGO_TARGET_DIR=/opt/rustwide/target" "-e" "CARGO_INCREMENTAL=0" "-e" "RUST_BACKTRACE=full" "-e" "RUSTFLAGS=--cap-lints=warn" "-e" "RUSTDOCFLAGS=--cap-lints=warn" "-e" "CARGO_HOME=/opt/rustwide/cargo-home" "-e" "RUSTUP_HOME=/opt/rustwide/rustup-home" "-w" "/opt/rustwide/workdir" "-m" "1610612736" "--user" "0:0" "--network" "none" "ghcr.io/rust-lang/crates-build-env/linux@sha256:f3a9d4ad9d972b27faf3965f35b62e55ba32bbce8f20bc8fe909558a86702fde" "/opt/rustwide/cargo-home/bin/cargo" "+1.83.0" "test" "--frozen" "--no-run" "--message-format=json", kill_on_drop: false }`
[INFO] [stdout] 5b568eaae367d63b4550796adcad02dad057c0572688a10c1c36b9b14bfb51ea
[INFO] running `Command { std: "docker" "start" "-a" "5b568eaae367d63b4550796adcad02dad057c0572688a10c1c36b9b14bfb51ea", kill_on_drop: false }`
[INFO] [stderr]    Compiling cpu_emu v0.1.0 (/opt/rustwide/workdir)
[INFO] [stdout] warning: non-local `impl` definition, `impl` blocks should be written at the same level as their item
[INFO] [stdout]  --> src/central_processor.rs:7:23
[INFO] [stdout]   |
[INFO] [stdout] 7 | #[derive(Clone, Copy, IntEnum)]
[INFO] [stdout]   |                       ^------
[INFO] [stdout]   |                       |
[INFO] [stdout]   |                       `IntEnum` is not local
[INFO] [stdout]   |                       move the `impl` block outside of this constant `_IMPL_IntEnum_FOR_CPUOperation`
[INFO] [stdout] 8 | pub enum CPUOperation {
[INFO] [stdout]   |          ------------ `CPUOperation` is not local
[INFO] [stdout]   |
[INFO] [stdout]   = note: the derive macro `IntEnum` defines the non-local `impl`, and may need to be changed
[INFO] [stdout]   = note: the derive macro `IntEnum` may come from an old version of the `int_enum_impl` crate, try updating your dependency with `cargo update -p int_enum_impl`
[INFO] [stdout]   = note: an `impl` is never scoped, even when it is nested inside an item, as it may impact type checking outside of that item, which can be the case if neither the trait or the self type are at the same nesting level as the `impl`
[INFO] [stdout]   = note: items in an anonymous const item (`const _: () = { ... }`) are treated as in the same scope as the anonymous const's declaration for the purpose of this lint
[INFO] [stdout]   = note: `#[warn(non_local_definitions)]` on by default
[INFO] [stdout]   = note: this warning originates in the derive macro `IntEnum` (in Nightly builds, run with -Z macro-backtrace for more info)
[INFO] [stdout] 
[INFO] [stdout] 
[INFO] [stderr]     Finished `test` profile [unoptimized + debuginfo] target(s) in 0.68s
[INFO] running `Command { std: "docker" "inspect" "5b568eaae367d63b4550796adcad02dad057c0572688a10c1c36b9b14bfb51ea", kill_on_drop: false }`
[INFO] running `Command { std: "docker" "rm" "-f" "5b568eaae367d63b4550796adcad02dad057c0572688a10c1c36b9b14bfb51ea", kill_on_drop: false }`
[INFO] [stdout] 5b568eaae367d63b4550796adcad02dad057c0572688a10c1c36b9b14bfb51ea
[INFO] running `Command { std: "docker" "create" "-v" "/var/lib/crater-agent-workspace/builds/worker-6-tc1/target:/opt/rustwide/target:rw,Z" "-v" "/var/lib/crater-agent-workspace/builds/worker-6-tc1/source:/opt/rustwide/workdir:ro,Z" "-v" "/var/lib/crater-agent-workspace/cargo-home:/opt/rustwide/cargo-home:ro,Z" "-v" "/var/lib/crater-agent-workspace/rustup-home:/opt/rustwide/rustup-home:ro,Z" "-e" "SOURCE_DIR=/opt/rustwide/workdir" "-e" "CARGO_TARGET_DIR=/opt/rustwide/target" "-e" "CARGO_INCREMENTAL=0" "-e" "RUST_BACKTRACE=full" "-e" "RUSTFLAGS=--cap-lints=warn" "-e" "RUSTDOCFLAGS=--cap-lints=warn" "-e" "CARGO_HOME=/opt/rustwide/cargo-home" "-e" "RUSTUP_HOME=/opt/rustwide/rustup-home" "-w" "/opt/rustwide/workdir" "-m" "1610612736" "--user" "0:0" "--network" "none" "ghcr.io/rust-lang/crates-build-env/linux@sha256:f3a9d4ad9d972b27faf3965f35b62e55ba32bbce8f20bc8fe909558a86702fde" "/opt/rustwide/cargo-home/bin/cargo" "+1.83.0" "test" "--frozen", kill_on_drop: false }`
[INFO] [stdout] e2cd07c71809c291820822fb05cdd8b5ebb3556886872045cd90442b92e806ea
[INFO] running `Command { std: "docker" "start" "-a" "e2cd07c71809c291820822fb05cdd8b5ebb3556886872045cd90442b92e806ea", kill_on_drop: false }`
[INFO] [stderr] warning: non-local `impl` definition, `impl` blocks should be written at the same level as their item
[INFO] [stderr]  --> src/central_processor.rs:7:23
[INFO] [stderr]   |
[INFO] [stderr] 7 | #[derive(Clone, Copy, IntEnum)]
[INFO] [stderr]   |                       ^------
[INFO] [stderr]   |                       |
[INFO] [stderr]   |                       `IntEnum` is not local
[INFO] [stderr]   |                       move the `impl` block outside of this constant `_IMPL_IntEnum_FOR_CPUOperation`
[INFO] [stderr] 8 | pub enum CPUOperation {
[INFO] [stderr]   |          ------------ `CPUOperation` is not local
[INFO] [stderr]   |
[INFO] [stderr]   = note: the derive macro `IntEnum` defines the non-local `impl`, and may need to be changed
[INFO] [stderr]   = note: the derive macro `IntEnum` may come from an old version of the `int_enum_impl` crate, try updating your dependency with `cargo update -p int_enum_impl`
[INFO] [stderr]   = note: an `impl` is never scoped, even when it is nested inside an item, as it may impact type checking outside of that item, which can be the case if neither the trait or the self type are at the same nesting level as the `impl`
[INFO] [stderr]   = note: items in an anonymous const item (`const _: () = { ... }`) are treated as in the same scope as the anonymous const's declaration for the purpose of this lint
[INFO] [stderr]   = note: `#[warn(non_local_definitions)]` on by default
[INFO] [stderr]   = note: this warning originates in the derive macro `IntEnum` (in Nightly builds, run with -Z macro-backtrace for more info)
[INFO] [stderr] 
[INFO] [stderr] warning: `cpu_emu` (bin "cpu_emu" test) generated 1 warning
[INFO] [stderr]     Finished `test` profile [unoptimized + debuginfo] target(s) in 0.03s
[INFO] [stderr]      Running unittests src/main.rs (/opt/rustwide/target/debug/deps/cpu_emu-3c9eb1a7a18520fd)
[INFO] [stdout] 
[INFO] [stdout] running 3 tests
[INFO] [stdout] test test::cpu_creation ... ok
[INFO] [stdout] test test::cpu_functional_operations ... FAILED
[INFO] [stdout] test test::cpu_memory_operations ... ok
[INFO] [stdout] 
[INFO] [stdout] failures:
[INFO] [stdout] 
[INFO] [stdout] ---- test::cpu_functional_operations stdout ----
[INFO] [stdout] [07:21:41] [DEBUG] [GPR] Value at 0x0 to '000'
[INFO] [stdout] [07:21:41] [DEBUG] [GPR] Value at 0x1 to '005'
[INFO] [stdout] [07:21:41] [DEBUG] [CPU] Ticked with instruction 0b00000001
[INFO] [stdout] [07:21:41] [DEBUG] [GPR] Value at 0x0 requested '000'
[INFO] [stdout] [07:21:41] [DEBUG] [GPR] Value at 0x1 requested '005'
[INFO] [stdout] [07:21:41] [DEBUG] [ACR] Value set to '005'
[INFO] [stdout] [07:21:41] [DEBUG] [ACR] Value requested '005'
[INFO] [stdout] [07:21:41] [DEBUG] [CPU] Ticked with instruction 0b00010001
[INFO] [stdout] [07:21:41] [DEBUG] [GPR] Value at 0x0 requested '000'
[INFO] [stdout] [07:21:41] [DEBUG] [GPR] Value at 0x1 requested '005'
[INFO] [stdout] thread 'test::cpu_functional_operations' panicked at src/central_processor.rs:39:39:
[INFO] [stdout] attempt to subtract with overflow
[INFO] [stdout] stack backtrace:
[INFO] [stdout]    0:     0x62bfad1a963a - std::backtrace_rs::backtrace::libunwind::trace::h5a5b8284f2d0c266
[INFO] [stdout]                                at /rustc/90b35a6239c3d8bdabc530a6a0816f7ff89a0aaf/library/std/src/../../backtrace/src/backtrace/libunwind.rs:116:5
[INFO] [stdout]    1:     0x62bfad1a963a - std::backtrace_rs::backtrace::trace_unsynchronized::h76d4f1c9b0b875e3
[INFO] [stdout]                                at /rustc/90b35a6239c3d8bdabc530a6a0816f7ff89a0aaf/library/std/src/../../backtrace/src/backtrace/mod.rs:66:5
[INFO] [stdout]    2:     0x62bfad1a963a - std::sys::backtrace::_print_fmt::hc4546b8364a537c6
[INFO] [stdout]                                at /rustc/90b35a6239c3d8bdabc530a6a0816f7ff89a0aaf/library/std/src/sys/backtrace.rs:66:9
[INFO] [stdout]    3:     0x62bfad1a963a - <std::sys::backtrace::BacktraceLock::print::DisplayBacktrace as core::fmt::Display>::fmt::h5b6bd5631a6d1f6b
[INFO] [stdout]                                at /rustc/90b35a6239c3d8bdabc530a6a0816f7ff89a0aaf/library/std/src/sys/backtrace.rs:39:26
[INFO] [stdout]    4:     0x62bfad1ce8c3 - core::fmt::rt::Argument::fmt::h270f6602a2b96f62
[INFO] [stdout]                                at /rustc/90b35a6239c3d8bdabc530a6a0816f7ff89a0aaf/library/core/src/fmt/rt.rs:177:76
[INFO] [stdout]    5:     0x62bfad1ce8c3 - core::fmt::write::h7550c97b06c86515
[INFO] [stdout]                                at /rustc/90b35a6239c3d8bdabc530a6a0816f7ff89a0aaf/library/core/src/fmt/mod.rs:1186:21
[INFO] [stdout]    6:     0x62bfad1a6803 - std::io::Write::write_fmt::h509ff860e5956e5e
[INFO] [stdout]                                at /rustc/90b35a6239c3d8bdabc530a6a0816f7ff89a0aaf/library/std/src/io/mod.rs:1839:15
[INFO] [stdout]    7:     0x62bfad1a9482 - std::sys::backtrace::BacktraceLock::print::h2395ccd2c84ba3aa
[INFO] [stdout]                                at /rustc/90b35a6239c3d8bdabc530a6a0816f7ff89a0aaf/library/std/src/sys/backtrace.rs:42:9
[INFO] [stdout]    8:     0x62bfad1aaa9a - std::panicking::default_hook::{{closure}}::he19d4c7230e07961
[INFO] [stdout]                                at /rustc/90b35a6239c3d8bdabc530a6a0816f7ff89a0aaf/library/std/src/panicking.rs:268:22
[INFO] [stdout]    9:     0x62bfad1aa8a4 - std::panicking::default_hook::hf614597d3c67bbdb
[INFO] [stdout]                                at /rustc/90b35a6239c3d8bdabc530a6a0816f7ff89a0aaf/library/std/src/panicking.rs:292:9
[INFO] [stdout]   10:     0x62bfad175999 - <alloc::boxed::Box<F,A> as core::ops::function::Fn<Args>>::call::h39b51ce4599c23d1
[INFO] [stdout]                                at /rustc/90b35a6239c3d8bdabc530a6a0816f7ff89a0aaf/library/alloc/src/boxed.rs:2468:9
[INFO] [stdout]   11:     0x62bfad175999 - test::test_main::{{closure}}::he977ae839a582784
[INFO] [stdout]                                at /rustc/90b35a6239c3d8bdabc530a6a0816f7ff89a0aaf/library/test/src/lib.rs:133:21
[INFO] [stdout]   12:     0x62bfad1ab138 - <alloc::boxed::Box<F,A> as core::ops::function::Fn<Args>>::call::h9455091b6b06f9fb
[INFO] [stdout]                                at /rustc/90b35a6239c3d8bdabc530a6a0816f7ff89a0aaf/library/alloc/src/boxed.rs:2468:9
[INFO] [stdout]   13:     0x62bfad1ab138 - std::panicking::rust_panic_with_hook::h8942133a8b252070
[INFO] [stdout]                                at /rustc/90b35a6239c3d8bdabc530a6a0816f7ff89a0aaf/library/std/src/panicking.rs:809:13
[INFO] [stdout]   14:     0x62bfad1aaec6 - std::panicking::begin_panic_handler::{{closure}}::hb5f5963570096b29
[INFO] [stdout]                                at /rustc/90b35a6239c3d8bdabc530a6a0816f7ff89a0aaf/library/std/src/panicking.rs:667:13
[INFO] [stdout]   15:     0x62bfad1a9b19 - std::sys::backtrace::__rust_end_short_backtrace::h6208cedc1922feda
[INFO] [stdout]                                at /rustc/90b35a6239c3d8bdabc530a6a0816f7ff89a0aaf/library/std/src/sys/backtrace.rs:170:18
[INFO] [stdout]   16:     0x62bfad1aab8c - rust_begin_unwind
[INFO] [stdout]                                at /rustc/90b35a6239c3d8bdabc530a6a0816f7ff89a0aaf/library/std/src/panicking.rs:665:5
[INFO] [stdout]   17:     0x62bfad134a60 - core::panicking::panic_fmt::h0c3082644d1bf418
[INFO] [stdout]                                at /rustc/90b35a6239c3d8bdabc530a6a0816f7ff89a0aaf/library/core/src/panicking.rs:74:14
[INFO] [stdout]   18:     0x62bfad135117 - core::panicking::panic_const::panic_const_sub_overflow::h068bbf8ea6b4f121
[INFO] [stdout]                                at /rustc/90b35a6239c3d8bdabc530a6a0816f7ff89a0aaf/library/core/src/panicking.rs:181:21
[INFO] [stdout]   19:     0x62bfad136cbe - cpu_emu::central_processor::CPUOperation::execute::h27209c44d5a59251
[INFO] [stdout]                                at /opt/rustwide/workdir/src/central_processor.rs:39:30
[INFO] [stdout]   20:     0x62bfad136f90 - cpu_emu::central_processor::CPU::tick::h3705824857397b62
[INFO] [stdout]                                at /opt/rustwide/workdir/src/central_processor.rs:90:3
[INFO] [stdout]   21:     0x62bfad13c4be - cpu_emu::test::cpu_functional_operations::he7190d3864a43568
[INFO] [stdout]                                at /opt/rustwide/workdir/src/test.rs:24:3
[INFO] [stdout]   22:     0x62bfad13c297 - cpu_emu::test::cpu_functional_operations::{{closure}}::h0f75b4c489a024ed
[INFO] [stdout]                                at /opt/rustwide/workdir/src/test.rs:17:31
[INFO] [stdout]   23:     0x62bfad135b66 - core::ops::function::FnOnce::call_once::ha4ff0ed4a130a47f
[INFO] [stdout]                                at /rustc/90b35a6239c3d8bdabc530a6a0816f7ff89a0aaf/library/core/src/ops/function.rs:250:5
[INFO] [stdout]   24:     0x62bfad17a35b - core::ops::function::FnOnce::call_once::h109cf8051a59b34e
[INFO] [stdout]                                at /rustc/90b35a6239c3d8bdabc530a6a0816f7ff89a0aaf/library/core/src/ops/function.rs:250:5
[INFO] [stdout]   25:     0x62bfad17a35b - test::__rust_begin_short_backtrace::hf4fff89d377446ba
[INFO] [stdout]                                at /rustc/90b35a6239c3d8bdabc530a6a0816f7ff89a0aaf/library/test/src/lib.rs:621:18
[INFO] [stdout]   26:     0x62bfad179b97 - test::run_test_in_process::{{closure}}::h0e39181dd7ee5a43
[INFO] [stdout]                                at /rustc/90b35a6239c3d8bdabc530a6a0816f7ff89a0aaf/library/test/src/lib.rs:644:60
[INFO] [stdout]   27:     0x62bfad179b97 - <core::panic::unwind_safe::AssertUnwindSafe<F> as core::ops::function::FnOnce<()>>::call_once::hc5a66a30f0bdfd1f
[INFO] [stdout]                                at /rustc/90b35a6239c3d8bdabc530a6a0816f7ff89a0aaf/library/core/src/panic/unwind_safe.rs:272:9
[INFO] [stdout]   28:     0x62bfad179b97 - std::panicking::try::do_call::h873b7cf639554a5e
[INFO] [stdout]                                at /rustc/90b35a6239c3d8bdabc530a6a0816f7ff89a0aaf/library/std/src/panicking.rs:557:40
[INFO] [stdout]   29:     0x62bfad179b97 - std::panicking::try::hdb19862fad9c8bd1
[INFO] [stdout]                                at /rustc/90b35a6239c3d8bdabc530a6a0816f7ff89a0aaf/library/std/src/panicking.rs:520:19
[INFO] [stdout]   30:     0x62bfad179b97 - std::panic::catch_unwind::h281fe732d236d260
[INFO] [stdout]                                at /rustc/90b35a6239c3d8bdabc530a6a0816f7ff89a0aaf/library/std/src/panic.rs:358:14
[INFO] [stdout]   31:     0x62bfad179b97 - test::run_test_in_process::h949b6df8457ed338
[INFO] [stdout]                                at /rustc/90b35a6239c3d8bdabc530a6a0816f7ff89a0aaf/library/test/src/lib.rs:644:27
[INFO] [stdout]   32:     0x62bfad179b97 - test::run_test::{{closure}}::h52c556a6d4740e10
[INFO] [stdout]                                at /rustc/90b35a6239c3d8bdabc530a6a0816f7ff89a0aaf/library/test/src/lib.rs:565:43
[INFO] [stdout]   33:     0x62bfad13ee74 - test::run_test::{{closure}}::h4237f6381c45ccb9
[INFO] [stdout]                                at /rustc/90b35a6239c3d8bdabc530a6a0816f7ff89a0aaf/library/test/src/lib.rs:595:41
[INFO] [stdout]   34:     0x62bfad13ee74 - std::sys::backtrace::__rust_begin_short_backtrace::h505c97a579eca628
[INFO] [stdout]                                at /rustc/90b35a6239c3d8bdabc530a6a0816f7ff89a0aaf/library/std/src/sys/backtrace.rs:154:18
[INFO] [stdout]   35:     0x62bfad14253e - std::thread::Builder::spawn_unchecked_::{{closure}}::{{closure}}::h9e86b2e2bc107ea3
[INFO] [stdout]                                at /rustc/90b35a6239c3d8bdabc530a6a0816f7ff89a0aaf/library/std/src/thread/mod.rs:538:17
[INFO] [stdout]   36:     0x62bfad14253e - <core::panic::unwind_safe::AssertUnwindSafe<F> as core::ops::function::FnOnce<()>>::call_once::h8b06ddb275ff4a25
[INFO] [stdout]                                at /rustc/90b35a6239c3d8bdabc530a6a0816f7ff89a0aaf/library/core/src/panic/unwind_safe.rs:272:9
[INFO] [stdout]   37:     0x62bfad14253e - std::panicking::try::do_call::hb26ecd7cd9a9355d
[INFO] [stdout]                                at /rustc/90b35a6239c3d8bdabc530a6a0816f7ff89a0aaf/library/std/src/panicking.rs:557:40
[INFO] [stdout]   38:     0x62bfad14253e - std::panicking::try::h8ddeca9d705f9069
[INFO] [stdout]                                at /rustc/90b35a6239c3d8bdabc530a6a0816f7ff89a0aaf/library/std/src/panicking.rs:520:19
[INFO] [stdout]   39:     0x62bfad14253e - std::panic::catch_unwind::h49e1c33078844c46
[INFO] [stdout]                                at /rustc/90b35a6239c3d8bdabc530a6a0816f7ff89a0aaf/library/std/src/panic.rs:358:14
[INFO] [stdout]   40:     0x62bfad14253e - std::thread::Builder::spawn_unchecked_::{{closure}}::h6073db6ff56ad35d
[INFO] [stdout]                                at /rustc/90b35a6239c3d8bdabc530a6a0816f7ff89a0aaf/library/std/src/thread/mod.rs:537:30
[INFO] [stdout]   41:     0x62bfad14253e - core::ops::function::FnOnce::call_once{{vtable.shim}}::h2c5a5f3779c774f1
[INFO] [stdout]                                at /rustc/90b35a6239c3d8bdabc530a6a0816f7ff89a0aaf/library/core/src/ops/function.rs:250:5
[INFO] [stdout]   42:     0x62bfad1aee8b - <alloc::boxed::Box<F,A> as core::ops::function::FnOnce<Args>>::call_once::hf75717d9f28faebf
[INFO] [stdout]                                at /rustc/90b35a6239c3d8bdabc530a6a0816f7ff89a0aaf/library/alloc/src/boxed.rs:2454:9
[INFO] [stdout]   43:     0x62bfad1aee8b - <alloc::boxed::Box<F,A> as core::ops::function::FnOnce<Args>>::call_once::h7bd883a5f3c5f3c1
[INFO] [stdout]                                at /rustc/90b35a6239c3d8bdabc530a6a0816f7ff89a0aaf/library/alloc/src/boxed.rs:2454:9
[INFO] [stdout]   44:     0x62bfad1aee8b - std::sys::pal::unix::thread::Thread::new::thread_start::hcc78f3943333fa94
[INFO] [stdout]                                at /rustc/90b35a6239c3d8bdabc530a6a0816f7ff89a0aaf/library/std/src/sys/pal/unix/thread.rs:105:17
[INFO] [stdout]   45:     0x72b585033ac3 - <unknown>
[INFO] [stdout]   46:     0x72b5850c4a04 - clone
[INFO] [stdout]   47:                0x0 - <unknown>
[INFO] [stdout] 
[INFO] [stdout] 
[INFO] [stdout] failures:
[INFO] [stdout]     test::cpu_functional_operations
[INFO] [stdout] 
[INFO] [stdout] test result: FAILED. 2 passed; 1 failed; 0 ignored; 0 measured; 0 filtered out; finished in 0.06s
[INFO] [stdout] 
[INFO] [stderr] error: test failed, to rerun pass `--bin cpu_emu`
[INFO] running `Command { std: "docker" "inspect" "e2cd07c71809c291820822fb05cdd8b5ebb3556886872045cd90442b92e806ea", kill_on_drop: false }`
[INFO] running `Command { std: "docker" "rm" "-f" "e2cd07c71809c291820822fb05cdd8b5ebb3556886872045cd90442b92e806ea", kill_on_drop: false }`
[INFO] [stdout] e2cd07c71809c291820822fb05cdd8b5ebb3556886872045cd90442b92e806ea
