[INFO] cloning repository https://github.com/Appic-Solutions/trsansaction_logger
[INFO] running `Command { std: "git" "-c" "credential.helper=" "-c" "credential.helper=/workspace/cargo-home/bin/git-credential-null" "clone" "--bare" "https://github.com/Appic-Solutions/trsansaction_logger" "/workspace/cache/git-repos/https%3A%2F%2Fgithub.com%2FAppic-Solutions%2Ftrsansaction_logger", kill_on_drop: false }`
[INFO] [stderr] Cloning into bare repository '/workspace/cache/git-repos/https%3A%2F%2Fgithub.com%2FAppic-Solutions%2Ftrsansaction_logger'...
[INFO] running `Command { std: "git" "rev-parse" "HEAD", kill_on_drop: false }`
[INFO] [stdout] 215fd6dc7dd3f95cc2ccc1e4fef866adf3ea959f
[INFO] testing Appic-Solutions/trsansaction_logger against beta-2024-12-08 for beta-1.84.0-4-retry
[INFO] running `Command { std: "git" "clone" "/workspace/cache/git-repos/https%3A%2F%2Fgithub.com%2FAppic-Solutions%2Ftrsansaction_logger" "/workspace/builds/worker-3-tc2/source", kill_on_drop: false }`
[INFO] [stderr] Cloning into '/workspace/builds/worker-3-tc2/source'...
[INFO] [stderr] done.
[INFO] validating manifest of git repo https://github.com/Appic-Solutions/trsansaction_logger on toolchain beta-2024-12-08
[INFO] running `Command { std: CARGO_HOME="/workspace/cargo-home" RUSTUP_HOME="/workspace/rustup-home" "/workspace/cargo-home/bin/cargo" "+beta-2024-12-08" "metadata" "--manifest-path" "Cargo.toml" "--no-deps", kill_on_drop: false }`
[INFO] started tweaking git repo https://github.com/Appic-Solutions/trsansaction_logger
[INFO] finished tweaking git repo https://github.com/Appic-Solutions/trsansaction_logger
[INFO] tweaked toml for git repo https://github.com/Appic-Solutions/trsansaction_logger written to /workspace/builds/worker-3-tc2/source/Cargo.toml
[INFO] crate git repo https://github.com/Appic-Solutions/trsansaction_logger already has a lockfile, it will not be regenerated
[INFO] running `Command { std: CARGO_HOME="/workspace/cargo-home" RUSTUP_HOME="/workspace/rustup-home" "/workspace/cargo-home/bin/cargo" "+beta-2024-12-08" "fetch" "--manifest-path" "Cargo.toml", kill_on_drop: false }`
[INFO] [stderr] warning: profiles for the non root package will be ignored, specify profiles at the workspace root:
[INFO] [stderr] package:   /workspace/builds/worker-3-tc2/source/transaction_logger/Cargo.toml
[INFO] [stderr] workspace: /workspace/builds/worker-3-tc2/source/Cargo.toml
[INFO] running `Command { std: "docker" "create" "-v" "/var/lib/crater-agent-workspace/builds/worker-3-tc2/target:/opt/rustwide/target:rw,Z" "-v" "/var/lib/crater-agent-workspace/builds/worker-3-tc2/source:/opt/rustwide/workdir:ro,Z" "-v" "/var/lib/crater-agent-workspace/cargo-home:/opt/rustwide/cargo-home:ro,Z" "-v" "/var/lib/crater-agent-workspace/rustup-home:/opt/rustwide/rustup-home:ro,Z" "-e" "SOURCE_DIR=/opt/rustwide/workdir" "-e" "CARGO_TARGET_DIR=/opt/rustwide/target" "-e" "CARGO_HOME=/opt/rustwide/cargo-home" "-e" "RUSTUP_HOME=/opt/rustwide/rustup-home" "-w" "/opt/rustwide/workdir" "-m" "1610612736" "--user" "0:0" "--network" "none" "ghcr.io/rust-lang/crates-build-env/linux@sha256:f3a9d4ad9d972b27faf3965f35b62e55ba32bbce8f20bc8fe909558a86702fde" "/opt/rustwide/cargo-home/bin/cargo" "+beta-2024-12-08" "metadata" "--no-deps" "--format-version=1", kill_on_drop: false }`
[INFO] [stdout] 009f554757f5b16d35d5685f676c76a4473c70bafe24ffb872da3c9e4c4c1f49
[INFO] running `Command { std: "docker" "start" "-a" "009f554757f5b16d35d5685f676c76a4473c70bafe24ffb872da3c9e4c4c1f49", kill_on_drop: false }`
[INFO] running `Command { std: "docker" "inspect" "009f554757f5b16d35d5685f676c76a4473c70bafe24ffb872da3c9e4c4c1f49", kill_on_drop: false }`
[INFO] running `Command { std: "docker" "rm" "-f" "009f554757f5b16d35d5685f676c76a4473c70bafe24ffb872da3c9e4c4c1f49", kill_on_drop: false }`
[INFO] [stdout] 009f554757f5b16d35d5685f676c76a4473c70bafe24ffb872da3c9e4c4c1f49
[INFO] running `Command { std: "docker" "create" "-v" "/var/lib/crater-agent-workspace/builds/worker-3-tc2/target:/opt/rustwide/target:rw,Z" "-v" "/var/lib/crater-agent-workspace/builds/worker-3-tc2/source:/opt/rustwide/workdir:ro,Z" "-v" "/var/lib/crater-agent-workspace/cargo-home:/opt/rustwide/cargo-home:ro,Z" "-v" "/var/lib/crater-agent-workspace/rustup-home:/opt/rustwide/rustup-home:ro,Z" "-e" "SOURCE_DIR=/opt/rustwide/workdir" "-e" "CARGO_TARGET_DIR=/opt/rustwide/target" "-e" "CARGO_INCREMENTAL=0" "-e" "RUST_BACKTRACE=full" "-e" "RUSTFLAGS=--cap-lints=warn" "-e" "RUSTDOCFLAGS=--cap-lints=warn" "-e" "CARGO_HOME=/opt/rustwide/cargo-home" "-e" "RUSTUP_HOME=/opt/rustwide/rustup-home" "-w" "/opt/rustwide/workdir" "-m" "1610612736" "--user" "0:0" "--network" "none" "ghcr.io/rust-lang/crates-build-env/linux@sha256:f3a9d4ad9d972b27faf3965f35b62e55ba32bbce8f20bc8fe909558a86702fde" "/opt/rustwide/cargo-home/bin/cargo" "+beta-2024-12-08" "build" "--frozen" "--message-format=json", kill_on_drop: false }`
[INFO] [stdout] 980f7e2d149f8a69755e6efb15b38901c275e28460ed3400fd6dce8c8004d603
[INFO] running `Command { std: "docker" "start" "-a" "980f7e2d149f8a69755e6efb15b38901c275e28460ed3400fd6dce8c8004d603", kill_on_drop: false }`
[INFO] [stderr] warning: profiles for the non root package will be ignored, specify profiles at the workspace root:
[INFO] [stderr] package:   /opt/rustwide/workdir/transaction_logger/Cargo.toml
[INFO] [stderr] workspace: /opt/rustwide/workdir/Cargo.toml
[INFO] [stderr]    Compiling proc-macro2 v1.0.92
[INFO] [stderr]    Compiling unicode-ident v1.0.14
[INFO] [stderr]    Compiling version_check v0.9.5
[INFO] [stderr]    Compiling autocfg v1.4.0
[INFO] [stderr]    Compiling serde v1.0.215
[INFO] [stderr]    Compiling typenum v1.17.0
[INFO] [stderr]    Compiling cfg-if v1.0.0
[INFO] [stderr]    Compiling shlex v1.3.0
[INFO] [stderr]    Compiling syn v1.0.109
[INFO] [stderr]    Compiling thiserror v1.0.69
[INFO] [stderr]    Compiling rustversion v1.0.18
[INFO] [stderr]    Compiling cpufeatures v0.2.16
[INFO] [stderr]    Compiling data-encoding v2.6.0
[INFO] [stderr]    Compiling libc v0.2.167
[INFO] [stderr]    Compiling libm v0.2.11
[INFO] [stderr]    Compiling either v1.13.0
[INFO] [stderr]    Compiling crc32fast v1.4.2
[INFO] [stderr]    Compiling lazy_static v1.5.0
[INFO] [stderr]    Compiling paste v1.0.15
[INFO] [stderr]    Compiling cc v1.2.2
[INFO] [stderr]    Compiling anyhow v1.0.93
[INFO] [stderr]    Compiling unicode-width v0.1.14
[INFO] [stderr]    Compiling typed-arena v2.0.2
[INFO] [stderr]    Compiling arrayvec v0.5.2
[INFO] [stderr]    Compiling leb128 v0.2.5
[INFO] [stderr]    Compiling generic-array v0.14.7
[INFO] [stderr]    Compiling num-traits v0.2.19
[INFO] [stderr]    Compiling byteorder v1.5.0
[INFO] [stderr]    Compiling slab v0.4.9
[INFO] [stderr]    Compiling minicbor v0.19.1
[INFO] [stderr]    Compiling pretty v0.12.3
[INFO] [stderr]    Compiling futures-core v0.3.31
[INFO] [stderr]    Compiling memchr v2.7.4
[INFO] [stderr]    Compiling futures-sink v0.3.31
[INFO] [stderr]    Compiling pin-utils v0.1.0
[INFO] [stderr]    Compiling futures-channel v0.3.31
[INFO] [stderr]    Compiling hex v0.4.3
[INFO] [stderr]    Compiling futures-task v0.3.31
[INFO] [stderr]    Compiling quote v1.0.37
[INFO] [stderr]    Compiling futures-io v0.3.31
[INFO] [stderr]    Compiling pin-project-lite v0.2.15
[INFO] [stderr]    Compiling slotmap v1.0.7
[INFO] [stderr]    Compiling heck v0.5.0
[INFO] [stderr]    Compiling keccak v0.1.5
[INFO] [stderr]    Compiling slog v2.7.0
[INFO] [stderr]    Compiling itoa v1.0.14
[INFO] [stderr]    Compiling powerfmt v0.2.0
[INFO] [stderr]    Compiling syn v2.0.90
[INFO] [stderr]    Compiling num-integer v0.1.46
[INFO] [stderr]    Compiling half v2.4.1
[INFO] [stderr]    Compiling ciborium-io v0.2.2
[INFO] [stderr]    Compiling ic0 v0.23.0
[INFO] [stderr]    Compiling serde_json v1.0.133
[INFO] [stderr]    Compiling num-conv v0.1.0
[INFO] [stderr]    Compiling time-core v0.1.2
[INFO] [stderr]    Compiling deranged v0.3.11
[INFO] [stderr]    Compiling bytes v1.9.0
[INFO] [stderr]    Compiling rustc-hex v2.1.0
[INFO] [stderr]    Compiling base32 v0.4.0
[INFO] [stderr]    Compiling half v1.8.3
[INFO] [stderr]    Compiling ryu v1.0.18
[INFO] [stderr]    Compiling itertools v0.12.1
[INFO] [stderr]    Compiling hex-literal v0.4.1
[INFO] [stderr]    Compiling thousands v0.2.0
[INFO] [stderr]    Compiling ciborium-ll v0.2.2
[INFO] [stderr]    Compiling rlp v0.5.2
[INFO] [stderr]    Compiling crypto-common v0.1.6
[INFO] [stderr]    Compiling block-buffer v0.10.4
[INFO] [stderr]    Compiling psm v0.1.24
[INFO] [stderr]    Compiling stacker v0.1.17
[INFO] [stderr]    Compiling digest v0.10.7
[INFO] [stderr]    Compiling sha2 v0.10.8
[INFO] [stderr]    Compiling sha3 v0.10.8
[INFO] [stderr]    Compiling time v0.3.36
[INFO] [stderr]    Compiling ic-sha3 v1.0.0
[INFO] [stderr]    Compiling serde_derive v1.0.215
[INFO] [stderr]    Compiling thiserror-impl v1.0.69
[INFO] [stderr]    Compiling candid_derive v0.6.6
[INFO] [stderr]    Compiling futures-macro v0.3.31
[INFO] [stderr]    Compiling strum_macros v0.26.4
[INFO] [stderr]    Compiling async-trait v0.1.83
[INFO] [stderr]    Compiling binread_derive v2.1.0
[INFO] [stderr]    Compiling minicbor-derive v0.13.0
[INFO] [stderr]    Compiling strum v0.26.3
[INFO] [stderr]    Compiling futures-util v0.3.31
[INFO] [stderr]    Compiling binread v2.2.0
[INFO] [stderr]    Compiling futures-executor v0.3.31
[INFO] [stderr]    Compiling futures v0.3.31
[INFO] [stderr]    Compiling ic_principal v0.1.1
[INFO] [stderr]    Compiling serde_bytes v0.11.15
[INFO] [stderr]    Compiling num-bigint v0.4.6
[INFO] [stderr]    Compiling erased-serde v0.3.31
[INFO] [stderr]    Compiling ic-canister-log v0.2.0
[INFO] [stderr]    Compiling serde_cbor v0.11.2
[INFO] [stderr]    Compiling bincode v1.3.3
[INFO] [stderr]    Compiling ciborium v0.2.2
[INFO] [stderr]    Compiling ethnum v1.5.0
[INFO] [stderr]    Compiling ic-stable-structures v0.6.7
[INFO] [stderr]    Compiling ic-ethereum-types v1.0.0 (https://github.com/dfinity/ic.git#31326865)
[INFO] [stderr]    Compiling serde_tokenstream v0.2.2
[INFO] [stderr]    Compiling candid v0.10.10
[INFO] [stderr]    Compiling icrc-cbor v0.1.0 (https://github.com/dfinity/ic.git#31326865)
[INFO] [stderr]    Compiling phantom_newtype v0.9.0 (https://github.com/dfinity/ic.git#31326865)
[INFO] [stderr]    Compiling icrc-ledger-types v0.1.6 (https://github.com/dfinity/ic.git#31326865)
[INFO] [stderr]    Compiling ic-cdk-macros v0.16.0
[INFO] [stderr]    Compiling ic-cdk v0.16.0
[INFO] [stderr]    Compiling ic-cdk-timers v0.10.0
[INFO] [stderr]    Compiling transaction_logger v0.1.0 (/opt/rustwide/workdir/transaction_logger)
[INFO] [stdout] warning: unused import: `std::ptr::eq`
[INFO] [stdout]  --> transaction_logger/src/icp_tokens_service/mod.rs:4:5
[INFO] [stdout]   |
[INFO] [stdout] 4 | use std::ptr::eq;
[INFO] [stdout]   |     ^^^^^^^^^^^^
[INFO] [stdout]   |
[INFO] [stdout]   = note: `#[warn(unused_imports)]` on by default
[INFO] [stdout] 
[INFO] [stdout] 
[INFO] [stdout] warning: unused import: `CallError`
[INFO] [stdout]   --> transaction_logger/src/icp_tokens_service/mod.rs:11:21
[INFO] [stdout]    |
[INFO] [stdout] 11 |     minter_clinet::{CallError, IcRunTime, Runtime},
[INFO] [stdout]    |                     ^^^^^^^^^
[INFO] [stdout] 
[INFO] [stdout] 
[INFO] [stdout] warning: unused variable: `icp_swap_tokens`
[INFO] [stdout]  --> transaction_logger/src/update_icp_tokens.rs:4:9
[INFO] [stdout]   |
[INFO] [stdout] 4 |     let icp_swap_tokens = TokenService::new().get_icp_swap_tokens().await;
[INFO] [stdout]   |         ^^^^^^^^^^^^^^^ help: if this is intentional, prefix it with an underscore: `_icp_swap_tokens`
[INFO] [stdout]   |
[INFO] [stdout]   = note: `#[warn(unused_variables)]` on by default
[INFO] [stdout] 
[INFO] [stdout] 
[INFO] [stdout] warning: unused variable: `sonic_swap_tokens`
[INFO] [stdout]  --> transaction_logger/src/update_icp_tokens.rs:5:9
[INFO] [stdout]   |
[INFO] [stdout] 5 |     let sonic_swap_tokens = TokenService::new().get_sonic_tokens().await;
[INFO] [stdout]   |         ^^^^^^^^^^^^^^^^^ help: if this is intentional, prefix it with an underscore: `_sonic_swap_tokens`
[INFO] [stdout] 
[INFO] [stdout] 
[INFO] [stdout] warning: structure field `totalSupply` should have a snake case name
[INFO] [stdout]   --> transaction_logger/src/icp_tokens_service/sonic_swap_types.rs:15:9
[INFO] [stdout]    |
[INFO] [stdout] 15 |     pub totalSupply: candid::Nat,
[INFO] [stdout]    |         ^^^^^^^^^^^ help: convert the identifier to snake case: `total_supply`
[INFO] [stdout]    |
[INFO] [stdout]    = note: `#[warn(non_snake_case)]` on by default
[INFO] [stdout] 
[INFO] [stdout] 
[INFO] [stdout] warning: structure field `blockStatus` should have a snake case name
[INFO] [stdout]   --> transaction_logger/src/icp_tokens_service/sonic_swap_types.rs:16:9
[INFO] [stdout]    |
[INFO] [stdout] 16 |     pub blockStatus: String,
[INFO] [stdout]    |         ^^^^^^^^^^^ help: convert the identifier to snake case: `block_status`
[INFO] [stdout] 
[INFO] [stdout] 
[INFO] [stdout] warning: structure field `tokenType` should have a snake case name
[INFO] [stdout]   --> transaction_logger/src/icp_tokens_service/sonic_swap_types.rs:17:9
[INFO] [stdout]    |
[INFO] [stdout] 17 |     pub tokenType: String,
[INFO] [stdout]    |         ^^^^^^^^^ help: convert the identifier to snake case: `token_type`
[INFO] [stdout] 
[INFO] [stdout] 
[INFO] [stderr]     Finished `dev` profile [unoptimized + debuginfo] target(s) in 1m 12s
[INFO] running `Command { std: "docker" "inspect" "980f7e2d149f8a69755e6efb15b38901c275e28460ed3400fd6dce8c8004d603", kill_on_drop: false }`
[INFO] running `Command { std: "docker" "rm" "-f" "980f7e2d149f8a69755e6efb15b38901c275e28460ed3400fd6dce8c8004d603", kill_on_drop: false }`
[INFO] [stdout] 980f7e2d149f8a69755e6efb15b38901c275e28460ed3400fd6dce8c8004d603
[INFO] running `Command { std: "docker" "create" "-v" "/var/lib/crater-agent-workspace/builds/worker-3-tc2/target:/opt/rustwide/target:rw,Z" "-v" "/var/lib/crater-agent-workspace/builds/worker-3-tc2/source:/opt/rustwide/workdir:ro,Z" "-v" "/var/lib/crater-agent-workspace/cargo-home:/opt/rustwide/cargo-home:ro,Z" "-v" "/var/lib/crater-agent-workspace/rustup-home:/opt/rustwide/rustup-home:ro,Z" "-e" "SOURCE_DIR=/opt/rustwide/workdir" "-e" "CARGO_TARGET_DIR=/opt/rustwide/target" "-e" "CARGO_INCREMENTAL=0" "-e" "RUST_BACKTRACE=full" "-e" "RUSTFLAGS=--cap-lints=warn" "-e" "RUSTDOCFLAGS=--cap-lints=warn" "-e" "CARGO_HOME=/opt/rustwide/cargo-home" "-e" "RUSTUP_HOME=/opt/rustwide/rustup-home" "-w" "/opt/rustwide/workdir" "-m" "1610612736" "--user" "0:0" "--network" "none" "ghcr.io/rust-lang/crates-build-env/linux@sha256:f3a9d4ad9d972b27faf3965f35b62e55ba32bbce8f20bc8fe909558a86702fde" "/opt/rustwide/cargo-home/bin/cargo" "+beta-2024-12-08" "test" "--frozen" "--no-run" "--message-format=json", kill_on_drop: false }`
[INFO] [stdout] 8479b81378ae958fec01da12e0235e8f41e7b34d439b724dc20e1ebe7bb67808
[INFO] running `Command { std: "docker" "start" "-a" "8479b81378ae958fec01da12e0235e8f41e7b34d439b724dc20e1ebe7bb67808", kill_on_drop: false }`
[INFO] [stderr] warning: profiles for the non root package will be ignored, specify profiles at the workspace root:
[INFO] [stderr] package:   /opt/rustwide/workdir/transaction_logger/Cargo.toml
[INFO] [stderr] workspace: /opt/rustwide/workdir/Cargo.toml
[INFO] [stderr]    Compiling getrandom v0.2.15
[INFO] [stderr]    Compiling zerocopy-derive v0.7.35
[INFO] [stderr]    Compiling rustix v0.38.41
[INFO] [stderr]    Compiling bitflags v2.6.0
[INFO] [stderr]    Compiling linux-raw-sys v0.4.14
[INFO] [stderr]    Compiling fastrand v2.2.0
[INFO] [stderr]    Compiling once_cell v1.20.2
[INFO] [stderr]    Compiling wait-timeout v0.2.0
[INFO] [stderr]    Compiling quick-error v1.2.3
[INFO] [stderr]    Compiling bit-vec v0.6.3
[INFO] [stderr]    Compiling fnv v1.0.7
[INFO] [stderr]    Compiling unarray v0.1.4
[INFO] [stderr]    Compiling regex-syntax v0.8.5
[INFO] [stdout] warning: unused import: `std::ptr::eq`
[INFO] [stdout]  --> transaction_logger/src/icp_tokens_service/mod.rs:4:5
[INFO] [stdout]   |
[INFO] [stdout] 4 | use std::ptr::eq;
[INFO] [stdout]   |     ^^^^^^^^^^^^
[INFO] [stdout]   |
[INFO] [stdout]   = note: `#[warn(unused_imports)]` on by default
[INFO] [stdout] 
[INFO] [stdout] 
[INFO] [stdout] warning: unused import: `CallError`
[INFO] [stdout]   --> transaction_logger/src/icp_tokens_service/mod.rs:11:21
[INFO] [stdout]    |
[INFO] [stdout] 11 |     minter_clinet::{CallError, IcRunTime, Runtime},
[INFO] [stdout]    |                     ^^^^^^^^^
[INFO] [stdout] 
[INFO] [stdout] 
[INFO] [stdout] warning: unused variable: `icp_swap_tokens`
[INFO] [stdout]  --> transaction_logger/src/update_icp_tokens.rs:4:9
[INFO] [stdout]   |
[INFO] [stdout] 4 |     let icp_swap_tokens = TokenService::new().get_icp_swap_tokens().await;
[INFO] [stdout]   |         ^^^^^^^^^^^^^^^ help: if this is intentional, prefix it with an underscore: `_icp_swap_tokens`
[INFO] [stdout]   |
[INFO] [stdout]   = note: `#[warn(unused_variables)]` on by default
[INFO] [stdout] 
[INFO] [stdout] 
[INFO] [stdout] warning: unused variable: `sonic_swap_tokens`
[INFO] [stdout]  --> transaction_logger/src/update_icp_tokens.rs:5:9
[INFO] [stdout]   |
[INFO] [stdout] 5 |     let sonic_swap_tokens = TokenService::new().get_sonic_tokens().await;
[INFO] [stdout]   |         ^^^^^^^^^^^^^^^^^ help: if this is intentional, prefix it with an underscore: `_sonic_swap_tokens`
[INFO] [stdout] 
[INFO] [stdout] 
[INFO] [stdout] warning: structure field `totalSupply` should have a snake case name
[INFO] [stdout]   --> transaction_logger/src/icp_tokens_service/sonic_swap_types.rs:15:9
[INFO] [stdout]    |
[INFO] [stdout] 15 |     pub totalSupply: candid::Nat,
[INFO] [stdout]    |         ^^^^^^^^^^^ help: convert the identifier to snake case: `total_supply`
[INFO] [stdout]    |
[INFO] [stdout]    = note: `#[warn(non_snake_case)]` on by default
[INFO] [stdout] 
[INFO] [stdout] 
[INFO] [stdout] warning: structure field `blockStatus` should have a snake case name
[INFO] [stdout]   --> transaction_logger/src/icp_tokens_service/sonic_swap_types.rs:16:9
[INFO] [stdout]    |
[INFO] [stdout] 16 |     pub blockStatus: String,
[INFO] [stdout]    |         ^^^^^^^^^^^ help: convert the identifier to snake case: `block_status`
[INFO] [stdout] 
[INFO] [stdout] 
[INFO] [stdout] warning: structure field `tokenType` should have a snake case name
[INFO] [stdout]   --> transaction_logger/src/icp_tokens_service/sonic_swap_types.rs:17:9
[INFO] [stdout]    |
[INFO] [stdout] 17 |     pub tokenType: String,
[INFO] [stdout]    |         ^^^^^^^^^ help: convert the identifier to snake case: `token_type`
[INFO] [stdout] 
[INFO] [stdout] 
[INFO] [stderr]    Compiling rand_core v0.6.4
[INFO] [stderr]    Compiling bit-set v0.5.3
[INFO] [stderr]    Compiling rand_xorshift v0.3.0
[INFO] [stderr]    Compiling zerocopy v0.7.35
[INFO] [stderr]    Compiling ppv-lite86 v0.2.20
[INFO] [stderr]    Compiling rand_chacha v0.3.1
[INFO] [stderr]    Compiling tempfile v3.14.0
[INFO] [stderr]    Compiling rand v0.8.5
[INFO] [stderr]    Compiling rusty-fork v0.3.0
[INFO] [stderr]    Compiling proptest v1.5.0
[INFO] [stderr]    Compiling transaction_logger v0.1.0 (/opt/rustwide/workdir/transaction_logger)
[INFO] [stdout] warning: unused import: `std::ptr::eq`
[INFO] [stdout]  --> transaction_logger/src/icp_tokens_service/mod.rs:4:5
[INFO] [stdout]   |
[INFO] [stdout] 4 | use std::ptr::eq;
[INFO] [stdout]   |     ^^^^^^^^^^^^
[INFO] [stdout]   |
[INFO] [stdout]   = note: `#[warn(unused_imports)]` on by default
[INFO] [stdout] 
[INFO] [stdout] 
[INFO] [stdout] warning: unused import: `CallError`
[INFO] [stdout]   --> transaction_logger/src/icp_tokens_service/mod.rs:11:21
[INFO] [stdout]    |
[INFO] [stdout] 11 |     minter_clinet::{CallError, IcRunTime, Runtime},
[INFO] [stdout]    |                     ^^^^^^^^^
[INFO] [stdout] 
[INFO] [stdout] 
[INFO] [stdout] warning: unused variable: `icp_swap_tokens`
[INFO] [stdout]  --> transaction_logger/src/update_icp_tokens.rs:4:9
[INFO] [stdout]   |
[INFO] [stdout] 4 |     let icp_swap_tokens = TokenService::new().get_icp_swap_tokens().await;
[INFO] [stdout]   |         ^^^^^^^^^^^^^^^ help: if this is intentional, prefix it with an underscore: `_icp_swap_tokens`
[INFO] [stdout]   |
[INFO] [stdout]   = note: `#[warn(unused_variables)]` on by default
[INFO] [stdout] 
[INFO] [stdout] 
[INFO] [stdout] warning: unused variable: `sonic_swap_tokens`
[INFO] [stdout]  --> transaction_logger/src/update_icp_tokens.rs:5:9
[INFO] [stdout]   |
[INFO] [stdout] 5 |     let sonic_swap_tokens = TokenService::new().get_sonic_tokens().await;
[INFO] [stdout]   |         ^^^^^^^^^^^^^^^^^ help: if this is intentional, prefix it with an underscore: `_sonic_swap_tokens`
[INFO] [stdout] 
[INFO] [stdout] 
[INFO] [stdout] warning: structure field `totalSupply` should have a snake case name
[INFO] [stdout]   --> transaction_logger/src/icp_tokens_service/sonic_swap_types.rs:15:9
[INFO] [stdout]    |
[INFO] [stdout] 15 |     pub totalSupply: candid::Nat,
[INFO] [stdout]    |         ^^^^^^^^^^^ help: convert the identifier to snake case: `total_supply`
[INFO] [stdout]    |
[INFO] [stdout]    = note: `#[warn(non_snake_case)]` on by default
[INFO] [stdout] 
[INFO] [stdout] 
[INFO] [stdout] warning: structure field `blockStatus` should have a snake case name
[INFO] [stdout]   --> transaction_logger/src/icp_tokens_service/sonic_swap_types.rs:16:9
[INFO] [stdout]    |
[INFO] [stdout] 16 |     pub blockStatus: String,
[INFO] [stdout]    |         ^^^^^^^^^^^ help: convert the identifier to snake case: `block_status`
[INFO] [stdout] 
[INFO] [stdout] 
[INFO] [stdout] warning: structure field `tokenType` should have a snake case name
[INFO] [stdout]   --> transaction_logger/src/icp_tokens_service/sonic_swap_types.rs:17:9
[INFO] [stdout]    |
[INFO] [stdout] 17 |     pub tokenType: String,
[INFO] [stdout]    |         ^^^^^^^^^ help: convert the identifier to snake case: `token_type`
[INFO] [stdout] 
[INFO] [stdout] 
[INFO] [stderr]     Finished `test` profile [unoptimized + debuginfo] target(s) in 21.72s
[INFO] running `Command { std: "docker" "inspect" "8479b81378ae958fec01da12e0235e8f41e7b34d439b724dc20e1ebe7bb67808", kill_on_drop: false }`
[INFO] running `Command { std: "docker" "rm" "-f" "8479b81378ae958fec01da12e0235e8f41e7b34d439b724dc20e1ebe7bb67808", kill_on_drop: false }`
[INFO] [stdout] 8479b81378ae958fec01da12e0235e8f41e7b34d439b724dc20e1ebe7bb67808
[INFO] running `Command { std: "docker" "create" "-v" "/var/lib/crater-agent-workspace/builds/worker-3-tc2/target:/opt/rustwide/target:rw,Z" "-v" "/var/lib/crater-agent-workspace/builds/worker-3-tc2/source:/opt/rustwide/workdir:ro,Z" "-v" "/var/lib/crater-agent-workspace/cargo-home:/opt/rustwide/cargo-home:ro,Z" "-v" "/var/lib/crater-agent-workspace/rustup-home:/opt/rustwide/rustup-home:ro,Z" "-e" "SOURCE_DIR=/opt/rustwide/workdir" "-e" "CARGO_TARGET_DIR=/opt/rustwide/target" "-e" "CARGO_INCREMENTAL=0" "-e" "RUST_BACKTRACE=full" "-e" "RUSTFLAGS=--cap-lints=warn" "-e" "RUSTDOCFLAGS=--cap-lints=warn" "-e" "CARGO_HOME=/opt/rustwide/cargo-home" "-e" "RUSTUP_HOME=/opt/rustwide/rustup-home" "-w" "/opt/rustwide/workdir" "-m" "1610612736" "--user" "0:0" "--network" "none" "ghcr.io/rust-lang/crates-build-env/linux@sha256:f3a9d4ad9d972b27faf3965f35b62e55ba32bbce8f20bc8fe909558a86702fde" "/opt/rustwide/cargo-home/bin/cargo" "+beta-2024-12-08" "test" "--frozen", kill_on_drop: false }`
[INFO] [stdout] 2dbd30e503802e6d96ed9686b4900598790b47884849de65201eb0b51dce7422
[INFO] running `Command { std: "docker" "start" "-a" "2dbd30e503802e6d96ed9686b4900598790b47884849de65201eb0b51dce7422", kill_on_drop: false }`
[INFO] [stderr] warning: profiles for the non root package will be ignored, specify profiles at the workspace root:
[INFO] [stderr] package:   /opt/rustwide/workdir/transaction_logger/Cargo.toml
[INFO] [stderr] workspace: /opt/rustwide/workdir/Cargo.toml
[INFO] [stderr] warning: unused import: `std::ptr::eq`
[INFO] [stderr]  --> transaction_logger/src/icp_tokens_service/mod.rs:4:5
[INFO] [stderr]   |
[INFO] [stderr] 4 | use std::ptr::eq;
[INFO] [stderr]   |     ^^^^^^^^^^^^
[INFO] [stderr]   |
[INFO] [stderr]   = note: `#[warn(unused_imports)]` on by default
[INFO] [stderr] 
[INFO] [stderr] warning: unused import: `CallError`
[INFO] [stderr]   --> transaction_logger/src/icp_tokens_service/mod.rs:11:21
[INFO] [stderr]    |
[INFO] [stderr] 11 |     minter_clinet::{CallError, IcRunTime, Runtime},
[INFO] [stderr]    |                     ^^^^^^^^^
[INFO] [stderr] 
[INFO] [stderr] warning: unused variable: `icp_swap_tokens`
[INFO] [stderr]  --> transaction_logger/src/update_icp_tokens.rs:4:9
[INFO] [stderr]   |
[INFO] [stderr] 4 |     let icp_swap_tokens = TokenService::new().get_icp_swap_tokens().await;
[INFO] [stderr]   |         ^^^^^^^^^^^^^^^ help: if this is intentional, prefix it with an underscore: `_icp_swap_tokens`
[INFO] [stderr]   |
[INFO] [stderr]   = note: `#[warn(unused_variables)]` on by default
[INFO] [stderr] 
[INFO] [stderr] warning: unused variable: `sonic_swap_tokens`
[INFO] [stderr]  --> transaction_logger/src/update_icp_tokens.rs:5:9
[INFO] [stderr]   |
[INFO] [stderr] 5 |     let sonic_swap_tokens = TokenService::new().get_sonic_tokens().await;
[INFO] [stderr]   |         ^^^^^^^^^^^^^^^^^ help: if this is intentional, prefix it with an underscore: `_sonic_swap_tokens`
[INFO] [stderr] 
[INFO] [stderr] warning: structure field `totalSupply` should have a snake case name
[INFO] [stderr]   --> transaction_logger/src/icp_tokens_service/sonic_swap_types.rs:15:9
[INFO] [stderr]    |
[INFO] [stderr] 15 |     pub totalSupply: candid::Nat,
[INFO] [stderr]    |         ^^^^^^^^^^^ help: convert the identifier to snake case: `total_supply`
[INFO] [stderr]    |
[INFO] [stderr]    = note: `#[warn(non_snake_case)]` on by default
[INFO] [stderr] 
[INFO] [stderr] warning: structure field `blockStatus` should have a snake case name
[INFO] [stderr]   --> transaction_logger/src/icp_tokens_service/sonic_swap_types.rs:16:9
[INFO] [stderr]    |
[INFO] [stderr] 16 |     pub blockStatus: String,
[INFO] [stderr]    |         ^^^^^^^^^^^ help: convert the identifier to snake case: `block_status`
[INFO] [stderr] 
[INFO] [stderr] warning: structure field `tokenType` should have a snake case name
[INFO] [stderr]   --> transaction_logger/src/icp_tokens_service/sonic_swap_types.rs:17:9
[INFO] [stderr]    |
[INFO] [stderr] 17 |     pub tokenType: String,
[INFO] [stderr]    |         ^^^^^^^^^ help: convert the identifier to snake case: `token_type`
[INFO] [stderr] 
[INFO] [stderr] warning: `transaction_logger` (lib) generated 7 warnings (run `cargo fix --lib -p transaction_logger` to apply 2 suggestions)
[INFO] [stderr] warning: `transaction_logger` (lib test) generated 7 warnings (7 duplicates)
[INFO] [stderr]     Finished `test` profile [unoptimized + debuginfo] target(s) in 0.67s
[INFO] [stderr]      Running unittests src/lib.rs (/opt/rustwide/target/debug/deps/transaction_logger-182451e3f7ecf46d)
[INFO] [stdout] 
[INFO] [stdout] running 9 tests
[INFO] [stdout] test state::tests::compare_bincode_and_ciborium ... ok
[INFO] [stdout] test logs::tests::should_truncate_last_entry ... ok
[INFO] [stdout] test logs::tests::sorting_order ... ok
[INFO] [stdout] test checked_amount::tests::checked_div_ceil::should_be_none_when_divisor_is_zero ... ok
[INFO] [stdout] test checked_amount::tests::checked_div_ceil::should_be_zero_when_dividend_is_zero ... ok
[INFO] [stdout] test checked_amount::tests::checked_div_ceil::should_increment_quotient_of_floor_division_when_not_multiple_of_divisor ... ok
[INFO] [stdout] test logs::tests::simple_logs_truncation ... ok
[INFO] [stdout] test logs::tests::one_entry_too_big ... ok
[INFO] [stdout] test logs::tests::logs_always_fit_in_message ... ok
[INFO] [stdout] 
[INFO] [stdout] test result: ok. 9 passed; 0 failed; 0 ignored; 0 measured; 0 filtered out; finished in 2.72s
[INFO] [stdout] 
[INFO] [stderr]      Running unittests src/main.rs (/opt/rustwide/target/debug/deps/transaction_logger-b96181d51d7b4c11)
[INFO] [stdout] 
[INFO] [stdout] running 0 tests
[INFO] [stderr]    Doc-tests transaction_logger
[INFO] [stdout] 
[INFO] [stdout] test result: ok. 0 passed; 0 failed; 0 ignored; 0 measured; 0 filtered out; finished in 0.00s
[INFO] [stdout] 
[INFO] [stdout] 
[INFO] [stdout] running 2 tests
[INFO] [stdout] test transaction_logger/src/checked_amount/mod.rs - checked_amount::CheckedAmountOf<Unit>::to_string_inner (line 153) ... FAILED
[INFO] [stdout] test transaction_logger/src/checked_amount/mod.rs - checked_amount::CheckedAmountOf (line 15) ... FAILED
[INFO] [stdout] 
[INFO] [stdout] failures:
[INFO] [stdout] 
[INFO] [stdout] ---- transaction_logger/src/checked_amount/mod.rs - checked_amount::CheckedAmountOf<Unit>::to_string_inner (line 153) stdout ----
[INFO] [stdout] error[E0433]: failed to resolve: use of undeclared crate or module `evm_minter`
[INFO] [stdout]  --> transaction_logger/src/checked_amount/mod.rs:154:5
[INFO] [stdout]   |
[INFO] [stdout] 3 | use evm_minter::checked_amount::CheckedAmountOf;
[INFO] [stdout]   |     ^^^^^^^^^^ use of undeclared crate or module `evm_minter`
[INFO] [stdout] 
[INFO] [stdout] error: aborting due to 1 previous error
[INFO] [stdout] 
[INFO] [stdout] For more information about this error, try `rustc --explain E0433`.
[INFO] [stdout] Couldn't compile the test.
[INFO] [stdout] ---- transaction_logger/src/checked_amount/mod.rs - checked_amount::CheckedAmountOf (line 15) stdout ----
[INFO] [stdout] error[E0433]: failed to resolve: use of undeclared crate or module `evm_minter`
[INFO] [stderr] error: doctest failed, to rerun pass `--doc`
[INFO] [stdout]  --> transaction_logger/src/checked_amount/mod.rs:16:5
[INFO] [stdout]   |
[INFO] [stdout] 3 | use evm_minter::checked_amount::CheckedAmountOf;
[INFO] [stdout]   |     ^^^^^^^^^^ use of undeclared crate or module `evm_minter`
[INFO] [stdout] 
[INFO] [stdout] error: aborting due to 1 previous error
[INFO] [stdout] 
[INFO] [stdout] For more information about this error, try `rustc --explain E0433`.
[INFO] [stdout] Couldn't compile the test.
[INFO] [stdout] 
[INFO] [stdout] failures:
[INFO] [stdout]     transaction_logger/src/checked_amount/mod.rs - checked_amount::CheckedAmountOf (line 15)
[INFO] [stdout]     transaction_logger/src/checked_amount/mod.rs - checked_amount::CheckedAmountOf<Unit>::to_string_inner (line 153)
[INFO] [stdout] 
[INFO] [stdout] test result: FAILED. 0 passed; 2 failed; 0 ignored; 0 measured; 0 filtered out; finished in 0.10s
[INFO] [stdout] 
[INFO] running `Command { std: "docker" "inspect" "2dbd30e503802e6d96ed9686b4900598790b47884849de65201eb0b51dce7422", kill_on_drop: false }`
[INFO] running `Command { std: "docker" "rm" "-f" "2dbd30e503802e6d96ed9686b4900598790b47884849de65201eb0b51dce7422", kill_on_drop: false }`
[INFO] [stdout] 2dbd30e503802e6d96ed9686b4900598790b47884849de65201eb0b51dce7422
